[INFO] fetching crate spring-macros 0.3.0...
[INFO] testing spring-macros-0.3.0 against 1.83.0 for beta-1.84.0-4-retry
[INFO] extracting crate spring-macros 0.3.0 into /workspace/builds/worker-6-tc1/source
[INFO] validating manifest of crates.io crate spring-macros 0.3.0 on toolchain 1.83.0
[INFO] running `Command { std: CARGO_HOME="/workspace/cargo-home" RUSTUP_HOME="/workspace/rustup-home" "/workspace/cargo-home/bin/cargo" "+1.83.0" "metadata" "--manifest-path" "Cargo.toml" "--no-deps", kill_on_drop: false }`
[INFO] started tweaking crates.io crate spring-macros 0.3.0
[INFO] finished tweaking crates.io crate spring-macros 0.3.0
[INFO] tweaked toml for crates.io crate spring-macros 0.3.0 written to /workspace/builds/worker-6-tc1/source/Cargo.toml
[INFO] running `Command { std: CARGO_HOME="/workspace/cargo-home" RUSTUP_HOME="/workspace/rustup-home" "/workspace/cargo-home/bin/cargo" "+1.83.0" "generate-lockfile" "--manifest-path" "Cargo.toml", kill_on_drop: false }`
[INFO] [stderr]     Updating crates.io index
[INFO] [stderr]      Locking 25 packages to latest compatible versions
[INFO] running `Command { std: CARGO_HOME="/workspace/cargo-home" RUSTUP_HOME="/workspace/rustup-home" "/workspace/cargo-home/bin/cargo" "+1.83.0" "fetch" "--manifest-path" "Cargo.toml", kill_on_drop: false }`
[INFO] running `Command { std: "docker" "create" "-v" "/var/lib/crater-agent-workspace/builds/worker-6-tc1/target:/opt/rustwide/target:rw,Z" "-v" "/var/lib/crater-agent-workspace/builds/worker-6-tc1/source:/opt/rustwide/workdir:ro,Z" "-v" "/var/lib/crater-agent-workspace/cargo-home:/opt/rustwide/cargo-home:ro,Z" "-v" "/var/lib/crater-agent-workspace/rustup-home:/opt/rustwide/rustup-home:ro,Z" "-e" "SOURCE_DIR=/opt/rustwide/workdir" "-e" "CARGO_TARGET_DIR=/opt/rustwide/target" "-e" "CARGO_HOME=/opt/rustwide/cargo-home" "-e" "RUSTUP_HOME=/opt/rustwide/rustup-home" "-w" "/opt/rustwide/workdir" "-m" "1610612736" "--user" "0:0" "--network" "none" "ghcr.io/rust-lang/crates-build-env/linux@sha256:f3a9d4ad9d972b27faf3965f35b62e55ba32bbce8f20bc8fe909558a86702fde" "/opt/rustwide/cargo-home/bin/cargo" "+1.83.0" "metadata" "--no-deps" "--format-version=1", kill_on_drop: false }`
[INFO] [stdout] 08d4a01469c62c076015a1b118187d1719f77b2af02f7e73d7554314a0a6d3d6
[INFO] running `Command { std: "docker" "start" "-a" "08d4a01469c62c076015a1b118187d1719f77b2af02f7e73d7554314a0a6d3d6", kill_on_drop: false }`
[INFO] running `Command { std: "docker" "inspect" "08d4a01469c62c076015a1b118187d1719f77b2af02f7e73d7554314a0a6d3d6", kill_on_drop: false }`
[INFO] running `Command { std: "docker" "rm" "-f" "08d4a01469c62c076015a1b118187d1719f77b2af02f7e73d7554314a0a6d3d6", kill_on_drop: false }`
[INFO] [stdout] 08d4a01469c62c076015a1b118187d1719f77b2af02f7e73d7554314a0a6d3d6
[INFO] running `Command { std: "docker" "create" "-v" "/var/lib/crater-agent-workspace/builds/worker-6-tc1/target:/opt/rustwide/target:rw,Z" "-v" "/var/lib/crater-agent-workspace/builds/worker-6-tc1/source:/opt/rustwide/workdir:ro,Z" "-v" "/var/lib/crater-agent-workspace/cargo-home:/opt/rustwide/cargo-home:ro,Z" "-v" "/var/lib/crater-agent-workspace/rustup-home:/opt/rustwide/rustup-home:ro,Z" "-e" "SOURCE_DIR=/opt/rustwide/workdir" "-e" "CARGO_TARGET_DIR=/opt/rustwide/target" "-e" "CARGO_INCREMENTAL=0" "-e" "RUST_BACKTRACE=full" "-e" "RUSTFLAGS=--cap-lints=warn" "-e" "RUSTDOCFLAGS=--cap-lints=warn" "-e" "CARGO_HOME=/opt/rustwide/cargo-home" "-e" "RUSTUP_HOME=/opt/rustwide/rustup-home" "-w" "/opt/rustwide/workdir" "-m" "1610612736" "--user" "0:0" "--network" "none" "ghcr.io/rust-lang/crates-build-env/linux@sha256:f3a9d4ad9d972b27faf3965f35b62e55ba32bbce8f20bc8fe909558a86702fde" "/opt/rustwide/cargo-home/bin/cargo" "+1.83.0" "build" "--frozen" "--message-format=json", kill_on_drop: false }`
[INFO] [stdout] dbec89127f2d771de56d39001dff3b9368f44601b4a9e2c969d5b35bcc427d87
[INFO] running `Command { std: "docker" "start" "-a" "dbec89127f2d771de56d39001dff3b9368f44601b4a9e2c969d5b35bcc427d87", kill_on_drop: false }`
[INFO] [stderr]    Compiling proc-macro2 v1.0.92
[INFO] [stderr]    Compiling unicode-ident v1.0.14
[INFO] [stderr]    Compiling quote v1.0.37
[INFO] [stderr]    Compiling syn v2.0.90
[INFO] [stderr]    Compiling spring-macros v0.3.0 (/opt/rustwide/workdir)
[INFO] [stderr]     Finished `dev` profile [unoptimized + debuginfo] target(s) in 8.47s
[INFO] running `Command { std: "docker" "inspect" "dbec89127f2d771de56d39001dff3b9368f44601b4a9e2c969d5b35bcc427d87", kill_on_drop: false }`
[INFO] running `Command { std: "docker" "rm" "-f" "dbec89127f2d771de56d39001dff3b9368f44601b4a9e2c969d5b35bcc427d87", kill_on_drop: false }`
[INFO] [stdout] dbec89127f2d771de56d39001dff3b9368f44601b4a9e2c969d5b35bcc427d87
[INFO] running `Command { std: "docker" "create" "-v" "/var/lib/crater-agent-workspace/builds/worker-6-tc1/target:/opt/rustwide/target:rw,Z" "-v" "/var/lib/crater-agent-workspace/builds/worker-6-tc1/source:/opt/rustwide/workdir:ro,Z" "-v" "/var/lib/crater-agent-workspace/cargo-home:/opt/rustwide/cargo-home:ro,Z" "-v" "/var/lib/crater-agent-workspace/rustup-home:/opt/rustwide/rustup-home:ro,Z" "-e" "SOURCE_DIR=/opt/rustwide/workdir" "-e" "CARGO_TARGET_DIR=/opt/rustwide/target" "-e" "CARGO_INCREMENTAL=0" "-e" "RUST_BACKTRACE=full" "-e" "RUSTFLAGS=--cap-lints=warn" "-e" "RUSTDOCFLAGS=--cap-lints=warn" "-e" "CARGO_HOME=/opt/rustwide/cargo-home" "-e" "RUSTUP_HOME=/opt/rustwide/rustup-home" "-w" "/opt/rustwide/workdir" "-m" "1610612736" "--user" "0:0" "--network" "none" "ghcr.io/rust-lang/crates-build-env/linux@sha256:f3a9d4ad9d972b27faf3965f35b62e55ba32bbce8f20bc8fe909558a86702fde" "/opt/rustwide/cargo-home/bin/cargo" "+1.83.0" "test" "--frozen" "--no-run" "--message-format=json", kill_on_drop: false }`
[INFO] [stdout] 57819ae27c55cc0f1b8cff93affa6ba9e739219ef303558a7d4d579ae4808556
[INFO] running `Command { std: "docker" "start" "-a" "57819ae27c55cc0f1b8cff93affa6ba9e739219ef303558a7d4d579ae4808556", kill_on_drop: false }`
[INFO] [stderr]    Compiling pin-project-lite v0.2.15
[INFO] [stderr]    Compiling spring-macros v0.3.0 (/opt/rustwide/workdir)
[INFO] [stderr]    Compiling tokio v1.42.0
[INFO] [stderr]     Finished `test` profile [unoptimized + debuginfo] target(s) in 1.48s
[INFO] running `Command { std: "docker" "inspect" "57819ae27c55cc0f1b8cff93affa6ba9e739219ef303558a7d4d579ae4808556", kill_on_drop: false }`
[INFO] running `Command { std: "docker" "rm" "-f" "57819ae27c55cc0f1b8cff93affa6ba9e739219ef303558a7d4d579ae4808556", kill_on_drop: false }`
[INFO] [stdout] 57819ae27c55cc0f1b8cff93affa6ba9e739219ef303558a7d4d579ae4808556
[INFO] running `Command { std: "docker" "create" "-v" "/var/lib/crater-agent-workspace/builds/worker-6-tc1/target:/opt/rustwide/target:rw,Z" "-v" "/var/lib/crater-agent-workspace/builds/worker-6-tc1/source:/opt/rustwide/workdir:ro,Z" "-v" "/var/lib/crater-agent-workspace/cargo-home:/opt/rustwide/cargo-home:ro,Z" "-v" "/var/lib/crater-agent-workspace/rustup-home:/opt/rustwide/rustup-home:ro,Z" "-e" "SOURCE_DIR=/opt/rustwide/workdir" "-e" "CARGO_TARGET_DIR=/opt/rustwide/target" "-e" "CARGO_INCREMENTAL=0" "-e" "RUST_BACKTRACE=full" "-e" "RUSTFLAGS=--cap-lints=warn" "-e" "RUSTDOCFLAGS=--cap-lints=warn" "-e" "CARGO_HOME=/opt/rustwide/cargo-home" "-e" "RUSTUP_HOME=/opt/rustwide/rustup-home" "-w" "/opt/rustwide/workdir" "-m" "1610612736" "--user" "0:0" "--network" "none" "ghcr.io/rust-lang/crates-build-env/linux@sha256:f3a9d4ad9d972b27faf3965f35b62e55ba32bbce8f20bc8fe909558a86702fde" "/opt/rustwide/cargo-home/bin/cargo" "+1.83.0" "test" "--frozen", kill_on_drop: false }`
[INFO] [stdout] e623e9c58c9788451b0c68960a5ecbe8e584fe279879645eb19c6bf74074aa4a
[INFO] running `Command { std: "docker" "start" "-a" "e623e9c58c9788451b0c68960a5ecbe8e584fe279879645eb19c6bf74074aa4a", kill_on_drop: false }`
[INFO] [stderr]     Finished `test` profile [unoptimized + debuginfo] target(s) in 0.02s
[INFO] [stderr]      Running unittests src/lib.rs (/opt/rustwide/target/debug/deps/spring_macros-a6414968cf420e4a)
[INFO] [stderr]    Doc-tests spring_macros
[INFO] [stdout] 
[INFO] [stdout] running 0 tests
[INFO] [stdout] 
[INFO] [stdout] test result: ok. 0 passed; 0 failed; 0 ignored; 0 measured; 0 filtered out; finished in 0.00s
[INFO] [stdout] 
[INFO] [stdout] 
[INFO] [stdout] running 16 tests
[INFO] [stdout] test src/lib.rs - patch (line 87) ... FAILED
[INFO] [stdout] test src/lib.rs - get (line 87) ... FAILED
[INFO] [stdout] test src/lib.rs - head (line 87) ... FAILED
[INFO] [stdout] test src/lib.rs - put (line 87) ... FAILED
[INFO] [stdout] test src/lib.rs - cron (line 168) ... FAILED
[INFO] [stdout] test src/lib.rs - one_shot (line 168) ... FAILED
[INFO] [stdout] test src/lib.rs - route (line 29) ... FAILED
[INFO] [stdout] test src/lib.rs - nest (line 129) ... FAILED
[INFO] [stdout] test src/lib.rs - delete (line 87) ... FAILED
[INFO] [stdout] test src/lib.rs - options (line 87) ... FAILED
[INFO] [stdout] test src/lib.rs - post (line 87) ... FAILED
[INFO] [stdout] test src/lib.rs - routes (line 59) ... FAILED
[INFO] [stdout] test src/lib.rs - fix_rate (line 168) ... FAILED
[INFO] [stdout] test src/lib.rs - fix_delay (line 168) ... FAILED
[INFO] [stdout] test src/lib.rs - trace (line 87) ... FAILED
[INFO] [stdout] test src/lib.rs - nest (line 115) ... ok
[INFO] [stdout] 
[INFO] [stdout] failures:
[INFO] [stdout] 
[INFO] [stdout] ---- src/lib.rs - patch (line 87) stdout ----
[INFO] [stdout] error[E0433]: failed to resolve: use of undeclared crate or module `spring_web`
[INFO] [stdout]  --> src/lib.rs:89:5
[INFO] [stdout]   |
[INFO] [stdout] 5 | use spring_web::axum::response::IntoResponse;
[INFO] [stdout]   |     ^^^^^^^^^^ use of undeclared crate or module `spring_web`
[INFO] [stdout] 
[INFO] [stdout] error[E0433]: failed to resolve: could not find `spring_web` in the list of imported crates
[INFO] [stdout]  --> src/lib.rs:91:1
[INFO] [stdout]   |
[INFO] [stdout] 7 | #[patch("/")]
[INFO] [stdout]   | ^^^^^^^^^^^^^ could not find `spring_web` in the list of imported crates
[INFO] [stdout]   |
[INFO] [stdout]   = note: this error originates in the attribute macro `patch` (in Nightly builds, run with -Z macro-backtrace for more info)
[INFO] [stdout] 
[INFO] [stdout] error: aborting due to 2 previous errors
[INFO] [stdout] 
[INFO] [stdout] For more information about this error, try `rustc --explain E0433`.
[INFO] [stdout] Couldn't compile the test.
[INFO] [stdout] ---- src/lib.rs - get (line 87) stdout ----
[INFO] [stdout] error[E0433]: failed to resolve: use of undeclared crate or module `spring_web`
[INFO] [stdout]  --> src/lib.rs:89:5
[INFO] [stdout]   |
[INFO] [stdout] 5 | use spring_web::axum::response::IntoResponse;
[INFO] [stdout]   |     ^^^^^^^^^^ use of undeclared crate or module `spring_web`
[INFO] [stdout] 
[INFO] [stdout] error[E0433]: failed to resolve: could not find `spring_web` in the list of imported crates
[INFO] [stdout]  --> src/lib.rs:91:1
[INFO] [stdout]   |
[INFO] [stdout] 7 | #[get("/")]
[INFO] [stdout]   | ^^^^^^^^^^^ could not find `spring_web` in the list of imported crates
[INFO] [stdout]   |
[INFO] [stdout]   = note: this error originates in the attribute macro `get` (in Nightly builds, run with -Z macro-backtrace for more info)
[INFO] [stdout] 
[INFO] [stdout] error: aborting due to 2 previous errors
[INFO] [stdout] 
[INFO] [stdout] For more information about this error, try `rustc --explain E0433`.
[INFO] [stdout] Couldn't compile the test.
[INFO] [stdout] ---- src/lib.rs - head (line 87) stdout ----
[INFO] [stdout] error[E0433]: failed to resolve: use of undeclared crate or module `spring_web`
[INFO] [stdout]  --> src/lib.rs:89:5
[INFO] [stdout]   |
[INFO] [stdout] 5 | use spring_web::axum::response::IntoResponse;
[INFO] [stdout]   |     ^^^^^^^^^^ use of undeclared crate or module `spring_web`
[INFO] [stdout] 
[INFO] [stdout] error[E0433]: failed to resolve: could not find `spring_web` in the list of imported crates
[INFO] [stdout]  --> src/lib.rs:91:1
[INFO] [stdout]   |
[INFO] [stdout] 7 | #[head("/")]
[INFO] [stdout]   | ^^^^^^^^^^^^ could not find `spring_web` in the list of imported crates
[INFO] [stdout]   |
[INFO] [stdout]   = note: this error originates in the attribute macro `head` (in Nightly builds, run with -Z macro-backtrace for more info)
[INFO] [stdout] 
[INFO] [stdout] error: aborting due to 2 previous errors
[INFO] [stdout] 
[INFO] [stdout] For more information about this error, try `rustc --explain E0433`.
[INFO] [stdout] Couldn't compile the test.
[INFO] [stdout] ---- src/lib.rs - put (line 87) stdout ----
[INFO] [stdout] error[E0433]: failed to resolve: use of undeclared crate or module `spring_web`
[INFO] [stdout]  --> src/lib.rs:89:5
[INFO] [stdout]   |
[INFO] [stdout] 5 | use spring_web::axum::response::IntoResponse;
[INFO] [stdout]   |     ^^^^^^^^^^ use of undeclared crate or module `spring_web`
[INFO] [stdout] 
[INFO] [stdout] error[E0433]: failed to resolve: could not find `spring_web` in the list of imported crates
[INFO] [stdout]  --> src/lib.rs:91:1
[INFO] [stdout]   |
[INFO] [stdout] 7 | #[put("/")]
[INFO] [stdout]   | ^^^^^^^^^^^ could not find `spring_web` in the list of imported crates
[INFO] [stdout]   |
[INFO] [stdout]   = note: this error originates in the attribute macro `put` (in Nightly builds, run with -Z macro-backtrace for more info)
[INFO] [stdout] 
[INFO] [stdout] error: aborting due to 2 previous errors
[INFO] [stdout] 
[INFO] [stdout] For more information about this error, try `rustc --explain E0433`.
[INFO] [stdout] Couldn't compile the test.
[INFO] [stdout] ---- src/lib.rs - cron (line 168) stdout ----
[INFO] [stdout] error[E0433]: failed to resolve: use of undeclared crate or module `spring_web`
[INFO] [stdout]  --> src/lib.rs:170:5
[INFO] [stdout]   |
[INFO] [stdout] 5 | use spring_web::axum::response::IntoResponse;
[INFO] [stdout]   |     ^^^^^^^^^^ use of undeclared crate or module `spring_web`
[INFO] [stdout] 
[INFO] [stdout] error[E0433]: failed to resolve: could not find `spring_job` in the list of imported crates
[INFO] [stdout]  --> src/lib.rs:172:1
[INFO] [stdout]   |
[INFO] [stdout] 7 | #[cron("1/10 * * * * *")]
[INFO] [stdout]   | ^^^^^^^^^^^^^^^^^^^^^^^^^ could not find `spring_job` in the list of imported crates
[INFO] [stdout]   |
[INFO] [stdout]   = note: this error originates in the attribute macro `cron` (in Nightly builds, run with -Z macro-backtrace for more info)
[INFO] [stdout] 
[INFO] [stdout] error[E0432]: unresolved import `spring_job`
[INFO] [stdout]  --> src/lib.rs:172:1
[INFO] [stdout]   |
[INFO] [stdout] 7 | #[cron("1/10 * * * * *")]
[INFO] [stdout]   | ^^^^^^^^^^^^^^^^^^^^^^^^^ could not find `spring_job` in the list of imported crates
[INFO] [stdout]   |
[INFO] [stdout]   = note: this error originates in the attribute macro `cron` (in Nightly builds, run with -Z macro-backtrace for more info)
[INFO] [stdout] 
[INFO] [stdout] error: aborting due to 3 previous errors
[INFO] [stdout] 
[INFO] [stdout] Some errors have detailed explanations: E0432, E0433.
[INFO] [stdout] For more information about an error, try `rustc --explain E0432`.
[INFO] [stdout] Couldn't compile the test.
[INFO] [stdout] ---- src/lib.rs - one_shot (line 168) stdout ----
[INFO] [stdout] error[E0433]: failed to resolve: use of undeclared crate or module `spring_web`
[INFO] [stdout]  --> src/lib.rs:170:5
[INFO] [stdout]   |
[INFO] [stdout] 5 | use spring_web::axum::response::IntoResponse;
[INFO] [stdout]   |     ^^^^^^^^^^ use of undeclared crate or module `spring_web`
[INFO] [stdout] 
[INFO] [stdout] error[E0433]: failed to resolve: could not find `spring_job` in the list of imported crates
[INFO] [stdout]  --> src/lib.rs:172:1
[INFO] [stdout]   |
[INFO] [stdout] 7 | #[one_shot(60)]
[INFO] [stdout]   | ^^^^^^^^^^^^^^^ could not find `spring_job` in the list of imported crates
[INFO] [stdout]   |
[INFO] [stdout]   = note: this error originates in the attribute macro `one_shot` (in Nightly builds, run with -Z macro-backtrace for more info)
[INFO] [stdout] 
[INFO] [stdout] error[E0432]: unresolved import `spring_job`
[INFO] [stdout]  --> src/lib.rs:172:1
[INFO] [stdout]   |
[INFO] [stdout] 7 | #[one_shot(60)]
[INFO] [stdout]   | ^^^^^^^^^^^^^^^ could not find `spring_job` in the list of imported crates
[INFO] [stdout]   |
[INFO] [stdout]   = note: this error originates in the attribute macro `one_shot` (in Nightly builds, run with -Z macro-backtrace for more info)
[INFO] [stdout] 
[INFO] [stdout] error: aborting due to 3 previous errors
[INFO] [stdout] 
[INFO] [stdout] Some errors have detailed explanations: E0432, E0433.
[INFO] [stdout] For more information about an error, try `rustc --explain E0432`.
[INFO] [stdout] Couldn't compile the test.
[INFO] [stdout] ---- src/lib.rs - route (line 29) stdout ----
[INFO] [stdout] error[E0433]: failed to resolve: use of undeclared crate or module `spring_web`
[INFO] [stdout]  --> src/lib.rs:31:5
[INFO] [stdout]   |
[INFO] [stdout] 5 | use spring_web::axum::response::IntoResponse;
[INFO] [stdout]   |     ^^^^^^^^^^ use of undeclared crate or module `spring_web`
[INFO] [stdout] 
[INFO] [stdout] error[E0433]: failed to resolve: could not find `spring_web` in the list of imported crates
[INFO] [stdout]  --> src/lib.rs:33:1
[INFO] [stdout]   |
[INFO] [stdout] 7 | #[route("/test", method = "GET", method = "HEAD")]
[INFO] [stdout]   | ^^^^^^^^^^^^^^^^^^^^^^^^^^^^^^^^^^^^^^^^^^^^^^^^^^ could not find `spring_web` in the list of imported crates
[INFO] [stdout]   |
[INFO] [stdout]   = note: this error originates in the attribute macro `route` (in Nightly builds, run with -Z macro-backtrace for more info)
[INFO] [stdout] 
[INFO] [stdout] error: aborting due to 2 previous errors
[INFO] [stdout] 
[INFO] [stdout] For more information about this error, try `rustc --explain E0433`.
[INFO] [stdout] Couldn't compile the test.
[INFO] [stdout] ---- src/lib.rs - nest (line 129) stdout ----
[INFO] [stdout] error[E0433]: failed to resolve: use of undeclared crate or module `spring_web`
[INFO] [stdout]  --> src/lib.rs:132:5
[INFO] [stdout]   |
[INFO] [stdout] 5 | use spring_web::axum::response::IntoResponse;
[INFO] [stdout]   |     ^^^^^^^^^^ use of undeclared crate or module `spring_web`
[INFO] [stdout] 
[INFO] [stdout] error[E0433]: failed to resolve: could not find `spring_web` in the list of imported crates
[INFO] [stdout]  --> src/lib.rs:136:5
[INFO] [stdout]   |
[INFO] [stdout] 9 |     #[get("/hello")]
[INFO] [stdout]   |     ^^^^^^^^^^^^^^^^ could not find `spring_web` in the list of imported crates
[INFO] [stdout]   |
[INFO] [stdout]   = note: this error originates in the attribute macro `get` (in Nightly builds, run with -Z macro-backtrace for more info)
[INFO] [stdout] 
[INFO] [stdout] error: aborting due to 2 previous errors
[INFO] [stdout] 
[INFO] [stdout] For more information about this error, try `rustc --explain E0433`.
[INFO] [stdout] Couldn't compile the test.
[INFO] [stdout] ---- src/lib.rs - delete (line 87) stdout ----
[INFO] [stdout] error[E0433]: failed to resolve: use of undeclared crate or module `spring_web`
[INFO] [stdout]  --> src/lib.rs:89:5
[INFO] [stdout]   |
[INFO] [stdout] 5 | use spring_web::axum::response::IntoResponse;
[INFO] [stdout]   |     ^^^^^^^^^^ use of undeclared crate or module `spring_web`
[INFO] [stdout] 
[INFO] [stdout] error[E0433]: failed to resolve: could not find `spring_web` in the list of imported crates
[INFO] [stdout]  --> src/lib.rs:91:1
[INFO] [stdout]   |
[INFO] [stdout] 7 | #[delete("/")]
[INFO] [stdout]   | ^^^^^^^^^^^^^^ could not find `spring_web` in the list of imported crates
[INFO] [stdout]   |
[INFO] [stdout]   = note: this error originates in the attribute macro `delete` (in Nightly builds, run with -Z macro-backtrace for more info)
[INFO] [stdout] 
[INFO] [stdout] error: aborting due to 2 previous errors
[INFO] [stdout] 
[INFO] [stdout] For more information about this error, try `rustc --explain E0433`.
[INFO] [stdout] Couldn't compile the test.
[INFO] [stdout] ---- src/lib.rs - options (line 87) stdout ----
[INFO] [stdout] error[E0433]: failed to resolve: use of undeclared crate or module `spring_web`
[INFO] [stdout]  --> src/lib.rs:89:5
[INFO] [stdout]   |
[INFO] [stdout] 5 | use spring_web::axum::response::IntoResponse;
[INFO] [stdout]   |     ^^^^^^^^^^ use of undeclared crate or module `spring_web`
[INFO] [stdout] 
[INFO] [stdout] error[E0433]: failed to resolve: could not find `spring_web` in the list of imported crates
[INFO] [stdout]  --> src/lib.rs:91:1
[INFO] [stdout]   |
[INFO] [stdout] 7 | #[options("/")]
[INFO] [stdout]   | ^^^^^^^^^^^^^^^ could not find `spring_web` in the list of imported crates
[INFO] [stdout]   |
[INFO] [stdout]   = note: this error originates in the attribute macro `options` (in Nightly builds, run with -Z macro-backtrace for more info)
[INFO] [stdout] 
[INFO] [stdout] error: aborting due to 2 previous errors
[INFO] [stdout] 
[INFO] [stdout] For more information about this error, try `rustc --explain E0433`.
[INFO] [stdout] Couldn't compile the test.
[INFO] [stdout] ---- src/lib.rs - post (line 87) stdout ----
[INFO] [stdout] error[E0433]: failed to resolve: use of undeclared crate or module `spring_web`
[INFO] [stdout]  --> src/lib.rs:89:5
[INFO] [stdout]   |
[INFO] [stdout] 5 | use spring_web::axum::response::IntoResponse;
[INFO] [stdout]   |     ^^^^^^^^^^ use of undeclared crate or module `spring_web`
[INFO] [stdout] 
[INFO] [stdout] error[E0433]: failed to resolve: could not find `spring_web` in the list of imported crates
[INFO] [stdout]  --> src/lib.rs:91:1
[INFO] [stdout]   |
[INFO] [stdout] 7 | #[post("/")]
[INFO] [stdout]   | ^^^^^^^^^^^^ could not find `spring_web` in the list of imported crates
[INFO] [stdout]   |
[INFO] [stdout]   = note: this error originates in the attribute macro `post` (in Nightly builds, run with -Z macro-backtrace for more info)
[INFO] [stdout] 
[INFO] [stdout] error: aborting due to 2 previous errors
[INFO] [stdout] 
[INFO] [stdout] For more information about this error, try `rustc --explain E0433`.
[INFO] [stdout] Couldn't compile the test.
[INFO] [stdout] ---- src/lib.rs - routes (line 59) stdout ----
[INFO] [stdout] error[E0433]: failed to resolve: use of undeclared crate or module `spring_web`
[INFO] [stdout]  --> src/lib.rs:61:5
[INFO] [stdout]   |
[INFO] [stdout] 5 | use spring_web::axum::response::IntoResponse;
[INFO] [stdout]   |     ^^^^^^^^^^ use of undeclared crate or module `spring_web`
[INFO] [stdout] 
[INFO] [stdout] error[E0433]: failed to resolve: could not find `spring_web` in the list of imported crates
[INFO] [stdout]  --> src/lib.rs:63:1
[INFO] [stdout]   |
[INFO] [stdout] 7 | #[routes]
[INFO] [stdout]   | ^^^^^^^^^ could not find `spring_web` in the list of imported crates
[INFO] [stdout]   |
[INFO] [stdout]   = note: this error originates in the attribute macro `routes` (in Nightly builds, run with -Z macro-backtrace for more info)
[INFO] [stdout] 
[INFO] [stdout] error: aborting due to 2 previous errors
[INFO] [stdout] 
[INFO] [stdout] For more information about this error, try `rustc --explain E0433`.
[INFO] [stdout] Couldn't compile the test.
[INFO] [stdout] ---- src/lib.rs - fix_rate (line 168) stdout ----
[INFO] [stdout] error[E0433]: failed to resolve: use of undeclared crate or module `spring_web`
[INFO] [stdout]  --> src/lib.rs:170:5
[INFO] [stdout]   |
[INFO] [stdout] 5 | use spring_web::axum::response::IntoResponse;
[INFO] [stdout]   |     ^^^^^^^^^^ use of undeclared crate or module `spring_web`
[INFO] [stdout] 
[INFO] [stdout] error[E0433]: failed to resolve: could not find `spring_job` in the list of imported crates
[INFO] [stdout]  --> src/lib.rs:172:1
[INFO] [stdout]   |
[INFO] [stdout] 7 | #[fix_rate(60)]
[INFO] [stdout]   | ^^^^^^^^^^^^^^^ could not find `spring_job` in the list of imported crates
[INFO] [stdout]   |
[INFO] [stdout]   = note: this error originates in the attribute macro `fix_rate` (in Nightly builds, run with -Z macro-backtrace for more info)
[INFO] [stdout] 
[INFO] [stdout] error[E0432]: unresolved import `spring_job`
[INFO] [stdout]  --> src/lib.rs:172:1
[INFO] [stdout]   |
[INFO] [stdout] 7 | #[fix_rate(60)]
[INFO] [stdout]   | ^^^^^^^^^^^^^^^ could not find `spring_job` in the list of imported crates
[INFO] [stdout]   |
[INFO] [stdout]   = note: this error originates in the attribute macro `fix_rate` (in Nightly builds, run with -Z macro-backtrace for more info)
[INFO] [stdout] 
[INFO] [stdout] error: aborting due to 3 previous errors
[INFO] [stdout] 
[INFO] [stdout] Some errors have detailed explanations: E0432, E0433.
[INFO] [stdout] For more information about an error, try `rustc --explain E0432`.
[INFO] [stdout] Couldn't compile the test.
[INFO] [stdout] ---- src/lib.rs - fix_delay (line 168) stdout ----
[INFO] [stdout] error[E0433]: failed to resolve: use of undeclared crate or module `spring_web`
[INFO] [stdout]  --> src/lib.rs:170:5
[INFO] [stdout]   |
[INFO] [stdout] 5 | use spring_web::axum::response::IntoResponse;
[INFO] [stdout]   |     ^^^^^^^^^^ use of undeclared crate or module `spring_web`
[INFO] [stdout] 
[INFO] [stdout] error[E0433]: failed to resolve: could not find `spring_job` in the list of imported crates
[INFO] [stdout]  --> src/lib.rs:172:1
[INFO] [stdout]   |
[INFO] [stdout] 7 | #[fix_delay(60)]
[INFO] [stdout]   | ^^^^^^^^^^^^^^^^ could not find `spring_job` in the list of imported crates
[INFO] [stdout]   |
[INFO] [stdout]   = note: this error originates in the attribute macro `fix_delay` (in Nightly builds, run with -Z macro-backtrace for more info)
[INFO] [stdout] 
[INFO] [stdout] error[E0432]: unresolved import `spring_job`
[INFO] [stdout]  --> src/lib.rs:172:1
[INFO] [stdout]   |
[INFO] [stdout] 7 | #[fix_delay(60)]
[INFO] [stdout]   | ^^^^^^^^^^^^^^^^ could not find `spring_job` in the list of imported crates
[INFO] [stdout]   |
[INFO] [stdout]   = note: this error originates in the attribute macro `fix_delay` (in Nightly builds, run with -Z macro-backtrace for more info)
[INFO] [stdout] 
[INFO] [stdout] error: aborting due to 3 previous errors
[INFO] [stdout] 
[INFO] [stdout] Some errors have detailed explanations: E0432, E0433.
[INFO] [stdout] For more information about an error, try `rustc --explain E0432`.
[INFO] [stdout] Couldn't compile the test.
[INFO] [stdout] ---- src/lib.rs - trace (line 87) stdout ----
[INFO] [stdout] error[E0433]: failed to resolve: use of undeclared crate or module `spring_web`
[INFO] [stdout]  --> src/lib.rs:89:5
[INFO] [stdout]   |
[INFO] [stdout] 5 | use spring_web::axum::response::IntoResponse;
[INFO] [stdout]   |     ^^^^^^^^^^ use of undeclared crate or module `spring_web`
[INFO] [stdout] 
[INFO] [stdout] error[E0433]: failed to resolve: could not find `spring_web` in the list of imported crates
[INFO] [stdout]  --> src/lib.rs:91:1
[INFO] [stdout]   |
[INFO] [stdout] 7 | #[trace("/")]
[INFO] [stdout]   | ^^^^^^^^^^^^^ could not find `spring_web` in the list of imported crates
[INFO] [stdout]   |
[INFO] [stdout]   = note: this error originates in the attribute macro `trace` (in Nightly builds, run with -Z macro-backtrace for more info)
[INFO] [stdout] 
[INFO] [stdout] error: aborting due to 2 previous errors
[INFO] [stdout] 
[INFO] [stdout] For more information about this error, try `rustc --explain E0433`.
[INFO] [stdout] Couldn't compile the test.
[INFO] [stdout] 
[INFO] [stdout] failures:
[INFO] [stdout]     src/lib.rs - cron (line 168)
[INFO] [stdout]     src/lib.rs - delete (line 87)
[INFO] [stdout]     src/lib.rs - fix_delay (line 168)
[INFO] [stdout]     src/lib.rs - fix_rate (line 168)
[INFO] [stdout]     src/lib.rs - get (line 87)
[INFO] [stdout]     src/lib.rs - head (line 87)
[INFO] [stdout]     src/lib.rs - nest (line 129)
[INFO] [stdout]     src/lib.rs - one_shot (line 168)
[INFO] [stdout]     src/lib.rs - options (line 87)
[INFO] [stdout]     src/lib.rs - patch (line 87)
[INFO] [stdout]     src/lib.rs - post (line 87)
[INFO] [stdout]     src/lib.rs - put (line 87)
[INFO] [stdout]     src/lib.rs - route (line 29)
[INFO] [stdout]     src/lib.rs - routes (line 59)
[INFO] [stdout]     src/lib.rs - trace (line 87)
[INFO] [stdout] 
[INFO] [stdout] test result: FAILED. 1 passed; 15 failed; 0 ignored; 0 measured; 0 filtered out; finished in 0.34s
[INFO] [stdout] 
[INFO] [stderr] error: doctest failed, to rerun pass `--doc`
[INFO] running `Command { std: "docker" "inspect" "e623e9c58c9788451b0c68960a5ecbe8e584fe279879645eb19c6bf74074aa4a", kill_on_drop: false }`
[INFO] running `Command { std: "docker" "rm" "-f" "e623e9c58c9788451b0c68960a5ecbe8e584fe279879645eb19c6bf74074aa4a", kill_on_drop: false }`
[INFO] [stdout] e623e9c58c9788451b0c68960a5ecbe8e584fe279879645eb19c6bf74074aa4a
