[INFO] fetching crate spring-ai-sys 0.2.1...
[INFO] testing spring-ai-sys-0.2.1 against 1.83.0 for beta-1.84.0-4-retry
[INFO] extracting crate spring-ai-sys 0.2.1 into /workspace/builds/worker-5-tc1/source
[INFO] validating manifest of crates.io crate spring-ai-sys 0.2.1 on toolchain 1.83.0
[INFO] running `Command { std: CARGO_HOME="/workspace/cargo-home" RUSTUP_HOME="/workspace/rustup-home" "/workspace/cargo-home/bin/cargo" "+1.83.0" "metadata" "--manifest-path" "Cargo.toml" "--no-deps", kill_on_drop: false }`
[INFO] started tweaking crates.io crate spring-ai-sys 0.2.1
[INFO] finished tweaking crates.io crate spring-ai-sys 0.2.1
[INFO] tweaked toml for crates.io crate spring-ai-sys 0.2.1 written to /workspace/builds/worker-5-tc1/source/Cargo.toml
[INFO] running `Command { std: CARGO_HOME="/workspace/cargo-home" RUSTUP_HOME="/workspace/rustup-home" "/workspace/cargo-home/bin/cargo" "+1.83.0" "generate-lockfile" "--manifest-path" "Cargo.toml", kill_on_drop: false }`
[INFO] running `Command { std: CARGO_HOME="/workspace/cargo-home" RUSTUP_HOME="/workspace/rustup-home" "/workspace/cargo-home/bin/cargo" "+1.83.0" "fetch" "--manifest-path" "Cargo.toml", kill_on_drop: false }`
[INFO] running `Command { std: "docker" "create" "-v" "/var/lib/crater-agent-workspace/builds/worker-5-tc1/target:/opt/rustwide/target:rw,Z" "-v" "/var/lib/crater-agent-workspace/builds/worker-5-tc1/source:/opt/rustwide/workdir:ro,Z" "-v" "/var/lib/crater-agent-workspace/cargo-home:/opt/rustwide/cargo-home:ro,Z" "-v" "/var/lib/crater-agent-workspace/rustup-home:/opt/rustwide/rustup-home:ro,Z" "-e" "SOURCE_DIR=/opt/rustwide/workdir" "-e" "CARGO_TARGET_DIR=/opt/rustwide/target" "-e" "CARGO_HOME=/opt/rustwide/cargo-home" "-e" "RUSTUP_HOME=/opt/rustwide/rustup-home" "-w" "/opt/rustwide/workdir" "-m" "1610612736" "--user" "0:0" "--network" "none" "ghcr.io/rust-lang/crates-build-env/linux@sha256:f3a9d4ad9d972b27faf3965f35b62e55ba32bbce8f20bc8fe909558a86702fde" "/opt/rustwide/cargo-home/bin/cargo" "+1.83.0" "metadata" "--no-deps" "--format-version=1", kill_on_drop: false }`
[INFO] [stdout] decde9f7dd2e749387e40e0eb6e97f7a1b1139ed20cf7b6c0240c4a697f8afa3
[INFO] running `Command { std: "docker" "start" "-a" "decde9f7dd2e749387e40e0eb6e97f7a1b1139ed20cf7b6c0240c4a697f8afa3", kill_on_drop: false }`
[INFO] running `Command { std: "docker" "inspect" "decde9f7dd2e749387e40e0eb6e97f7a1b1139ed20cf7b6c0240c4a697f8afa3", kill_on_drop: false }`
[INFO] running `Command { std: "docker" "rm" "-f" "decde9f7dd2e749387e40e0eb6e97f7a1b1139ed20cf7b6c0240c4a697f8afa3", kill_on_drop: false }`
[INFO] [stdout] decde9f7dd2e749387e40e0eb6e97f7a1b1139ed20cf7b6c0240c4a697f8afa3
[INFO] running `Command { std: "docker" "create" "-v" "/var/lib/crater-agent-workspace/builds/worker-5-tc1/target:/opt/rustwide/target:rw,Z" "-v" "/var/lib/crater-agent-workspace/builds/worker-5-tc1/source:/opt/rustwide/workdir:ro,Z" "-v" "/var/lib/crater-agent-workspace/cargo-home:/opt/rustwide/cargo-home:ro,Z" "-v" "/var/lib/crater-agent-workspace/rustup-home:/opt/rustwide/rustup-home:ro,Z" "-e" "SOURCE_DIR=/opt/rustwide/workdir" "-e" "CARGO_TARGET_DIR=/opt/rustwide/target" "-e" "CARGO_INCREMENTAL=0" "-e" "RUST_BACKTRACE=full" "-e" "RUSTFLAGS=--cap-lints=warn" "-e" "RUSTDOCFLAGS=--cap-lints=warn" "-e" "CARGO_HOME=/opt/rustwide/cargo-home" "-e" "RUSTUP_HOME=/opt/rustwide/rustup-home" "-w" "/opt/rustwide/workdir" "-m" "1610612736" "--user" "0:0" "--network" "none" "ghcr.io/rust-lang/crates-build-env/linux@sha256:f3a9d4ad9d972b27faf3965f35b62e55ba32bbce8f20bc8fe909558a86702fde" "/opt/rustwide/cargo-home/bin/cargo" "+1.83.0" "build" "--frozen" "--message-format=json", kill_on_drop: false }`
[INFO] [stdout] 25167ecaeb4c12e6efcc93411b4ac9e29f549c36f17b51d558b274cadb0779d0
[INFO] running `Command { std: "docker" "start" "-a" "25167ecaeb4c12e6efcc93411b4ac9e29f549c36f17b51d558b274cadb0779d0", kill_on_drop: false }`
[INFO] [stderr]    Compiling spring-ai-sys v0.2.1 (/opt/rustwide/workdir)
[INFO] [stderr]     Finished `dev` profile [unoptimized + debuginfo] target(s) in 0.54s
[INFO] running `Command { std: "docker" "inspect" "25167ecaeb4c12e6efcc93411b4ac9e29f549c36f17b51d558b274cadb0779d0", kill_on_drop: false }`
[INFO] running `Command { std: "docker" "rm" "-f" "25167ecaeb4c12e6efcc93411b4ac9e29f549c36f17b51d558b274cadb0779d0", kill_on_drop: false }`
[INFO] [stdout] 25167ecaeb4c12e6efcc93411b4ac9e29f549c36f17b51d558b274cadb0779d0
[INFO] running `Command { std: "docker" "create" "-v" "/var/lib/crater-agent-workspace/builds/worker-5-tc1/target:/opt/rustwide/target:rw,Z" "-v" "/var/lib/crater-agent-workspace/builds/worker-5-tc1/source:/opt/rustwide/workdir:ro,Z" "-v" "/var/lib/crater-agent-workspace/cargo-home:/opt/rustwide/cargo-home:ro,Z" "-v" "/var/lib/crater-agent-workspace/rustup-home:/opt/rustwide/rustup-home:ro,Z" "-e" "SOURCE_DIR=/opt/rustwide/workdir" "-e" "CARGO_TARGET_DIR=/opt/rustwide/target" "-e" "CARGO_INCREMENTAL=0" "-e" "RUST_BACKTRACE=full" "-e" "RUSTFLAGS=--cap-lints=warn" "-e" "RUSTDOCFLAGS=--cap-lints=warn" "-e" "CARGO_HOME=/opt/rustwide/cargo-home" "-e" "RUSTUP_HOME=/opt/rustwide/rustup-home" "-w" "/opt/rustwide/workdir" "-m" "1610612736" "--user" "0:0" "--network" "none" "ghcr.io/rust-lang/crates-build-env/linux@sha256:f3a9d4ad9d972b27faf3965f35b62e55ba32bbce8f20bc8fe909558a86702fde" "/opt/rustwide/cargo-home/bin/cargo" "+1.83.0" "test" "--frozen" "--no-run" "--message-format=json", kill_on_drop: false }`
[INFO] [stdout] fc6df6fc12dbdac2e9ff0e1c22c9fe43d3c012629fc95ed7ffa81a973f80c6e3
[INFO] running `Command { std: "docker" "start" "-a" "fc6df6fc12dbdac2e9ff0e1c22c9fe43d3c012629fc95ed7ffa81a973f80c6e3", kill_on_drop: false }`
[INFO] [stderr]    Compiling spring-ai-sys v0.2.1 (/opt/rustwide/workdir)
[INFO] [stderr]     Finished `test` profile [unoptimized + debuginfo] target(s) in 2.98s
[INFO] running `Command { std: "docker" "inspect" "fc6df6fc12dbdac2e9ff0e1c22c9fe43d3c012629fc95ed7ffa81a973f80c6e3", kill_on_drop: false }`
[INFO] running `Command { std: "docker" "rm" "-f" "fc6df6fc12dbdac2e9ff0e1c22c9fe43d3c012629fc95ed7ffa81a973f80c6e3", kill_on_drop: false }`
[INFO] [stdout] fc6df6fc12dbdac2e9ff0e1c22c9fe43d3c012629fc95ed7ffa81a973f80c6e3
[INFO] running `Command { std: "docker" "create" "-v" "/var/lib/crater-agent-workspace/builds/worker-5-tc1/target:/opt/rustwide/target:rw,Z" "-v" "/var/lib/crater-agent-workspace/builds/worker-5-tc1/source:/opt/rustwide/workdir:ro,Z" "-v" "/var/lib/crater-agent-workspace/cargo-home:/opt/rustwide/cargo-home:ro,Z" "-v" "/var/lib/crater-agent-workspace/rustup-home:/opt/rustwide/rustup-home:ro,Z" "-e" "SOURCE_DIR=/opt/rustwide/workdir" "-e" "CARGO_TARGET_DIR=/opt/rustwide/target" "-e" "CARGO_INCREMENTAL=0" "-e" "RUST_BACKTRACE=full" "-e" "RUSTFLAGS=--cap-lints=warn" "-e" "RUSTDOCFLAGS=--cap-lints=warn" "-e" "CARGO_HOME=/opt/rustwide/cargo-home" "-e" "RUSTUP_HOME=/opt/rustwide/rustup-home" "-w" "/opt/rustwide/workdir" "-m" "1610612736" "--user" "0:0" "--network" "none" "ghcr.io/rust-lang/crates-build-env/linux@sha256:f3a9d4ad9d972b27faf3965f35b62e55ba32bbce8f20bc8fe909558a86702fde" "/opt/rustwide/cargo-home/bin/cargo" "+1.83.0" "test" "--frozen", kill_on_drop: false }`
[INFO] [stdout] ec4ab19ab40db39e194e6e0a7bfef93a4ed39b60ede94fb63bb6694bf7bdf576
[INFO] running `Command { std: "docker" "start" "-a" "ec4ab19ab40db39e194e6e0a7bfef93a4ed39b60ede94fb63bb6694bf7bdf576", kill_on_drop: false }`
[INFO] [stderr]     Finished `test` profile [unoptimized + debuginfo] target(s) in 0.02s
[INFO] [stderr]      Running unittests src/lib.rs (/opt/rustwide/target/debug/deps/spring_ai_sys-2187cd27a23cef9f)
[INFO] [stdout] 
[INFO] [stdout] running 126 tests
[INFO] [stdout] test bindings::bindgen_test_layout_SAIInterfaceCallback ... ok
[INFO] [stdout] test bindings::bindgen_test_layout_SAddPointDrawCommand ... ok
[INFO] [stdout] test bindings::bindgen_test_layout_SAIInterfaceLibrary ... ok
[INFO] [stdout] test bindings::bindgen_test_layout_SAddOverlayTextureDrawerDebugCommand ... ok
[INFO] [stdout] test bindings::bindgen_test_layout_SAttackUnitCommand ... ok
[INFO] [stdout] test bindings::bindgen_test_layout_SAiSelectUnitCommand ... ok
[INFO] [stdout] test bindings::bindgen_test_layout_SCaptureAreaUnitCommand ... ok
[INFO] [stdout] test bindings::bindgen_test_layout_SCaptureUnitCommand ... ok
[INFO] [stdout] test bindings::bindgen_test_layout_SCreateGroupCommand ... ok
[INFO] [stdout] test bindings::bindgen_test_layout_SCreateLineFigureDrawerCommand ... ok
[INFO] [stdout] test bindings::bindgen_test_layout_SCommandFinishedEvent ... ok
[INFO] [stdout] test bindings::bindgen_test_layout_SDGunPosUnitCommand ... ok
[INFO] [stdout] test bindings::bindgen_test_layout_SAttackAreaUnitCommand ... ok
[INFO] [stdout] test bindings::bindgen_test_layout_SDGunUnitCommand ... ok
[INFO] [stdout] test bindings::bindgen_test_layout_SCustomUnitCommand ... ok
[INFO] [stdout] test bindings::bindgen_test_layout_SCreateSplineFigureDrawerCommand ... ok
[INFO] [stdout] test bindings::bindgen_test_layout_SCallLuaRulesCommand ... ok
[INFO] [stdout] test bindings::bindgen_test_layout_SBuildUnitCommand ... ok
[INFO] [stdout] test bindings::bindgen_test_layout_SCallLuaUICommand ... ok
[INFO] [stdout] test bindings::bindgen_test_layout_SAddNotificationDrawerCommand ... ok
[INFO] [stdout] test bindings::bindgen_test_layout_SAddLineDrawCommand ... ok
[INFO] [stdout] test bindings::bindgen_test_layout_SBreakPathDrawerCommand ... ok
[INFO] [stdout] test bindings::bindgen_test_layout_SDeathWaitUnitCommand ... ok
[INFO] [stdout] test bindings::bindgen_test_layout_SCloakUnitCommand ... ok
[INFO] [stdout] test bindings::bindgen_test_layout_SDeleteFigureDrawerCommand ... ok
[INFO] [stdout] test bindings::bindgen_test_layout_SDeleteOverlayTextureDrawerDebugCommand ... ok
[INFO] [stdout] test bindings::bindgen_test_layout_SDeletePointsLineGraphDrawerDebugCommand ... ok
[INFO] [stdout] test bindings::bindgen_test_layout_SDrawLineAndIconPathDrawerCommand ... ok
[INFO] [stdout] test bindings::bindgen_test_layout_SDrawIconAtLastPosPathDrawerCommand ... ok
[INFO] [stdout] test bindings::bindgen_test_layout_SDrawUnitDrawerCommand ... ok
[INFO] [stdout] test bindings::bindgen_test_layout_SEnemyDestroyedEvent ... ok
[INFO] [stdout] test bindings::bindgen_test_layout_SEnemyFinishedEvent ... ok
[INFO] [stdout] test bindings::bindgen_test_layout_SEnemyEnterLOSEvent ... ok
[INFO] [stdout] test bindings::bindgen_test_layout_SEraseGroupCommand ... ok
[INFO] [stdout] test bindings::bindgen_test_layout_SFinishPathDrawerCommand ... ok
[INFO] [stdout] test bindings::bindgen_test_layout_SFeatureTraceRayCommand ... ok
[INFO] [stdout] test bindings::bindgen_test_layout_SGatherWaitUnitCommand ... ok
[INFO] [stdout] test bindings::bindgen_test_layout_SEnemyLeaveLOSEvent ... ok
[INFO] [stdout] test bindings::bindgen_test_layout_SEnemyLeaveRadarEvent ... ok
[INFO] [stdout] test bindings::bindgen_test_layout_SGetApproximateLengthPathCommand ... ok
[INFO] [stdout] test bindings::bindgen_test_layout_SGetNextWaypointPathCommand ... ok
[INFO] [stdout] test bindings::bindgen_test_layout_SGiveMeNewUnitCheatCommand ... ok
[INFO] [stdout] test bindings::bindgen_test_layout_SGiveMeResourceCheatCommand ... ok
[INFO] [stdout] test bindings::bindgen_test_layout_SAddPointLineGraphDrawerDebugCommand ... ok
[INFO] [stdout] test bindings::bindgen_test_layout_SFightUnitCommand ... ok
[INFO] [stdout] test bindings::bindgen_test_layout_SEnemyEnterRadarEvent ... ok
[INFO] [stdout] test bindings::bindgen_test_layout_SFreePathCommand ... ok
[INFO] [stdout] test bindings::bindgen_test_layout_SGroupAddUnitCommand ... ok
[INFO] [stdout] test bindings::bindgen_test_layout_SGroupClearUnitCommand ... ok
[INFO] [stdout] test bindings::bindgen_test_layout_SGuardUnitCommand ... ok
[INFO] [stdout] test bindings::bindgen_test_layout_SInitEvent ... ok
[INFO] [stdout] test bindings::bindgen_test_layout_SInitPathCommand ... ok
[INFO] [stdout] test bindings::bindgen_test_layout_SLoadEvent ... ok
[INFO] [stdout] test bindings::bindgen_test_layout_SLoadOntoUnitCommand ... ok
[INFO] [stdout] test bindings::bindgen_test_layout_SEnemyCreatedEvent ... ok
[INFO] [stdout] test bindings::bindgen_test_layout_SEnemyDamagedEvent ... ok
[INFO] [stdout] test bindings::bindgen_test_layout_SLoadUnitsAreaUnitCommand ... ok
[INFO] [stdout] test bindings::bindgen_test_layout_SLoadUnitsUnitCommand ... ok
[INFO] [stdout] test bindings::bindgen_test_layout_SPatrolUnitCommand ... ok
[INFO] [stdout] test bindings::bindgen_test_layout_SPauseCommand ... ok
[INFO] [stdout] test bindings::bindgen_test_layout_SMessageEvent ... ok
[INFO] [stdout] test bindings::bindgen_test_layout_SPlayerCommandEvent ... ok
[INFO] [stdout] test bindings::bindgen_test_layout_SDrawLinePathDrawerCommand ... ok
[INFO] [stdout] test bindings::bindgen_test_layout_SSaveEvent ... ok
[INFO] [stdout] test bindings::bindgen_test_layout_SReclaimAreaUnitCommand ... ok
[INFO] [stdout] test bindings::bindgen_test_layout_SReclaimFeatureUnitCommand ... ok
[INFO] [stdout] test bindings::bindgen_test_layout_SReclaimUnitUnitCommand ... ok
[INFO] [stdout] test bindings::bindgen_test_layout_SReleaseEvent ... ok
[INFO] [stdout] test bindings::bindgen_test_layout_SRemovePointDrawCommand ... ok
[INFO] [stdout] test bindings::bindgen_test_layout_SRepairUnitCommand ... ok
[INFO] [stdout] test bindings::bindgen_test_layout_SRestartPathDrawerCommand ... ok
[INFO] [stdout] test bindings::bindgen_test_layout_SRestoreAreaUnitCommand ... ok
[INFO] [stdout] test bindings::bindgen_test_layout_SResurrectAreaUnitCommand ... ok
[INFO] [stdout] test bindings::bindgen_test_layout_SResurrectUnitCommand ... ok
[INFO] [stdout] test bindings::bindgen_test_layout_SLuaMessageEvent ... ok
[INFO] [stdout] test bindings::bindgen_test_layout_SMoveUnitCommand ... ok
[INFO] [stdout] test bindings::bindgen_test_layout_SSeismicPingEvent ... ok
[INFO] [stdout] test bindings::bindgen_test_layout_SSelfDestroyUnitCommand ... ok
[INFO] [stdout] test bindings::bindgen_test_layout_SSendResourcesCommand ... ok
[INFO] [stdout] test bindings::bindgen_test_layout_SSendStartPosCommand ... ok
[INFO] [stdout] test bindings::bindgen_test_layout_SSendTextMessageCommand ... ok
[INFO] [stdout] test bindings::bindgen_test_layout_SSendUnitsCommand ... ok
[INFO] [stdout] test bindings::bindgen_test_layout_SSetAutoRepairLevelUnitCommand ... ok
[INFO] [stdout] test bindings::bindgen_test_layout_SSetBaseUnitCommand ... ok
[INFO] [stdout] test bindings::bindgen_test_layout_SSetColorLineGraphDrawerDebugCommand ... ok
[INFO] [stdout] test bindings::bindgen_test_layout_SSetFireStateUnitCommand ... ok
[INFO] [stdout] test bindings::bindgen_test_layout_SSetLabelLineGraphDrawerDebugCommand ... ok
[INFO] [stdout] test bindings::bindgen_test_layout_SSetIdleModeUnitCommand ... ok
[INFO] [stdout] test bindings::bindgen_test_layout_SSetLabelOverlayTextureDrawerDebugCommand ... ok
[INFO] [stdout] test bindings::bindgen_test_layout_SSetColorFigureDrawerCommand ... ok
[INFO] [stdout] test bindings::bindgen_test_layout_SSetMyIncomeMultiplierCheatCommand ... ok
[INFO] [stdout] test bindings::bindgen_test_layout_SSetMoveStateUnitCommand ... ok
[INFO] [stdout] test bindings::bindgen_test_layout_SSetOnOffUnitCommand ... ok
[INFO] [stdout] test bindings::bindgen_test_layout_SSetLastPosMessageCommand ... ok
[INFO] [stdout] test bindings::bindgen_test_layout_SSetPositionGraphDrawerDebugCommand ... ok
[INFO] [stdout] test bindings::bindgen_test_layout_SSetPositionOverlayTextureDrawerDebugCommand ... ok
[INFO] [stdout] test bindings::bindgen_test_layout_SSetRepeatUnitCommand ... ok
[INFO] [stdout] test bindings::bindgen_test_layout_SSetSizeGraphDrawerDebugCommand ... ok
[INFO] [stdout] test bindings::bindgen_test_layout_SSetSizeOverlayTextureDrawerDebugCommand ... ok
[INFO] [stdout] test bindings::bindgen_test_layout_SSetTrajectoryUnitCommand ... ok
[INFO] [stdout] test bindings::bindgen_test_layout_SSkirmishAILibrary ... ok
[INFO] [stdout] test bindings::bindgen_test_layout_SSkirmishAICallback ... ok
[INFO] [stdout] test bindings::bindgen_test_layout_SSquadWaitUnitCommand ... ok
[INFO] [stdout] test bindings::bindgen_test_layout_SStartPathDrawerCommand ... ok
[INFO] [stdout] test bindings::bindgen_test_layout_SStockpileUnitCommand ... ok
[INFO] [stdout] test bindings::bindgen_test_layout_SStopUnitCommand ... ok
[INFO] [stdout] test bindings::bindgen_test_layout_STimeWaitUnitCommand ... ok
[INFO] [stdout] test bindings::bindgen_test_layout_STraceRayCommand ... ok
[INFO] [stdout] test bindings::bindgen_test_layout_SUnitCapturedEvent ... ok
[INFO] [stdout] test bindings::bindgen_test_layout_SUnitCreatedEvent ... ok
[INFO] [stdout] test bindings::bindgen_test_layout_SUnitDestroyedEvent ... ok
[INFO] [stdout] test bindings::bindgen_test_layout_SUnitDamagedEvent ... ok
[INFO] [stdout] test bindings::bindgen_test_layout_SUnitGivenEvent ... ok
[INFO] [stdout] test bindings::bindgen_test_layout_SUnitIdleEvent ... ok
[INFO] [stdout] test bindings::bindgen_test_layout_SUnitMoveFailedEvent ... ok
[INFO] [stdout] test bindings::bindgen_test_layout_SUnitFinishedEvent ... ok
[INFO] [stdout] test bindings::bindgen_test_layout_SUnloadUnitsAreaUnitCommand ... ok
[INFO] [stdout] test bindings::bindgen_test_layout_SUpdateEvent ... ok
[INFO] [stdout] test bindings::bindgen_test_layout_SUpdateOverlayTextureDrawerDebugCommand ... ok
[INFO] [stdout] test bindings::bindgen_test_layout_SWaitUnitCommand ... ok
[INFO] [stdout] test bindings::bindgen_test_layout___crt_locale_data_public ... ok
[INFO] [stdout] test bindings::bindgen_test_layout_SUnloadUnitCommand ... ok
[INFO] [stdout] test bindings::bindgen_test_layout_SWeaponFiredEvent ... ok
[INFO] [stdout] test bindings::bindgen_test_layout___crt_locale_pointers ... ok
[INFO] [stdout] test bindings::bindgen_test_layout__iobuf ... ok
[INFO] [stdout] test bindings::bindgen_test_layout__Mbstatet ... FAILED
[INFO] [stdout] 
[INFO] [stdout] failures:
[INFO] [stdout] 
[INFO] [stdout] ---- bindings::bindgen_test_layout__Mbstatet stdout ----
[INFO] [stdout] thread 'bindings::bindgen_test_layout__Mbstatet' panicked at src/bindings.rs:255:5:
[INFO] [stdout] assertion `left == right` failed: Size of: _Mbstatet
[INFO] [stdout]   left: 16
[INFO] [stdout]  right: 8
[INFO] [stdout] stack backtrace:
[INFO] [stdout]    0:     0x617344a9abda - std::backtrace_rs::backtrace::libunwind::trace::h5a5b8284f2d0c266
[INFO] [stdout]                                at /rustc/90b35a6239c3d8bdabc530a6a0816f7ff89a0aaf/library/std/src/../../backtrace/src/backtrace/libunwind.rs:116:5
[INFO] [stdout]    1:     0x617344a9abda - std::backtrace_rs::backtrace::trace_unsynchronized::h76d4f1c9b0b875e3
[INFO] [stdout]                                at /rustc/90b35a6239c3d8bdabc530a6a0816f7ff89a0aaf/library/std/src/../../backtrace/src/backtrace/mod.rs:66:5
[INFO] [stdout]    2:     0x617344a9abda - std::sys::backtrace::_print_fmt::hc4546b8364a537c6
[INFO] [stdout]                                at /rustc/90b35a6239c3d8bdabc530a6a0816f7ff89a0aaf/library/std/src/sys/backtrace.rs:66:9
[INFO] [stdout]    3:     0x617344a9abda - <std::sys::backtrace::BacktraceLock::print::DisplayBacktrace as core::fmt::Display>::fmt::h5b6bd5631a6d1f6b
[INFO] [stdout]                                at /rustc/90b35a6239c3d8bdabc530a6a0816f7ff89a0aaf/library/std/src/sys/backtrace.rs:39:26
[INFO] [stdout]    4:     0x617344abfe63 - core::fmt::rt::Argument::fmt::h270f6602a2b96f62
[INFO] [stdout]                                at /rustc/90b35a6239c3d8bdabc530a6a0816f7ff89a0aaf/library/core/src/fmt/rt.rs:177:76
[INFO] [stdout]    5:     0x617344abfe63 - core::fmt::write::h7550c97b06c86515
[INFO] [stdout]                                at /rustc/90b35a6239c3d8bdabc530a6a0816f7ff89a0aaf/library/core/src/fmt/mod.rs:1186:21
[INFO] [stdout]    6:     0x617344a97da3 - std::io::Write::write_fmt::h509ff860e5956e5e
[INFO] [stdout]                                at /rustc/90b35a6239c3d8bdabc530a6a0816f7ff89a0aaf/library/std/src/io/mod.rs:1839:15
[INFO] [stdout]    7:     0x617344a9aa22 - std::sys::backtrace::BacktraceLock::print::h2395ccd2c84ba3aa
[INFO] [stdout]                                at /rustc/90b35a6239c3d8bdabc530a6a0816f7ff89a0aaf/library/std/src/sys/backtrace.rs:42:9
[INFO] [stdout]    8:     0x617344a9c03a - std::panicking::default_hook::{{closure}}::he19d4c7230e07961
[INFO] [stderr] error: test failed, to rerun pass `--lib`
[INFO] [stdout]                                at /rustc/90b35a6239c3d8bdabc530a6a0816f7ff89a0aaf/library/std/src/panicking.rs:268:22
[INFO] [stdout]    9:     0x617344a9be44 - std::panicking::default_hook::hf614597d3c67bbdb
[INFO] [stdout]                                at /rustc/90b35a6239c3d8bdabc530a6a0816f7ff89a0aaf/library/std/src/panicking.rs:292:9
[INFO] [stdout]   10:     0x617344a67729 - <alloc::boxed::Box<F,A> as core::ops::function::Fn<Args>>::call::h39b51ce4599c23d1
[INFO] [stdout]                                at /rustc/90b35a6239c3d8bdabc530a6a0816f7ff89a0aaf/library/alloc/src/boxed.rs:2468:9
[INFO] [stdout]   11:     0x617344a67729 - test::test_main::{{closure}}::he977ae839a582784
[INFO] [stdout]                                at /rustc/90b35a6239c3d8bdabc530a6a0816f7ff89a0aaf/library/test/src/lib.rs:133:21
[INFO] [stdout]   12:     0x617344a9c6d8 - <alloc::boxed::Box<F,A> as core::ops::function::Fn<Args>>::call::h9455091b6b06f9fb
[INFO] [stdout]                                at /rustc/90b35a6239c3d8bdabc530a6a0816f7ff89a0aaf/library/alloc/src/boxed.rs:2468:9
[INFO] [stdout]   13:     0x617344a9c6d8 - std::panicking::rust_panic_with_hook::h8942133a8b252070
[INFO] [stdout]                                at /rustc/90b35a6239c3d8bdabc530a6a0816f7ff89a0aaf/library/std/src/panicking.rs:809:13
[INFO] [stdout]   14:     0x617344a9c49a - std::panicking::begin_panic_handler::{{closure}}::hb5f5963570096b29
[INFO] [stdout]                                at /rustc/90b35a6239c3d8bdabc530a6a0816f7ff89a0aaf/library/std/src/panicking.rs:674:13
[INFO] [stdout]   15:     0x617344a9b0b9 - std::sys::backtrace::__rust_end_short_backtrace::h6208cedc1922feda
[INFO] [stdout]                                at /rustc/90b35a6239c3d8bdabc530a6a0816f7ff89a0aaf/library/std/src/sys/backtrace.rs:170:18
[INFO] [stdout]   16:     0x617344a9c12c - rust_begin_unwind
[INFO] [stdout]                                at /rustc/90b35a6239c3d8bdabc530a6a0816f7ff89a0aaf/library/std/src/panicking.rs:665:5
[INFO] [stdout]   17:     0x6173449e1a50 - core::panicking::panic_fmt::h0c3082644d1bf418
[INFO] [stdout]                                at /rustc/90b35a6239c3d8bdabc530a6a0816f7ff89a0aaf/library/core/src/panicking.rs:74:14
[INFO] [stdout]   18:     0x6173449e1d7b - core::panicking::assert_failed_inner::h2ddf1fcc067fa858
[INFO] [stdout]   19:     0x6173449e4874 - core::panicking::assert_failed::h4cc93885ae38676e
[INFO] [stdout]                                at /rustc/90b35a6239c3d8bdabc530a6a0816f7ff89a0aaf/library/core/src/panicking.rs:367:5
[INFO] [stdout]   20:     0x6173449e567b - spring_ai_sys::bindings::bindgen_test_layout__Mbstatet::hbb5d587dbff461fd
[INFO] [stdout]                                at /opt/rustwide/workdir/src/bindings.rs:255:5
[INFO] [stdout]   21:     0x6173449e55b7 - spring_ai_sys::bindings::bindgen_test_layout__Mbstatet::{{closure}}::h19c9d161a2fcddba
[INFO] [stdout]                                at /opt/rustwide/workdir/src/bindings.rs:252:35
[INFO] [stdout]   22:     0x6173449e4396 - core::ops::function::FnOnce::call_once::he103b105c3535ae5
[INFO] [stdout]                                at /rustc/90b35a6239c3d8bdabc530a6a0816f7ff89a0aaf/library/core/src/ops/function.rs:250:5
[INFO] [stdout]   23:     0x617344a6c0eb - core::ops::function::FnOnce::call_once::h109cf8051a59b34e
[INFO] [stdout]                                at /rustc/90b35a6239c3d8bdabc530a6a0816f7ff89a0aaf/library/core/src/ops/function.rs:250:5
[INFO] [stdout]   24:     0x617344a6c0eb - test::__rust_begin_short_backtrace::hf4fff89d377446ba
[INFO] [stdout]                                at /rustc/90b35a6239c3d8bdabc530a6a0816f7ff89a0aaf/library/test/src/lib.rs:621:18
[INFO] [stdout]   25:     0x617344a6b927 - test::run_test_in_process::{{closure}}::h0e39181dd7ee5a43
[INFO] [stdout]                                at /rustc/90b35a6239c3d8bdabc530a6a0816f7ff89a0aaf/library/test/src/lib.rs:644:60
[INFO] [stdout]   26:     0x617344a6b927 - <core::panic::unwind_safe::AssertUnwindSafe<F> as core::ops::function::FnOnce<()>>::call_once::hc5a66a30f0bdfd1f
[INFO] [stdout]                                at /rustc/90b35a6239c3d8bdabc530a6a0816f7ff89a0aaf/library/core/src/panic/unwind_safe.rs:272:9
[INFO] [stdout]   27:     0x617344a6b927 - std::panicking::try::do_call::h873b7cf639554a5e
[INFO] [stdout]                                at /rustc/90b35a6239c3d8bdabc530a6a0816f7ff89a0aaf/library/std/src/panicking.rs:557:40
[INFO] [stdout]   28:     0x617344a6b927 - std::panicking::try::hdb19862fad9c8bd1
[INFO] [stdout]                                at /rustc/90b35a6239c3d8bdabc530a6a0816f7ff89a0aaf/library/std/src/panicking.rs:520:19
[INFO] [stdout]   29:     0x617344a6b927 - std::panic::catch_unwind::h281fe732d236d260
[INFO] [stdout]                                at /rustc/90b35a6239c3d8bdabc530a6a0816f7ff89a0aaf/library/std/src/panic.rs:358:14
[INFO] [stdout]   30:     0x617344a6b927 - test::run_test_in_process::h949b6df8457ed338
[INFO] [stdout]                                at /rustc/90b35a6239c3d8bdabc530a6a0816f7ff89a0aaf/library/test/src/lib.rs:644:27
[INFO] [stdout]   31:     0x617344a6b927 - test::run_test::{{closure}}::h52c556a6d4740e10
[INFO] [stdout]                                at /rustc/90b35a6239c3d8bdabc530a6a0816f7ff89a0aaf/library/test/src/lib.rs:565:43
[INFO] [stdout]   32:     0x617344a30c04 - test::run_test::{{closure}}::h4237f6381c45ccb9
[INFO] [stdout]                                at /rustc/90b35a6239c3d8bdabc530a6a0816f7ff89a0aaf/library/test/src/lib.rs:595:41
[INFO] [stdout]   33:     0x617344a30c04 - std::sys::backtrace::__rust_begin_short_backtrace::h505c97a579eca628
[INFO] [stdout]                                at /rustc/90b35a6239c3d8bdabc530a6a0816f7ff89a0aaf/library/std/src/sys/backtrace.rs:154:18
[INFO] [stdout]   34:     0x617344a342ce - std::thread::Builder::spawn_unchecked_::{{closure}}::{{closure}}::h9e86b2e2bc107ea3
[INFO] [stdout]                                at /rustc/90b35a6239c3d8bdabc530a6a0816f7ff89a0aaf/library/std/src/thread/mod.rs:538:17
[INFO] [stdout]   35:     0x617344a342ce - <core::panic::unwind_safe::AssertUnwindSafe<F> as core::ops::function::FnOnce<()>>::call_once::h8b06ddb275ff4a25
[INFO] [stdout]                                at /rustc/90b35a6239c3d8bdabc530a6a0816f7ff89a0aaf/library/core/src/panic/unwind_safe.rs:272:9
[INFO] [stdout]   36:     0x617344a342ce - std::panicking::try::do_call::hb26ecd7cd9a9355d
[INFO] [stdout]                                at /rustc/90b35a6239c3d8bdabc530a6a0816f7ff89a0aaf/library/std/src/panicking.rs:557:40
[INFO] [stdout]   37:     0x617344a342ce - std::panicking::try::h8ddeca9d705f9069
[INFO] [stdout]                                at /rustc/90b35a6239c3d8bdabc530a6a0816f7ff89a0aaf/library/std/src/panicking.rs:520:19
[INFO] [stdout]   38:     0x617344a342ce - std::panic::catch_unwind::h49e1c33078844c46
[INFO] [stdout]                                at /rustc/90b35a6239c3d8bdabc530a6a0816f7ff89a0aaf/library/std/src/panic.rs:358:14
[INFO] [stdout]   39:     0x617344a342ce - std::thread::Builder::spawn_unchecked_::{{closure}}::h6073db6ff56ad35d
[INFO] [stdout]                                at /rustc/90b35a6239c3d8bdabc530a6a0816f7ff89a0aaf/library/std/src/thread/mod.rs:537:30
[INFO] [stdout]   40:     0x617344a342ce - core::ops::function::FnOnce::call_once{{vtable.shim}}::h2c5a5f3779c774f1
[INFO] [stdout]                                at /rustc/90b35a6239c3d8bdabc530a6a0816f7ff89a0aaf/library/core/src/ops/function.rs:250:5
[INFO] [stdout]   41:     0x617344aa042b - <alloc::boxed::Box<F,A> as core::ops::function::FnOnce<Args>>::call_once::hf75717d9f28faebf
[INFO] [stdout]                                at /rustc/90b35a6239c3d8bdabc530a6a0816f7ff89a0aaf/library/alloc/src/boxed.rs:2454:9
[INFO] [stdout]   42:     0x617344aa042b - <alloc::boxed::Box<F,A> as core::ops::function::FnOnce<Args>>::call_once::h7bd883a5f3c5f3c1
[INFO] [stdout]                                at /rustc/90b35a6239c3d8bdabc530a6a0816f7ff89a0aaf/library/alloc/src/boxed.rs:2454:9
[INFO] [stdout]   43:     0x617344aa042b - std::sys::pal::unix::thread::Thread::new::thread_start::hcc78f3943333fa94
[INFO] [stdout]                                at /rustc/90b35a6239c3d8bdabc530a6a0816f7ff89a0aaf/library/std/src/sys/pal/unix/thread.rs:105:17
[INFO] [stdout]   44:     0x7b42ba2a0ac3 - <unknown>
[INFO] [stdout]   45:     0x7b42ba331a04 - clone
[INFO] [stdout]   46:                0x0 - <unknown>
[INFO] [stdout] 
[INFO] [stdout] 
[INFO] [stdout] failures:
[INFO] [stdout]     bindings::bindgen_test_layout__Mbstatet
[INFO] [stdout] 
[INFO] [stdout] test result: FAILED. 125 passed; 1 failed; 0 ignored; 0 measured; 0 filtered out; finished in 0.06s
[INFO] [stdout] 
[INFO] running `Command { std: "docker" "inspect" "ec4ab19ab40db39e194e6e0a7bfef93a4ed39b60ede94fb63bb6694bf7bdf576", kill_on_drop: false }`
[INFO] running `Command { std: "docker" "rm" "-f" "ec4ab19ab40db39e194e6e0a7bfef93a4ed39b60ede94fb63bb6694bf7bdf576", kill_on_drop: false }`
[INFO] [stdout] ec4ab19ab40db39e194e6e0a7bfef93a4ed39b60ede94fb63bb6694bf7bdf576
