[INFO] fetching crate spread_tracker 0.1.0...
[INFO] testing spread_tracker-0.1.0 against beta-2024-12-08 for beta-1.84.0-4-retry
[INFO] extracting crate spread_tracker 0.1.0 into /workspace/builds/worker-7-tc2/source
[INFO] validating manifest of crates.io crate spread_tracker 0.1.0 on toolchain beta-2024-12-08
[INFO] running `Command { std: CARGO_HOME="/workspace/cargo-home" RUSTUP_HOME="/workspace/rustup-home" "/workspace/cargo-home/bin/cargo" "+beta-2024-12-08" "metadata" "--manifest-path" "Cargo.toml" "--no-deps", kill_on_drop: false }`
[INFO] started tweaking crates.io crate spread_tracker 0.1.0
[INFO] finished tweaking crates.io crate spread_tracker 0.1.0
[INFO] tweaked toml for crates.io crate spread_tracker 0.1.0 written to /workspace/builds/worker-7-tc2/source/Cargo.toml
[INFO] crate crates.io crate spread_tracker 0.1.0 already has a lockfile, it will not be regenerated
[INFO] running `Command { std: CARGO_HOME="/workspace/cargo-home" RUSTUP_HOME="/workspace/rustup-home" "/workspace/cargo-home/bin/cargo" "+beta-2024-12-08" "fetch" "--manifest-path" "Cargo.toml", kill_on_drop: false }`
[INFO] running `Command { std: "docker" "create" "-v" "/var/lib/crater-agent-workspace/builds/worker-7-tc2/target:/opt/rustwide/target:rw,Z" "-v" "/var/lib/crater-agent-workspace/builds/worker-7-tc2/source:/opt/rustwide/workdir:ro,Z" "-v" "/var/lib/crater-agent-workspace/cargo-home:/opt/rustwide/cargo-home:ro,Z" "-v" "/var/lib/crater-agent-workspace/rustup-home:/opt/rustwide/rustup-home:ro,Z" "-e" "SOURCE_DIR=/opt/rustwide/workdir" "-e" "CARGO_TARGET_DIR=/opt/rustwide/target" "-e" "CARGO_HOME=/opt/rustwide/cargo-home" "-e" "RUSTUP_HOME=/opt/rustwide/rustup-home" "-w" "/opt/rustwide/workdir" "-m" "1610612736" "--user" "0:0" "--network" "none" "ghcr.io/rust-lang/crates-build-env/linux@sha256:f3a9d4ad9d972b27faf3965f35b62e55ba32bbce8f20bc8fe909558a86702fde" "/opt/rustwide/cargo-home/bin/cargo" "+beta-2024-12-08" "metadata" "--no-deps" "--format-version=1", kill_on_drop: false }`
[INFO] [stdout] f5c89b76f44cb36141176353cc6dfdd61364086cc65c5973aae2cf0d074e96c2
[INFO] running `Command { std: "docker" "start" "-a" "f5c89b76f44cb36141176353cc6dfdd61364086cc65c5973aae2cf0d074e96c2", kill_on_drop: false }`
[INFO] running `Command { std: "docker" "inspect" "f5c89b76f44cb36141176353cc6dfdd61364086cc65c5973aae2cf0d074e96c2", kill_on_drop: false }`
[INFO] running `Command { std: "docker" "rm" "-f" "f5c89b76f44cb36141176353cc6dfdd61364086cc65c5973aae2cf0d074e96c2", kill_on_drop: false }`
[INFO] [stdout] f5c89b76f44cb36141176353cc6dfdd61364086cc65c5973aae2cf0d074e96c2
[INFO] running `Command { std: "docker" "create" "-v" "/var/lib/crater-agent-workspace/builds/worker-7-tc2/target:/opt/rustwide/target:rw,Z" "-v" "/var/lib/crater-agent-workspace/builds/worker-7-tc2/source:/opt/rustwide/workdir:ro,Z" "-v" "/var/lib/crater-agent-workspace/cargo-home:/opt/rustwide/cargo-home:ro,Z" "-v" "/var/lib/crater-agent-workspace/rustup-home:/opt/rustwide/rustup-home:ro,Z" "-e" "SOURCE_DIR=/opt/rustwide/workdir" "-e" "CARGO_TARGET_DIR=/opt/rustwide/target" "-e" "CARGO_INCREMENTAL=0" "-e" "RUST_BACKTRACE=full" "-e" "RUSTFLAGS=--cap-lints=warn" "-e" "RUSTDOCFLAGS=--cap-lints=warn" "-e" "CARGO_HOME=/opt/rustwide/cargo-home" "-e" "RUSTUP_HOME=/opt/rustwide/rustup-home" "-w" "/opt/rustwide/workdir" "-m" "1610612736" "--user" "0:0" "--network" "none" "ghcr.io/rust-lang/crates-build-env/linux@sha256:f3a9d4ad9d972b27faf3965f35b62e55ba32bbce8f20bc8fe909558a86702fde" "/opt/rustwide/cargo-home/bin/cargo" "+beta-2024-12-08" "build" "--frozen" "--message-format=json", kill_on_drop: false }`
[INFO] [stdout] d9b4b819e5f8ff7cfb44c5d7052e7218dfc5a19901925907f90c4dbd98341cd4
[INFO] running `Command { std: "docker" "start" "-a" "d9b4b819e5f8ff7cfb44c5d7052e7218dfc5a19901925907f90c4dbd98341cd4", kill_on_drop: false }`
[INFO] [stderr]    Compiling libc v0.2.153
[INFO] [stderr]    Compiling proc-macro2 v1.0.79
[INFO] [stderr]    Compiling unicode-ident v1.0.12
[INFO] [stderr]    Compiling autocfg v1.2.0
[INFO] [stderr]    Compiling cfg-if v1.0.0
[INFO] [stderr]    Compiling bytes v1.6.0
[INFO] [stderr]    Compiling pin-project-lite v0.2.14
[INFO] [stderr]    Compiling itoa v1.0.11
[INFO] [stderr]    Compiling once_cell v1.19.0
[INFO] [stderr]    Compiling parking_lot_core v0.9.9
[INFO] [stderr]    Compiling scopeguard v1.2.0
[INFO] [stderr]    Compiling smallvec v1.13.2
[INFO] [stderr]    Compiling fnv v1.0.7
[INFO] [stderr]    Compiling log v0.4.21
[INFO] [stderr]    Compiling futures-core v0.3.30
[INFO] [stderr]    Compiling tracing-core v0.1.32
[INFO] [stderr]    Compiling cc v1.0.91
[INFO] [stderr]    Compiling lock_api v0.4.11
[INFO] [stderr]    Compiling vcpkg v0.2.15
[INFO] [stderr]    Compiling pkg-config v0.3.30
[INFO] [stderr]    Compiling tracing v0.1.40
[INFO] [stderr]    Compiling slab v0.4.9
[INFO] [stderr]    Compiling equivalent v1.0.1
[INFO] [stderr]    Compiling quote v1.0.35
[INFO] [stderr]    Compiling hashbrown v0.14.3
[INFO] [stderr]    Compiling futures-task v0.3.30
[INFO] [stderr]    Compiling pin-utils v0.1.0
[INFO] [stderr]    Compiling futures-util v0.3.30
[INFO] [stderr]    Compiling syn v2.0.58
[INFO] [stderr]    Compiling num_cpus v1.16.0
[INFO] [stderr]    Compiling signal-hook-registry v1.4.1
[INFO] [stderr]    Compiling mio v0.8.11
[INFO] [stderr]    Compiling parking_lot v0.12.1
[INFO] [stderr]    Compiling socket2 v0.5.6
[INFO] [stderr]    Compiling indexmap v2.2.6
[INFO] [stderr]    Compiling openssl-sys v0.9.102
[INFO] [stderr]    Compiling futures-sink v0.3.30
[INFO] [stderr]    Compiling httparse v1.8.0
[INFO] [stderr]    Compiling foreign-types-shared v0.1.1
[INFO] [stderr]    Compiling openssl v0.10.64
[INFO] [stderr]    Compiling try-lock v0.2.5
[INFO] [stderr]    Compiling want v0.3.1
[INFO] [stderr]    Compiling foreign-types v0.3.2
[INFO] [stderr]    Compiling futures-channel v0.3.30
[INFO] [stderr]    Compiling bitflags v2.5.0
[INFO] [stderr]    Compiling native-tls v0.2.11
[INFO] [stderr]    Compiling serde v1.0.197
[INFO] [stderr]    Compiling tower-service v0.3.2
[INFO] [stderr]    Compiling http v1.1.0
[INFO] [stderr]    Compiling openssl-probe v0.1.5
[INFO] [stderr]    Compiling tinyvec_macros v0.1.1
[INFO] [stderr]    Compiling http v0.2.12
[INFO] [stderr]    Compiling tinyvec v1.6.0
[INFO] [stderr]    Compiling percent-encoding v2.3.1
[INFO] [stderr]    Compiling ryu v1.0.17
[INFO] [stderr]    Compiling form_urlencoded v1.2.1
[INFO] [stderr]    Compiling getrandom v0.2.13
[INFO] [stderr]    Compiling unicode-bidi v0.3.15
[INFO] [stderr]    Compiling rand_core v0.6.4
[INFO] [stderr]    Compiling num-traits v0.2.18
[INFO] [stderr]    Compiling httpdate v1.0.3
[INFO] [stderr]    Compiling http-body v1.0.0
[INFO] [stderr]    Compiling unicode-normalization v0.1.23
[INFO] [stderr]    Compiling tower-layer v0.3.2
[INFO] [stderr]    Compiling ppv-lite86 v0.2.17
[INFO] [stderr]    Compiling http-body v0.4.6
[INFO] [stderr]    Compiling serde_json v1.0.115
[INFO] [stderr]    Compiling encoding_rs v0.8.33
[INFO] [stderr]    Compiling rand_chacha v0.3.1
[INFO] [stderr]    Compiling memchr v2.7.2
[INFO] [stderr]    Compiling mime v0.3.17
[INFO] [stderr]    Compiling idna v0.5.0
[INFO] [stderr]    Compiling base64 v0.21.7
[INFO] [stderr]    Compiling ipnet v2.9.0
[INFO] [stderr]    Compiling url v2.5.0
[INFO] [stderr]    Compiling sync_wrapper v0.1.2
[INFO] [stderr]    Compiling aho-corasick v1.1.3
[INFO] [stderr]    Compiling rustls-pemfile v1.0.4
[INFO] [stderr]    Compiling rand v0.8.5
[INFO] [stderr]    Compiling http-body-util v0.1.1
[INFO] [stderr]    Compiling regex-syntax v0.8.3
[INFO] [stderr]    Compiling serde_urlencoded v0.7.1
[INFO] [stderr]    Compiling iana-time-zone v0.1.60
[INFO] [stderr]    Compiling base64 v0.22.0
[INFO] [stderr]    Compiling rustls-pki-types v1.4.1
[INFO] [stderr]    Compiling chrono v0.4.37
[INFO] [stderr]    Compiling tokio-macros v2.2.0
[INFO] [stderr]    Compiling openssl-macros v0.1.1
[INFO] [stderr]    Compiling pin-project-internal v1.1.5
[INFO] [stderr]    Compiling uuid-macro-internal v1.8.0
[INFO] [stderr]    Compiling uuid v1.8.0
[INFO] [stderr]    Compiling tokio v1.37.0
[INFO] [stderr]    Compiling regex-automata v0.4.6
[INFO] [stderr]    Compiling rustls-pemfile v2.1.2
[INFO] [stderr]    Compiling dotenv v0.15.0
[INFO] [stderr]    Compiling unsafe-libyaml v0.2.11
[INFO] [stderr]    Compiling pin-project v1.1.5
[INFO] [stderr]    Compiling serde_derive v1.0.197
[INFO] [stderr]    Compiling serde_yaml v0.9.34+deprecated
[INFO] [stderr]    Compiling regex v1.10.4
[INFO] [stderr]    Compiling tokio-util v0.7.10
[INFO] [stderr]    Compiling tokio-native-tls v0.3.1
[INFO] [stderr]    Compiling tower v0.4.13
[INFO] [stderr]    Compiling h2 v0.4.4
[INFO] [stderr]    Compiling h2 v0.3.26
[INFO] [stderr]    Compiling hyper v1.2.0
[INFO] [stderr]    Compiling hyper-util v0.1.3
[INFO] [stderr]    Compiling hyper v0.14.28
[INFO] [stderr]    Compiling hyper-tls v0.6.0
[INFO] [stderr]    Compiling reqwest v0.12.3
[INFO] [stderr]    Compiling hyper-tls v0.5.0
[INFO] [stderr]    Compiling reqwest v0.11.27
[INFO] [stderr]    Compiling supabase_rs v0.2.2
[INFO] [stderr]    Compiling spread_tracker v0.1.0 (/opt/rustwide/workdir)
[INFO] [stderr]     Finished `dev` profile [unoptimized + debuginfo] target(s) in 1m 47s
[INFO] running `Command { std: "docker" "inspect" "d9b4b819e5f8ff7cfb44c5d7052e7218dfc5a19901925907f90c4dbd98341cd4", kill_on_drop: false }`
[INFO] running `Command { std: "docker" "rm" "-f" "d9b4b819e5f8ff7cfb44c5d7052e7218dfc5a19901925907f90c4dbd98341cd4", kill_on_drop: false }`
[INFO] [stdout] d9b4b819e5f8ff7cfb44c5d7052e7218dfc5a19901925907f90c4dbd98341cd4
[INFO] running `Command { std: "docker" "create" "-v" "/var/lib/crater-agent-workspace/builds/worker-7-tc2/target:/opt/rustwide/target:rw,Z" "-v" "/var/lib/crater-agent-workspace/builds/worker-7-tc2/source:/opt/rustwide/workdir:ro,Z" "-v" "/var/lib/crater-agent-workspace/cargo-home:/opt/rustwide/cargo-home:ro,Z" "-v" "/var/lib/crater-agent-workspace/rustup-home:/opt/rustwide/rustup-home:ro,Z" "-e" "SOURCE_DIR=/opt/rustwide/workdir" "-e" "CARGO_TARGET_DIR=/opt/rustwide/target" "-e" "CARGO_INCREMENTAL=0" "-e" "RUST_BACKTRACE=full" "-e" "RUSTFLAGS=--cap-lints=warn" "-e" "RUSTDOCFLAGS=--cap-lints=warn" "-e" "CARGO_HOME=/opt/rustwide/cargo-home" "-e" "RUSTUP_HOME=/opt/rustwide/rustup-home" "-w" "/opt/rustwide/workdir" "-m" "1610612736" "--user" "0:0" "--network" "none" "ghcr.io/rust-lang/crates-build-env/linux@sha256:f3a9d4ad9d972b27faf3965f35b62e55ba32bbce8f20bc8fe909558a86702fde" "/opt/rustwide/cargo-home/bin/cargo" "+beta-2024-12-08" "test" "--frozen" "--no-run" "--message-format=json", kill_on_drop: false }`
[INFO] [stdout] 15b390e04ae7a2dae31f59a4f3cea399879aa452b22f612a569d905d42f726f5
[INFO] running `Command { std: "docker" "start" "-a" "15b390e04ae7a2dae31f59a4f3cea399879aa452b22f612a569d905d42f726f5", kill_on_drop: false }`
[INFO] [stderr]    Compiling spread_tracker v0.1.0 (/opt/rustwide/workdir)
[INFO] [stderr]     Finished `test` profile [unoptimized + debuginfo] target(s) in 0.90s
[INFO] running `Command { std: "docker" "inspect" "15b390e04ae7a2dae31f59a4f3cea399879aa452b22f612a569d905d42f726f5", kill_on_drop: false }`
[INFO] running `Command { std: "docker" "rm" "-f" "15b390e04ae7a2dae31f59a4f3cea399879aa452b22f612a569d905d42f726f5", kill_on_drop: false }`
[INFO] [stdout] 15b390e04ae7a2dae31f59a4f3cea399879aa452b22f612a569d905d42f726f5
[INFO] running `Command { std: "docker" "create" "-v" "/var/lib/crater-agent-workspace/builds/worker-7-tc2/target:/opt/rustwide/target:rw,Z" "-v" "/var/lib/crater-agent-workspace/builds/worker-7-tc2/source:/opt/rustwide/workdir:ro,Z" "-v" "/var/lib/crater-agent-workspace/cargo-home:/opt/rustwide/cargo-home:ro,Z" "-v" "/var/lib/crater-agent-workspace/rustup-home:/opt/rustwide/rustup-home:ro,Z" "-e" "SOURCE_DIR=/opt/rustwide/workdir" "-e" "CARGO_TARGET_DIR=/opt/rustwide/target" "-e" "CARGO_INCREMENTAL=0" "-e" "RUST_BACKTRACE=full" "-e" "RUSTFLAGS=--cap-lints=warn" "-e" "RUSTDOCFLAGS=--cap-lints=warn" "-e" "CARGO_HOME=/opt/rustwide/cargo-home" "-e" "RUSTUP_HOME=/opt/rustwide/rustup-home" "-w" "/opt/rustwide/workdir" "-m" "1610612736" "--user" "0:0" "--network" "none" "ghcr.io/rust-lang/crates-build-env/linux@sha256:f3a9d4ad9d972b27faf3965f35b62e55ba32bbce8f20bc8fe909558a86702fde" "/opt/rustwide/cargo-home/bin/cargo" "+beta-2024-12-08" "test" "--frozen", kill_on_drop: false }`
[INFO] [stdout] e972a2f8914dfbae06356ac70a8e129e8e6cb7d76ca08cc3ae93d4136d8d5085
[INFO] running `Command { std: "docker" "start" "-a" "e972a2f8914dfbae06356ac70a8e129e8e6cb7d76ca08cc3ae93d4136d8d5085", kill_on_drop: false }`
[INFO] [stderr]     Finished `test` profile [unoptimized + debuginfo] target(s) in 0.14s
[INFO] [stderr]      Running unittests src/lib.rs (/opt/rustwide/target/debug/deps/spread_tracker-f331754887831b8d)
[INFO] [stdout] 
[INFO] [stdout] running 0 tests
[INFO] [stdout] 
[INFO] [stdout] test result: ok. 0 passed; 0 failed; 0 ignored; 0 measured; 0 filtered out; finished in 0.00s
[INFO] [stdout] 
[INFO] [stderr]      Running unittests src/main.rs (/opt/rustwide/target/debug/deps/spread_tracker-76caa060f5ed6880)
[INFO] [stderr]    Doc-tests spread_tracker
[INFO] [stdout] 
[INFO] [stdout] running 0 tests
[INFO] [stdout] 
[INFO] [stdout] test result: ok. 0 passed; 0 failed; 0 ignored; 0 measured; 0 filtered out; finished in 0.00s
[INFO] [stdout] 
[INFO] [stdout] 
[INFO] [stdout] running 24 tests
[INFO] [stdout] test src/lib.rs - (line 46) ... FAILED
[INFO] [stdout] test src/lib.rs - SpreadTracker::get_spread (line 238) ... FAILED
[INFO] [stdout] test src/config.rs - config::SpreadBrokerUrl::load_config (line 347) - compile ... ok
[INFO] [stdout] test src/lib.rs - SpreadTracker::download_html_body (line 299) ... FAILED
[INFO] [stdout] test src/config.rs - config::Brokers (line 93) - compile ... FAILED
[INFO] [stdout] test src/config.rs - config::SpreadBrokerUrl::new (line 420) ... FAILED
[INFO] [stdout] test src/lib.rs - SpreadTracker::regex_find_symbol_spread (line 341) ... FAILED
[INFO] [stdout] test src/config.rs - config::SpreadBrokerUrl (line 215) ... FAILED
[INFO] [stdout] test src/model.rs - model::Symbol (line 29) ... FAILED
[INFO] [stdout] test src/model.rs - model::Symbol::from_str (line 160) ... FAILED
[INFO] [stdout] test src/model.rs - model::HttpsUrl (line 278) ... FAILED
[INFO] [stdout] test src/model.rs - model::FromStr (line 127) ... FAILED
[INFO] [stdout] test src/model.rs - model::HttpsUrl (line 298) ... FAILED
[INFO] [stdout] test src/model.rs - model::SymbolSpread (line 102) ... FAILED
[INFO] [stdout] test src/model.rs - model::SymbolSpread (line 80) ... FAILED
[INFO] [stdout] test src/utils/cleaner.rs - utils::cleaner::remove_banned_chars (line 20) ... FAILED
[INFO] [stdout] test src/utils/format.rs - utils::format::wrap_json_under_key (line 113) ... FAILED
[INFO] [stdout] test src/utils/duplicates.rs - utils::duplicates::remove_duplicates (line 17) ... FAILED
[INFO] [stdout] test src/utils/format.rs - utils::format::extract_broker_name (line 144) ... FAILED
[INFO] [stdout] test src/utils/format.rs - utils::format::vec_to_json (line 29) ... FAILED
[INFO] [stdout] test src/lib.rs - (line 31) ... ok
[INFO] [stdout] test src/config.rs - config::SpreadBrokerUrl (line 333) ... ok
[INFO] [stdout] test src/model.rs - model::Symbol::fmt (line 221) ... ok
[INFO] [stdout] test src/utils/regex_finder.rs - utils::regex_finder::find_symbol_spread (line 18) ... FAILED
[INFO] [stdout] 
[INFO] [stdout] failures:
[INFO] [stdout] 
[INFO] [stdout] ---- src/lib.rs - (line 46) stdout ----
[INFO] [stdout] error: this file contains an unclosed delimiter
[INFO] [stdout]   --> src/lib.rs:87:50
[INFO] [stdout]    |
[INFO] [stdout] 25 | {
[INFO] [stdout]    | - unclosed delimiter
[INFO] [stdout] 26 |  "spread": {
[INFO] [stdout]    |            - unclosed delimiter
[INFO] [stdout] 27 |    "eightcap": [
[INFO] [stdout]    |                - unclosed delimiter
[INFO] [stdout] ...
[INFO] [stdout] 40 |      {
[INFO] [stdout]    |      - unclosed delimiter
[INFO] [stdout] 41 | ---------------- cut for brevity ----------------
[INFO] [stdout]    |                                                  ^
[INFO] [stdout] 
[INFO] [stdout] error: aborting due to 1 previous error
[INFO] [stdout] 
[INFO] [stdout] Couldn't compile the test.
[INFO] [stdout] ---- src/lib.rs - SpreadTracker::get_spread (line 238) stdout ----
[INFO] [stdout] error: unexpected closing delimiter: `)`
[INFO] [stdout]   --> src/lib.rs:251:2
[INFO] [stdout]    |
[INFO] [stdout] 8  | {
[INFO] [stdout]    | - this opening brace...
[INFO] [stdout] ...
[INFO] [stdout] 13 | });
[INFO] [stdout]    | -^ unexpected closing delimiter
[INFO] [stdout]    | |
[INFO] [stdout]    | ...matches this closing brace
[INFO] [stdout] 
[INFO] [stdout] error: aborting due to 1 previous error
[INFO] [stdout] 
[INFO] [stdout] Couldn't compile the test.
[INFO] [stdout] ---- src/lib.rs - SpreadTracker::download_html_body (line 299) stdout ----
[INFO] [stdout] error[E0369]: binary operation `==` cannot be applied to type `impl Future<Output = Result<String, Box<(dyn std::error::Error + Send + Sync + 'static)>>>`
[INFO] [stdout]   --> src/lib.rs:307:1
[INFO] [stdout]    |
[INFO] [stdout] 11 | assert_eq!(body, "EURUSD 0.0001 1.1234 1.1233");
[INFO] [stdout]    | ^^^^^^^^^^^^^^^^^^^^^^^^^^^^^^^^^^^^^^^^^^^^^^^
[INFO] [stdout]    | |
[INFO] [stdout]    | impl Future<Output = Result<String, Box<(dyn std::error::Error + Send + Sync + 'static)>>>
[INFO] [stdout]    | &str
[INFO] [stdout]    |
[INFO] [stdout]    = note: this error originates in the macro `assert_eq` (in Nightly builds, run with -Z macro-backtrace for more info)
[INFO] [stdout] 
[INFO] [stdout] error[E0277]: `impl Future<Output = Result<String, Box<(dyn std::error::Error + Send + Sync + 'static)>>>` doesn't implement `Debug`
[INFO] [stdout]   --> src/lib.rs:307:1
[INFO] [stdout]    |
[INFO] [stdout] 11 | assert_eq!(body, "EURUSD 0.0001 1.1234 1.1233");
[INFO] [stdout]    | ^^^^^^^^^^^^^^^^^^^^^^^^^^^^^^^^^^^^^^^^^^^^^^^ `impl Future<Output = Result<String, Box<(dyn std::error::Error + Send + Sync + 'static)>>>` cannot be formatted using `{:?}` because it doesn't implement `Debug`
[INFO] [stdout]    |
[INFO] [stdout]    = help: the trait `Debug` is not implemented for `impl Future<Output = Result<String, Box<(dyn std::error::Error + Send + Sync + 'static)>>>`
[INFO] [stdout]    = note: this error originates in the macro `assert_eq` (in Nightly builds, run with -Z macro-backtrace for more info)
[INFO] [stdout] 
[INFO] [stdout] error: aborting due to 2 previous errors
[INFO] [stdout] 
[INFO] [stdout] Some errors have detailed explanations: E0277, E0369.
[INFO] [stdout] For more information about an error, try `rustc --explain E0277`.
[INFO] [stdout] Couldn't compile the test.
[INFO] [stdout] ---- src/config.rs - config::Brokers (line 93) stdout ----
[INFO] [stdout] error: expected one of `!`, `.`, `::`, `;`, `?`, `{`, `}`, or an operator, found `output`
[INFO] [stdout]   --> src/config.rs:100:12
[INFO] [stdout]    |
[INFO] [stdout] 10 | - Expected output:
[INFO] [stdout]    |            ^^^^^^ expected one of 8 possible tokens
[INFO] [stdout] 
[INFO] [stdout] error: aborting due to 1 previous error
[INFO] [stdout] 
[INFO] [stdout] Couldn't compile the test.
[INFO] [stdout] ---- src/config.rs - config::SpreadBrokerUrl::new (line 420) stdout ----
[INFO] [stdout] error: expected one of `!`, `.`, `::`, `;`, `?`, `{`, `}`, or an operator, found `output`
[INFO] [stdout]   --> src/config.rs:427:12
[INFO] [stdout]    |
[INFO] [stdout] 10 | - Expected output:
[INFO] [stdout]    |            ^^^^^^ expected one of 8 possible tokens
[INFO] [stdout] 
[INFO] [stdout] error: aborting due to 1 previous error
[INFO] [stdout] 
[INFO] [stdout] Couldn't compile the test.
[INFO] [stdout] ---- src/lib.rs - SpreadTracker::regex_find_symbol_spread (line 341) stdout ----
[INFO] [stdout] error[E0369]: binary operation `==` cannot be applied to type `impl Future<Output = Result<Vec<String>, Box<(dyn std::error::Error + Send + Sync + 'static)>>>`
[INFO] [stdout]   --> src/lib.rs:349:1
[INFO] [stdout]    |
[INFO] [stdout] 11 | assert_eq!(spread, vec!["1.1234 1.1233 0.0001Spread"]);
[INFO] [stdout]    | ^^^^^^^^^^^^^^^^^^^^^^^^^^^^^^^^^^^^^^^^^^^^^^^^^^^^^^
[INFO] [stdout]    | |
[INFO] [stdout]    | impl Future<Output = Result<Vec<String>, Box<(dyn std::error::Error + Send + Sync + 'static)>>>
[INFO] [stdout]    | Vec<&str>
[INFO] [stdout]    |
[INFO] [stdout]    = note: this error originates in the macro `assert_eq` (in Nightly builds, run with -Z macro-backtrace for more info)
[INFO] [stdout] 
[INFO] [stdout] error[E0277]: `impl Future<Output = Result<Vec<String>, Box<...>>>` doesn't implement `Debug`
[INFO] [stdout]   --> src/lib.rs:349:1
[INFO] [stdout]    |
[INFO] [stdout] 11 | assert_eq!(spread, vec!["1.1234 1.1233 0.0001Spread"]);
[INFO] [stdout]    | ^^^^^^^^^^^^^^^^^^^^^^^^^^^^^^^^^^^^^^^^^^^^^^^^^^^^^^ `impl Future<Output = Result<Vec<String>, Box<...>>>` cannot be formatted using `{:?}` because it doesn't implement `Debug`
[INFO] [stdout]    |
[INFO] [stdout]    = note: the full name for the type has been written to '/tmp/rustdoctestEKHNXU/rust_out.long-type-11252772469185534965.txt'
[INFO] [stdout]    = note: consider using `--verbose` to print the full type name to the console
[INFO] [stdout]    = help: the trait `Debug` is not implemented for `impl Future<Output = Result<Vec<String>, Box<...>>>`
[INFO] [stdout]    = note: this error originates in the macro `assert_eq` (in Nightly builds, run with -Z macro-backtrace for more info)
[INFO] [stdout] 
[INFO] [stdout] error: aborting due to 2 previous errors
[INFO] [stdout] 
[INFO] [stdout] Some errors have detailed explanations: E0277, E0369.
[INFO] [stdout] For more information about an error, try `rustc --explain E0277`.
[INFO] [stdout] Couldn't compile the test.
[INFO] [stdout] ---- src/config.rs - config::SpreadBrokerUrl (line 215) stdout ----
[INFO] [stdout] error: expected one of `!`, `.`, `::`, `;`, `?`, `{`, `}`, or an operator, found `output`
[INFO] [stdout]   --> src/config.rs:222:12
[INFO] [stdout]    |
[INFO] [stdout] 10 | - Expected output:
[INFO] [stdout]    |            ^^^^^^ expected one of 8 possible tokens
[INFO] [stdout] 
[INFO] [stdout] error: aborting due to 1 previous error
[INFO] [stdout] 
[INFO] [stdout] Couldn't compile the test.
[INFO] [stdout] ---- src/model.rs - model::Symbol (line 29) stdout ----
[INFO] [stdout] error[E0432]: unresolved import `forex_model`
[INFO] [stdout]  --> src/model.rs:30:5
[INFO] [stdout]   |
[INFO] [stdout] 3 | use forex_model::Symbol;
[INFO] [stdout]   |     ^^^^^^^^^^^ use of undeclared crate or module `forex_model`
[INFO] [stdout] 
[INFO] [stdout] error: aborting due to 1 previous error
[INFO] [stdout] 
[INFO] [stdout] For more information about this error, try `rustc --explain E0432`.
[INFO] [stdout] Couldn't compile the test.
[INFO] [stdout] ---- src/model.rs - model::Symbol::from_str (line 160) stdout ----
[INFO] [stdout] error[E0369]: binary operation `==` cannot be applied to type `Symbol`
[INFO] [stdout]   --> src/model.rs:167:1
[INFO] [stdout]    |
[INFO] [stdout] 10 | assert_eq!(symbol, Symbol::EuroUsd);
[INFO] [stdout]    | ^^^^^^^^^^^^^^^^^^^^^^^^^^^^^^^^^^^
[INFO] [stdout]    | |
[INFO] [stdout]    | Symbol
[INFO] [stdout]    | Symbol
[INFO] [stdout]    |
[INFO] [stdout] note: the foreign item type `Symbol` doesn't implement `PartialEq`
[INFO] [stdout]   --> /opt/rustwide/workdir/src/model.rs:41:1
[INFO] [stdout]    |
[INFO] [stdout] 41 | pub enum Symbol {
[INFO] [stdout]    | ^^^^^^^^^^^^^^^ not implement `PartialEq`
[INFO] [stdout]    = note: this error originates in the macro `assert_eq` (in Nightly builds, run with -Z macro-backtrace for more info)
[INFO] [stdout] 
[INFO] [stdout] error: aborting due to 1 previous error
[INFO] [stdout] 
[INFO] [stdout] For more information about this error, try `rustc --explain E0369`.
[INFO] [stdout] Couldn't compile the test.
[INFO] [stdout] ---- src/model.rs - model::HttpsUrl (line 278) stdout ----
[INFO] [stdout] error[E0624]: method `verify_url` is private
[INFO] [stdout]    --> src/model.rs:286:22
[INFO] [stdout]     |
[INFO] [stdout] 11  | assert_eq!(https_url.verify_url(), true);
[INFO] [stdout]     |                      ^^^^^^^^^^ private method
[INFO] [stdout]     |
[INFO] [stdout]    ::: /opt/rustwide/workdir/src/model.rs:311:5
[INFO] [stdout]     |
[INFO] [stdout] 311 |     fn verify_url(&self) -> bool {
[INFO] [stdout]     |     ---------------------------- private method defined here
[INFO] [stdout] 
[INFO] [stdout] error: aborting due to 1 previous error
[INFO] [stdout] 
[INFO] [stdout] For more information about this error, try `rustc --explain E0624`.
[INFO] [stdout] Couldn't compile the test.
[INFO] [stdout] ---- src/model.rs - model::FromStr (line 127) stdout ----
[INFO] [stdout] error[E0599]: no method named `get_symbol` found for enum `Symbol` in the current scope
[INFO] [stdout]  --> src/model.rs:133:19
[INFO] [stdout]   |
[INFO] [stdout] 9 | assert_eq!(symbol.get_symbol(), "EURUSD");
[INFO] [stdout]   |                   ^^^^^^^^^^ method not found in `Symbol`
[INFO] [stdout] 
[INFO] [stdout] error: aborting due to 1 previous error
[INFO] [stdout] 
[INFO] [stdout] For more information about this error, try `rustc --explain E0599`.
[INFO] [stdout] Couldn't compile the test.
[INFO] [stdout] ---- src/model.rs - model::HttpsUrl (line 298) stdout ----
[INFO] [stdout] error[E0432]: unresolved import `spread_tracker::model::SpreadBrokerUrl`
[INFO] [stdout]  --> src/model.rs:300:5
[INFO] [stdout]   |
[INFO] [stdout] 5 | use spread_tracker::model::SpreadBrokerUrl;
[INFO] [stdout]   |     ^^^^^^^^^^^^^^^^^^^^^^^^^^^^^^^^^^^^^^ no `SpreadBrokerUrl` in `model`
[INFO] [stdout]   |
[INFO] [stdout] help: consider importing this struct instead
[INFO] [stdout]   |
[INFO] [stdout] 5 | use spread_tracker::config::SpreadBrokerUrl;
[INFO] [stdout]   |     ~~~~~~~~~~~~~~~~~~~~~~~~~~~~~~~~~~~~~~~
[INFO] [stdout] 
[INFO] [stdout] error: aborting due to 1 previous error
[INFO] [stdout] 
[INFO] [stdout] For more information about this error, try `rustc --explain E0432`.
[INFO] [stdout] Couldn't compile the test.
[INFO] [stdout] ---- src/model.rs - model::SymbolSpread (line 102) stdout ----
[INFO] [stdout] error[E0599]: no method named `get_symbol` found for struct `SymbolSpread` in the current scope
[INFO] [stdout]   --> src/model.rs:109:19
[INFO] [stdout]    |
[INFO] [stdout] 10 | assert_eq!(spread.get_symbol(), "EURUSD");
[INFO] [stdout]    |                   ^^^^^^^^^^ method not found in `SymbolSpread`
[INFO] [stdout] 
[INFO] [stdout] error: aborting due to 1 previous error
[INFO] [stdout] 
[INFO] [stdout] For more information about this error, try `rustc --explain E0599`.
[INFO] [stdout] Couldn't compile the test.
[INFO] [stdout] ---- src/model.rs - model::SymbolSpread (line 80) stdout ----
[INFO] [stdout] error[E0432]: unresolved import `forex_model`
[INFO] [stdout]  --> src/model.rs:81:5
[INFO] [stdout]   |
[INFO] [stdout] 3 | use forex_model::{Symbol, SymbolSpread};
[INFO] [stdout]   |     ^^^^^^^^^^^ use of undeclared crate or module `forex_model`
[INFO] [stdout] 
[INFO] [stdout] error: aborting due to 1 previous error
[INFO] [stdout] 
[INFO] [stdout] For more information about this error, try `rustc --explain E0432`.
[INFO] [stdout] Couldn't compile the test.
[INFO] [stdout] ---- src/utils/cleaner.rs - utils::cleaner::remove_banned_chars (line 20) stdout ----
[INFO] [stdout] error[E0728]: `await` is only allowed inside `async` functions and blocks
[INFO] [stdout]  --> src/utils/cleaner.rs:21:78
[INFO] [stdout]   |
[INFO] [stdout] 2 | fn main() { #[allow(non_snake_case)] fn _doctest_main_src_utils_cleaner_rs_20_0() {
[INFO] [stdout]   |                                      -------------------------------------------- this is not `async`
[INFO] [stdout] 3 | let cleaned_string = remove_banned_chars_async("Hello, World!", &[' ', ',']).await;
[INFO] [stdout]   |                                                                              ^^^^^ only allowed inside `async` functions and blocks
[INFO] [stdout] 
[INFO] [stdout] error[E0425]: cannot find function `remove_banned_chars_async` in this scope
[INFO] [stdout]  --> src/utils/cleaner.rs:21:22
[INFO] [stdout]   |
[INFO] [stdout] 3 | let cleaned_string = remove_banned_chars_async("Hello, World!", &[' ', ',']).await;
[INFO] [stdout]   |                      ^^^^^^^^^^^^^^^^^^^^^^^^^ not found in this scope
[INFO] [stdout] 
[INFO] [stdout] error: aborting due to 2 previous errors
[INFO] [stdout] 
[INFO] [stdout] Some errors have detailed explanations: E0425, E0728.
[INFO] [stdout] For more information about an error, try `rustc --explain E0425`.
[INFO] [stdout] Couldn't compile the test.
[INFO] [stdout] ---- src/utils/format.rs - utils::format::wrap_json_under_key (line 113) stdout ----
[INFO] [stdout] error[E0425]: cannot find function `wrap_json_under_key` in this scope
[INFO] [stdout]  --> src/utils/format.rs:115:20
[INFO] [stdout]   |
[INFO] [stdout] 4 | let wrapped_data = wrap_json_under_key(data, "person".to_string()).unwrap();
[INFO] [stdout]   |                    ^^^^^^^^^^^^^^^^^^^ not found in this scope
[INFO] [stdout]   |
[INFO] [stdout] help: consider importing this function
[INFO] [stdout]   |
[INFO] [stdout] 2 + use spread_tracker::utils::format::wrap_json_under_key;
[INFO] [stdout]   |
[INFO] [stdout] 
[INFO] [stdout] error: aborting due to 1 previous error
[INFO] [stdout] 
[INFO] [stdout] For more information about this error, try `rustc --explain E0425`.
[INFO] [stdout] Couldn't compile the test.
[INFO] [stdout] ---- src/utils/duplicates.rs - utils::duplicates::remove_duplicates (line 17) stdout ----
[INFO] [stdout] error[E0425]: cannot find function `remove_duplicates` in this scope
[INFO] [stdout]  --> src/utils/duplicates.rs:19:15
[INFO] [stdout]   |
[INFO] [stdout] 4 | let outputs = remove_duplicates(inputs);
[INFO] [stdout]   |               ^^^^^^^^^^^^^^^^^ not found in this scope
[INFO] [stdout]   |
[INFO] [stdout] help: consider importing this function
[INFO] [stdout]   |
[INFO] [stdout] 2 + use spread_tracker::utils::duplicates::remove_duplicates;
[INFO] [stdout]   |
[INFO] [stdout] 
[INFO] [stdout] error: aborting due to 1 previous error
[INFO] [stdout] 
[INFO] [stdout] For more information about this error, try `rustc --explain E0425`.
[INFO] [stdout] Couldn't compile the test.
[INFO] [stdout] ---- src/utils/format.rs - utils::format::extract_broker_name (line 144) stdout ----
[INFO] [stdout] error[E0425]: cannot find function `extract_broker_name` in this scope
[INFO] [stdout]  --> src/utils/format.rs:146:19
[INFO] [stdout]   |
[INFO] [stdout] 4 | let broker_name = extract_broker_name(broker_url).unwrap();
[INFO] [stdout]   |                   ^^^^^^^^^^^^^^^^^^^ not found in this scope
[INFO] [stdout]   |
[INFO] [stdout] help: consider importing this function
[INFO] [stdout]   |
[INFO] [stdout] 2 + use spread_tracker::utils::format::extract_broker_name;
[INFO] [stdout]   |
[INFO] [stdout] 
[INFO] [stdout] error: aborting due to 1 previous error
[INFO] [stdout] 
[INFO] [stdout] For more information about this error, try `rustc --explain E0425`.
[INFO] [stdout] Couldn't compile the test.
[INFO] [stdout] ---- src/utils/format.rs - utils::format::vec_to_json (line 29) stdout ----
[INFO] [stdout] error[E0425]: cannot find function `vec_to_json` in this scope
[INFO] [stdout]  --> src/utils/format.rs:31:19
[INFO] [stdout]   |
[INFO] [stdout] 4 | let json_output = vec_to_json(input).unwrap();
[INFO] [stdout]   |                   ^^^^^^^^^^^ not found in this scope
[INFO] [stdout]   |
[INFO] [stdout] help: consider importing this function
[INFO] [stdout]   |
[INFO] [stdout] 2 + use spread_tracker::utils::format::vec_to_json;
[INFO] [stdout]   |
[INFO] [stdout] 
[INFO] [stdout] error: aborting due to 1 previous error
[INFO] [stdout] 
[INFO] [stdout] For more information about this error, try `rustc --explain E0425`.
[INFO] [stdout] Couldn't compile the test.
[INFO] [stdout] ---- src/utils/regex_finder.rs - utils::regex_finder::find_symbol_spread (line 18) stdout ----
[INFO] [stdout] Test executable failed (exit status: 101).
[INFO] [stdout] 
[INFO] [stdout] stderr:
[INFO] [stdout] thread 'main' panicked at src/utils/regex_finder.rs:11:1:
[INFO] [stdout] assertion `left == right` failed
[INFO] [stdout]   left: []
[INFO] [stdout]  right: ["1.1234 1.1233 0.0001Spread"]
[INFO] [stdout] stack backtrace:
[INFO] [stdout]    0:     0x5cfc237c292a - std::backtrace_rs::backtrace::libunwind::trace::h8810477743020387
[INFO] [stdout]                                at /rustc/202008a1b8de96d2e5b6bc02d379db03a877d34d/library/std/src/../../backtrace/src/backtrace/libunwind.rs:116:5
[INFO] [stdout]    1:     0x5cfc237c292a - std::backtrace_rs::backtrace::trace_unsynchronized::h3aa55355dd6c54a6
[INFO] [stdout]                                at /rustc/202008a1b8de96d2e5b6bc02d379db03a877d34d/library/std/src/../../backtrace/src/backtrace/mod.rs:66:5
[INFO] [stdout]    2:     0x5cfc237c292a - std::sys::backtrace::_print_fmt::h8588b0f62410823f
[INFO] [stdout]                                at /rustc/202008a1b8de96d2e5b6bc02d379db03a877d34d/library/std/src/sys/backtrace.rs:66:9
[INFO] [stdout]    3:     0x5cfc237c292a - <std::sys::backtrace::BacktraceLock::print::DisplayBacktrace as core::fmt::Display>::fmt::h98c26ac25ffe89bb
[INFO] [stdout]                                at /rustc/202008a1b8de96d2e5b6bc02d379db03a877d34d/library/std/src/sys/backtrace.rs:39:26
[INFO] [stdout]    4:     0x5cfc237e00e3 - core::fmt::rt::Argument::fmt::hf95377f4aebd453b
[INFO] [stdout]                                at /rustc/202008a1b8de96d2e5b6bc02d379db03a877d34d/library/core/src/fmt/rt.rs:177:76
[INFO] [stdout]    5:     0x5cfc237e00e3 - core::fmt::write::h0dd5f6e2238c7982
[INFO] [stdout]                                at /rustc/202008a1b8de96d2e5b6bc02d379db03a877d34d/library/core/src/fmt/mod.rs:1189:21
[INFO] [stdout]    6:     0x5cfc237c05f3 - std::io::Write::write_fmt::hc00bff0a88e08857
[INFO] [stdout]                                at /rustc/202008a1b8de96d2e5b6bc02d379db03a877d34d/library/std/src/io/mod.rs:1884:15
[INFO] [stdout]    7:     0x5cfc237c2772 - std::sys::backtrace::BacktraceLock::print::h5c19c1c038ee186d
[INFO] [stdout]                                at /rustc/202008a1b8de96d2e5b6bc02d379db03a877d34d/library/std/src/sys/backtrace.rs:42:9
[INFO] [stdout]    8:     0x5cfc237c373c - std::panicking::default_hook::{{closure}}::h77172f079a1fcb13
[INFO] [stdout]                                at /rustc/202008a1b8de96d2e5b6bc02d379db03a877d34d/library/std/src/panicking.rs:268:22
[INFO] [stdout]    9:     0x5cfc237c3582 - std::panicking::default_hook::he5f8e3b203ccddba
[INFO] [stdout]                                at /rustc/202008a1b8de96d2e5b6bc02d379db03a877d34d/library/std/src/panicking.rs:295:9
[INFO] [stdout]   10:     0x5cfc237c3d17 - std::panicking::rust_panic_with_hook::h53863d4e9018df39
[INFO] [stdout]                                at /rustc/202008a1b8de96d2e5b6bc02d379db03a877d34d/library/std/src/panicking.rs:801:13
[INFO] [stdout]   11:     0x5cfc237c3baa - std::panicking::begin_panic_handler::{{closure}}::h67280e6fa0757873
[INFO] [stdout]                                at /rustc/202008a1b8de96d2e5b6bc02d379db03a877d34d/library/std/src/panicking.rs:674:13
[INFO] [stdout]   12:     0x5cfc237c2e09 - std::sys::backtrace::__rust_end_short_backtrace::h1dac3f54d6fbbeb2
[INFO] [stdout]                                at /rustc/202008a1b8de96d2e5b6bc02d379db03a877d34d/library/std/src/sys/backtrace.rs:170:18
[INFO] [stdout]   13:     0x5cfc237c383c - rust_begin_unwind
[INFO] [stdout]                                at /rustc/202008a1b8de96d2e5b6bc02d379db03a877d34d/library/std/src/panicking.rs:665:5
[INFO] [stdout]   14:     0x5cfc23505850 - core::panicking::panic_fmt::h6792bd1b2bf01041
[INFO] [stdout]                                at /rustc/202008a1b8de96d2e5b6bc02d379db03a877d34d/library/core/src/panicking.rs:76:14
[INFO] [stdout]   15:     0x5cfc23505c1b - core::panicking::assert_failed_inner::hf2c17e6d30928787
[INFO] [stdout]   16:     0x5cfc235065b7 - core::panicking::assert_failed::haa653ab3991f1df6
[INFO] [stdout]   17:     0x5cfc23506d2a - rust_out::main::_doctest_main_src_utils_regex_finder_rs_18_0::h709830298451cc29
[INFO] [stdout]   18:     0x5cfc23506be6 - rust_out::main::h57eefffa92e38ed0
[INFO] [stdout]   19:     0x5cfc23506233 - core::ops::function::FnOnce::call_once::hcb3872443a25b5b7
[INFO] [stdout]   20:     0x5cfc23506166 - std::sys::backtrace::__rust_begin_short_backtrace::hb8f53f53663d2e9e
[INFO] [stdout]   21:     0x5cfc23506149 - std::rt::lang_start::{{closure}}::h0d6bdb8cb611c7e9
[INFO] [stdout]   22:     0x5cfc237be9b7 - core::ops::function::impls::<impl core::ops::function::FnOnce<A> for &F>::call_once::hba2470d01d3f5e41
[INFO] [stdout]                                at /rustc/202008a1b8de96d2e5b6bc02d379db03a877d34d/library/core/src/ops/function.rs:284:13
[INFO] [stdout]   23:     0x5cfc237be9b7 - std::panicking::try::do_call::hc063fb73159aab72
[INFO] [stdout]                                at /rustc/202008a1b8de96d2e5b6bc02d379db03a877d34d/library/std/src/panicking.rs:557:40
[INFO] [stdout]   24:     0x5cfc237be9b7 - std::panicking::try::h2767c6d245d3a3bb
[INFO] [stdout]                                at /rustc/202008a1b8de96d2e5b6bc02d379db03a877d34d/library/std/src/panicking.rs:520:19
[INFO] [stdout]   25:     0x5cfc237be9b7 - std::panic::catch_unwind::h061c6ef75790da63
[INFO] [stdout]                                at /rustc/202008a1b8de96d2e5b6bc02d379db03a877d34d/library/std/src/panic.rs:358:14
[INFO] [stdout]   26:     0x5cfc237be9b7 - std::rt::lang_start_internal::{{closure}}::h5c5e35b11a4b8c4e
[INFO] [stdout]                                at /rustc/202008a1b8de96d2e5b6bc02d379db03a877d34d/library/std/src/rt.rs:174:48
[INFO] [stdout]   27:     0x5cfc237be9b7 - std::panicking::try::do_call::h705e99690a8109cc
[INFO] [stdout]                                at /rustc/202008a1b8de96d2e5b6bc02d379db03a877d34d/library/std/src/panicking.rs:557:40
[INFO] [stdout]   28:     0x5cfc237be9b7 - std::panicking::try::he5f4452754ed9a34
[INFO] [stdout]                                at /rustc/202008a1b8de96d2e5b6bc02d379db03a877d34d/library/std/src/panicking.rs:520:19
[INFO] [stdout]   29:     0x5cfc237be9b7 - std::panic::catch_unwind::h5db61b3bcbe883e5
[INFO] [stdout]                                at /rustc/202008a1b8de96d2e5b6bc02d379db03a877d34d/library/std/src/panic.rs:358:14
[INFO] [stdout]   30:     0x5cfc237be9b7 - std::rt::lang_start_internal::h81da9b59bab665c6
[INFO] [stdout]                                at /rustc/202008a1b8de96d2e5b6bc02d379db03a877d34d/library/std/src/rt.rs:174:20
[INFO] [stdout]   31:     0x5cfc23506127 - std::rt::lang_start::h2798034e47ddebf9
[INFO] [stdout]   32:     0x5cfc23506d85 - main
[INFO] [stdout]   33:     0x78dd90d2ad90 - <unknown>
[INFO] [stdout]   34:     0x78dd90d2ae40 - __libc_start_main
[INFO] [stdout]   35:     0x5cfc23506035 - _start
[INFO] [stdout]   36:                0x0 - <unknown>
[INFO] [stdout] 
[INFO] [stdout] 
[INFO] [stdout] 
[INFO] [stdout] failures:
[INFO] [stdout]     src/config.rs - config::Brokers (line 93)
[INFO] [stdout]     src/config.rs - config::SpreadBrokerUrl (line 215)
[INFO] [stdout]     src/config.rs - config::SpreadBrokerUrl::new (line 420)
[INFO] [stdout]     src/lib.rs - (line 46)
[INFO] [stdout]     src/lib.rs - SpreadTracker::download_html_body (line 299)
[INFO] [stdout]     src/lib.rs - SpreadTracker::get_spread (line 238)
[INFO] [stdout]     src/lib.rs - SpreadTracker::regex_find_symbol_spread (line 341)
[INFO] [stdout]     src/model.rs - model::FromStr (line 127)
[INFO] [stdout]     src/model.rs - model::HttpsUrl (line 278)
[INFO] [stdout]     src/model.rs - model::HttpsUrl (line 298)
[INFO] [stdout]     src/model.rs - model::Symbol (line 29)
[INFO] [stdout]     src/model.rs - model::Symbol::from_str (line 160)
[INFO] [stdout]     src/model.rs - model::SymbolSpread (line 102)
[INFO] [stdout]     src/model.rs - model::SymbolSpread (line 80)
[INFO] [stdout]     src/utils/cleaner.rs - utils::cleaner::remove_banned_chars (line 20)
[INFO] [stdout]     src/utils/duplicates.rs - utils::duplicates::remove_duplicates (line 17)
[INFO] [stdout]     src/utils/format.rs - utils::format::extract_broker_name (line 144)
[INFO] [stdout]     src/utils/format.rs - utils::format::vec_to_json (line 29)
[INFO] [stdout]     src/utils/format.rs - utils::format::wrap_json_under_key (line 113)
[INFO] [stdout]     src/utils/regex_finder.rs - utils::regex_finder::find_symbol_spread (line 18)
[INFO] [stdout] 
[INFO] [stdout] test result: FAILED. 4 passed; 20 failed; 0 ignored; 0 measured; 0 filtered out; finished in 7.82s
[INFO] [stdout] 
[INFO] [stderr] error: doctest failed, to rerun pass `--doc`
[INFO] running `Command { std: "docker" "inspect" "e972a2f8914dfbae06356ac70a8e129e8e6cb7d76ca08cc3ae93d4136d8d5085", kill_on_drop: false }`
[INFO] running `Command { std: "docker" "rm" "-f" "e972a2f8914dfbae06356ac70a8e129e8e6cb7d76ca08cc3ae93d4136d8d5085", kill_on_drop: false }`
[INFO] [stdout] e972a2f8914dfbae06356ac70a8e129e8e6cb7d76ca08cc3ae93d4136d8d5085
