[INFO] fetching crate split_one 1.0.2...
[INFO] testing split_one-1.0.2 against beta-2024-12-08 for beta-1.84.0-4-retry
[INFO] extracting crate split_one 1.0.2 into /workspace/builds/worker-7-tc2/source
[INFO] validating manifest of crates.io crate split_one 1.0.2 on toolchain beta-2024-12-08
[INFO] running `Command { std: CARGO_HOME="/workspace/cargo-home" RUSTUP_HOME="/workspace/rustup-home" "/workspace/cargo-home/bin/cargo" "+beta-2024-12-08" "metadata" "--manifest-path" "Cargo.toml" "--no-deps", kill_on_drop: false }`
[INFO] started tweaking crates.io crate split_one 1.0.2
[INFO] finished tweaking crates.io crate split_one 1.0.2
[INFO] tweaked toml for crates.io crate split_one 1.0.2 written to /workspace/builds/worker-7-tc2/source/Cargo.toml
[INFO] running `Command { std: CARGO_HOME="/workspace/cargo-home" RUSTUP_HOME="/workspace/rustup-home" "/workspace/cargo-home/bin/cargo" "+beta-2024-12-08" "generate-lockfile" "--manifest-path" "Cargo.toml", kill_on_drop: false }`
[INFO] running `Command { std: CARGO_HOME="/workspace/cargo-home" RUSTUP_HOME="/workspace/rustup-home" "/workspace/cargo-home/bin/cargo" "+beta-2024-12-08" "fetch" "--manifest-path" "Cargo.toml", kill_on_drop: false }`
[INFO] running `Command { std: "docker" "create" "-v" "/var/lib/crater-agent-workspace/builds/worker-7-tc2/target:/opt/rustwide/target:rw,Z" "-v" "/var/lib/crater-agent-workspace/builds/worker-7-tc2/source:/opt/rustwide/workdir:ro,Z" "-v" "/var/lib/crater-agent-workspace/cargo-home:/opt/rustwide/cargo-home:ro,Z" "-v" "/var/lib/crater-agent-workspace/rustup-home:/opt/rustwide/rustup-home:ro,Z" "-e" "SOURCE_DIR=/opt/rustwide/workdir" "-e" "CARGO_TARGET_DIR=/opt/rustwide/target" "-e" "CARGO_HOME=/opt/rustwide/cargo-home" "-e" "RUSTUP_HOME=/opt/rustwide/rustup-home" "-w" "/opt/rustwide/workdir" "-m" "1610612736" "--user" "0:0" "--network" "none" "ghcr.io/rust-lang/crates-build-env/linux@sha256:f3a9d4ad9d972b27faf3965f35b62e55ba32bbce8f20bc8fe909558a86702fde" "/opt/rustwide/cargo-home/bin/cargo" "+beta-2024-12-08" "metadata" "--no-deps" "--format-version=1", kill_on_drop: false }`
[INFO] [stdout] cb13e64fddeb1c4503412794adcacde70f74244d9b1137b3ff83850e5e62d9a2
[INFO] running `Command { std: "docker" "start" "-a" "cb13e64fddeb1c4503412794adcacde70f74244d9b1137b3ff83850e5e62d9a2", kill_on_drop: false }`
[INFO] running `Command { std: "docker" "inspect" "cb13e64fddeb1c4503412794adcacde70f74244d9b1137b3ff83850e5e62d9a2", kill_on_drop: false }`
[INFO] running `Command { std: "docker" "rm" "-f" "cb13e64fddeb1c4503412794adcacde70f74244d9b1137b3ff83850e5e62d9a2", kill_on_drop: false }`
[INFO] [stdout] cb13e64fddeb1c4503412794adcacde70f74244d9b1137b3ff83850e5e62d9a2
[INFO] running `Command { std: "docker" "create" "-v" "/var/lib/crater-agent-workspace/builds/worker-7-tc2/target:/opt/rustwide/target:rw,Z" "-v" "/var/lib/crater-agent-workspace/builds/worker-7-tc2/source:/opt/rustwide/workdir:ro,Z" "-v" "/var/lib/crater-agent-workspace/cargo-home:/opt/rustwide/cargo-home:ro,Z" "-v" "/var/lib/crater-agent-workspace/rustup-home:/opt/rustwide/rustup-home:ro,Z" "-e" "SOURCE_DIR=/opt/rustwide/workdir" "-e" "CARGO_TARGET_DIR=/opt/rustwide/target" "-e" "CARGO_INCREMENTAL=0" "-e" "RUST_BACKTRACE=full" "-e" "RUSTFLAGS=--cap-lints=warn" "-e" "RUSTDOCFLAGS=--cap-lints=warn" "-e" "CARGO_HOME=/opt/rustwide/cargo-home" "-e" "RUSTUP_HOME=/opt/rustwide/rustup-home" "-w" "/opt/rustwide/workdir" "-m" "1610612736" "--user" "0:0" "--network" "none" "ghcr.io/rust-lang/crates-build-env/linux@sha256:f3a9d4ad9d972b27faf3965f35b62e55ba32bbce8f20bc8fe909558a86702fde" "/opt/rustwide/cargo-home/bin/cargo" "+beta-2024-12-08" "build" "--frozen" "--message-format=json", kill_on_drop: false }`
[INFO] [stdout] 22d3b69cb439d2129ff732c1d27f05e55f7cb875e0449ee0fac926e6284429dc
[INFO] running `Command { std: "docker" "start" "-a" "22d3b69cb439d2129ff732c1d27f05e55f7cb875e0449ee0fac926e6284429dc", kill_on_drop: false }`
[INFO] [stderr]    Compiling split_one v1.0.2 (/opt/rustwide/workdir)
[INFO] [stderr]     Finished `dev` profile [unoptimized + debuginfo] target(s) in 0.10s
[INFO] running `Command { std: "docker" "inspect" "22d3b69cb439d2129ff732c1d27f05e55f7cb875e0449ee0fac926e6284429dc", kill_on_drop: false }`
[INFO] running `Command { std: "docker" "rm" "-f" "22d3b69cb439d2129ff732c1d27f05e55f7cb875e0449ee0fac926e6284429dc", kill_on_drop: false }`
[INFO] [stdout] 22d3b69cb439d2129ff732c1d27f05e55f7cb875e0449ee0fac926e6284429dc
[INFO] running `Command { std: "docker" "create" "-v" "/var/lib/crater-agent-workspace/builds/worker-7-tc2/target:/opt/rustwide/target:rw,Z" "-v" "/var/lib/crater-agent-workspace/builds/worker-7-tc2/source:/opt/rustwide/workdir:ro,Z" "-v" "/var/lib/crater-agent-workspace/cargo-home:/opt/rustwide/cargo-home:ro,Z" "-v" "/var/lib/crater-agent-workspace/rustup-home:/opt/rustwide/rustup-home:ro,Z" "-e" "SOURCE_DIR=/opt/rustwide/workdir" "-e" "CARGO_TARGET_DIR=/opt/rustwide/target" "-e" "CARGO_INCREMENTAL=0" "-e" "RUST_BACKTRACE=full" "-e" "RUSTFLAGS=--cap-lints=warn" "-e" "RUSTDOCFLAGS=--cap-lints=warn" "-e" "CARGO_HOME=/opt/rustwide/cargo-home" "-e" "RUSTUP_HOME=/opt/rustwide/rustup-home" "-w" "/opt/rustwide/workdir" "-m" "1610612736" "--user" "0:0" "--network" "none" "ghcr.io/rust-lang/crates-build-env/linux@sha256:f3a9d4ad9d972b27faf3965f35b62e55ba32bbce8f20bc8fe909558a86702fde" "/opt/rustwide/cargo-home/bin/cargo" "+beta-2024-12-08" "test" "--frozen" "--no-run" "--message-format=json", kill_on_drop: false }`
[INFO] [stdout] b0610f15be7a3cecc82f52e72c32edc419e2e9983d5964f8426add741b04775c
[INFO] running `Command { std: "docker" "start" "-a" "b0610f15be7a3cecc82f52e72c32edc419e2e9983d5964f8426add741b04775c", kill_on_drop: false }`
[INFO] [stderr]    Compiling split_one v1.0.2 (/opt/rustwide/workdir)
[INFO] [stderr]     Finished `test` profile [unoptimized + debuginfo] target(s) in 0.41s
[INFO] running `Command { std: "docker" "inspect" "b0610f15be7a3cecc82f52e72c32edc419e2e9983d5964f8426add741b04775c", kill_on_drop: false }`
[INFO] running `Command { std: "docker" "rm" "-f" "b0610f15be7a3cecc82f52e72c32edc419e2e9983d5964f8426add741b04775c", kill_on_drop: false }`
[INFO] [stdout] b0610f15be7a3cecc82f52e72c32edc419e2e9983d5964f8426add741b04775c
[INFO] running `Command { std: "docker" "create" "-v" "/var/lib/crater-agent-workspace/builds/worker-7-tc2/target:/opt/rustwide/target:rw,Z" "-v" "/var/lib/crater-agent-workspace/builds/worker-7-tc2/source:/opt/rustwide/workdir:ro,Z" "-v" "/var/lib/crater-agent-workspace/cargo-home:/opt/rustwide/cargo-home:ro,Z" "-v" "/var/lib/crater-agent-workspace/rustup-home:/opt/rustwide/rustup-home:ro,Z" "-e" "SOURCE_DIR=/opt/rustwide/workdir" "-e" "CARGO_TARGET_DIR=/opt/rustwide/target" "-e" "CARGO_INCREMENTAL=0" "-e" "RUST_BACKTRACE=full" "-e" "RUSTFLAGS=--cap-lints=warn" "-e" "RUSTDOCFLAGS=--cap-lints=warn" "-e" "CARGO_HOME=/opt/rustwide/cargo-home" "-e" "RUSTUP_HOME=/opt/rustwide/rustup-home" "-w" "/opt/rustwide/workdir" "-m" "1610612736" "--user" "0:0" "--network" "none" "ghcr.io/rust-lang/crates-build-env/linux@sha256:f3a9d4ad9d972b27faf3965f35b62e55ba32bbce8f20bc8fe909558a86702fde" "/opt/rustwide/cargo-home/bin/cargo" "+beta-2024-12-08" "test" "--frozen", kill_on_drop: false }`
[INFO] [stdout] 9d0ec92e2e9ce2e81751ce3949786ac48b00a8dbfa1c987098738dc1291d8b6a
[INFO] running `Command { std: "docker" "start" "-a" "9d0ec92e2e9ce2e81751ce3949786ac48b00a8dbfa1c987098738dc1291d8b6a", kill_on_drop: false }`
[INFO] [stderr]     Finished `test` profile [unoptimized + debuginfo] target(s) in 0.01s
[INFO] [stderr]      Running unittests src/lib.rs (/opt/rustwide/target/debug/deps/split_one-ce099d8830a2f090)
[INFO] [stdout] 
[INFO] [stdout] running 0 tests
[INFO] [stdout] 
[INFO] [stdout] test result: ok. 0 passed; 0 failed; 0 ignored; 0 measured; 0 filtered out; finished in 0.00s
[INFO] [stdout] 
[INFO] [stderr]    Doc-tests split_one
[INFO] [stdout] 
[INFO] [stdout] running 1 test
[INFO] [stdout] test src/lib.rs - SplitOneMut (line 7) ... FAILED
[INFO] [stdout] 
[INFO] [stdout] failures:
[INFO] [stdout] 
[INFO] [stdout] ---- src/lib.rs - SplitOneMut (line 7) stdout ----
[INFO] [stdout] error[E0425]: cannot find value `bodies` in this scope
[INFO] [stdout]  --> src/lib.rs:9:13
[INFO] [stdout]   |
[INFO] [stdout] 5 | for i in 0..bodies.len() {
[INFO] [stdout]   |             ^^^^^^ not found in this scope
[INFO] [stdout] 
[INFO] [stdout] error[E0425]: cannot find value `bodys` in this scope
[INFO] [stdout]  --> src/lib.rs:10:31
[INFO] [stdout]   |
[INFO] [stdout] 6 |     let (body, other_bodys) = bodys.split_one_mut(i);
[INFO] [stdout]   |                               ^^^^^ not found in this scope
[INFO] [stdout] 
[INFO] [stdout] error: aborting due to 2 previous errors
[INFO] [stdout] 
[INFO] [stdout] For more information about this error, try `rustc --explain E0425`.
[INFO] [stdout] Couldn't compile the test.
[INFO] [stdout] 
[INFO] [stdout] failures:
[INFO] [stdout]     src/lib.rs - SplitOneMut (line 7)
[INFO] [stdout] 
[INFO] [stdout] test result: FAILED. 0 passed; 1 failed; 0 ignored; 0 measured; 0 filtered out; finished in 0.10s
[INFO] [stdout] 
[INFO] [stderr] error: doctest failed, to rerun pass `--doc`
[INFO] running `Command { std: "docker" "inspect" "9d0ec92e2e9ce2e81751ce3949786ac48b00a8dbfa1c987098738dc1291d8b6a", kill_on_drop: false }`
[INFO] running `Command { std: "docker" "rm" "-f" "9d0ec92e2e9ce2e81751ce3949786ac48b00a8dbfa1c987098738dc1291d8b6a", kill_on_drop: false }`
[INFO] [stdout] 9d0ec92e2e9ce2e81751ce3949786ac48b00a8dbfa1c987098738dc1291d8b6a
