[INFO] fetching crate solana-cpi 2.1.5...
[INFO] testing solana-cpi-2.1.5 against 1.83.0 for beta-1.84.0-4-retry
[INFO] extracting crate solana-cpi 2.1.5 into /workspace/builds/worker-3-tc1/source
[INFO] validating manifest of crates.io crate solana-cpi 2.1.5 on toolchain 1.83.0
[INFO] running `Command { std: CARGO_HOME="/workspace/cargo-home" RUSTUP_HOME="/workspace/rustup-home" "/workspace/cargo-home/bin/cargo" "+1.83.0" "metadata" "--manifest-path" "Cargo.toml" "--no-deps", kill_on_drop: false }`
[INFO] started tweaking crates.io crate solana-cpi 2.1.5
[INFO] finished tweaking crates.io crate solana-cpi 2.1.5
[INFO] tweaked toml for crates.io crate solana-cpi 2.1.5 written to /workspace/builds/worker-3-tc1/source/Cargo.toml
[INFO] running `Command { std: CARGO_HOME="/workspace/cargo-home" RUSTUP_HOME="/workspace/rustup-home" "/workspace/cargo-home/bin/cargo" "+1.83.0" "generate-lockfile" "--manifest-path" "Cargo.toml", kill_on_drop: false }`
[INFO] [stderr]     Blocking waiting for file lock on package cache
[INFO] [stderr]     Updating crates.io index
[INFO] [stderr]     Blocking waiting for file lock on package cache
[INFO] [stderr]      Locking 61 packages to latest compatible versions
[INFO] [stderr]       Adding solana-account-info v2.1.5 (available: v2.1.6)
[INFO] [stderr]       Adding solana-atomic-u64 v2.1.5 (available: v2.1.6)
[INFO] [stderr]       Adding solana-decode-error v2.1.5 (available: v2.1.6)
[INFO] [stderr]       Adding solana-define-syscall v2.1.5 (available: v2.1.6)
[INFO] [stderr]       Adding solana-hash v2.1.5 (available: v2.1.6)
[INFO] [stderr]       Adding solana-instruction v2.1.5 (available: v2.1.6)
[INFO] [stderr]       Adding solana-msg v2.1.5 (available: v2.1.6)
[INFO] [stderr]       Adding solana-program-entrypoint v2.1.5 (available: v2.1.6)
[INFO] [stderr]       Adding solana-program-error v2.1.5 (available: v2.1.6)
[INFO] [stderr]       Adding solana-program-memory v2.1.5 (available: v2.1.6)
[INFO] [stderr]       Adding solana-pubkey v2.1.5 (available: v2.1.6)
[INFO] [stderr]       Adding solana-sanitize v2.1.5 (available: v2.1.6)
[INFO] [stderr]       Adding solana-sha256-hasher v2.1.5 (available: v2.1.6)
[INFO] [stderr]       Adding solana-stable-layout v2.1.5 (available: v2.1.6)
[INFO] running `Command { std: CARGO_HOME="/workspace/cargo-home" RUSTUP_HOME="/workspace/rustup-home" "/workspace/cargo-home/bin/cargo" "+1.83.0" "fetch" "--manifest-path" "Cargo.toml", kill_on_drop: false }`
[INFO] [stderr]     Blocking waiting for file lock on package cache
[INFO] [stderr]     Blocking waiting for file lock on package cache
[INFO] running `Command { std: "docker" "create" "-v" "/var/lib/crater-agent-workspace/builds/worker-3-tc1/target:/opt/rustwide/target:rw,Z" "-v" "/var/lib/crater-agent-workspace/builds/worker-3-tc1/source:/opt/rustwide/workdir:ro,Z" "-v" "/var/lib/crater-agent-workspace/cargo-home:/opt/rustwide/cargo-home:ro,Z" "-v" "/var/lib/crater-agent-workspace/rustup-home:/opt/rustwide/rustup-home:ro,Z" "-e" "SOURCE_DIR=/opt/rustwide/workdir" "-e" "CARGO_TARGET_DIR=/opt/rustwide/target" "-e" "CARGO_HOME=/opt/rustwide/cargo-home" "-e" "RUSTUP_HOME=/opt/rustwide/rustup-home" "-w" "/opt/rustwide/workdir" "-m" "1610612736" "--user" "0:0" "--network" "none" "ghcr.io/rust-lang/crates-build-env/linux@sha256:f3a9d4ad9d972b27faf3965f35b62e55ba32bbce8f20bc8fe909558a86702fde" "/opt/rustwide/cargo-home/bin/cargo" "+1.83.0" "metadata" "--no-deps" "--format-version=1", kill_on_drop: false }`
[INFO] [stdout] 2d842f0d3470272c553b503353491fc996691019fe9e952b53791e647210cf69
[INFO] running `Command { std: "docker" "start" "-a" "2d842f0d3470272c553b503353491fc996691019fe9e952b53791e647210cf69", kill_on_drop: false }`
[INFO] running `Command { std: "docker" "inspect" "2d842f0d3470272c553b503353491fc996691019fe9e952b53791e647210cf69", kill_on_drop: false }`
[INFO] running `Command { std: "docker" "rm" "-f" "2d842f0d3470272c553b503353491fc996691019fe9e952b53791e647210cf69", kill_on_drop: false }`
[INFO] [stdout] 2d842f0d3470272c553b503353491fc996691019fe9e952b53791e647210cf69
[INFO] running `Command { std: "docker" "create" "-v" "/var/lib/crater-agent-workspace/builds/worker-3-tc1/target:/opt/rustwide/target:rw,Z" "-v" "/var/lib/crater-agent-workspace/builds/worker-3-tc1/source:/opt/rustwide/workdir:ro,Z" "-v" "/var/lib/crater-agent-workspace/cargo-home:/opt/rustwide/cargo-home:ro,Z" "-v" "/var/lib/crater-agent-workspace/rustup-home:/opt/rustwide/rustup-home:ro,Z" "-e" "SOURCE_DIR=/opt/rustwide/workdir" "-e" "CARGO_TARGET_DIR=/opt/rustwide/target" "-e" "CARGO_INCREMENTAL=0" "-e" "RUST_BACKTRACE=full" "-e" "RUSTFLAGS=--cap-lints=warn" "-e" "RUSTDOCFLAGS=--cap-lints=warn" "-e" "CARGO_HOME=/opt/rustwide/cargo-home" "-e" "RUSTUP_HOME=/opt/rustwide/rustup-home" "-w" "/opt/rustwide/workdir" "-m" "1610612736" "--user" "0:0" "--network" "none" "ghcr.io/rust-lang/crates-build-env/linux@sha256:f3a9d4ad9d972b27faf3965f35b62e55ba32bbce8f20bc8fe909558a86702fde" "/opt/rustwide/cargo-home/bin/cargo" "+1.83.0" "build" "--frozen" "--message-format=json", kill_on_drop: false }`
[INFO] [stdout] 75bc58d572c8c2ad81acd1e194351c5550dc6caa0140af9b4ea384c488460593
[INFO] running `Command { std: "docker" "start" "-a" "75bc58d572c8c2ad81acd1e194351c5550dc6caa0140af9b4ea384c488460593", kill_on_drop: false }`
[INFO] [stderr]    Compiling autocfg v1.4.0
[INFO] [stderr]    Compiling five8_core v0.1.1
[INFO] [stderr]    Compiling solana-sanitize v2.1.5
[INFO] [stderr]    Compiling bs58 v0.5.1
[INFO] [stderr]    Compiling solana-atomic-u64 v2.1.5
[INFO] [stderr]    Compiling solana-msg v2.1.5
[INFO] [stderr]    Compiling five8_const v0.1.3
[INFO] [stderr]    Compiling num-traits v0.2.19
[INFO] [stderr]    Compiling solana-decode-error v2.1.5
[INFO] [stderr]    Compiling solana-program-memory v2.1.5
[INFO] [stderr]    Compiling solana-pubkey v2.1.5
[INFO] [stderr]    Compiling solana-instruction v2.1.5
[INFO] [stderr]    Compiling solana-program-error v2.1.5
[INFO] [stderr]    Compiling solana-account-info v2.1.5
[INFO] [stderr]    Compiling solana-cpi v2.1.5 (/opt/rustwide/workdir)
[INFO] [stderr]     Finished `dev` profile [unoptimized + debuginfo] target(s) in 2.63s
[INFO] running `Command { std: "docker" "inspect" "75bc58d572c8c2ad81acd1e194351c5550dc6caa0140af9b4ea384c488460593", kill_on_drop: false }`
[INFO] running `Command { std: "docker" "rm" "-f" "75bc58d572c8c2ad81acd1e194351c5550dc6caa0140af9b4ea384c488460593", kill_on_drop: false }`
[INFO] [stdout] 75bc58d572c8c2ad81acd1e194351c5550dc6caa0140af9b4ea384c488460593
[INFO] running `Command { std: "docker" "create" "-v" "/var/lib/crater-agent-workspace/builds/worker-3-tc1/target:/opt/rustwide/target:rw,Z" "-v" "/var/lib/crater-agent-workspace/builds/worker-3-tc1/source:/opt/rustwide/workdir:ro,Z" "-v" "/var/lib/crater-agent-workspace/cargo-home:/opt/rustwide/cargo-home:ro,Z" "-v" "/var/lib/crater-agent-workspace/rustup-home:/opt/rustwide/rustup-home:ro,Z" "-e" "SOURCE_DIR=/opt/rustwide/workdir" "-e" "CARGO_TARGET_DIR=/opt/rustwide/target" "-e" "CARGO_INCREMENTAL=0" "-e" "RUST_BACKTRACE=full" "-e" "RUSTFLAGS=--cap-lints=warn" "-e" "RUSTDOCFLAGS=--cap-lints=warn" "-e" "CARGO_HOME=/opt/rustwide/cargo-home" "-e" "RUSTUP_HOME=/opt/rustwide/rustup-home" "-w" "/opt/rustwide/workdir" "-m" "1610612736" "--user" "0:0" "--network" "none" "ghcr.io/rust-lang/crates-build-env/linux@sha256:f3a9d4ad9d972b27faf3965f35b62e55ba32bbce8f20bc8fe909558a86702fde" "/opt/rustwide/cargo-home/bin/cargo" "+1.83.0" "test" "--frozen" "--no-run" "--message-format=json", kill_on_drop: false }`
[INFO] [stdout] 88e226c783dc97bb2b2d26a06ab36739287e1dbbf147204974bd177eb4483970
[INFO] running `Command { std: "docker" "start" "-a" "88e226c783dc97bb2b2d26a06ab36739287e1dbbf147204974bd177eb4483970", kill_on_drop: false }`
[INFO] [stderr]    Compiling static_assertions v1.1.0
[INFO] [stderr]    Compiling solana-program-entrypoint v2.1.5
[INFO] [stderr]    Compiling solana-cpi v2.1.5 (/opt/rustwide/workdir)
[INFO] [stderr]     Finished `test` profile [unoptimized + debuginfo] target(s) in 0.60s
[INFO] running `Command { std: "docker" "inspect" "88e226c783dc97bb2b2d26a06ab36739287e1dbbf147204974bd177eb4483970", kill_on_drop: false }`
[INFO] running `Command { std: "docker" "rm" "-f" "88e226c783dc97bb2b2d26a06ab36739287e1dbbf147204974bd177eb4483970", kill_on_drop: false }`
[INFO] [stdout] 88e226c783dc97bb2b2d26a06ab36739287e1dbbf147204974bd177eb4483970
[INFO] running `Command { std: "docker" "create" "-v" "/var/lib/crater-agent-workspace/builds/worker-3-tc1/target:/opt/rustwide/target:rw,Z" "-v" "/var/lib/crater-agent-workspace/builds/worker-3-tc1/source:/opt/rustwide/workdir:ro,Z" "-v" "/var/lib/crater-agent-workspace/cargo-home:/opt/rustwide/cargo-home:ro,Z" "-v" "/var/lib/crater-agent-workspace/rustup-home:/opt/rustwide/rustup-home:ro,Z" "-e" "SOURCE_DIR=/opt/rustwide/workdir" "-e" "CARGO_TARGET_DIR=/opt/rustwide/target" "-e" "CARGO_INCREMENTAL=0" "-e" "RUST_BACKTRACE=full" "-e" "RUSTFLAGS=--cap-lints=warn" "-e" "RUSTDOCFLAGS=--cap-lints=warn" "-e" "CARGO_HOME=/opt/rustwide/cargo-home" "-e" "RUSTUP_HOME=/opt/rustwide/rustup-home" "-w" "/opt/rustwide/workdir" "-m" "1610612736" "--user" "0:0" "--network" "none" "ghcr.io/rust-lang/crates-build-env/linux@sha256:f3a9d4ad9d972b27faf3965f35b62e55ba32bbce8f20bc8fe909558a86702fde" "/opt/rustwide/cargo-home/bin/cargo" "+1.83.0" "test" "--frozen", kill_on_drop: false }`
[INFO] [stdout] 36957aa57d6c9b0c7d384095923999cc52e2b676bcf10bb40f1c6b4340640332
[INFO] running `Command { std: "docker" "start" "-a" "36957aa57d6c9b0c7d384095923999cc52e2b676bcf10bb40f1c6b4340640332", kill_on_drop: false }`
[INFO] [stderr]     Finished `test` profile [unoptimized + debuginfo] target(s) in 0.04s
[INFO] [stderr]      Running unittests src/lib.rs (/opt/rustwide/target/debug/deps/solana_cpi-8505ff6aab7d3d7e)
[INFO] [stdout] 
[INFO] [stdout] running 0 tests
[INFO] [stdout] 
[INFO] [stdout] test result: ok. 0 passed; 0 failed; 0 ignored; 0 measured; 0 filtered out; finished in 0.00s
[INFO] [stdout] 
[INFO] [stderr]    Doc-tests solana_cpi
[INFO] [stdout] 
[INFO] [stdout] running 2 tests
[INFO] [stdout] test src/lib.rs - invoke (line 100) ... FAILED
[INFO] [stdout] test src/lib.rs - invoke_signed (line 194) ... FAILED
[INFO] [stdout] 
[INFO] [stdout] failures:
[INFO] [stdout] 
[INFO] [stdout] ---- src/lib.rs - invoke (line 100) stdout ----
[INFO] [stdout] error[E0432]: unresolved import `solana_program`
[INFO] [stdout]   --> src/lib.rs:107:5
[INFO] [stdout]    |
[INFO] [stdout] 10 | use solana_program::{
[INFO] [stdout]    |     ^^^^^^^^^^^^^^ use of undeclared crate or module `solana_program`
[INFO] [stdout] 
[INFO] [stdout] error: aborting due to 1 previous error
[INFO] [stdout] 
[INFO] [stdout] For more information about this error, try `rustc --explain E0432`.
[INFO] [stdout] Couldn't compile the test.
[INFO] [stdout] ---- src/lib.rs - invoke_signed (line 194) stdout ----
[INFO] [stdout] error[E0432]: unresolved import `solana_program`
[INFO] [stdout]   --> src/lib.rs:201:5
[INFO] [stdout]    |
[INFO] [stdout] 10 | use solana_program::{
[INFO] [stdout]    |     ^^^^^^^^^^^^^^ use of undeclared crate or module `solana_program`
[INFO] [stdout] 
[INFO] [stdout] error[E0599]: no function or associated item named `create_program_address` found for struct `Pubkey` in the current scope
[INFO] [stdout]    --> src/lib.rs:226:38
[INFO] [stdout]     |
[INFO] [stdout] 35  |     let expected_vault_pda = Pubkey::create_program_address(vault_seeds, program_id)?;
[INFO] [stdout]     |                                      ^^^^^^^^^^^^^^^^^^^^^^ function or associated item not found in `Pubkey`
[INFO] [stdout]     |
[INFO] [stdout] note: if you're trying to build a new `Pubkey` consider using one of the following associated functions:
[INFO] [stdout]       Pubkey::new_from_array
[INFO] [stdout]       Pubkey::from_str_const
[INFO] [stdout]       Pubkey::new_unique
[INFO] [stdout]    --> /opt/rustwide/cargo-home/registry/src/index.crates.io-6f17d22bba15001f/solana-pubkey-2.1.5/src/lib.rs:304:5
[INFO] [stdout]     |
[INFO] [stdout] 304 |     pub const fn new_from_array(pubkey_array: [u8; 32]) -> Self {
[INFO] [stdout]     |     ^^^^^^^^^^^^^^^^^^^^^^^^^^^^^^^^^^^^^^^^^^^^^^^^^^^^^^^^^^^
[INFO] [stdout] ...
[INFO] [stdout] 309 |     pub const fn from_str_const(s: &str) -> Self {
[INFO] [stdout]     |     ^^^^^^^^^^^^^^^^^^^^^^^^^^^^^^^^^^^^^^^^^^^^
[INFO] [stdout] ...
[INFO] [stdout] 315 |     pub fn new_unique() -> Self {
[INFO] [stdout]     |     ^^^^^^^^^^^^^^^^^^^^^^^^^^^
[INFO] [stdout] 
[INFO] [stdout] error: aborting due to 2 previous errors
[INFO] [stdout] 
[INFO] [stdout] Some errors have detailed explanations: E0432, E0599.
[INFO] [stdout] For more information about an error, try `rustc --explain E0432`.
[INFO] [stdout] Couldn't compile the test.
[INFO] [stdout] 
[INFO] [stdout] failures:
[INFO] [stdout]     src/lib.rs - invoke (line 100)
[INFO] [stdout]     src/lib.rs - invoke_signed (line 194)
[INFO] [stdout] 
[INFO] [stdout] test result: FAILED. 0 passed; 2 failed; 0 ignored; 0 measured; 0 filtered out; finished in 0.15s
[INFO] [stdout] 
[INFO] [stderr] error: doctest failed, to rerun pass `--doc`
[INFO] running `Command { std: "docker" "inspect" "36957aa57d6c9b0c7d384095923999cc52e2b676bcf10bb40f1c6b4340640332", kill_on_drop: false }`
[INFO] running `Command { std: "docker" "rm" "-f" "36957aa57d6c9b0c7d384095923999cc52e2b676bcf10bb40f1c6b4340640332", kill_on_drop: false }`
[INFO] [stdout] 36957aa57d6c9b0c7d384095923999cc52e2b676bcf10bb40f1c6b4340640332
