[INFO] fetching crate smol-timeout2 0.6.1...
[INFO] testing smol-timeout2-0.6.1 against 1.83.0 for beta-1.84.0-4-retry
[INFO] extracting crate smol-timeout2 0.6.1 into /workspace/builds/worker-1-tc1/source
[INFO] validating manifest of crates.io crate smol-timeout2 0.6.1 on toolchain 1.83.0
[INFO] running `Command { std: CARGO_HOME="/workspace/cargo-home" RUSTUP_HOME="/workspace/rustup-home" "/workspace/cargo-home/bin/cargo" "+1.83.0" "metadata" "--manifest-path" "Cargo.toml" "--no-deps", kill_on_drop: false }`
[INFO] started tweaking crates.io crate smol-timeout2 0.6.1
[INFO] finished tweaking crates.io crate smol-timeout2 0.6.1
[INFO] tweaked toml for crates.io crate smol-timeout2 0.6.1 written to /workspace/builds/worker-1-tc1/source/Cargo.toml
[INFO] running `Command { std: CARGO_HOME="/workspace/cargo-home" RUSTUP_HOME="/workspace/rustup-home" "/workspace/cargo-home/bin/cargo" "+1.83.0" "generate-lockfile" "--manifest-path" "Cargo.toml", kill_on_drop: false }`
[INFO] [stderr]     Updating crates.io index
[INFO] [stderr]      Locking 39 packages to latest compatible versions
[INFO] [stderr]       Adding futures-lite v1.13.0 (available: v2.5.0)
[INFO] [stderr]       Adding pin-project-lite v0.1.12 (available: v0.2.15)
[INFO] running `Command { std: CARGO_HOME="/workspace/cargo-home" RUSTUP_HOME="/workspace/rustup-home" "/workspace/cargo-home/bin/cargo" "+1.83.0" "fetch" "--manifest-path" "Cargo.toml", kill_on_drop: false }`
[INFO] running `Command { std: "docker" "create" "-v" "/var/lib/crater-agent-workspace/builds/worker-1-tc1/target:/opt/rustwide/target:rw,Z" "-v" "/var/lib/crater-agent-workspace/builds/worker-1-tc1/source:/opt/rustwide/workdir:ro,Z" "-v" "/var/lib/crater-agent-workspace/cargo-home:/opt/rustwide/cargo-home:ro,Z" "-v" "/var/lib/crater-agent-workspace/rustup-home:/opt/rustwide/rustup-home:ro,Z" "-e" "SOURCE_DIR=/opt/rustwide/workdir" "-e" "CARGO_TARGET_DIR=/opt/rustwide/target" "-e" "CARGO_HOME=/opt/rustwide/cargo-home" "-e" "RUSTUP_HOME=/opt/rustwide/rustup-home" "-w" "/opt/rustwide/workdir" "-m" "1610612736" "--user" "0:0" "--network" "none" "ghcr.io/rust-lang/crates-build-env/linux@sha256:f3a9d4ad9d972b27faf3965f35b62e55ba32bbce8f20bc8fe909558a86702fde" "/opt/rustwide/cargo-home/bin/cargo" "+1.83.0" "metadata" "--no-deps" "--format-version=1", kill_on_drop: false }`
[INFO] [stdout] 373d86b72a8fff57ee0ddecfda1e8077f1eb22f9cec75e8816196563286755d0
[INFO] running `Command { std: "docker" "start" "-a" "373d86b72a8fff57ee0ddecfda1e8077f1eb22f9cec75e8816196563286755d0", kill_on_drop: false }`
[INFO] running `Command { std: "docker" "inspect" "373d86b72a8fff57ee0ddecfda1e8077f1eb22f9cec75e8816196563286755d0", kill_on_drop: false }`
[INFO] running `Command { std: "docker" "rm" "-f" "373d86b72a8fff57ee0ddecfda1e8077f1eb22f9cec75e8816196563286755d0", kill_on_drop: false }`
[INFO] [stdout] 373d86b72a8fff57ee0ddecfda1e8077f1eb22f9cec75e8816196563286755d0
[INFO] running `Command { std: "docker" "create" "-v" "/var/lib/crater-agent-workspace/builds/worker-1-tc1/target:/opt/rustwide/target:rw,Z" "-v" "/var/lib/crater-agent-workspace/builds/worker-1-tc1/source:/opt/rustwide/workdir:ro,Z" "-v" "/var/lib/crater-agent-workspace/cargo-home:/opt/rustwide/cargo-home:ro,Z" "-v" "/var/lib/crater-agent-workspace/rustup-home:/opt/rustwide/rustup-home:ro,Z" "-e" "SOURCE_DIR=/opt/rustwide/workdir" "-e" "CARGO_TARGET_DIR=/opt/rustwide/target" "-e" "CARGO_INCREMENTAL=0" "-e" "RUST_BACKTRACE=full" "-e" "RUSTFLAGS=--cap-lints=warn" "-e" "RUSTDOCFLAGS=--cap-lints=warn" "-e" "CARGO_HOME=/opt/rustwide/cargo-home" "-e" "RUSTUP_HOME=/opt/rustwide/rustup-home" "-w" "/opt/rustwide/workdir" "-m" "1610612736" "--user" "0:0" "--network" "none" "ghcr.io/rust-lang/crates-build-env/linux@sha256:f3a9d4ad9d972b27faf3965f35b62e55ba32bbce8f20bc8fe909558a86702fde" "/opt/rustwide/cargo-home/bin/cargo" "+1.83.0" "build" "--frozen" "--message-format=json", kill_on_drop: false }`
[INFO] [stdout] c1d17a83b6d9e081aa668428b2ea50d16ecc1d59db08ed1a8a745bb5660cd6b1
[INFO] running `Command { std: "docker" "start" "-a" "c1d17a83b6d9e081aa668428b2ea50d16ecc1d59db08ed1a8a745bb5660cd6b1", kill_on_drop: false }`
[INFO] [stderr]    Compiling crossbeam-utils v0.8.20
[INFO] [stderr]    Compiling pin-project-lite v0.2.15
[INFO] [stderr]    Compiling autocfg v1.4.0
[INFO] [stderr]    Compiling rustix v0.38.42
[INFO] [stderr]    Compiling parking v2.2.1
[INFO] [stderr]    Compiling tracing-core v0.1.33
[INFO] [stderr]    Compiling bitflags v2.6.0
[INFO] [stderr]    Compiling linux-raw-sys v0.4.14
[INFO] [stderr]    Compiling futures-core v0.3.31
[INFO] [stderr]    Compiling cfg-if v1.0.0
[INFO] [stderr]    Compiling futures-io v0.3.31
[INFO] [stderr]    Compiling pin-project-lite v0.1.12
[INFO] [stderr]    Compiling futures-lite v2.5.0
[INFO] [stderr]    Compiling slab v0.4.9
[INFO] [stderr]    Compiling tracing v0.1.41
[INFO] [stderr]    Compiling concurrent-queue v2.5.0
[INFO] [stderr]    Compiling event-listener v5.3.1
[INFO] [stderr]    Compiling event-listener-strategy v0.5.3
[INFO] [stderr]    Compiling async-lock v3.4.0
[INFO] [stderr]    Compiling polling v3.7.4
[INFO] [stderr]    Compiling async-io v2.4.0
[INFO] [stderr]    Compiling smol-timeout2 v0.6.1 (/opt/rustwide/workdir)
[INFO] [stderr]     Finished `dev` profile [unoptimized + debuginfo] target(s) in 9.18s
[INFO] running `Command { std: "docker" "inspect" "c1d17a83b6d9e081aa668428b2ea50d16ecc1d59db08ed1a8a745bb5660cd6b1", kill_on_drop: false }`
[INFO] running `Command { std: "docker" "rm" "-f" "c1d17a83b6d9e081aa668428b2ea50d16ecc1d59db08ed1a8a745bb5660cd6b1", kill_on_drop: false }`
[INFO] [stdout] c1d17a83b6d9e081aa668428b2ea50d16ecc1d59db08ed1a8a745bb5660cd6b1
[INFO] running `Command { std: "docker" "create" "-v" "/var/lib/crater-agent-workspace/builds/worker-1-tc1/target:/opt/rustwide/target:rw,Z" "-v" "/var/lib/crater-agent-workspace/builds/worker-1-tc1/source:/opt/rustwide/workdir:ro,Z" "-v" "/var/lib/crater-agent-workspace/cargo-home:/opt/rustwide/cargo-home:ro,Z" "-v" "/var/lib/crater-agent-workspace/rustup-home:/opt/rustwide/rustup-home:ro,Z" "-e" "SOURCE_DIR=/opt/rustwide/workdir" "-e" "CARGO_TARGET_DIR=/opt/rustwide/target" "-e" "CARGO_INCREMENTAL=0" "-e" "RUST_BACKTRACE=full" "-e" "RUSTFLAGS=--cap-lints=warn" "-e" "RUSTDOCFLAGS=--cap-lints=warn" "-e" "CARGO_HOME=/opt/rustwide/cargo-home" "-e" "RUSTUP_HOME=/opt/rustwide/rustup-home" "-w" "/opt/rustwide/workdir" "-m" "1610612736" "--user" "0:0" "--network" "none" "ghcr.io/rust-lang/crates-build-env/linux@sha256:f3a9d4ad9d972b27faf3965f35b62e55ba32bbce8f20bc8fe909558a86702fde" "/opt/rustwide/cargo-home/bin/cargo" "+1.83.0" "test" "--frozen" "--no-run" "--message-format=json", kill_on_drop: false }`
[INFO] [stdout] 90e80ecb95bd199c11831e6907bfa965426f1bd19b7af4a69f3df8c50b99ca4a
[INFO] running `Command { std: "docker" "start" "-a" "90e80ecb95bd199c11831e6907bfa965426f1bd19b7af4a69f3df8c50b99ca4a", kill_on_drop: false }`
[INFO] [stderr]    Compiling futures-io v0.3.31
[INFO] [stderr]    Compiling fastrand v1.9.0
[INFO] [stderr]    Compiling memchr v2.7.4
[INFO] [stderr]    Compiling waker-fn v1.2.0
[INFO] [stderr]    Compiling async-io v2.4.0
[INFO] [stderr]    Compiling smol-timeout2 v0.6.1 (/opt/rustwide/workdir)
[INFO] [stderr]    Compiling futures-lite v1.13.0
[INFO] [stderr]     Finished `test` profile [unoptimized + debuginfo] target(s) in 2.88s
[INFO] running `Command { std: "docker" "inspect" "90e80ecb95bd199c11831e6907bfa965426f1bd19b7af4a69f3df8c50b99ca4a", kill_on_drop: false }`
[INFO] running `Command { std: "docker" "rm" "-f" "90e80ecb95bd199c11831e6907bfa965426f1bd19b7af4a69f3df8c50b99ca4a", kill_on_drop: false }`
[INFO] [stdout] 90e80ecb95bd199c11831e6907bfa965426f1bd19b7af4a69f3df8c50b99ca4a
[INFO] running `Command { std: "docker" "create" "-v" "/var/lib/crater-agent-workspace/builds/worker-1-tc1/target:/opt/rustwide/target:rw,Z" "-v" "/var/lib/crater-agent-workspace/builds/worker-1-tc1/source:/opt/rustwide/workdir:ro,Z" "-v" "/var/lib/crater-agent-workspace/cargo-home:/opt/rustwide/cargo-home:ro,Z" "-v" "/var/lib/crater-agent-workspace/rustup-home:/opt/rustwide/rustup-home:ro,Z" "-e" "SOURCE_DIR=/opt/rustwide/workdir" "-e" "CARGO_TARGET_DIR=/opt/rustwide/target" "-e" "CARGO_INCREMENTAL=0" "-e" "RUST_BACKTRACE=full" "-e" "RUSTFLAGS=--cap-lints=warn" "-e" "RUSTDOCFLAGS=--cap-lints=warn" "-e" "CARGO_HOME=/opt/rustwide/cargo-home" "-e" "RUSTUP_HOME=/opt/rustwide/rustup-home" "-w" "/opt/rustwide/workdir" "-m" "1610612736" "--user" "0:0" "--network" "none" "ghcr.io/rust-lang/crates-build-env/linux@sha256:f3a9d4ad9d972b27faf3965f35b62e55ba32bbce8f20bc8fe909558a86702fde" "/opt/rustwide/cargo-home/bin/cargo" "+1.83.0" "test" "--frozen", kill_on_drop: false }`
[INFO] [stdout] 419cfb2535d541502a4dcd6279c7508e1fce2b004d408e29d29c0ce95695dc32
[INFO] running `Command { std: "docker" "start" "-a" "419cfb2535d541502a4dcd6279c7508e1fce2b004d408e29d29c0ce95695dc32", kill_on_drop: false }`
[INFO] [stderr]     Finished `test` profile [unoptimized + debuginfo] target(s) in 0.04s
[INFO] [stderr]      Running unittests src/lib.rs (/opt/rustwide/target/debug/deps/smol_timeout2-c66468d073fc6c72)
[INFO] [stdout] 
[INFO] [stdout] running 0 tests
[INFO] [stdout] 
[INFO] [stdout] test result: ok. 0 passed; 0 failed; 0 ignored; 0 measured; 0 filtered out; finished in 0.00s
[INFO] [stdout] 
[INFO] [stderr]    Doc-tests smol_timeout2
[INFO] [stdout] 
[INFO] [stdout] running 3 tests
[INFO] [stdout] test src/lib.rs - TimeoutExt::timeout (line 118) ... FAILED
[INFO] [stdout] test src/lib.rs - Timeout (line 72) ... FAILED
[INFO] [stdout] test src/lib.rs - (line 23) ... FAILED
[INFO] [stdout] 
[INFO] [stdout] failures:
[INFO] [stdout] 
[INFO] [stdout] ---- src/lib.rs - TimeoutExt::timeout (line 118) stdout ----
[INFO] [stdout] error[E0432]: unresolved import `smol_timeout`
[INFO] [stdout]  --> src/lib.rs:121:5
[INFO] [stdout]   |
[INFO] [stdout] 5 | use smol_timeout::TimeoutExt;
[INFO] [stdout]   |     ^^^^^^^^^^^^ use of undeclared crate or module `smol_timeout`
[INFO] [stdout]   |
[INFO] [stdout] help: there is a crate or module with a similar name
[INFO] [stdout]   |
[INFO] [stdout] 5 | use smol_timeout2::TimeoutExt;
[INFO] [stdout]   |     ~~~~~~~~~~~~~
[INFO] [stdout] 
[INFO] [stdout] error[E0599]: no method named `timeout` found for `async` block `{async block@src/lib.rs:10:11: 10:16}` in the current scope
[INFO] [stdout]    --> src/lib.rs:131:15
[INFO] [stdout]     |
[INFO] [stdout] 15  | let foo = foo.timeout(Duration::from_millis(100));
[INFO] [stdout]     |               ^^^^^^^ method not found in `{async block@src/lib.rs:10:11: 10:16}`
[INFO] [stdout]     |
[INFO] [stdout]    ::: /opt/rustwide/workdir/src/lib.rs:144:8
[INFO] [stdout]     |
[INFO] [stdout] 144 |     fn timeout(self, after: Duration) -> Timeout<Self>
[INFO] [stdout]     |        ------- the method is available for `{async block@src/lib.rs:10:11: 10:16}` here
[INFO] [stdout]     |
[INFO] [stdout]     = help: items from traits can only be used if the trait is in scope
[INFO] [stdout] help: trait `TimeoutExt` which provides `timeout` is implemented but not in scope; perhaps you want to import it
[INFO] [stdout]     |
[INFO] [stdout] 2   + use smol_timeout2::TimeoutExt;
[INFO] [stdout]     |
[INFO] [stdout] 
[INFO] [stdout] error[E0599]: no method named `timeout` found for `async` block `{async block@src/lib.rs:18:11: 18:16}` in the current scope
[INFO] [stdout]    --> src/lib.rs:139:15
[INFO] [stdout]     |
[INFO] [stdout] 23  | let bar = bar.timeout(Duration::from_millis(250));
[INFO] [stdout]     |               ^^^^^^^ method not found in `{async block@src/lib.rs:18:11: 18:16}`
[INFO] [stdout]     |
[INFO] [stdout]    ::: /opt/rustwide/workdir/src/lib.rs:144:8
[INFO] [stdout]     |
[INFO] [stdout] 144 |     fn timeout(self, after: Duration) -> Timeout<Self>
[INFO] [stdout]     |        ------- the method is available for `{async block@src/lib.rs:18:11: 18:16}` here
[INFO] [stdout]     |
[INFO] [stdout]     = help: items from traits can only be used if the trait is in scope
[INFO] [stdout] help: trait `TimeoutExt` which provides `timeout` is implemented but not in scope; perhaps you want to import it
[INFO] [stdout]     |
[INFO] [stdout] 2   + use smol_timeout2::TimeoutExt;
[INFO] [stdout]     |
[INFO] [stdout] 
[INFO] [stdout] error: aborting due to 3 previous errors
[INFO] [stdout] 
[INFO] [stdout] Some errors have detailed explanations: E0432, E0599.
[INFO] [stdout] For more information about an error, try `rustc --explain E0432`.
[INFO] [stdout] Couldn't compile the test.
[INFO] [stdout] ---- src/lib.rs - Timeout (line 72) stdout ----
[INFO] [stdout] error[E0432]: unresolved import `smol_timeout`
[INFO] [stdout]  --> src/lib.rs:75:5
[INFO] [stdout]   |
[INFO] [stdout] 5 | use smol_timeout::TimeoutExt;
[INFO] [stdout]   |     ^^^^^^^^^^^^ use of undeclared crate or module `smol_timeout`
[INFO] [stdout]   |
[INFO] [stdout] help: there is a crate or module with a similar name
[INFO] [stdout]   |
[INFO] [stdout] 5 | use smol_timeout2::TimeoutExt;
[INFO] [stdout]   |     ~~~~~~~~~~~~~
[INFO] [stdout] 
[INFO] [stdout] error[E0599]: no method named `timeout` found for `async` block `{async block@src/lib.rs:10:11: 10:16}` in the current scope
[INFO] [stdout]    --> src/lib.rs:85:15
[INFO] [stdout]     |
[INFO] [stdout] 15  | let foo = foo.timeout(Duration::from_millis(100));
[INFO] [stdout]     |               ^^^^^^^ method not found in `{async block@src/lib.rs:10:11: 10:16}`
[INFO] [stdout]     |
[INFO] [stdout]    ::: /opt/rustwide/workdir/src/lib.rs:144:8
[INFO] [stdout]     |
[INFO] [stdout] 144 |     fn timeout(self, after: Duration) -> Timeout<Self>
[INFO] [stdout]     |        ------- the method is available for `{async block@src/lib.rs:10:11: 10:16}` here
[INFO] [stdout]     |
[INFO] [stdout]     = help: items from traits can only be used if the trait is in scope
[INFO] [stdout] help: trait `TimeoutExt` which provides `timeout` is implemented but not in scope; perhaps you want to import it
[INFO] [stdout]     |
[INFO] [stdout] 2   + use smol_timeout2::TimeoutExt;
[INFO] [stdout]     |
[INFO] [stdout] 
[INFO] [stdout] error[E0599]: no method named `timeout` found for `async` block `{async block@src/lib.rs:18:11: 18:16}` in the current scope
[INFO] [stdout]    --> src/lib.rs:93:15
[INFO] [stdout]     |
[INFO] [stdout] 23  | let bar = bar.timeout(Duration::from_millis(250));
[INFO] [stdout]     |               ^^^^^^^ method not found in `{async block@src/lib.rs:18:11: 18:16}`
[INFO] [stdout]     |
[INFO] [stdout]    ::: /opt/rustwide/workdir/src/lib.rs:144:8
[INFO] [stdout]     |
[INFO] [stdout] 144 |     fn timeout(self, after: Duration) -> Timeout<Self>
[INFO] [stdout]     |        ------- the method is available for `{async block@src/lib.rs:18:11: 18:16}` here
[INFO] [stdout]     |
[INFO] [stdout]     = help: items from traits can only be used if the trait is in scope
[INFO] [stdout] help: trait `TimeoutExt` which provides `timeout` is implemented but not in scope; perhaps you want to import it
[INFO] [stdout]     |
[INFO] [stdout] 2   + use smol_timeout2::TimeoutExt;
[INFO] [stdout]     |
[INFO] [stdout] 
[INFO] [stdout] error: aborting due to 3 previous errors
[INFO] [stdout] 
[INFO] [stdout] Some errors have detailed explanations: E0432, E0599.
[INFO] [stdout] For more information about an error, try `rustc --explain E0432`.
[INFO] [stdout] Couldn't compile the test.
[INFO] [stdout] ---- src/lib.rs - (line 23) stdout ----
[INFO] [stdout] error[E0432]: unresolved import `smol_timeout`
[INFO] [stdout]  --> src/lib.rs:26:5
[INFO] [stdout]   |
[INFO] [stdout] 5 | use smol_timeout::TimeoutExt;
[INFO] [stdout]   |     ^^^^^^^^^^^^ use of undeclared crate or module `smol_timeout`
[INFO] [stdout]   |
[INFO] [stdout] help: there is a crate or module with a similar name
[INFO] [stdout]   |
[INFO] [stdout] 5 | use smol_timeout2::TimeoutExt;
[INFO] [stdout]   |     ~~~~~~~~~~~~~
[INFO] [stdout] 
[INFO] [stdout] error[E0599]: no method named `timeout` found for `async` block `{async block@src/lib.rs:10:11: 10:16}` in the current scope
[INFO] [stdout]    --> src/lib.rs:36:15
[INFO] [stdout]     |
[INFO] [stdout] 15  | let foo = foo.timeout(Duration::from_millis(100));
[INFO] [stdout]     |               ^^^^^^^ method not found in `{async block@src/lib.rs:10:11: 10:16}`
[INFO] [stdout]     |
[INFO] [stdout]    ::: /opt/rustwide/workdir/src/lib.rs:144:8
[INFO] [stdout]     |
[INFO] [stdout] 144 |     fn timeout(self, after: Duration) -> Timeout<Self>
[INFO] [stdout]     |        ------- the method is available for `{async block@src/lib.rs:10:11: 10:16}` here
[INFO] [stdout]     |
[INFO] [stdout]     = help: items from traits can only be used if the trait is in scope
[INFO] [stdout] help: trait `TimeoutExt` which provides `timeout` is implemented but not in scope; perhaps you want to import it
[INFO] [stdout]     |
[INFO] [stdout] 2   + use smol_timeout2::TimeoutExt;
[INFO] [stdout]     |
[INFO] [stdout] 
[INFO] [stdout] error[E0599]: no method named `timeout` found for `async` block `{async block@src/lib.rs:18:11: 18:16}` in the current scope
[INFO] [stdout]    --> src/lib.rs:44:15
[INFO] [stdout]     |
[INFO] [stdout] 23  | let bar = bar.timeout(Duration::from_millis(250));
[INFO] [stdout]     |               ^^^^^^^ method not found in `{async block@src/lib.rs:18:11: 18:16}`
[INFO] [stdout]     |
[INFO] [stdout]    ::: /opt/rustwide/workdir/src/lib.rs:144:8
[INFO] [stdout]     |
[INFO] [stdout] 144 |     fn timeout(self, after: Duration) -> Timeout<Self>
[INFO] [stdout]     |        ------- the method is available for `{async block@src/lib.rs:18:11: 18:16}` here
[INFO] [stdout]     |
[INFO] [stdout]     = help: items from traits can only be used if the trait is in scope
[INFO] [stdout] help: trait `TimeoutExt` which provides `timeout` is implemented but not in scope; perhaps you want to import it
[INFO] [stdout]     |
[INFO] [stdout] 2   + use smol_timeout2::TimeoutExt;
[INFO] [stdout]     |
[INFO] [stdout] 
[INFO] [stdout] error: aborting due to 3 previous errors
[INFO] [stdout] 
[INFO] [stdout] Some errors have detailed explanations: E0432, E0599.
[INFO] [stdout] For more information about an error, try `rustc --explain E0432`.
[INFO] [stdout] Couldn't compile the test.
[INFO] [stdout] 
[INFO] [stdout] failures:
[INFO] [stdout]     src/lib.rs - (line 23)
[INFO] [stdout]     src/lib.rs - Timeout (line 72)
[INFO] [stdout]     src/lib.rs - TimeoutExt::timeout (line 118)
[INFO] [stdout] 
[INFO] [stdout] test result: FAILED. 0 passed; 3 failed; 0 ignored; 0 measured; 0 filtered out; finished in 0.18s
[INFO] [stdout] 
[INFO] [stderr] error: doctest failed, to rerun pass `--doc`
[INFO] running `Command { std: "docker" "inspect" "419cfb2535d541502a4dcd6279c7508e1fce2b004d408e29d29c0ce95695dc32", kill_on_drop: false }`
[INFO] running `Command { std: "docker" "rm" "-f" "419cfb2535d541502a4dcd6279c7508e1fce2b004d408e29d29c0ce95695dc32", kill_on_drop: false }`
[INFO] [stdout] 419cfb2535d541502a4dcd6279c7508e1fce2b004d408e29d29c0ce95695dc32
