[INFO] fetching crate smarthome-sdk-rs 0.13.0...
[INFO] testing smarthome-sdk-rs-0.13.0 against beta-2024-12-08 for beta-1.84.0-4-retry
[INFO] extracting crate smarthome-sdk-rs 0.13.0 into /workspace/builds/worker-5-tc2/source
[INFO] validating manifest of crates.io crate smarthome-sdk-rs 0.13.0 on toolchain beta-2024-12-08
[INFO] running `Command { std: CARGO_HOME="/workspace/cargo-home" RUSTUP_HOME="/workspace/rustup-home" "/workspace/cargo-home/bin/cargo" "+beta-2024-12-08" "metadata" "--manifest-path" "Cargo.toml" "--no-deps", kill_on_drop: false }`
[INFO] started tweaking crates.io crate smarthome-sdk-rs 0.13.0
[INFO] finished tweaking crates.io crate smarthome-sdk-rs 0.13.0
[INFO] tweaked toml for crates.io crate smarthome-sdk-rs 0.13.0 written to /workspace/builds/worker-5-tc2/source/Cargo.toml
[INFO] running `Command { std: CARGO_HOME="/workspace/cargo-home" RUSTUP_HOME="/workspace/rustup-home" "/workspace/cargo-home/bin/cargo" "+beta-2024-12-08" "generate-lockfile" "--manifest-path" "Cargo.toml", kill_on_drop: false }`
[INFO] [stderr]     Updating crates.io index
[INFO] [stderr]      Locking 145 packages to latest compatible versions
[INFO] [stderr]       Adding reqwest v0.11.27 (available: v0.12.9)
[INFO] running `Command { std: CARGO_HOME="/workspace/cargo-home" RUSTUP_HOME="/workspace/rustup-home" "/workspace/cargo-home/bin/cargo" "+beta-2024-12-08" "fetch" "--manifest-path" "Cargo.toml", kill_on_drop: false }`
[INFO] running `Command { std: "docker" "create" "-v" "/var/lib/crater-agent-workspace/builds/worker-5-tc2/target:/opt/rustwide/target:rw,Z" "-v" "/var/lib/crater-agent-workspace/builds/worker-5-tc2/source:/opt/rustwide/workdir:ro,Z" "-v" "/var/lib/crater-agent-workspace/cargo-home:/opt/rustwide/cargo-home:ro,Z" "-v" "/var/lib/crater-agent-workspace/rustup-home:/opt/rustwide/rustup-home:ro,Z" "-e" "SOURCE_DIR=/opt/rustwide/workdir" "-e" "CARGO_TARGET_DIR=/opt/rustwide/target" "-e" "CARGO_HOME=/opt/rustwide/cargo-home" "-e" "RUSTUP_HOME=/opt/rustwide/rustup-home" "-w" "/opt/rustwide/workdir" "-m" "1610612736" "--user" "0:0" "--network" "none" "ghcr.io/rust-lang/crates-build-env/linux@sha256:f3a9d4ad9d972b27faf3965f35b62e55ba32bbce8f20bc8fe909558a86702fde" "/opt/rustwide/cargo-home/bin/cargo" "+beta-2024-12-08" "metadata" "--no-deps" "--format-version=1", kill_on_drop: false }`
[INFO] [stdout] 5a9d6aa1bfbdd32b97d07eeaa0d66e8eed6eaa66eae40fa726f8b9d33c2345b0
[INFO] running `Command { std: "docker" "start" "-a" "5a9d6aa1bfbdd32b97d07eeaa0d66e8eed6eaa66eae40fa726f8b9d33c2345b0", kill_on_drop: false }`
[INFO] running `Command { std: "docker" "inspect" "5a9d6aa1bfbdd32b97d07eeaa0d66e8eed6eaa66eae40fa726f8b9d33c2345b0", kill_on_drop: false }`
[INFO] running `Command { std: "docker" "rm" "-f" "5a9d6aa1bfbdd32b97d07eeaa0d66e8eed6eaa66eae40fa726f8b9d33c2345b0", kill_on_drop: false }`
[INFO] [stdout] 5a9d6aa1bfbdd32b97d07eeaa0d66e8eed6eaa66eae40fa726f8b9d33c2345b0
[INFO] running `Command { std: "docker" "create" "-v" "/var/lib/crater-agent-workspace/builds/worker-5-tc2/target:/opt/rustwide/target:rw,Z" "-v" "/var/lib/crater-agent-workspace/builds/worker-5-tc2/source:/opt/rustwide/workdir:ro,Z" "-v" "/var/lib/crater-agent-workspace/cargo-home:/opt/rustwide/cargo-home:ro,Z" "-v" "/var/lib/crater-agent-workspace/rustup-home:/opt/rustwide/rustup-home:ro,Z" "-e" "SOURCE_DIR=/opt/rustwide/workdir" "-e" "CARGO_TARGET_DIR=/opt/rustwide/target" "-e" "CARGO_INCREMENTAL=0" "-e" "RUST_BACKTRACE=full" "-e" "RUSTFLAGS=--cap-lints=warn" "-e" "RUSTDOCFLAGS=--cap-lints=warn" "-e" "CARGO_HOME=/opt/rustwide/cargo-home" "-e" "RUSTUP_HOME=/opt/rustwide/rustup-home" "-w" "/opt/rustwide/workdir" "-m" "1610612736" "--user" "0:0" "--network" "none" "ghcr.io/rust-lang/crates-build-env/linux@sha256:f3a9d4ad9d972b27faf3965f35b62e55ba32bbce8f20bc8fe909558a86702fde" "/opt/rustwide/cargo-home/bin/cargo" "+beta-2024-12-08" "build" "--frozen" "--message-format=json", kill_on_drop: false }`
[INFO] [stdout] 2918190ee9573982f53bcded4bff6b55f81f39f423dab5054d4002dc8e1e10b9
[INFO] running `Command { std: "docker" "start" "-a" "2918190ee9573982f53bcded4bff6b55f81f39f423dab5054d4002dc8e1e10b9", kill_on_drop: false }`
[INFO] [stderr]    Compiling proc-macro2 v1.0.92
[INFO] [stderr]    Compiling unicode-ident v1.0.14
[INFO] [stderr]    Compiling libc v0.2.168
[INFO] [stderr]    Compiling stable_deref_trait v1.2.0
[INFO] [stderr]    Compiling shlex v1.3.0
[INFO] [stderr]    Compiling pin-project-lite v0.2.15
[INFO] [stderr]    Compiling writeable v0.5.5
[INFO] [stderr]    Compiling litemap v0.7.4
[INFO] [stderr]    Compiling bytes v1.9.0
[INFO] [stderr]    Compiling cfg-if v1.0.0
[INFO] [stderr]    Compiling itoa v1.0.14
[INFO] [stderr]    Compiling untrusted v0.9.0
[INFO] [stderr]    Compiling icu_locid_transform_data v1.5.0
[INFO] [stderr]    Compiling autocfg v1.4.0
[INFO] [stderr]    Compiling spin v0.9.8
[INFO] [stderr]    Compiling futures-core v0.3.31
[INFO] [stderr]    Compiling once_cell v1.20.2
[INFO] [stderr]    Compiling fnv v1.0.7
[INFO] [stderr]    Compiling icu_properties_data v1.5.0
[INFO] [stderr]    Compiling serde v1.0.216
[INFO] [stderr]    Compiling icu_normalizer_data v1.5.0
[INFO] [stderr]    Compiling write16 v1.0.0
[INFO] [stderr]    Compiling utf8_iter v1.0.4
[INFO] [stderr]    Compiling httparse v1.9.5
[INFO] [stderr]    Compiling pin-utils v0.1.0
[INFO] [stderr]    Compiling hashbrown v0.15.2
[INFO] [stderr]    Compiling utf16_iter v1.0.5
[INFO] [stderr]    Compiling futures-task v0.3.31
[INFO] [stderr]    Compiling futures-sink v0.3.31
[INFO] [stderr]    Compiling rustls v0.21.12
[INFO] [stderr]    Compiling cc v1.2.4
[INFO] [stderr]    Compiling smallvec v1.13.2
[INFO] [stderr]    Compiling tracing-core v0.1.33
[INFO] [stderr]    Compiling equivalent v1.0.1
[INFO] [stderr]    Compiling futures-util v0.3.31
[INFO] [stderr]    Compiling try-lock v0.2.5
[INFO] [stderr]    Compiling log v0.4.22
[INFO] [stderr]    Compiling percent-encoding v2.3.1
[INFO] [stderr]    Compiling futures-channel v0.3.31
[INFO] [stderr]    Compiling want v0.3.1
[INFO] [stderr]    Compiling serde_json v1.0.133
[INFO] [stderr]    Compiling tower-service v0.3.3
[INFO] [stderr]    Compiling form_urlencoded v1.2.1
[INFO] [stderr]    Compiling ryu v1.0.18
[INFO] [stderr]    Compiling httpdate v1.0.3
[INFO] [stderr]    Compiling base64 v0.21.7
[INFO] [stderr]    Compiling semver v1.0.24
[INFO] [stderr]    Compiling slab v0.4.9
[INFO] [stderr]    Compiling memchr v2.7.4
[INFO] [stderr]    Compiling encoding_rs v0.8.35
[INFO] [stderr]    Compiling webpki-roots v0.25.4
[INFO] [stderr]    Compiling ipnet v2.10.1
[INFO] [stderr]    Compiling sync_wrapper v0.1.2
[INFO] [stderr]    Compiling mio v1.0.3
[INFO] [stderr]    Compiling socket2 v0.5.8
[INFO] [stderr]    Compiling getrandom v0.2.15
[INFO] [stderr]    Compiling http v0.2.12
[INFO] [stderr]    Compiling indexmap v2.7.0
[INFO] [stderr]    Compiling rustls-pemfile v1.0.4
[INFO] [stderr]    Compiling mime v0.3.17
[INFO] [stderr]    Compiling quote v1.0.37
[INFO] [stderr]    Compiling tokio v1.42.0
[INFO] [stderr]    Compiling tracing v0.1.41
[INFO] [stderr]    Compiling syn v2.0.90
[INFO] [stderr]    Compiling ring v0.17.8
[INFO] [stderr]    Compiling http-body v0.4.6
[INFO] [stderr]    Compiling synstructure v0.13.1
[INFO] [stderr]    Compiling zerovec-derive v0.10.3
[INFO] [stderr]    Compiling displaydoc v0.2.5
[INFO] [stderr]    Compiling icu_provider_macros v1.5.0
[INFO] [stderr]    Compiling serde_derive v1.0.216
[INFO] [stderr]    Compiling zerofrom-derive v0.1.5
[INFO] [stderr]    Compiling yoke-derive v0.7.5
[INFO] [stderr]    Compiling tokio-util v0.7.13
[INFO] [stderr]    Compiling h2 v0.3.26
[INFO] [stderr]    Compiling zerofrom v0.1.5
[INFO] [stderr]    Compiling yoke v0.7.5
[INFO] [stderr]    Compiling sct v0.7.1
[INFO] [stderr]    Compiling rustls-webpki v0.101.7
[INFO] [stderr]    Compiling zerovec v0.10.4
[INFO] [stderr]    Compiling tinystr v0.7.6
[INFO] [stderr]    Compiling icu_collections v1.5.0
[INFO] [stderr]    Compiling icu_locid v1.5.0
[INFO] [stderr]    Compiling icu_provider v1.5.0
[INFO] [stderr]    Compiling icu_locid_transform v1.5.0
[INFO] [stderr]    Compiling hyper v0.14.31
[INFO] [stderr]    Compiling icu_properties v1.5.1
[INFO] [stderr]    Compiling tokio-rustls v0.24.1
[INFO] [stderr]    Compiling hyper-rustls v0.24.2
[INFO] [stderr]    Compiling serde_urlencoded v0.7.1
[INFO] [stderr]    Compiling icu_normalizer v1.5.0
[INFO] [stderr]    Compiling idna_adapter v1.2.0
[INFO] [stderr]    Compiling idna v1.0.3
[INFO] [stderr]    Compiling url v2.5.4
[INFO] [stderr]    Compiling reqwest v0.11.27
[INFO] [stderr]    Compiling smarthome-sdk-rs v0.13.0 (/opt/rustwide/workdir)
[INFO] [stderr]     Finished `dev` profile [unoptimized + debuginfo] target(s) in 41.95s
[INFO] running `Command { std: "docker" "inspect" "2918190ee9573982f53bcded4bff6b55f81f39f423dab5054d4002dc8e1e10b9", kill_on_drop: false }`
[INFO] running `Command { std: "docker" "rm" "-f" "2918190ee9573982f53bcded4bff6b55f81f39f423dab5054d4002dc8e1e10b9", kill_on_drop: false }`
[INFO] [stdout] 2918190ee9573982f53bcded4bff6b55f81f39f423dab5054d4002dc8e1e10b9
[INFO] running `Command { std: "docker" "create" "-v" "/var/lib/crater-agent-workspace/builds/worker-5-tc2/target:/opt/rustwide/target:rw,Z" "-v" "/var/lib/crater-agent-workspace/builds/worker-5-tc2/source:/opt/rustwide/workdir:ro,Z" "-v" "/var/lib/crater-agent-workspace/cargo-home:/opt/rustwide/cargo-home:ro,Z" "-v" "/var/lib/crater-agent-workspace/rustup-home:/opt/rustwide/rustup-home:ro,Z" "-e" "SOURCE_DIR=/opt/rustwide/workdir" "-e" "CARGO_TARGET_DIR=/opt/rustwide/target" "-e" "CARGO_INCREMENTAL=0" "-e" "RUST_BACKTRACE=full" "-e" "RUSTFLAGS=--cap-lints=warn" "-e" "RUSTDOCFLAGS=--cap-lints=warn" "-e" "CARGO_HOME=/opt/rustwide/cargo-home" "-e" "RUSTUP_HOME=/opt/rustwide/rustup-home" "-w" "/opt/rustwide/workdir" "-m" "1610612736" "--user" "0:0" "--network" "none" "ghcr.io/rust-lang/crates-build-env/linux@sha256:f3a9d4ad9d972b27faf3965f35b62e55ba32bbce8f20bc8fe909558a86702fde" "/opt/rustwide/cargo-home/bin/cargo" "+beta-2024-12-08" "test" "--frozen" "--no-run" "--message-format=json", kill_on_drop: false }`
[INFO] [stdout] 94be76927b062dede9dad5a8a16c1a437889821ca4b345ac2c8660680bc183a9
[INFO] running `Command { std: "docker" "start" "-a" "94be76927b062dede9dad5a8a16c1a437889821ca4b345ac2c8660680bc183a9", kill_on_drop: false }`
[INFO] [stderr]    Compiling parking_lot_core v0.9.10
[INFO] [stderr]    Compiling scopeguard v1.2.0
[INFO] [stderr]    Compiling lock_api v0.4.12
[INFO] [stderr]    Compiling syn v2.0.90
[INFO] [stderr]    Compiling signal-hook-registry v1.4.2
[INFO] [stderr]    Compiling parking_lot v0.12.3
[INFO] [stderr]    Compiling synstructure v0.13.1
[INFO] [stderr]    Compiling zerovec-derive v0.10.3
[INFO] [stderr]    Compiling displaydoc v0.2.5
[INFO] [stderr]    Compiling icu_provider_macros v1.5.0
[INFO] [stderr]    Compiling tokio-macros v2.4.0
[INFO] [stderr]    Compiling serde_derive v1.0.216
[INFO] [stderr]    Compiling zerofrom-derive v0.1.5
[INFO] [stderr]    Compiling yoke-derive v0.7.5
[INFO] [stderr]    Compiling tokio v1.42.0
[INFO] [stderr]    Compiling zerofrom v0.1.5
[INFO] [stderr]    Compiling yoke v0.7.5
[INFO] [stderr]    Compiling zerovec v0.10.4
[INFO] [stderr]    Compiling tinystr v0.7.6
[INFO] [stderr]    Compiling icu_collections v1.5.0
[INFO] [stderr]    Compiling icu_locid v1.5.0
[INFO] [stderr]    Compiling serde v1.0.216
[INFO] [stderr]    Compiling icu_provider v1.5.0
[INFO] [stderr]    Compiling icu_locid_transform v1.5.0
[INFO] [stderr]    Compiling icu_properties v1.5.1
[INFO] [stderr]    Compiling serde_urlencoded v0.7.1
[INFO] [stderr]    Compiling serde_json v1.0.133
[INFO] [stderr]    Compiling tokio-util v0.7.13
[INFO] [stderr]    Compiling tokio-rustls v0.24.1
[INFO] [stderr]    Compiling icu_normalizer v1.5.0
[INFO] [stderr]    Compiling h2 v0.3.26
[INFO] [stderr]    Compiling idna_adapter v1.2.0
[INFO] [stderr]    Compiling idna v1.0.3
[INFO] [stderr]    Compiling url v2.5.4
[INFO] [stderr]    Compiling hyper v0.14.31
[INFO] [stderr]    Compiling hyper-rustls v0.24.2
[INFO] [stderr]    Compiling reqwest v0.11.27
[INFO] [stderr]    Compiling smarthome-sdk-rs v0.13.0 (/opt/rustwide/workdir)
[INFO] [stderr]     Finished `test` profile [unoptimized + debuginfo] target(s) in 36.87s
[INFO] running `Command { std: "docker" "inspect" "94be76927b062dede9dad5a8a16c1a437889821ca4b345ac2c8660680bc183a9", kill_on_drop: false }`
[INFO] running `Command { std: "docker" "rm" "-f" "94be76927b062dede9dad5a8a16c1a437889821ca4b345ac2c8660680bc183a9", kill_on_drop: false }`
[INFO] [stdout] 94be76927b062dede9dad5a8a16c1a437889821ca4b345ac2c8660680bc183a9
[INFO] running `Command { std: "docker" "create" "-v" "/var/lib/crater-agent-workspace/builds/worker-5-tc2/target:/opt/rustwide/target:rw,Z" "-v" "/var/lib/crater-agent-workspace/builds/worker-5-tc2/source:/opt/rustwide/workdir:ro,Z" "-v" "/var/lib/crater-agent-workspace/cargo-home:/opt/rustwide/cargo-home:ro,Z" "-v" "/var/lib/crater-agent-workspace/rustup-home:/opt/rustwide/rustup-home:ro,Z" "-e" "SOURCE_DIR=/opt/rustwide/workdir" "-e" "CARGO_TARGET_DIR=/opt/rustwide/target" "-e" "CARGO_INCREMENTAL=0" "-e" "RUST_BACKTRACE=full" "-e" "RUSTFLAGS=--cap-lints=warn" "-e" "RUSTDOCFLAGS=--cap-lints=warn" "-e" "CARGO_HOME=/opt/rustwide/cargo-home" "-e" "RUSTUP_HOME=/opt/rustwide/rustup-home" "-w" "/opt/rustwide/workdir" "-m" "1610612736" "--user" "0:0" "--network" "none" "ghcr.io/rust-lang/crates-build-env/linux@sha256:f3a9d4ad9d972b27faf3965f35b62e55ba32bbce8f20bc8fe909558a86702fde" "/opt/rustwide/cargo-home/bin/cargo" "+beta-2024-12-08" "test" "--frozen", kill_on_drop: false }`
[INFO] [stdout] e62b4a74f2f511ab114fcabea5a31ff087136a989d72d499458d894ed063ce8b
[INFO] running `Command { std: "docker" "start" "-a" "e62b4a74f2f511ab114fcabea5a31ff087136a989d72d499458d894ed063ce8b", kill_on_drop: false }`
[INFO] [stderr]     Finished `test` profile [unoptimized + debuginfo] target(s) in 0.15s
[INFO] [stderr]      Running unittests src/lib.rs (/opt/rustwide/target/debug/deps/smarthome_sdk_rs-9682ddfede6cc072)
[INFO] [stdout] 
[INFO] [stderr]    Doc-tests smarthome_sdk_rs
[INFO] [stdout] running 0 tests
[INFO] [stdout] 
[INFO] [stdout] test result: ok. 0 passed; 0 failed; 0 ignored; 0 measured; 0 filtered out; finished in 0.00s
[INFO] [stdout] 
[INFO] [stdout] 
[INFO] [stdout] running 14 tests
[INFO] [stdout] test src/hms/crud.rs - hms::crud::Client::list_personal_homescripts (line 139) - compile ... FAILED
[INFO] [stdout] test src/export.rs - export::Client::export_config (line 18) - compile ... FAILED
[INFO] [stdout] test src/power.rs - power::Client::personal_switches (line 181) - compile ... FAILED
[INFO] [stdout] test src/room.rs - room::Client::personal_rooms (line 41) - compile ... FAILED
[INFO] [stdout] test src/hms/exec.rs - hms::exec::Client::exec_homescript (line 410) - compile ... FAILED
[INFO] [stdout] test src/hms/crud.rs - hms::crud::Client::modify_homescript (line 77) - compile ... FAILED
[INFO] [stdout] test src/hms/crud.rs - hms::crud::Client::create_homescript (line 41) - compile ... FAILED
[INFO] [stdout] test src/power.rs - power::Client::set_power (line 149) - compile ... FAILED
[INFO] [stdout] test src/hms/crud.rs - hms::crud::Client::delete_homescript (line 113) - compile ... FAILED
[INFO] [stdout] test src/power.rs - power::Client::power_usage (line 230) - compile ... FAILED
[INFO] [stdout] test src/client.rs - client::Client::new (line 36) - compile ... ok
[INFO] [stdout] test src/power.rs - power::Client::all_switches (line 207) - compile ... FAILED
[INFO] [stdout] test src/hms/exec.rs - hms::exec::Client::exec_homescript_code (line 358) - compile ... FAILED
[INFO] [stdout] test src/client.rs - client::Client (line 22) ... ok
[INFO] [stdout] 
[INFO] [stdout] failures:
[INFO] [stdout] 
[INFO] [stdout] ---- src/hms/crud.rs - hms::crud::Client::list_personal_homescripts (line 139) stdout ----
[INFO] [stdout] error[E0061]: this function takes 3 arguments but 2 arguments were supplied
[INFO] [stdout]   --> src/hms/crud.rs:145:18
[INFO] [stdout]    |
[INFO] [stdout] 8  |     let client = Client::new("foo", Auth::None).await.unwrap();
[INFO] [stdout]    |                  ^^^^^^^^^^^------------------- argument #3 of type `bool` is missing
[INFO] [stdout]    |
[INFO] [stdout] note: associated function defined here
[INFO] [stdout]   --> /opt/rustwide/workdir/src/client.rs:48:18
[INFO] [stdout]    |
[INFO] [stdout] 48 |     pub async fn new(raw_url: &str, auth: Auth, do_version_check: bool) -> Result<Self> {
[INFO] [stdout]    |                  ^^^
[INFO] [stdout] help: provide the argument
[INFO] [stdout]    |
[INFO] [stdout] 8  |     let client = Client::new("foo", Auth::None, /* bool */).await.unwrap();
[INFO] [stdout]    |                             ~~~~~~~~~~~~~~~~~~~~~~~~~~~~~~~
[INFO] [stdout] 
[INFO] [stdout] error: aborting due to 1 previous error
[INFO] [stdout] 
[INFO] [stdout] For more information about this error, try `rustc --explain E0061`.
[INFO] [stdout] Couldn't compile the test.
[INFO] [stdout] ---- src/export.rs - export::Client::export_config (line 18) stdout ----
[INFO] [stdout] error: prefix `foo` is unknown
[INFO] [stdout]  --> src/export.rs:23:30
[INFO] [stdout]   |
[INFO] [stdout] 5 |     let client = Client::new(foo", Auth::None).await.unwrap();
[INFO] [stdout]   |                              ^^^ unknown prefix
[INFO] [stdout]   |
[INFO] [stdout]   = note: prefixed identifiers and literals are reserved since Rust 2021
[INFO] [stdout] help: consider inserting whitespace here
[INFO] [stdout]   |
[INFO] [stdout] 5 |     let client = Client::new(foo ", Auth::None).await.unwrap();
[INFO] [stdout]   |                                 +
[INFO] [stdout] 
[INFO] [stdout] error[E0765]: unterminated double quote string
[INFO] [stdout]  --> src/export.rs:23:33
[INFO] [stdout]   |
[INFO] [stdout] 5 |       let client = Client::new(foo", Auth::None).await.unwrap();
[INFO] [stdout]   |  _________________________________^
[INFO] [stdout] 6 | |
[INFO] [stdout] 7 | |     let res = client.export_config(ExportRequest {
[INFO] [stdout] 8 | |     }).await.unwrap();
[INFO] [stdout] 9 | | }
[INFO] [stdout]   | |_^
[INFO] [stdout] 
[INFO] [stdout] error: aborting due to 2 previous errors
[INFO] [stdout] 
[INFO] [stdout] For more information about this error, try `rustc --explain E0765`.
[INFO] [stdout] Couldn't compile the test.
[INFO] [stdout] ---- src/power.rs - power::Client::personal_switches (line 181) stdout ----
[INFO] [stdout] error[E0061]: this function takes 3 arguments but 2 arguments were supplied
[INFO] [stdout]   --> src/power.rs:187:18
[INFO] [stdout]    |
[INFO] [stdout] 8  |     let client = Client::new("foo", Auth::None).await.unwrap();
[INFO] [stdout]    |                  ^^^^^^^^^^^------------------- argument #3 of type `bool` is missing
[INFO] [stdout]    |
[INFO] [stdout] note: associated function defined here
[INFO] [stdout]   --> /opt/rustwide/workdir/src/client.rs:48:18
[INFO] [stdout]    |
[INFO] [stdout] 48 |     pub async fn new(raw_url: &str, auth: Auth, do_version_check: bool) -> Result<Self> {
[INFO] [stdout]    |                  ^^^
[INFO] [stdout] help: provide the argument
[INFO] [stdout]    |
[INFO] [stdout] 8  |     let client = Client::new("foo", Auth::None, /* bool */).await.unwrap();
[INFO] [stdout]    |                             ~~~~~~~~~~~~~~~~~~~~~~~~~~~~~~~
[INFO] [stdout] 
[INFO] [stdout] error: aborting due to 1 previous error
[INFO] [stdout] 
[INFO] [stdout] For more information about this error, try `rustc --explain E0061`.
[INFO] [stdout] Couldn't compile the test.
[INFO] [stdout] ---- src/room.rs - room::Client::personal_rooms (line 41) stdout ----
[INFO] [stdout] error[E0061]: this function takes 3 arguments but 2 arguments were supplied
[INFO] [stdout]   --> src/room.rs:47:18
[INFO] [stdout]    |
[INFO] [stdout] 8  |     let client = Client::new("foo", Auth::None).await.unwrap();
[INFO] [stdout]    |                  ^^^^^^^^^^^------------------- argument #3 of type `bool` is missing
[INFO] [stdout]    |
[INFO] [stdout] note: associated function defined here
[INFO] [stdout]   --> /opt/rustwide/workdir/src/client.rs:48:18
[INFO] [stdout]    |
[INFO] [stdout] 48 |     pub async fn new(raw_url: &str, auth: Auth, do_version_check: bool) -> Result<Self> {
[INFO] [stdout]    |                  ^^^
[INFO] [stdout] help: provide the argument
[INFO] [stdout]    |
[INFO] [stdout] 8  |     let client = Client::new("foo", Auth::None, /* bool */).await.unwrap();
[INFO] [stdout]    |                             ~~~~~~~~~~~~~~~~~~~~~~~~~~~~~~~
[INFO] [stdout] 
[INFO] [stdout] error: aborting due to 1 previous error
[INFO] [stdout] 
[INFO] [stdout] For more information about this error, try `rustc --explain E0061`.
[INFO] [stdout] Couldn't compile the test.
[INFO] [stdout] ---- src/hms/exec.rs - hms::exec::Client::exec_homescript (line 410) stdout ----
[INFO] [stdout] error[E0061]: this function takes 3 arguments but 2 arguments were supplied
[INFO] [stdout]   --> src/hms/exec.rs:416:18
[INFO] [stdout]    |
[INFO] [stdout] 8  |     let client = Client::new("foo", Auth::None).await.unwrap();
[INFO] [stdout]    |                  ^^^^^^^^^^^------------------- argument #3 of type `bool` is missing
[INFO] [stdout]    |
[INFO] [stdout] note: associated function defined here
[INFO] [stdout]   --> /opt/rustwide/workdir/src/client.rs:48:18
[INFO] [stdout]    |
[INFO] [stdout] 48 |     pub async fn new(raw_url: &str, auth: Auth, do_version_check: bool) -> Result<Self> {
[INFO] [stdout]    |                  ^^^
[INFO] [stdout] help: provide the argument
[INFO] [stdout]    |
[INFO] [stdout] 8  |     let client = Client::new("foo", Auth::None, /* bool */).await.unwrap();
[INFO] [stdout]    |                             ~~~~~~~~~~~~~~~~~~~~~~~~~~~~~~~
[INFO] [stdout] 
[INFO] [stdout] error: aborting due to 1 previous error
[INFO] [stdout] 
[INFO] [stdout] For more information about this error, try `rustc --explain E0061`.
[INFO] [stdout] Couldn't compile the test.
[INFO] [stdout] ---- src/hms/crud.rs - hms::crud::Client::modify_homescript (line 77) stdout ----
[INFO] [stdout] error[E0061]: this function takes 3 arguments but 2 arguments were supplied
[INFO] [stdout]   --> src/hms/crud.rs:83:18
[INFO] [stdout]    |
[INFO] [stdout] 8  |     let client = Client::new("foo", Auth::None).await.unwrap();
[INFO] [stdout]    |                  ^^^^^^^^^^^------------------- argument #3 of type `bool` is missing
[INFO] [stdout]    |
[INFO] [stdout] note: associated function defined here
[INFO] [stdout]   --> /opt/rustwide/workdir/src/client.rs:48:18
[INFO] [stdout]    |
[INFO] [stdout] 48 |     pub async fn new(raw_url: &str, auth: Auth, do_version_check: bool) -> Result<Self> {
[INFO] [stdout]    |                  ^^^
[INFO] [stdout] help: provide the argument
[INFO] [stdout]    |
[INFO] [stdout] 8  |     let client = Client::new("foo", Auth::None, /* bool */).await.unwrap();
[INFO] [stdout]    |                             ~~~~~~~~~~~~~~~~~~~~~~~~~~~~~~~
[INFO] [stdout] 
[INFO] [stdout] error[E0560]: struct `HomescriptData` has no field named `is_widged`
[INFO] [stdout]   --> src/hms/crud.rs:94:9
[INFO] [stdout]    |
[INFO] [stdout] 19 |         is_widged: false,
[INFO] [stdout]    |         ^^^^^^^^^ unknown field
[INFO] [stdout]    |
[INFO] [stdout] help: a field with a similar name exists
[INFO] [stdout]    |
[INFO] [stdout] 19 |         is_widget: false,
[INFO] [stdout]    |         ~~~~~~~~~
[INFO] [stdout] 
[INFO] [stdout] error: aborting due to 2 previous errors
[INFO] [stdout] 
[INFO] [stdout] Some errors have detailed explanations: E0061, E0560.
[INFO] [stdout] For more information about an error, try `rustc --explain E0061`.
[INFO] [stdout] Couldn't compile the test.
[INFO] [stdout] ---- src/hms/crud.rs - hms::crud::Client::create_homescript (line 41) stdout ----
[INFO] [stdout] error[E0061]: this function takes 3 arguments but 2 arguments were supplied
[INFO] [stdout]   --> src/hms/crud.rs:47:18
[INFO] [stdout]    |
[INFO] [stdout] 8  |     let client = Client::new("foo", Auth::None).await.unwrap();
[INFO] [stdout]    |                  ^^^^^^^^^^^------------------- argument #3 of type `bool` is missing
[INFO] [stdout]    |
[INFO] [stdout] note: associated function defined here
[INFO] [stdout]   --> /opt/rustwide/workdir/src/client.rs:48:18
[INFO] [stdout]    |
[INFO] [stdout] 48 |     pub async fn new(raw_url: &str, auth: Auth, do_version_check: bool) -> Result<Self> {
[INFO] [stdout]    |                  ^^^
[INFO] [stdout] help: provide the argument
[INFO] [stdout]    |
[INFO] [stdout] 8  |     let client = Client::new("foo", Auth::None, /* bool */).await.unwrap();
[INFO] [stdout]    |                             ~~~~~~~~~~~~~~~~~~~~~~~~~~~~~~~
[INFO] [stdout] 
[INFO] [stdout] error[E0560]: struct `HomescriptData` has no field named `is_widged`
[INFO] [stdout]   --> src/hms/crud.rs:58:9
[INFO] [stdout]    |
[INFO] [stdout] 19 |         is_widged: false,
[INFO] [stdout]    |         ^^^^^^^^^ unknown field
[INFO] [stdout]    |
[INFO] [stdout] help: a field with a similar name exists
[INFO] [stdout]    |
[INFO] [stdout] 19 |         is_widget: false,
[INFO] [stdout]    |         ~~~~~~~~~
[INFO] [stdout] 
[INFO] [stdout] error: aborting due to 2 previous errors
[INFO] [stdout] 
[INFO] [stdout] Some errors have detailed explanations: E0061, E0560.
[INFO] [stdout] For more information about an error, try `rustc --explain E0061`.
[INFO] [stdout] Couldn't compile the test.
[INFO] [stdout] ---- src/power.rs - power::Client::set_power (line 149) stdout ----
[INFO] [stdout] error[E0061]: this function takes 3 arguments but 2 arguments were supplied
[INFO] [stdout]   --> src/power.rs:155:18
[INFO] [stdout]    |
[INFO] [stdout] 8  |     let client = Client::new("foo", Auth::None).await.unwrap();
[INFO] [stdout]    |                  ^^^^^^^^^^^------------------- argument #3 of type `bool` is missing
[INFO] [stdout]    |
[INFO] [stdout] note: associated function defined here
[INFO] [stdout]   --> /opt/rustwide/workdir/src/client.rs:48:18
[INFO] [stdout]    |
[INFO] [stdout] 48 |     pub async fn new(raw_url: &str, auth: Auth, do_version_check: bool) -> Result<Self> {
[INFO] [stdout]    |                  ^^^
[INFO] [stdout] help: provide the argument
[INFO] [stdout]    |
[INFO] [stdout] 8  |     let client = Client::new("foo", Auth::None, /* bool */).await.unwrap();
[INFO] [stdout]    |                             ~~~~~~~~~~~~~~~~~~~~~~~~~~~~~~~
[INFO] [stdout] 
[INFO] [stdout] error: aborting due to 1 previous error
[INFO] [stdout] 
[INFO] [stdout] For more information about this error, try `rustc --explain E0061`.
[INFO] [stdout] Couldn't compile the test.
[INFO] [stdout] ---- src/hms/crud.rs - hms::crud::Client::delete_homescript (line 113) stdout ----
[INFO] [stdout] error[E0061]: this function takes 3 arguments but 2 arguments were supplied
[INFO] [stdout]   --> src/hms/crud.rs:119:18
[INFO] [stdout]    |
[INFO] [stdout] 8  |     let client = Client::new("foo", Auth::None).await.unwrap();
[INFO] [stdout]    |                  ^^^^^^^^^^^------------------- argument #3 of type `bool` is missing
[INFO] [stdout]    |
[INFO] [stdout] note: associated function defined here
[INFO] [stdout]   --> /opt/rustwide/workdir/src/client.rs:48:18
[INFO] [stdout]    |
[INFO] [stdout] 48 |     pub async fn new(raw_url: &str, auth: Auth, do_version_check: bool) -> Result<Self> {
[INFO] [stdout]    |                  ^^^
[INFO] [stdout] help: provide the argument
[INFO] [stdout]    |
[INFO] [stdout] 8  |     let client = Client::new("foo", Auth::None, /* bool */).await.unwrap();
[INFO] [stdout]    |                             ~~~~~~~~~~~~~~~~~~~~~~~~~~~~~~~
[INFO] [stdout] 
[INFO] [stdout] error: aborting due to 1 previous error
[INFO] [stdout] 
[INFO] [stdout] For more information about this error, try `rustc --explain E0061`.
[INFO] [stdout] Couldn't compile the test.
[INFO] [stdout] ---- src/power.rs - power::Client::power_usage (line 230) stdout ----
[INFO] [stdout] error[E0061]: this function takes 3 arguments but 2 arguments were supplied
[INFO] [stdout]   --> src/power.rs:236:18
[INFO] [stdout]    |
[INFO] [stdout] 8  |     let client = Client::new("foo", Auth::None).await.unwrap();
[INFO] [stdout]    |                  ^^^^^^^^^^^------------------- argument #3 of type `bool` is missing
[INFO] [stdout]    |
[INFO] [stdout] note: associated function defined here
[INFO] [stdout]   --> /opt/rustwide/workdir/src/client.rs:48:18
[INFO] [stdout]    |
[INFO] [stdout] 48 |     pub async fn new(raw_url: &str, auth: Auth, do_version_check: bool) -> Result<Self> {
[INFO] [stdout]    |                  ^^^
[INFO] [stdout] help: provide the argument
[INFO] [stdout]    |
[INFO] [stdout] 8  |     let client = Client::new("foo", Auth::None, /* bool */).await.unwrap();
[INFO] [stdout]    |                             ~~~~~~~~~~~~~~~~~~~~~~~~~~~~~~~
[INFO] [stdout] 
[INFO] [stdout] error: aborting due to 1 previous error
[INFO] [stdout] 
[INFO] [stdout] For more information about this error, try `rustc --explain E0061`.
[INFO] [stdout] Couldn't compile the test.
[INFO] [stdout] ---- src/power.rs - power::Client::all_switches (line 207) stdout ----
[INFO] [stdout] error[E0061]: this function takes 3 arguments but 2 arguments were supplied
[INFO] [stdout]   --> src/power.rs:213:18
[INFO] [stdout]    |
[INFO] [stdout] 8  |     let client = Client::new("foo", Auth::None).await.unwrap();
[INFO] [stdout]    |                  ^^^^^^^^^^^------------------- argument #3 of type `bool` is missing
[INFO] [stdout]    |
[INFO] [stdout] note: associated function defined here
[INFO] [stdout]   --> /opt/rustwide/workdir/src/client.rs:48:18
[INFO] [stdout]    |
[INFO] [stdout] 48 |     pub async fn new(raw_url: &str, auth: Auth, do_version_check: bool) -> Result<Self> {
[INFO] [stdout]    |                  ^^^
[INFO] [stdout] help: provide the argument
[INFO] [stdout]    |
[INFO] [stdout] 8  |     let client = Client::new("foo", Auth::None, /* bool */).await.unwrap();
[INFO] [stdout]    |                             ~~~~~~~~~~~~~~~~~~~~~~~~~~~~~~~
[INFO] [stdout] 
[INFO] [stdout] error: aborting due to 1 previous error
[INFO] [stdout] 
[INFO] [stdout] For more information about this error, try `rustc --explain E0061`.
[INFO] [stdout] Couldn't compile the test.
[INFO] [stdout] ---- src/hms/exec.rs - hms::exec::Client::exec_homescript_code (line 358) stdout ----
[INFO] [stdout] error[E0061]: this function takes 3 arguments but 2 arguments were supplied
[INFO] [stdout]   --> src/hms/exec.rs:364:18
[INFO] [stdout]    |
[INFO] [stdout] 8  |     let client = Client::new("foo", Auth::None).await.unwrap();
[INFO] [stdout]    |                  ^^^^^^^^^^^------------------- argument #3 of type `bool` is missing
[INFO] [stdout]    |
[INFO] [stdout] note: associated function defined here
[INFO] [stdout]   --> /opt/rustwide/workdir/src/client.rs:48:18
[INFO] [stdout]    |
[INFO] [stdout] 48 |     pub async fn new(raw_url: &str, auth: Auth, do_version_check: bool) -> Result<Self> {
[INFO] [stdout]    |                  ^^^
[INFO] [stdout] help: provide the argument
[INFO] [stdout]    |
[INFO] [stdout] 8  |     let client = Client::new("foo", Auth::None, /* bool */).await.unwrap();
[INFO] [stdout]    |                             ~~~~~~~~~~~~~~~~~~~~~~~~~~~~~~~
[INFO] [stdout] 
[INFO] [stdout] error[E0308]: mismatched types
[INFO] [stdout]    --> src/hms/exec.rs:369:13
[INFO] [stdout]     |
[INFO] [stdout] 10  |     let res = client.exec_homescript_code(
[INFO] [stdout]     |                      -------------------- arguments to this method are incorrect
[INFO] [stdout] ...
[INFO] [stdout] 13  |             false, /* If set to true, the code would only be linted instead of executed */
[INFO] [stdout]     |             ^^^^^ expected `HmsRunMode<'_>`, found `bool`
[INFO] [stdout]     |
[INFO] [stdout] note: method defined here
[INFO] [stdout]    --> /opt/rustwide/workdir/src/hms/exec.rs:372:18
[INFO] [stdout]     |
[INFO] [stdout] 372 |     pub async fn exec_homescript_code(
[INFO] [stdout]     |                  ^^^^^^^^^^^^^^^^^^^^
[INFO] [stdout] 
[INFO] [stdout] error: aborting due to 2 previous errors
[INFO] [stdout] 
[INFO] [stdout] Some errors have detailed explanations: E0061, E0308.
[INFO] [stdout] For more information about an error, try `rustc --explain E0061`.
[INFO] [stdout] Couldn't compile the test.
[INFO] [stdout] 
[INFO] [stdout] failures:
[INFO] [stdout]     src/export.rs - export::Client::export_config (line 18)
[INFO] [stdout]     src/hms/crud.rs - hms::crud::Client::create_homescript (line 41)
[INFO] [stdout]     src/hms/crud.rs - hms::crud::Client::delete_homescript (line 113)
[INFO] [stdout]     src/hms/crud.rs - hms::crud::Client::list_personal_homescripts (line 139)
[INFO] [stdout]     src/hms/crud.rs - hms::crud::Client::modify_homescript (line 77)
[INFO] [stdout]     src/hms/exec.rs - hms::exec::Client::exec_homescript (line 410)
[INFO] [stdout]     src/hms/exec.rs - hms::exec::Client::exec_homescript_code (line 358)
[INFO] [stdout]     src/power.rs - power::Client::all_switches (line 207)
[INFO] [stdout]     src/power.rs - power::Client::personal_switches (line 181)
[INFO] [stdout]     src/power.rs - power::Client::power_usage (line 230)
[INFO] [stdout]     src/power.rs - power::Client::set_power (line 149)
[INFO] [stdout]     src/room.rs - room::Client::personal_rooms (line 41)
[INFO] [stdout] 
[INFO] [stdout] test result: FAILED. 2 passed; 12 failed; 0 ignored; 0 measured; 0 filtered out; finished in 0.59s
[INFO] [stdout] 
[INFO] [stderr] error: doctest failed, to rerun pass `--doc`
[INFO] running `Command { std: "docker" "inspect" "e62b4a74f2f511ab114fcabea5a31ff087136a989d72d499458d894ed063ce8b", kill_on_drop: false }`
[INFO] running `Command { std: "docker" "rm" "-f" "e62b4a74f2f511ab114fcabea5a31ff087136a989d72d499458d894ed063ce8b", kill_on_drop: false }`
[INFO] [stdout] e62b4a74f2f511ab114fcabea5a31ff087136a989d72d499458d894ed063ce8b
