[INFO] fetching crate slow-scan-print 0.2.2...
[INFO] testing slow-scan-print-0.2.2 against beta-2024-12-08 for beta-1.84.0-4-retry
[INFO] extracting crate slow-scan-print 0.2.2 into /workspace/builds/worker-3-tc2/source
[INFO] validating manifest of crates.io crate slow-scan-print 0.2.2 on toolchain beta-2024-12-08
[INFO] running `Command { std: CARGO_HOME="/workspace/cargo-home" RUSTUP_HOME="/workspace/rustup-home" "/workspace/cargo-home/bin/cargo" "+beta-2024-12-08" "metadata" "--manifest-path" "Cargo.toml" "--no-deps", kill_on_drop: false }`
[INFO] started tweaking crates.io crate slow-scan-print 0.2.2
[INFO] finished tweaking crates.io crate slow-scan-print 0.2.2
[INFO] tweaked toml for crates.io crate slow-scan-print 0.2.2 written to /workspace/builds/worker-3-tc2/source/Cargo.toml
[INFO] crate crates.io crate slow-scan-print 0.2.2 already has a lockfile, it will not be regenerated
[INFO] running `Command { std: CARGO_HOME="/workspace/cargo-home" RUSTUP_HOME="/workspace/rustup-home" "/workspace/cargo-home/bin/cargo" "+beta-2024-12-08" "fetch" "--manifest-path" "Cargo.toml", kill_on_drop: false }`
[INFO] running `Command { std: "docker" "create" "-v" "/var/lib/crater-agent-workspace/builds/worker-3-tc2/target:/opt/rustwide/target:rw,Z" "-v" "/var/lib/crater-agent-workspace/builds/worker-3-tc2/source:/opt/rustwide/workdir:ro,Z" "-v" "/var/lib/crater-agent-workspace/cargo-home:/opt/rustwide/cargo-home:ro,Z" "-v" "/var/lib/crater-agent-workspace/rustup-home:/opt/rustwide/rustup-home:ro,Z" "-e" "SOURCE_DIR=/opt/rustwide/workdir" "-e" "CARGO_TARGET_DIR=/opt/rustwide/target" "-e" "CARGO_HOME=/opt/rustwide/cargo-home" "-e" "RUSTUP_HOME=/opt/rustwide/rustup-home" "-w" "/opt/rustwide/workdir" "-m" "1610612736" "--user" "0:0" "--network" "none" "ghcr.io/rust-lang/crates-build-env/linux@sha256:f3a9d4ad9d972b27faf3965f35b62e55ba32bbce8f20bc8fe909558a86702fde" "/opt/rustwide/cargo-home/bin/cargo" "+beta-2024-12-08" "metadata" "--no-deps" "--format-version=1", kill_on_drop: false }`
[INFO] [stdout] 9b7f45cca8c9edc1e4bf4b4390486f3f2d75aa6fa49594ac7f062e332adf7b1b
[INFO] running `Command { std: "docker" "start" "-a" "9b7f45cca8c9edc1e4bf4b4390486f3f2d75aa6fa49594ac7f062e332adf7b1b", kill_on_drop: false }`
[INFO] running `Command { std: "docker" "inspect" "9b7f45cca8c9edc1e4bf4b4390486f3f2d75aa6fa49594ac7f062e332adf7b1b", kill_on_drop: false }`
[INFO] running `Command { std: "docker" "rm" "-f" "9b7f45cca8c9edc1e4bf4b4390486f3f2d75aa6fa49594ac7f062e332adf7b1b", kill_on_drop: false }`
[INFO] [stdout] 9b7f45cca8c9edc1e4bf4b4390486f3f2d75aa6fa49594ac7f062e332adf7b1b
[INFO] running `Command { std: "docker" "create" "-v" "/var/lib/crater-agent-workspace/builds/worker-3-tc2/target:/opt/rustwide/target:rw,Z" "-v" "/var/lib/crater-agent-workspace/builds/worker-3-tc2/source:/opt/rustwide/workdir:ro,Z" "-v" "/var/lib/crater-agent-workspace/cargo-home:/opt/rustwide/cargo-home:ro,Z" "-v" "/var/lib/crater-agent-workspace/rustup-home:/opt/rustwide/rustup-home:ro,Z" "-e" "SOURCE_DIR=/opt/rustwide/workdir" "-e" "CARGO_TARGET_DIR=/opt/rustwide/target" "-e" "CARGO_INCREMENTAL=0" "-e" "RUST_BACKTRACE=full" "-e" "RUSTFLAGS=--cap-lints=warn" "-e" "RUSTDOCFLAGS=--cap-lints=warn" "-e" "CARGO_HOME=/opt/rustwide/cargo-home" "-e" "RUSTUP_HOME=/opt/rustwide/rustup-home" "-w" "/opt/rustwide/workdir" "-m" "1610612736" "--user" "0:0" "--network" "none" "ghcr.io/rust-lang/crates-build-env/linux@sha256:f3a9d4ad9d972b27faf3965f35b62e55ba32bbce8f20bc8fe909558a86702fde" "/opt/rustwide/cargo-home/bin/cargo" "+beta-2024-12-08" "build" "--frozen" "--message-format=json", kill_on_drop: false }`
[INFO] [stdout] 68dbf6796682ed2654db1ce491366eec10e5390a0aaaf28b2359e36c6fe6570b
[INFO] running `Command { std: "docker" "start" "-a" "68dbf6796682ed2654db1ce491366eec10e5390a0aaaf28b2359e36c6fe6570b", kill_on_drop: false }`
[INFO] [stderr]    Compiling proc-macro2 v1.0.85
[INFO] [stderr]    Compiling unicode-ident v1.0.12
[INFO] [stderr]    Compiling autocfg v1.3.0
[INFO] [stderr]    Compiling libc v0.2.155
[INFO] [stderr]    Compiling rustix v0.38.32
[INFO] [stderr]    Compiling linux-raw-sys v0.4.13
[INFO] [stderr]    Compiling utf8parse v0.2.2
[INFO] [stderr]    Compiling bitflags v2.5.0
[INFO] [stderr]    Compiling powerfmt v0.2.0
[INFO] [stderr]    Compiling unicode-width v0.1.13
[INFO] [stderr]    Compiling colorchoice v1.0.1
[INFO] [stderr]    Compiling rust_decimal v1.35.0
[INFO] [stderr]    Compiling thiserror v1.0.61
[INFO] [stderr]    Compiling anstyle-query v1.1.0
[INFO] [stderr]    Compiling anstyle v1.0.7
[INFO] [stderr]    Compiling unicase v2.7.0
[INFO] [stderr]    Compiling anstyle-parse v0.2.4
[INFO] [stderr]    Compiling serde v1.0.203
[INFO] [stderr]    Compiling is_terminal_polyfill v1.70.0
[INFO] [stderr]    Compiling deranged v0.3.11
[INFO] [stderr]    Compiling strsim v0.11.1
[INFO] [stderr]    Compiling signal-hook v0.3.17
[INFO] [stderr]    Compiling heck v0.5.0
[INFO] [stderr]    Compiling clap_lex v0.7.1
[INFO] [stderr]    Compiling anstream v0.6.14
[INFO] [stderr]    Compiling time-core v0.1.2
[INFO] [stderr]    Compiling num-conv v0.1.0
[INFO] [stderr]    Compiling arrayvec v0.7.4
[INFO] [stderr]    Compiling winnow v0.6.13
[INFO] [stderr]    Compiling num-traits v0.2.19
[INFO] [stderr]    Compiling quote v1.0.36
[INFO] [stderr]    Compiling time v0.3.36
[INFO] [stderr]    Compiling signal-hook-registry v1.4.2
[INFO] [stderr]    Compiling console v0.15.8
[INFO] [stderr]    Compiling syn v2.0.66
[INFO] [stderr]    Compiling terminal_size v0.3.0
[INFO] [stderr]    Compiling clap_builder v4.5.7
[INFO] [stderr]    Compiling chrono v0.4.38
[INFO] [stderr]    Compiling thiserror-impl v1.0.61
[INFO] [stderr]    Compiling serde_derive v1.0.203
[INFO] [stderr]    Compiling clap_derive v4.5.5
[INFO] [stderr]    Compiling clap v4.5.7
[INFO] [stderr]    Compiling duration-str v0.11.2
[INFO] [stderr]    Compiling slow-scan-print v0.2.2 (/opt/rustwide/workdir)
[INFO] [stderr]     Finished `dev` profile [unoptimized + debuginfo] target(s) in 24.45s
[INFO] running `Command { std: "docker" "inspect" "68dbf6796682ed2654db1ce491366eec10e5390a0aaaf28b2359e36c6fe6570b", kill_on_drop: false }`
[INFO] running `Command { std: "docker" "rm" "-f" "68dbf6796682ed2654db1ce491366eec10e5390a0aaaf28b2359e36c6fe6570b", kill_on_drop: false }`
[INFO] [stdout] 68dbf6796682ed2654db1ce491366eec10e5390a0aaaf28b2359e36c6fe6570b
[INFO] running `Command { std: "docker" "create" "-v" "/var/lib/crater-agent-workspace/builds/worker-3-tc2/target:/opt/rustwide/target:rw,Z" "-v" "/var/lib/crater-agent-workspace/builds/worker-3-tc2/source:/opt/rustwide/workdir:ro,Z" "-v" "/var/lib/crater-agent-workspace/cargo-home:/opt/rustwide/cargo-home:ro,Z" "-v" "/var/lib/crater-agent-workspace/rustup-home:/opt/rustwide/rustup-home:ro,Z" "-e" "SOURCE_DIR=/opt/rustwide/workdir" "-e" "CARGO_TARGET_DIR=/opt/rustwide/target" "-e" "CARGO_INCREMENTAL=0" "-e" "RUST_BACKTRACE=full" "-e" "RUSTFLAGS=--cap-lints=warn" "-e" "RUSTDOCFLAGS=--cap-lints=warn" "-e" "CARGO_HOME=/opt/rustwide/cargo-home" "-e" "RUSTUP_HOME=/opt/rustwide/rustup-home" "-w" "/opt/rustwide/workdir" "-m" "1610612736" "--user" "0:0" "--network" "none" "ghcr.io/rust-lang/crates-build-env/linux@sha256:f3a9d4ad9d972b27faf3965f35b62e55ba32bbce8f20bc8fe909558a86702fde" "/opt/rustwide/cargo-home/bin/cargo" "+beta-2024-12-08" "test" "--frozen" "--no-run" "--message-format=json", kill_on_drop: false }`
[INFO] [stdout] 2eb333ec8925930d5c6cfdd783ed5be3f18462624dee9a14175edcfc55409328
[INFO] running `Command { std: "docker" "start" "-a" "2eb333ec8925930d5c6cfdd783ed5be3f18462624dee9a14175edcfc55409328", kill_on_drop: false }`
[INFO] [stderr]    Compiling slow-scan-print v0.2.2 (/opt/rustwide/workdir)
[INFO] [stderr]     Finished `test` profile [unoptimized + debuginfo] target(s) in 0.74s
[INFO] running `Command { std: "docker" "inspect" "2eb333ec8925930d5c6cfdd783ed5be3f18462624dee9a14175edcfc55409328", kill_on_drop: false }`
[INFO] running `Command { std: "docker" "rm" "-f" "2eb333ec8925930d5c6cfdd783ed5be3f18462624dee9a14175edcfc55409328", kill_on_drop: false }`
[INFO] [stdout] 2eb333ec8925930d5c6cfdd783ed5be3f18462624dee9a14175edcfc55409328
[INFO] running `Command { std: "docker" "create" "-v" "/var/lib/crater-agent-workspace/builds/worker-3-tc2/target:/opt/rustwide/target:rw,Z" "-v" "/var/lib/crater-agent-workspace/builds/worker-3-tc2/source:/opt/rustwide/workdir:ro,Z" "-v" "/var/lib/crater-agent-workspace/cargo-home:/opt/rustwide/cargo-home:ro,Z" "-v" "/var/lib/crater-agent-workspace/rustup-home:/opt/rustwide/rustup-home:ro,Z" "-e" "SOURCE_DIR=/opt/rustwide/workdir" "-e" "CARGO_TARGET_DIR=/opt/rustwide/target" "-e" "CARGO_INCREMENTAL=0" "-e" "RUST_BACKTRACE=full" "-e" "RUSTFLAGS=--cap-lints=warn" "-e" "RUSTDOCFLAGS=--cap-lints=warn" "-e" "CARGO_HOME=/opt/rustwide/cargo-home" "-e" "RUSTUP_HOME=/opt/rustwide/rustup-home" "-w" "/opt/rustwide/workdir" "-m" "1610612736" "--user" "0:0" "--network" "none" "ghcr.io/rust-lang/crates-build-env/linux@sha256:f3a9d4ad9d972b27faf3965f35b62e55ba32bbce8f20bc8fe909558a86702fde" "/opt/rustwide/cargo-home/bin/cargo" "+beta-2024-12-08" "test" "--frozen", kill_on_drop: false }`
[INFO] [stdout] aa3434a80f4882ee37165f4d93fc20cf59a78b6bc3bb6bda6250730cb648072e
[INFO] running `Command { std: "docker" "start" "-a" "aa3434a80f4882ee37165f4d93fc20cf59a78b6bc3bb6bda6250730cb648072e", kill_on_drop: false }`
[INFO] [stderr]     Finished `test` profile [unoptimized + debuginfo] target(s) in 0.07s
[INFO] [stderr]      Running unittests src/lib.rs (/opt/rustwide/target/debug/deps/slow_scan_print-8ae4ae9f0e1c7737)
[INFO] [stdout] 
[INFO] [stdout] running 0 tests
[INFO] [stdout] 
[INFO] [stdout] test result: ok. 0 passed; 0 failed; 0 ignored; 0 measured; 0 filtered out; finished in 0.00s
[INFO] [stdout] 
[INFO] [stderr]      Running unittests src/main.rs (/opt/rustwide/target/debug/deps/slow_scan_print-4f6f04c7812d71f1)
[INFO] [stderr]    Doc-tests slow_scan_print
[INFO] [stdout] 
[INFO] [stdout] running 0 tests
[INFO] [stdout] 
[INFO] [stdout] test result: ok. 0 passed; 0 failed; 0 ignored; 0 measured; 0 filtered out; finished in 0.00s
[INFO] [stdout] 
[INFO] [stdout] 
[INFO] [stdout] running 1 test
[INFO] [stdout] test src/lib.rs - slow_scan_write (line 31) ... FAILED
[INFO] [stdout] 
[INFO] [stdout] failures:
[INFO] [stdout] 
[INFO] [stdout] ---- src/lib.rs - slow_scan_write (line 31) stdout ----
[INFO] [stdout] error[E0425]: cannot find function `slow_scan_write` in this scope
[INFO] [stdout]  --> src/lib.rs:36:1
[INFO] [stdout]   |
[INFO] [stdout] 7 | slow_scan_write("Hello World!".chars(), time::Duration::from_secs(1), &mut stdout).unwrap();
[INFO] [stdout]   | ^^^^^^^^^^^^^^^ not found in this scope
[INFO] [stdout]   |
[INFO] [stdout] help: consider importing this function
[INFO] [stdout]   |
[INFO] [stdout] 2 + use slow_scan_print::slow_scan_write;
[INFO] [stdout]   |
[INFO] [stdout] 
[INFO] [stdout] error: aborting due to 1 previous error
[INFO] [stdout] 
[INFO] [stdout] For more information about this error, try `rustc --explain E0425`.
[INFO] [stdout] Couldn't compile the test.
[INFO] [stdout] 
[INFO] [stdout] failures:
[INFO] [stdout]     src/lib.rs - slow_scan_write (line 31)
[INFO] [stdout] 
[INFO] [stdout] test result: FAILED. 0 passed; 1 failed; 0 ignored; 0 measured; 0 filtered out; finished in 0.08s
[INFO] [stdout] 
[INFO] [stderr] error: doctest failed, to rerun pass `--doc`
[INFO] running `Command { std: "docker" "inspect" "aa3434a80f4882ee37165f4d93fc20cf59a78b6bc3bb6bda6250730cb648072e", kill_on_drop: false }`
[INFO] running `Command { std: "docker" "rm" "-f" "aa3434a80f4882ee37165f4d93fc20cf59a78b6bc3bb6bda6250730cb648072e", kill_on_drop: false }`
[INFO] [stdout] aa3434a80f4882ee37165f4d93fc20cf59a78b6bc3bb6bda6250730cb648072e
