[INFO] fetching crate simple_pg_pool 0.17.1...
[INFO] testing simple_pg_pool-0.17.1 against 1.83.0 for beta-1.84.0-4-retry
[INFO] extracting crate simple_pg_pool 0.17.1 into /workspace/builds/worker-6-tc1/source
[INFO] validating manifest of crates.io crate simple_pg_pool 0.17.1 on toolchain 1.83.0
[INFO] running `Command { std: CARGO_HOME="/workspace/cargo-home" RUSTUP_HOME="/workspace/rustup-home" "/workspace/cargo-home/bin/cargo" "+1.83.0" "metadata" "--manifest-path" "Cargo.toml" "--no-deps", kill_on_drop: false }`
[INFO] started tweaking crates.io crate simple_pg_pool 0.17.1
[INFO] finished tweaking crates.io crate simple_pg_pool 0.17.1
[INFO] tweaked toml for crates.io crate simple_pg_pool 0.17.1 written to /workspace/builds/worker-6-tc1/source/Cargo.toml
[INFO] running `Command { std: CARGO_HOME="/workspace/cargo-home" RUSTUP_HOME="/workspace/rustup-home" "/workspace/cargo-home/bin/cargo" "+1.83.0" "generate-lockfile" "--manifest-path" "Cargo.toml", kill_on_drop: false }`
[INFO] [stderr]     Updating crates.io index
[INFO] [stderr]      Locking 131 packages to latest compatible versions
[INFO] [stderr]       Adding config v0.13.4 (available: v0.14.1)
[INFO] running `Command { std: CARGO_HOME="/workspace/cargo-home" RUSTUP_HOME="/workspace/rustup-home" "/workspace/cargo-home/bin/cargo" "+1.83.0" "fetch" "--manifest-path" "Cargo.toml", kill_on_drop: false }`
[INFO] [stderr]  Downloading crates ...
[INFO] [stderr]   Downloaded simple_pg_client v0.5.3
[INFO] [stderr]   Downloaded atomic_fn v0.2.1
[INFO] running `Command { std: "docker" "create" "-v" "/var/lib/crater-agent-workspace/builds/worker-6-tc1/target:/opt/rustwide/target:rw,Z" "-v" "/var/lib/crater-agent-workspace/builds/worker-6-tc1/source:/opt/rustwide/workdir:ro,Z" "-v" "/var/lib/crater-agent-workspace/cargo-home:/opt/rustwide/cargo-home:ro,Z" "-v" "/var/lib/crater-agent-workspace/rustup-home:/opt/rustwide/rustup-home:ro,Z" "-e" "SOURCE_DIR=/opt/rustwide/workdir" "-e" "CARGO_TARGET_DIR=/opt/rustwide/target" "-e" "CARGO_HOME=/opt/rustwide/cargo-home" "-e" "RUSTUP_HOME=/opt/rustwide/rustup-home" "-w" "/opt/rustwide/workdir" "-m" "1610612736" "--user" "0:0" "--network" "none" "ghcr.io/rust-lang/crates-build-env/linux@sha256:f3a9d4ad9d972b27faf3965f35b62e55ba32bbce8f20bc8fe909558a86702fde" "/opt/rustwide/cargo-home/bin/cargo" "+1.83.0" "metadata" "--no-deps" "--format-version=1", kill_on_drop: false }`
[INFO] [stdout] b20a131e0e5d2e1344654ad457512716e1f00e8471681256c5686eb2d993f7bd
[INFO] running `Command { std: "docker" "start" "-a" "b20a131e0e5d2e1344654ad457512716e1f00e8471681256c5686eb2d993f7bd", kill_on_drop: false }`
[INFO] running `Command { std: "docker" "inspect" "b20a131e0e5d2e1344654ad457512716e1f00e8471681256c5686eb2d993f7bd", kill_on_drop: false }`
[INFO] running `Command { std: "docker" "rm" "-f" "b20a131e0e5d2e1344654ad457512716e1f00e8471681256c5686eb2d993f7bd", kill_on_drop: false }`
[INFO] [stdout] b20a131e0e5d2e1344654ad457512716e1f00e8471681256c5686eb2d993f7bd
[INFO] running `Command { std: "docker" "create" "-v" "/var/lib/crater-agent-workspace/builds/worker-6-tc1/target:/opt/rustwide/target:rw,Z" "-v" "/var/lib/crater-agent-workspace/builds/worker-6-tc1/source:/opt/rustwide/workdir:ro,Z" "-v" "/var/lib/crater-agent-workspace/cargo-home:/opt/rustwide/cargo-home:ro,Z" "-v" "/var/lib/crater-agent-workspace/rustup-home:/opt/rustwide/rustup-home:ro,Z" "-e" "SOURCE_DIR=/opt/rustwide/workdir" "-e" "CARGO_TARGET_DIR=/opt/rustwide/target" "-e" "CARGO_INCREMENTAL=0" "-e" "RUST_BACKTRACE=full" "-e" "RUSTFLAGS=--cap-lints=warn" "-e" "RUSTDOCFLAGS=--cap-lints=warn" "-e" "CARGO_HOME=/opt/rustwide/cargo-home" "-e" "RUSTUP_HOME=/opt/rustwide/rustup-home" "-w" "/opt/rustwide/workdir" "-m" "1610612736" "--user" "0:0" "--network" "none" "ghcr.io/rust-lang/crates-build-env/linux@sha256:f3a9d4ad9d972b27faf3965f35b62e55ba32bbce8f20bc8fe909558a86702fde" "/opt/rustwide/cargo-home/bin/cargo" "+1.83.0" "build" "--frozen" "--message-format=json", kill_on_drop: false }`
[INFO] [stdout] 7982b2efd51676e38bea37882730f1355ab5140ba54c552ee391a55e8bae5677
[INFO] running `Command { std: "docker" "start" "-a" "7982b2efd51676e38bea37882730f1355ab5140ba54c552ee391a55e8bae5677", kill_on_drop: false }`
[INFO] [stderr]    Compiling libc v0.2.168
[INFO] [stderr]    Compiling proc-macro2 v1.0.92
[INFO] [stderr]    Compiling unicode-ident v1.0.14
[INFO] [stderr]    Compiling version_check v0.9.5
[INFO] [stderr]    Compiling typenum v1.17.0
[INFO] [stderr]    Compiling cfg-if v1.0.0
[INFO] [stderr]    Compiling autocfg v1.4.0
[INFO] [stderr]    Compiling subtle v2.6.1
[INFO] [stderr]    Compiling byteorder v1.5.0
[INFO] [stderr]    Compiling tinyvec_macros v0.1.1
[INFO] [stderr]    Compiling bytes v1.9.0
[INFO] [stderr]    Compiling unicode-properties v0.1.3
[INFO] [stderr]    Compiling futures-core v0.3.31
[INFO] [stderr]    Compiling parking_lot_core v0.9.10
[INFO] [stderr]    Compiling cpufeatures v0.2.16
[INFO] [stderr]    Compiling pin-project-lite v0.2.15
[INFO] [stderr]    Compiling unicode-bidi v0.3.17
[INFO] [stderr]    Compiling tinyvec v1.8.0
[INFO] [stderr]    Compiling futures-sink v0.3.31
[INFO] [stderr]    Compiling smallvec v1.13.2
[INFO] [stderr]    Compiling siphasher v0.3.11
[INFO] [stderr]    Compiling fallible-iterator v0.2.0
[INFO] [stderr]    Compiling scopeguard v1.2.0
[INFO] [stderr]    Compiling memchr v2.7.4
[INFO] [stderr]    Compiling base64 v0.22.1
[INFO] [stderr]    Compiling phf_shared v0.11.2
[INFO] [stderr]    Compiling pin-utils v0.1.0
[INFO] [stderr]    Compiling futures-task v0.3.31
[INFO] [stderr]    Compiling futures-channel v0.3.31
[INFO] [stderr]    Compiling log v0.4.22
[INFO] [stderr]    Compiling generic-array v0.14.7
[INFO] [stderr]    Compiling phf v0.11.2
[INFO] [stderr]    Compiling whoami v1.5.2
[INFO] [stderr]    Compiling atomic_fn v0.2.1
[INFO] [stderr]    Compiling percent-encoding v2.3.1
[INFO] [stderr]    Compiling lock_api v0.4.12
[INFO] [stderr]    Compiling slab v0.4.9
[INFO] [stderr]    Compiling unicode-normalization v0.1.24
[INFO] [stderr]    Compiling quote v1.0.37
[INFO] [stderr]    Compiling getrandom v0.2.15
[INFO] [stderr]    Compiling socket2 v0.5.8
[INFO] [stderr]    Compiling mio v1.0.3
[INFO] [stderr]    Compiling num_cpus v1.16.0
[INFO] [stderr]    Compiling stringprep v0.1.5
[INFO] [stderr]    Compiling syn v2.0.90
[INFO] [stderr]    Compiling rand_core v0.6.4
[INFO] [stderr]    Compiling parking_lot v0.12.3
[INFO] [stderr]    Compiling tokio v1.42.0
[INFO] [stderr]    Compiling block-buffer v0.10.4
[INFO] [stderr]    Compiling crypto-common v0.1.6
[INFO] [stderr]    Compiling digest v0.10.7
[INFO] [stderr]    Compiling sha2 v0.10.8
[INFO] [stderr]    Compiling hmac v0.12.1
[INFO] [stderr]    Compiling md-5 v0.10.6
[INFO] [stderr]    Compiling zerocopy-derive v0.7.35
[INFO] [stderr]    Compiling futures-macro v0.3.31
[INFO] [stderr]    Compiling futures-util v0.3.31
[INFO] [stderr]    Compiling zerocopy v0.7.35
[INFO] [stderr]    Compiling ppv-lite86 v0.2.20
[INFO] [stderr]    Compiling rand_chacha v0.3.1
[INFO] [stderr]    Compiling rand v0.8.5
[INFO] [stderr]    Compiling tokio-util v0.7.13
[INFO] [stderr]    Compiling postgres-protocol v0.6.7
[INFO] [stderr]    Compiling postgres-types v0.2.8
[INFO] [stderr]    Compiling simple_pg_client v0.5.3
[INFO] [stderr]    Compiling simple_pg_pool v0.17.1 (/opt/rustwide/workdir)
[INFO] [stderr]     Finished `dev` profile [unoptimized + debuginfo] target(s) in 18.73s
[INFO] running `Command { std: "docker" "inspect" "7982b2efd51676e38bea37882730f1355ab5140ba54c552ee391a55e8bae5677", kill_on_drop: false }`
[INFO] running `Command { std: "docker" "rm" "-f" "7982b2efd51676e38bea37882730f1355ab5140ba54c552ee391a55e8bae5677", kill_on_drop: false }`
[INFO] [stdout] 7982b2efd51676e38bea37882730f1355ab5140ba54c552ee391a55e8bae5677
[INFO] running `Command { std: "docker" "create" "-v" "/var/lib/crater-agent-workspace/builds/worker-6-tc1/target:/opt/rustwide/target:rw,Z" "-v" "/var/lib/crater-agent-workspace/builds/worker-6-tc1/source:/opt/rustwide/workdir:ro,Z" "-v" "/var/lib/crater-agent-workspace/cargo-home:/opt/rustwide/cargo-home:ro,Z" "-v" "/var/lib/crater-agent-workspace/rustup-home:/opt/rustwide/rustup-home:ro,Z" "-e" "SOURCE_DIR=/opt/rustwide/workdir" "-e" "CARGO_TARGET_DIR=/opt/rustwide/target" "-e" "CARGO_INCREMENTAL=0" "-e" "RUST_BACKTRACE=full" "-e" "RUSTFLAGS=--cap-lints=warn" "-e" "RUSTDOCFLAGS=--cap-lints=warn" "-e" "CARGO_HOME=/opt/rustwide/cargo-home" "-e" "RUSTUP_HOME=/opt/rustwide/rustup-home" "-w" "/opt/rustwide/workdir" "-m" "1610612736" "--user" "0:0" "--network" "none" "ghcr.io/rust-lang/crates-build-env/linux@sha256:f3a9d4ad9d972b27faf3965f35b62e55ba32bbce8f20bc8fe909558a86702fde" "/opt/rustwide/cargo-home/bin/cargo" "+1.83.0" "test" "--frozen" "--no-run" "--message-format=json", kill_on_drop: false }`
[INFO] [stdout] bddd3881b5cdaeb485b214f9ae66781f781b9526972131d2ae77dd5ef659b610
[INFO] running `Command { std: "docker" "start" "-a" "bddd3881b5cdaeb485b214f9ae66781f781b9526972131d2ae77dd5ef659b610", kill_on_drop: false }`
[INFO] [stderr]    Compiling thiserror v2.0.7
[INFO] [stderr]    Compiling serde v1.0.216
[INFO] [stderr]    Compiling ahash v0.7.8
[INFO] [stderr]    Compiling ucd-trie v0.1.7
[INFO] [stderr]    Compiling once_cell v1.20.2
[INFO] [stderr]    Compiling futures-io v0.3.31
[INFO] [stderr]    Compiling syn v2.0.90
[INFO] [stderr]    Compiling serde_json v1.0.133
[INFO] [stderr]    Compiling dlv-list v0.3.0
[INFO] [stderr]    Compiling minimal-lexical v0.2.1
[INFO] [stderr]    Compiling linked-hash-map v0.5.6
[INFO] [stderr]    Compiling ryu v1.0.18
[INFO] [stderr]    Compiling base64 v0.13.1
[INFO] [stderr]    Compiling itoa v1.0.14
[INFO] [stderr]    Compiling bitflags v1.3.2
[INFO] [stderr]    Compiling lazy_static v1.5.0
[INFO] [stderr]    Compiling pathdiff v0.2.3
[INFO] [stderr]    Compiling yaml-rust v0.4.5
[INFO] [stderr]    Compiling dotenv v0.15.0
[INFO] [stderr]    Compiling nom v7.1.3
[INFO] [stderr]    Compiling hashbrown v0.12.3
[INFO] [stderr]    Compiling ordered-multimap v0.4.3
[INFO] [stderr]    Compiling rust-ini v0.18.0
[INFO] [stderr]    Compiling zerocopy-derive v0.7.35
[INFO] [stderr]    Compiling thiserror-impl v2.0.7
[INFO] [stderr]    Compiling serde_derive v1.0.216
[INFO] [stderr]    Compiling futures-macro v0.3.31
[INFO] [stderr]    Compiling tokio-macros v2.4.0
[INFO] [stderr]    Compiling async-trait v0.1.83
[INFO] [stderr]    Compiling tokio v1.42.0
[INFO] [stderr]    Compiling futures-util v0.3.31
[INFO] [stderr]    Compiling pest v2.7.15
[INFO] [stderr]    Compiling zerocopy v0.7.35
[INFO] [stderr]    Compiling ppv-lite86 v0.2.20
[INFO] [stderr]    Compiling rand_chacha v0.3.1
[INFO] [stderr]    Compiling rand v0.8.5
[INFO] [stderr]    Compiling pest_meta v2.7.15
[INFO] [stderr]    Compiling postgres-protocol v0.6.7
[INFO] [stderr]    Compiling postgres-types v0.2.8
[INFO] [stderr]    Compiling pest_generator v2.7.15
[INFO] [stderr]    Compiling futures-executor v0.3.31
[INFO] [stderr]    Compiling futures v0.3.31
[INFO] [stderr]    Compiling pest_derive v2.7.15
[INFO] [stderr]    Compiling tokio-util v0.7.13
[INFO] [stderr]    Compiling simple_pg_client v0.5.3
[INFO] [stderr]    Compiling ron v0.7.1
[INFO] [stderr]    Compiling json5 v0.4.1
[INFO] [stderr]    Compiling toml v0.5.11
[INFO] [stderr]    Compiling simple_pg_pool v0.17.1 (/opt/rustwide/workdir)
[INFO] [stderr]    Compiling config v0.13.4
[INFO] [stderr]     Finished `test` profile [unoptimized + debuginfo] target(s) in 27.45s
[INFO] running `Command { std: "docker" "inspect" "bddd3881b5cdaeb485b214f9ae66781f781b9526972131d2ae77dd5ef659b610", kill_on_drop: false }`
[INFO] running `Command { std: "docker" "rm" "-f" "bddd3881b5cdaeb485b214f9ae66781f781b9526972131d2ae77dd5ef659b610", kill_on_drop: false }`
[INFO] [stdout] bddd3881b5cdaeb485b214f9ae66781f781b9526972131d2ae77dd5ef659b610
[INFO] running `Command { std: "docker" "create" "-v" "/var/lib/crater-agent-workspace/builds/worker-6-tc1/target:/opt/rustwide/target:rw,Z" "-v" "/var/lib/crater-agent-workspace/builds/worker-6-tc1/source:/opt/rustwide/workdir:ro,Z" "-v" "/var/lib/crater-agent-workspace/cargo-home:/opt/rustwide/cargo-home:ro,Z" "-v" "/var/lib/crater-agent-workspace/rustup-home:/opt/rustwide/rustup-home:ro,Z" "-e" "SOURCE_DIR=/opt/rustwide/workdir" "-e" "CARGO_TARGET_DIR=/opt/rustwide/target" "-e" "CARGO_INCREMENTAL=0" "-e" "RUST_BACKTRACE=full" "-e" "RUSTFLAGS=--cap-lints=warn" "-e" "RUSTDOCFLAGS=--cap-lints=warn" "-e" "CARGO_HOME=/opt/rustwide/cargo-home" "-e" "RUSTUP_HOME=/opt/rustwide/rustup-home" "-w" "/opt/rustwide/workdir" "-m" "1610612736" "--user" "0:0" "--network" "none" "ghcr.io/rust-lang/crates-build-env/linux@sha256:f3a9d4ad9d972b27faf3965f35b62e55ba32bbce8f20bc8fe909558a86702fde" "/opt/rustwide/cargo-home/bin/cargo" "+1.83.0" "test" "--frozen", kill_on_drop: false }`
[INFO] [stdout] 81057454f42484801c4ed8c5393eae9887fae7df2175116795b6b51759f4f1f7
[INFO] running `Command { std: "docker" "start" "-a" "81057454f42484801c4ed8c5393eae9887fae7df2175116795b6b51759f4f1f7", kill_on_drop: false }`
[INFO] [stderr]     Finished `test` profile [unoptimized + debuginfo] target(s) in 0.16s
[INFO] [stderr]      Running unittests src/lib.rs (/opt/rustwide/target/debug/deps/simple_pg_pool-e9b9fcc075c186c7)
[INFO] [stdout] 
[INFO] [stdout] running 2 tests
[INFO] [stdout] test deadpool::managed::dropguard::test_dropguard_disarm ... ok
[INFO] [stdout] test deadpool::managed::dropguard::test_dropguard_drop ... ok
[INFO] [stdout] 
[INFO] [stdout] test result: ok. 2 passed; 0 failed; 0 ignored; 0 measured; 0 filtered out; finished in 0.00s
[INFO] [stdout] 
[INFO] [stderr]    Doc-tests simple_pg_pool
[INFO] [stdout] 
[INFO] [stdout] running 5 tests
[INFO] [stdout] test src/deadpool/managed/mod.rs - deadpool::managed::Pool::retain (line 398) ... ignored
[INFO] [stdout] test src/lib.rs - StatementCache (line 260) ... ignored
[INFO] [stdout] test src/../README.md - (line 34) - compile ... FAILED
[INFO] [stdout] test src/../README.md - (line 104) - compile ... FAILED
[INFO] [stdout] test src/../README.md - (line 61) ... FAILED
[INFO] [stderr] error: doctest failed, to rerun pass `--doc`
[INFO] [stdout] 
[INFO] [stdout] failures:
[INFO] [stdout] 
[INFO] [stdout] ---- src/../README.md - (line 34) stdout ----
[INFO] [stdout] error[E0432]: unresolved import `simple_pg_pool::Runtime`
[INFO] [stdout]  --> src/../README.md:36:77
[INFO] [stdout]   |
[INFO] [stdout] 4 | use simple_pg_pool::{Config, Manager, ManagerConfig, Pool, RecyclingMethod, Runtime};
[INFO] [stdout]   |                                                                             ^^^^^^^ no `Runtime` in the root
[INFO] [stdout]   |
[INFO] [stdout]   = help: consider importing this struct instead:
[INFO] [stdout]           tokio::runtime::Runtime
[INFO] [stdout] 
[INFO] [stdout] error[E0061]: this method takes 0 arguments but 2 arguments were supplied
[INFO] [stdout]    --> src/../README.md:44:20
[INFO] [stdout]     |
[INFO] [stdout] 12  |     let pool = cfg.create_pool(Some(Runtime::Tokio1), NoTls).unwrap();
[INFO] [stdout]     |                    ^^^^^^^^^^^ ---------------------  ----- unexpected argument #2 of type `NoTls`
[INFO] [stdout]     |                                |
[INFO] [stdout]     |                                unexpected argument #1
[INFO] [stdout]     |
[INFO] [stdout] note: method defined here
[INFO] [stdout]    --> /opt/rustwide/workdir/src/config.rs:125:12
[INFO] [stdout]     |
[INFO] [stdout] 125 |     pub fn create_pool(&self) -> Result<Pool, CreatePoolError> {
[INFO] [stdout]     |            ^^^^^^^^^^^
[INFO] [stdout] help: remove the extra arguments
[INFO] [stdout]     |
[INFO] [stdout] 12  -     let pool = cfg.create_pool(Some(Runtime::Tokio1), NoTls).unwrap();
[INFO] [stdout] 12  +     let pool = cfg.create_pool().unwrap();
[INFO] [stdout]     |
[INFO] [stdout] 
[INFO] [stdout] error[E0308]: mismatched types
[INFO] [stdout]   --> src/../README.md:49:26
[INFO] [stdout]    |
[INFO] [stdout] 17 |         let value: i32 = rows[0].get(0);
[INFO] [stdout]    |                    ---   ^^^^^^^^^^^^^^ expected `i32`, found `Result<_, Error>`
[INFO] [stdout]    |                    |
[INFO] [stdout]    |                    expected due to this
[INFO] [stdout]    |
[INFO] [stdout]    = note: expected type `i32`
[INFO] [stdout]               found enum `Result<_, simple_pg_client::Error>`
[INFO] [stdout] help: consider using `Result::expect` to unwrap the `Result<_, simple_pg_client::Error>` value, panicking if the value is a `Result::Err`
[INFO] [stdout]    |
[INFO] [stdout] 17 |         let value: i32 = rows[0].get(0).expect("REASON");
[INFO] [stdout]    |                                        +++++++++++++++++
[INFO] [stdout] 
[INFO] [stdout] error: aborting due to 3 previous errors
[INFO] [stdout] 
[INFO] [stdout] Some errors have detailed explanations: E0061, E0308, E0432.
[INFO] [stdout] For more information about an error, try `rustc --explain E0061`.
[INFO] [stdout] Couldn't compile the test.
[INFO] [stdout] ---- src/../README.md - (line 104) stdout ----
[INFO] [stdout] error[E0308]: mismatched types
[INFO] [stdout]   --> src/../README.md:126:26
[INFO] [stdout]    |
[INFO] [stdout] 24 |         let value: i32 = rows[0].get(0);
[INFO] [stdout]    |                    ---   ^^^^^^^^^^^^^^ expected `i32`, found `Result<_, Error>`
[INFO] [stdout]    |                    |
[INFO] [stdout]    |                    expected due to this
[INFO] [stdout]    |
[INFO] [stdout]    = note: expected type `i32`
[INFO] [stdout]               found enum `Result<_, simple_pg_client::Error>`
[INFO] [stdout] help: consider using `Result::expect` to unwrap the `Result<_, simple_pg_client::Error>` value, panicking if the value is a `Result::Err`
[INFO] [stdout]    |
[INFO] [stdout] 24 |         let value: i32 = rows[0].get(0).expect("REASON");
[INFO] [stdout]    |                                        +++++++++++++++++
[INFO] [stdout] 
[INFO] [stdout] error: aborting due to 1 previous error
[INFO] [stdout] 
[INFO] [stdout] For more information about this error, try `rustc --explain E0308`.
[INFO] [stdout] Couldn't compile the test.
[INFO] [stdout] ---- src/../README.md - (line 61) stdout ----
[INFO] [stdout] error[E0432]: unresolved import `simple_pg_pool::Runtime`
[INFO] [stdout]  --> src/../README.md:63:37
[INFO] [stdout]   |
[INFO] [stdout] 4 | use simple_pg_pool::{Manager, Pool, Runtime};
[INFO] [stdout]   |                                     ^^^^^^^ no `Runtime` in the root
[INFO] [stdout]   |
[INFO] [stdout]   = help: consider importing this struct instead:
[INFO] [stdout]           tokio::runtime::Runtime
[INFO] [stdout] 
[INFO] [stdout] error[E0432]: unresolved import `serde_1`
[INFO] [stdout]  --> src/../README.md:65:5
[INFO] [stdout]   |
[INFO] [stdout] 6 | use serde_1 as serde;
[INFO] [stdout]   |     ^^^^^^^^^^^^^^^^ no external crate `serde_1`
[INFO] [stdout] 
[INFO] [stdout] error[E0277]: the trait bound `Config: serde::de::Deserialize<'_>` is not satisfied
[INFO] [stdout]    --> src/../README.md:79:13
[INFO] [stdout]     |
[INFO] [stdout] 20  |            .try_deserialize()
[INFO] [stdout]     |             ^^^^^^^^^^^^^^^ the trait `serde::de::Deserialize<'_>` is not implemented for `Config`
[INFO] [stdout]     |
[INFO] [stdout]     = note: for local types consider adding `#[derive(serde::Deserialize)]` to your `Config` type
[INFO] [stdout]     = note: for types from other crates check whether the crate offers a `serde` feature flag
[INFO] [stdout]     = help: the following other types implement trait `serde::de::Deserialize<'de>`:
[INFO] [stdout]               &'a Path
[INFO] [stdout]               &'a [u8]
[INFO] [stdout]               &'a str
[INFO] [stdout]               ()
[INFO] [stdout]               (T,)
[INFO] [stdout]               (T0, T1)
[INFO] [stdout]               (T0, T1, T2)
[INFO] [stdout]               (T0, T1, T2, T3)
[INFO] [stdout]             and 154 others
[INFO] [stdout] note: required by a bound in `config::Config::try_deserialize`
[INFO] [stdout]    --> /opt/rustwide/cargo-home/registry/src/index.crates.io-6f17d22bba15001f/config-0.13.4/src/config.rs:193:36
[INFO] [stdout]     |
[INFO] [stdout] 193 |     pub fn try_deserialize<'de, T: Deserialize<'de>>(self) -> Result<T> {
[INFO] [stdout]     |                                    ^^^^^^^^^^^^^^^^ required by this bound in `Config::try_deserialize`
[INFO] [stdout] 
[INFO] [stdout] error[E0061]: this method takes 0 arguments but 2 arguments were supplied
[INFO] [stdout]    --> src/../README.md:87:23
[INFO] [stdout]     |
[INFO] [stdout] 28  |     let pool = cfg.pg.create_pool(Some(Runtime::Tokio1), NoTls).unwrap();
[INFO] [stdout]     |                       ^^^^^^^^^^^ ---------------------  ----- unexpected argument #2 of type `NoTls`
[INFO] [stdout]     |                                   |
[INFO] [stdout]     |                                   unexpected argument #1
[INFO] [stdout]     |
[INFO] [stdout] note: method defined here
[INFO] [stdout]    --> /opt/rustwide/workdir/src/config.rs:125:12
[INFO] [stdout]     |
[INFO] [stdout] 125 |     pub fn create_pool(&self) -> Result<Pool, CreatePoolError> {
[INFO] [stdout]     |            ^^^^^^^^^^^
[INFO] [stdout] help: remove the extra arguments
[INFO] [stdout]     |
[INFO] [stdout] 28  -     let pool = cfg.pg.create_pool(Some(Runtime::Tokio1), NoTls).unwrap();
[INFO] [stdout] 28  +     let pool = cfg.pg.create_pool().unwrap();
[INFO] [stdout]     |
[INFO] [stdout] 
[INFO] [stdout] error[E0308]: mismatched types
[INFO] [stdout]   --> src/../README.md:92:26
[INFO] [stdout]    |
[INFO] [stdout] 33 |         let value: i32 = rows[0].get(0);
[INFO] [stdout]    |                    ---   ^^^^^^^^^^^^^^ expected `i32`, found `Result<_, Error>`
[INFO] [stdout]    |                    |
[INFO] [stdout]    |                    expected due to this
[INFO] [stdout]    |
[INFO] [stdout]    = note: expected type `i32`
[INFO] [stdout]               found enum `Result<_, simple_pg_client::Error>`
[INFO] [stdout] help: consider using `Result::expect` to unwrap the `Result<_, simple_pg_client::Error>` value, panicking if the value is a `Result::Err`
[INFO] [stdout]    |
[INFO] [stdout] 33 |         let value: i32 = rows[0].get(0).expect("REASON");
[INFO] [stdout]    |                                        +++++++++++++++++
[INFO] [stdout] 
[INFO] [stdout] error: aborting due to 5 previous errors
[INFO] [stdout] 
[INFO] [stdout] Some errors have detailed explanations: E0061, E0277, E0308, E0432.
[INFO] [stdout] For more information about an error, try `rustc --explain E0061`.
[INFO] [stdout] Couldn't compile the test.
[INFO] [stdout] 
[INFO] [stdout] failures:
[INFO] [stdout]     src/../README.md - (line 104)
[INFO] [stdout]     src/../README.md - (line 34)
[INFO] [stdout]     src/../README.md - (line 61)
[INFO] [stdout] 
[INFO] [stdout] test result: FAILED. 0 passed; 3 failed; 2 ignored; 0 measured; 0 filtered out; finished in 0.27s
[INFO] [stdout] 
[INFO] running `Command { std: "docker" "inspect" "81057454f42484801c4ed8c5393eae9887fae7df2175116795b6b51759f4f1f7", kill_on_drop: false }`
[INFO] running `Command { std: "docker" "rm" "-f" "81057454f42484801c4ed8c5393eae9887fae7df2175116795b6b51759f4f1f7", kill_on_drop: false }`
[INFO] [stdout] 81057454f42484801c4ed8c5393eae9887fae7df2175116795b6b51759f4f1f7
