[INFO] fetching crate sigma-rust 0.3.0...
[INFO] testing sigma-rust-0.3.0 against beta-2024-12-08 for beta-1.84.0-4-retry
[INFO] extracting crate sigma-rust 0.3.0 into /workspace/builds/worker-6-tc2/source
[INFO] validating manifest of crates.io crate sigma-rust 0.3.0 on toolchain beta-2024-12-08
[INFO] running `Command { std: CARGO_HOME="/workspace/cargo-home" RUSTUP_HOME="/workspace/rustup-home" "/workspace/cargo-home/bin/cargo" "+beta-2024-12-08" "metadata" "--manifest-path" "Cargo.toml" "--no-deps", kill_on_drop: false }`
[INFO] started tweaking crates.io crate sigma-rust 0.3.0
[INFO] removed 0 missing examples
[INFO] removed 0 missing tests
[INFO] finished tweaking crates.io crate sigma-rust 0.3.0
[INFO] tweaked toml for crates.io crate sigma-rust 0.3.0 written to /workspace/builds/worker-6-tc2/source/Cargo.toml
[INFO] crate crates.io crate sigma-rust 0.3.0 already has a lockfile, it will not be regenerated
[INFO] running `Command { std: CARGO_HOME="/workspace/cargo-home" RUSTUP_HOME="/workspace/rustup-home" "/workspace/cargo-home/bin/cargo" "+beta-2024-12-08" "fetch" "--manifest-path" "Cargo.toml", kill_on_drop: false }`
[INFO] running `Command { std: "docker" "create" "-v" "/var/lib/crater-agent-workspace/builds/worker-6-tc2/target:/opt/rustwide/target:rw,Z" "-v" "/var/lib/crater-agent-workspace/builds/worker-6-tc2/source:/opt/rustwide/workdir:ro,Z" "-v" "/var/lib/crater-agent-workspace/cargo-home:/opt/rustwide/cargo-home:ro,Z" "-v" "/var/lib/crater-agent-workspace/rustup-home:/opt/rustwide/rustup-home:ro,Z" "-e" "SOURCE_DIR=/opt/rustwide/workdir" "-e" "CARGO_TARGET_DIR=/opt/rustwide/target" "-e" "CARGO_HOME=/opt/rustwide/cargo-home" "-e" "RUSTUP_HOME=/opt/rustwide/rustup-home" "-w" "/opt/rustwide/workdir" "-m" "1610612736" "--user" "0:0" "--network" "none" "ghcr.io/rust-lang/crates-build-env/linux@sha256:f3a9d4ad9d972b27faf3965f35b62e55ba32bbce8f20bc8fe909558a86702fde" "/opt/rustwide/cargo-home/bin/cargo" "+beta-2024-12-08" "metadata" "--no-deps" "--format-version=1", kill_on_drop: false }`
[INFO] [stdout] d319454f6462c2fe6eef5eebb50c0d3bdc8a0424dfdf5e5a1cf141739329e741
[INFO] running `Command { std: "docker" "start" "-a" "d319454f6462c2fe6eef5eebb50c0d3bdc8a0424dfdf5e5a1cf141739329e741", kill_on_drop: false }`
[INFO] running `Command { std: "docker" "inspect" "d319454f6462c2fe6eef5eebb50c0d3bdc8a0424dfdf5e5a1cf141739329e741", kill_on_drop: false }`
[INFO] running `Command { std: "docker" "rm" "-f" "d319454f6462c2fe6eef5eebb50c0d3bdc8a0424dfdf5e5a1cf141739329e741", kill_on_drop: false }`
[INFO] [stdout] d319454f6462c2fe6eef5eebb50c0d3bdc8a0424dfdf5e5a1cf141739329e741
[INFO] running `Command { std: "docker" "create" "-v" "/var/lib/crater-agent-workspace/builds/worker-6-tc2/target:/opt/rustwide/target:rw,Z" "-v" "/var/lib/crater-agent-workspace/builds/worker-6-tc2/source:/opt/rustwide/workdir:ro,Z" "-v" "/var/lib/crater-agent-workspace/cargo-home:/opt/rustwide/cargo-home:ro,Z" "-v" "/var/lib/crater-agent-workspace/rustup-home:/opt/rustwide/rustup-home:ro,Z" "-e" "SOURCE_DIR=/opt/rustwide/workdir" "-e" "CARGO_TARGET_DIR=/opt/rustwide/target" "-e" "CARGO_INCREMENTAL=0" "-e" "RUST_BACKTRACE=full" "-e" "RUSTFLAGS=--cap-lints=warn" "-e" "RUSTDOCFLAGS=--cap-lints=warn" "-e" "CARGO_HOME=/opt/rustwide/cargo-home" "-e" "RUSTUP_HOME=/opt/rustwide/rustup-home" "-w" "/opt/rustwide/workdir" "-m" "1610612736" "--user" "0:0" "--network" "none" "ghcr.io/rust-lang/crates-build-env/linux@sha256:f3a9d4ad9d972b27faf3965f35b62e55ba32bbce8f20bc8fe909558a86702fde" "/opt/rustwide/cargo-home/bin/cargo" "+beta-2024-12-08" "build" "--frozen" "--message-format=json", kill_on_drop: false }`
[INFO] [stdout] 9d06a9f78f33aa513060ee403cd97c9073fbcfb67474ec29f020cee359d3d246
[INFO] running `Command { std: "docker" "start" "-a" "9d06a9f78f33aa513060ee403cd97c9073fbcfb67474ec29f020cee359d3d246", kill_on_drop: false }`
[INFO] [stderr]    Compiling proc-macro2 v1.0.86
[INFO] [stderr]    Compiling unicode-ident v1.0.13
[INFO] [stderr]    Compiling rustversion v1.0.18
[INFO] [stderr]    Compiling serde v1.0.210
[INFO] [stderr]    Compiling anyhow v1.0.89
[INFO] [stderr]    Compiling version_check v0.9.5
[INFO] [stderr]    Compiling hashbrown v0.15.0
[INFO] [stderr]    Compiling equivalent v1.0.1
[INFO] [stderr]    Compiling itoa v1.0.11
[INFO] [stderr]    Compiling serde_json v1.0.132
[INFO] [stderr]    Compiling regex-syntax v0.8.5
[INFO] [stderr]    Compiling thiserror v1.0.64
[INFO] [stderr]    Compiling ryu v1.0.18
[INFO] [stderr]    Compiling heck v0.5.0
[INFO] [stderr]    Compiling glob-match v0.2.1
[INFO] [stderr]    Compiling aho-corasick v1.1.3
[INFO] [stderr]    Compiling base64 v0.22.1
[INFO] [stderr]    Compiling cidr v0.3.0
[INFO] [stderr]    Compiling serde_yml v0.0.12
[INFO] [stderr]    Compiling indexmap v2.6.0
[INFO] [stderr]    Compiling libyml v0.0.5
[INFO] [stderr]    Compiling quote v1.0.37
[INFO] [stderr]    Compiling syn v2.0.79
[INFO] [stderr]    Compiling regex-automata v0.4.8
[INFO] [stderr]    Compiling serde_derive v1.0.210
[INFO] [stderr]    Compiling thiserror-impl v1.0.64
[INFO] [stderr]    Compiling strum_macros v0.26.4
[INFO] [stderr]    Compiling regex v1.11.0
[INFO] [stderr]    Compiling strum v0.26.3
[INFO] [stderr]    Compiling sigma-rust v0.3.0 (/opt/rustwide/workdir)
[INFO] [stderr]     Finished `dev` profile [unoptimized + debuginfo] target(s) in 23.18s
[INFO] running `Command { std: "docker" "inspect" "9d06a9f78f33aa513060ee403cd97c9073fbcfb67474ec29f020cee359d3d246", kill_on_drop: false }`
[INFO] running `Command { std: "docker" "rm" "-f" "9d06a9f78f33aa513060ee403cd97c9073fbcfb67474ec29f020cee359d3d246", kill_on_drop: false }`
[INFO] [stdout] 9d06a9f78f33aa513060ee403cd97c9073fbcfb67474ec29f020cee359d3d246
[INFO] running `Command { std: "docker" "create" "-v" "/var/lib/crater-agent-workspace/builds/worker-6-tc2/target:/opt/rustwide/target:rw,Z" "-v" "/var/lib/crater-agent-workspace/builds/worker-6-tc2/source:/opt/rustwide/workdir:ro,Z" "-v" "/var/lib/crater-agent-workspace/cargo-home:/opt/rustwide/cargo-home:ro,Z" "-v" "/var/lib/crater-agent-workspace/rustup-home:/opt/rustwide/rustup-home:ro,Z" "-e" "SOURCE_DIR=/opt/rustwide/workdir" "-e" "CARGO_TARGET_DIR=/opt/rustwide/target" "-e" "CARGO_INCREMENTAL=0" "-e" "RUST_BACKTRACE=full" "-e" "RUSTFLAGS=--cap-lints=warn" "-e" "RUSTDOCFLAGS=--cap-lints=warn" "-e" "CARGO_HOME=/opt/rustwide/cargo-home" "-e" "RUSTUP_HOME=/opt/rustwide/rustup-home" "-w" "/opt/rustwide/workdir" "-m" "1610612736" "--user" "0:0" "--network" "none" "ghcr.io/rust-lang/crates-build-env/linux@sha256:f3a9d4ad9d972b27faf3965f35b62e55ba32bbce8f20bc8fe909558a86702fde" "/opt/rustwide/cargo-home/bin/cargo" "+beta-2024-12-08" "test" "--frozen" "--no-run" "--message-format=json", kill_on_drop: false }`
[INFO] [stdout] 0bd5f7f796f63e38c9452075a0ed5b4f52fa0fb955e169b13466e7117c31601b
[INFO] running `Command { std: "docker" "start" "-a" "0bd5f7f796f63e38c9452075a0ed5b4f52fa0fb955e169b13466e7117c31601b", kill_on_drop: false }`
[INFO] [stderr]    Compiling same-file v1.0.6
[INFO] [stderr]    Compiling walkdir v2.5.0
[INFO] [stderr]    Compiling sigma-rust v0.3.0 (/opt/rustwide/workdir)
[INFO] [stderr]     Finished `test` profile [unoptimized + debuginfo] target(s) in 5.17s
[INFO] running `Command { std: "docker" "inspect" "0bd5f7f796f63e38c9452075a0ed5b4f52fa0fb955e169b13466e7117c31601b", kill_on_drop: false }`
[INFO] running `Command { std: "docker" "rm" "-f" "0bd5f7f796f63e38c9452075a0ed5b4f52fa0fb955e169b13466e7117c31601b", kill_on_drop: false }`
[INFO] [stdout] 0bd5f7f796f63e38c9452075a0ed5b4f52fa0fb955e169b13466e7117c31601b
[INFO] running `Command { std: "docker" "create" "-v" "/var/lib/crater-agent-workspace/builds/worker-6-tc2/target:/opt/rustwide/target:rw,Z" "-v" "/var/lib/crater-agent-workspace/builds/worker-6-tc2/source:/opt/rustwide/workdir:ro,Z" "-v" "/var/lib/crater-agent-workspace/cargo-home:/opt/rustwide/cargo-home:ro,Z" "-v" "/var/lib/crater-agent-workspace/rustup-home:/opt/rustwide/rustup-home:ro,Z" "-e" "SOURCE_DIR=/opt/rustwide/workdir" "-e" "CARGO_TARGET_DIR=/opt/rustwide/target" "-e" "CARGO_INCREMENTAL=0" "-e" "RUST_BACKTRACE=full" "-e" "RUSTFLAGS=--cap-lints=warn" "-e" "RUSTDOCFLAGS=--cap-lints=warn" "-e" "CARGO_HOME=/opt/rustwide/cargo-home" "-e" "RUSTUP_HOME=/opt/rustwide/rustup-home" "-w" "/opt/rustwide/workdir" "-m" "1610612736" "--user" "0:0" "--network" "none" "ghcr.io/rust-lang/crates-build-env/linux@sha256:f3a9d4ad9d972b27faf3965f35b62e55ba32bbce8f20bc8fe909558a86702fde" "/opt/rustwide/cargo-home/bin/cargo" "+beta-2024-12-08" "test" "--frozen", kill_on_drop: false }`
[INFO] [stdout] 3f367a2effd2a20e1e48bfbadab02e596e4a9fdeec43bc89de15d624d0ba8203
[INFO] running `Command { std: "docker" "start" "-a" "3f367a2effd2a20e1e48bfbadab02e596e4a9fdeec43bc89de15d624d0ba8203", kill_on_drop: false }`
[INFO] [stderr]     Finished `test` profile [unoptimized + debuginfo] target(s) in 0.06s
[INFO] [stderr]      Running unittests src/lib.rs (/opt/rustwide/target/debug/deps/sigma_rust-1efc1ee5d2dc5d1e)
[INFO] [stdout] 
[INFO] [stdout] running 74 tests
[INFO] [stdout] test detection::ast::tests::test_get_identifiers ... ok
[INFO] [stdout] test detection::ast::tests::test_mismatching_parentheses ... ok
[INFO] [stdout] test detection::ast::tests::test_parse_parentheses ... ok
[INFO] [stdout] test detection::ast::tests::test_parse_binding_power ... ok
[INFO] [stdout] test detection::ast::tests::test_not ... ok
[INFO] [stdout] test detection::ast::tests::test_selections_without_logical_operator ... ok
[INFO] [stdout] test detection::lexer::tests::test_tokenize_all_of ... ok
[INFO] [stdout] test detection::lexer::tests::test_tokenize_and_or ... ok
[INFO] [stdout] test detection::lexer::tests::test_tokenize_empty ... ok
[INFO] [stdout] test detection::lexer::tests::test_tokenize_long_expression ... ok
[INFO] [stdout] test detection::lexer::tests::test_tokenize_no_spaces_around_parenthesis ... ok
[INFO] [stdout] test detection::lexer::tests::test_tokenize_wrong_all_of ... ok
[INFO] [stdout] test detection::lexer::tests::test_tokenize_1_of ... ok
[INFO] [stdout] test detection::ast::tests::test_parse_all ... ok
[INFO] [stdout] test detection::tests::test_missing_identifier ... ok
[INFO] [stdout] test detection::tests::test_evaluate ... ok
[INFO] [stdout] test detection::tests::test_evaluate_one_all_of_them ... ok
[INFO] [stdout] test detection::tests::test_evaluate_one_of ... ok
[INFO] [stdout] test detection::tests::test_evaluate_all_of ... ok
[INFO] [stdout] test detection::ast::tests::test_parse_simple_expression ... ok
[INFO] [stdout] test event::tests::test_load_from_json ... ok
[INFO] [stdout] test field::tests::test_base64_utf16le ... ok
[INFO] [stdout] test field::tests::test_cidr ... ok
[INFO] [stdout] test field::tests::test_base64offset_utf16le ... ok
[INFO] [stdout] test field::tests::test_compare ... ok
[INFO] [stdout] test field::tests::test_conflicting_cidr_modifier ... ok
[INFO] [stdout] test field::tests::test_conflicting_cidr_re_modifier ... ok
[INFO] [stdout] test field::tests::test_conflicting_utf16_modifiers ... ok
[INFO] [stdout] test field::tests::test_conflicting_utf16_without_base64 ... ok
[INFO] [stdout] test field::tests::test_conflicting_value_transformers ... ok
[INFO] [stdout] test field::tests::test_evaluate_contains ... ok
[INFO] [stdout] test field::tests::test_evaluate_endswith ... ok
[INFO] [stdout] test field::tests::test_evaluate_equals ... ok
[INFO] [stdout] test field::tests::test_evaluate_gt ... ok
[INFO] [stdout] test field::tests::test_evaluate_gte ... ok
[INFO] [stdout] test field::tests::test_evaluate_lt ... ok
[INFO] [stdout] test field::tests::test_evaluate_lte ... ok
[INFO] [stdout] test field::tests::test_evaluate_startswith ... ok
[INFO] [stdout] test field::tests::test_invalid_contains ... ok
[INFO] [stdout] test field::tests::test_parse_ambiguous_utf16_modifier ... ok
[INFO] [stdout] test field::tests::test_parse_conflicting_re_modifier ... ok
[INFO] [stdout] test field::tests::test_parse_conflicting_modifiers ... ok
[INFO] [stdout] test field::tests::test_parse_contains_modifier ... ok
[INFO] [stdout] test field::tests::test_parse_value_transformer_modifier ... ok
[INFO] [stdout] test field::transformation::tests::test_base64_offset_1 ... ok
[INFO] [stdout] test field::transformation::tests::test_base64_offset_bash ... ok
[INFO] [stdout] test field::transformation::tests::test_base64_offset_empty ... ok
[INFO] [stdout] test field::transformation::tests::test_base64_offset_sh ... ok
[INFO] [stdout] test field::tests::test_windash ... ok
[INFO] [stdout] test field::transformation::tests::test_base64_encoding_utf16_le ... ok
[INFO] [stdout] test field::transformation::tests::test_base64_offset_zsh ... ok
[INFO] [stdout] test field::transformation::tests::test_windash_two_params ... ok
[INFO] [stdout] test field::tests::test_parse_unknown_modifier ... ok
[INFO] [stdout] test field::tests::test_parse_utf16_modifier ... ok
[INFO] [stdout] test field::transformation::tests::test_cidr_ipv4 ... ok
[INFO] [stdout] test field::transformation::tests::test_cidr_ipv6 ... ok
[INFO] [stdout] test field::transformation::tests::test_base64_encoding ... ok
[INFO] [stdout] test field::tests::test_parse_utf16_modifier_without_base64 ... ok
[INFO] [stdout] test field::transformation::tests::test_base64_encoding_utf16_be ... ok
[INFO] [stdout] test field::transformation::tests::test_base64_offset_utf16le ... ok
[INFO] [stdout] test selection::tests::test_keyword_selection ... ok
[INFO] [stdout] test field::transformation::tests::test_base64_offset_utf16le_preference ... ok
[INFO] [stdout] test field::transformation::tests::test_windash_no_variation ... ok
[INFO] [stdout] test field::transformation::tests::test_windash_one_param ... ok
[INFO] [stdout] test field::value::tests::test_field_value_type ... ok
[INFO] [stdout] test selection::tests::test_fields_selection ... ok
[INFO] [stdout] test rule::tests::test_load_from_yaml ... ok
[INFO] [stdout] test selection::tests::test_invalid_keyword_selection ... ok
[INFO] [stdout] test selection::tests::test_mixed_keyword_selection ... ok
[INFO] [stdout] test field::tests::test_parse_name_only ... ok
[INFO] [stdout] test selection::tests::test_new_keyword_selection ... ok
[INFO] [stdout] test selection::tests::test_new_fields_selection ... ok
[INFO] [stdout] test field::tests::test_evaluate_regex ... ok
[INFO] [stdout] test field::tests::test_parse_base64_modifier ... ok
[INFO] [stdout] 
[INFO] [stdout] test result: ok. 74 passed; 0 failed; 0 ignored; 0 measured; 0 filtered out; finished in 0.04s
[INFO] [stdout] 
[INFO] [stderr]      Running tests/json_events.rs (/opt/rustwide/target/debug/deps/json_events-1a2bb1d99e0f74f9)
[INFO] [stdout] 
[INFO] [stdout] running 4 tests
[INFO] [stdout] test test_match_fieldref ... ok
[INFO] [stdout] test test_match_event_from_json ... ok
[INFO] [stdout] test test_match_nested_event ... ok
[INFO] [stdout] test test_match_multiple_events_from_json ... ok
[INFO] [stdout] 
[INFO] [stdout] test result: ok. 4 passed; 0 failed; 0 ignored; 0 measured; 0 filtered out; finished in 0.01s
[INFO] [stdout] 
[INFO] [stderr]      Running tests/parse_keywords_rule.rs (/opt/rustwide/target/debug/deps/parse_keywords_rule-1dd4de2ee4616fb4)
[INFO] [stdout] 
[INFO] [stderr]      Running tests/parse_null_fields.rs (/opt/rustwide/target/debug/deps/parse_null_fields-da278751cf6ed2c8)
[INFO] [stdout] running 2 tests
[INFO] [stdout] test test_evaluate_rule_with_keywords_and_fields ... ok
[INFO] [stdout] test test_evaluate_rule_with_keywords ... ok
[INFO] [stdout] 
[INFO] [stdout] test result: ok. 2 passed; 0 failed; 0 ignored; 0 measured; 0 filtered out; finished in 0.00s
[INFO] [stdout] 
[INFO] [stdout] 
[INFO] [stdout] running 1 test
[INFO] [stdout] test test_parse_null_fields ... ok
[INFO] [stdout] 
[INFO] [stdout] test result: ok. 1 passed; 0 failed; 0 ignored; 0 measured; 0 filtered out; finished in 0.00s
[INFO] [stdout] 
[INFO] [stderr]      Running tests/parse_sigma_main_rules.rs (/opt/rustwide/target/debug/deps/parse_sigma_main_rules-04f39d7c98ea7691)
[INFO] [stdout] 
[INFO] [stdout] running 1 test
[INFO] [stdout] test test_parse_sigma_main_rules ... FAILED
[INFO] [stdout] 
[INFO] [stdout] failures:
[INFO] [stdout] 
[INFO] [stdout] ---- test_parse_sigma_main_rules stdout ----
[INFO] [stdout] -----------------------------------------------
[INFO] [stdout] Parsing 0 rules took 44.41µs
[INFO] [stdout] Successfully parsed 0 rules
[INFO] [stdout] 0 rules failed with errors
[INFO] [stdout] thread 'test_parse_sigma_main_rules' panicked at tests/parse_sigma_main_rules.rs:50:5:
[INFO] [stdout] assertion failed: num_successful > 0
[INFO] [stdout] stack backtrace:
[INFO] [stdout]    0:     0x5ec6c7dc9aea - std::backtrace_rs::backtrace::libunwind::trace::h8810477743020387
[INFO] [stdout]                                at /rustc/202008a1b8de96d2e5b6bc02d379db03a877d34d/library/std/src/../../backtrace/src/backtrace/libunwind.rs:116:5
[INFO] [stdout]    1:     0x5ec6c7dc9aea - std::backtrace_rs::backtrace::trace_unsynchronized::h3aa55355dd6c54a6
[INFO] [stdout]                                at /rustc/202008a1b8de96d2e5b6bc02d379db03a877d34d/library/std/src/../../backtrace/src/backtrace/mod.rs:66:5
[INFO] [stdout]    2:     0x5ec6c7dc9aea - std::sys::backtrace::_print_fmt::h8588b0f62410823f
[INFO] [stdout]                                at /rustc/202008a1b8de96d2e5b6bc02d379db03a877d34d/library/std/src/sys/backtrace.rs:66:9
[INFO] [stdout]    3:     0x5ec6c7dc9aea - <std::sys::backtrace::BacktraceLock::print::DisplayBacktrace as core::fmt::Display>::fmt::h98c26ac25ffe89bb
[INFO] [stdout]                                at /rustc/202008a1b8de96d2e5b6bc02d379db03a877d34d/library/std/src/sys/backtrace.rs:39:26
[INFO] [stdout]    4:     0x5ec6c7df4263 - core::fmt::rt::Argument::fmt::hf95377f4aebd453b
[INFO] [stdout]                                at /rustc/202008a1b8de96d2e5b6bc02d379db03a877d34d/library/core/src/fmt/rt.rs:177:76
[INFO] [stdout]    5:     0x5ec6c7df4263 - core::fmt::write::h0dd5f6e2238c7982
[INFO] [stdout]                                at /rustc/202008a1b8de96d2e5b6bc02d379db03a877d34d/library/core/src/fmt/mod.rs:1189:21
[INFO] [stdout]    6:     0x5ec6c7dc6a23 - std::io::Write::write_fmt::h03bb0ca26e6faf8c
[INFO] [stdout]                                at /rustc/202008a1b8de96d2e5b6bc02d379db03a877d34d/library/std/src/io/mod.rs:1884:15
[INFO] [stdout]    7:     0x5ec6c7dc9932 - std::sys::backtrace::BacktraceLock::print::h5c19c1c038ee186d
[INFO] [stdout]                                at /rustc/202008a1b8de96d2e5b6bc02d379db03a877d34d/library/std/src/sys/backtrace.rs:42:9
[INFO] [stdout]    8:     0x5ec6c7dcaf6d - std::panicking::default_hook::{{closure}}::h77172f079a1fcb13
[INFO] [stdout]                                at /rustc/202008a1b8de96d2e5b6bc02d379db03a877d34d/library/std/src/panicking.rs:268:22
[INFO] [stdout]    9:     0x5ec6c7dcad77 - std::panicking::default_hook::he5f8e3b203ccddba
[INFO] [stdout]                                at /rustc/202008a1b8de96d2e5b6bc02d379db03a877d34d/library/std/src/panicking.rs:292:9
[INFO] [stdout]   10:     0x5ec6c7a22b27 - <alloc::boxed::Box<F,A> as core::ops::function::Fn<Args>>::call::h7a3c7b4a1ae77f2f
[INFO] [stdout]                                at /rustc/202008a1b8de96d2e5b6bc02d379db03a877d34d/library/alloc/src/boxed.rs:1986:9
[INFO] [stdout]   11:     0x5ec6c7a22b27 - test::test_main::{{closure}}::hf0d3b69ae9b353d1
[INFO] [stdout]                                at /rustc/202008a1b8de96d2e5b6bc02d379db03a877d34d/library/test/src/lib.rs:134:21
[INFO] [stdout]   12:     0x5ec6c7dcb618 - <alloc::boxed::Box<F,A> as core::ops::function::Fn<Args>>::call::h6332e82e7b189abd
[INFO] [stdout]                                at /rustc/202008a1b8de96d2e5b6bc02d379db03a877d34d/library/alloc/src/boxed.rs:1986:9
[INFO] [stdout]   13:     0x5ec6c7dcb618 - std::panicking::rust_panic_with_hook::h53863d4e9018df39
[INFO] [stdout]                                at /rustc/202008a1b8de96d2e5b6bc02d379db03a877d34d/library/std/src/panicking.rs:809:13
[INFO] [stdout]   14:     0x5ec6c7dcb3a6 - std::panicking::begin_panic_handler::{{closure}}::h67280e6fa0757873
[INFO] [stdout]                                at /rustc/202008a1b8de96d2e5b6bc02d379db03a877d34d/library/std/src/panicking.rs:667:13
[INFO] [stdout]   15:     0x5ec6c7dc9fc9 - std::sys::backtrace::__rust_end_short_backtrace::h1dac3f54d6fbbeb2
[INFO] [stdout]                                at /rustc/202008a1b8de96d2e5b6bc02d379db03a877d34d/library/std/src/sys/backtrace.rs:170:18
[INFO] [stdout]   16:     0x5ec6c7dcb06c - rust_begin_unwind
[INFO] [stdout]                                at /rustc/202008a1b8de96d2e5b6bc02d379db03a877d34d/library/std/src/panicking.rs:665:5
[INFO] [stdout]   17:     0x5ec6c79e6210 - core::panicking::panic_fmt::h6792bd1b2bf01041
[INFO] [stdout]                                at /rustc/202008a1b8de96d2e5b6bc02d379db03a877d34d/library/core/src/panicking.rs:76:14
[INFO] [stdout]   18:     0x5ec6c79e629c - core::panicking::panic::hbb5c236a846c507c
[INFO] [stdout]                                at /rustc/202008a1b8de96d2e5b6bc02d379db03a877d34d/library/core/src/panicking.rs:148:5
[INFO] [stdout]   19:     0x5ec6c79e8877 - parse_sigma_main_rules::test_parse_sigma_main_rules::he1db2d8366dafc96
[INFO] [stdout]                                at /opt/rustwide/workdir/tests/parse_sigma_main_rules.rs:50:5
[INFO] [stdout]   20:     0x5ec6c79e81e7 - parse_sigma_main_rules::test_parse_sigma_main_rules::{{closure}}::h14378baa6318cf7d
[INFO] [stdout]                                at /opt/rustwide/workdir/tests/parse_sigma_main_rules.rs:8:33
[INFO] [stdout]   21:     0x5ec6c79e6ff6 - core::ops::function::FnOnce::call_once::h4961409043c2a01d
[INFO] [stdout]                                at /rustc/202008a1b8de96d2e5b6bc02d379db03a877d34d/library/core/src/ops/function.rs:250:5
[INFO] [stdout]   22:     0x5ec6c7a2764b - core::ops::function::FnOnce::call_once::h871bf86719ec9aa4
[INFO] [stdout]                                at /rustc/202008a1b8de96d2e5b6bc02d379db03a877d34d/library/core/src/ops/function.rs:250:5
[INFO] [stdout]   23:     0x5ec6c7a2764b - test::__rust_begin_short_backtrace::h2167df1e2b7d76fd
[INFO] [stdout]                                at /rustc/202008a1b8de96d2e5b6bc02d379db03a877d34d/library/test/src/lib.rs:632:18
[INFO] [stdout]   24:     0x5ec6c7a27038 - test::run_test_in_process::{{closure}}::h15d92f75a3adfb79
[INFO] [stdout]                                at /rustc/202008a1b8de96d2e5b6bc02d379db03a877d34d/library/test/src/lib.rs:655:60
[INFO] [stdout]   25:     0x5ec6c7a27038 - <core::panic::unwind_safe::AssertUnwindSafe<F> as core::ops::function::FnOnce<()>>::call_once::hb6c8955835a8dbbb
[INFO] [stdout]                                at /rustc/202008a1b8de96d2e5b6bc02d379db03a877d34d/library/core/src/panic/unwind_safe.rs:272:9
[INFO] [stdout]   26:     0x5ec6c7a27038 - std::panicking::try::do_call::hc79d0fc888a0bd30
[INFO] [stdout]                                at /rustc/202008a1b8de96d2e5b6bc02d379db03a877d34d/library/std/src/panicking.rs:557:40
[INFO] [stdout]   27:     0x5ec6c7a27038 - std::panicking::try::hb8a7878e3a8589d6
[INFO] [stdout]                                at /rustc/202008a1b8de96d2e5b6bc02d379db03a877d34d/library/std/src/panicking.rs:520:19
[INFO] [stdout]   28:     0x5ec6c7a27038 - std::panic::catch_unwind::hb8e4600ff0ff5cfa
[INFO] [stdout]                                at /rustc/202008a1b8de96d2e5b6bc02d379db03a877d34d/library/std/src/panic.rs:358:14
[INFO] [stdout]   29:     0x5ec6c7a27038 - test::run_test_in_process::hc2900b0b18688dd6
[INFO] [stdout]                                at /rustc/202008a1b8de96d2e5b6bc02d379db03a877d34d/library/test/src/lib.rs:655:27
[INFO] [stdout]   30:     0x5ec6c7a27038 - test::run_test::{{closure}}::hac2a9cb07be3d48d
[INFO] [stdout]                                at /rustc/202008a1b8de96d2e5b6bc02d379db03a877d34d/library/test/src/lib.rs:576:43
[INFO] [stdout]   31:     0x5ec6c79eaada - test::run_test::{{closure}}::h4a5b729e66a38cd8
[INFO] [stdout]                                at /rustc/202008a1b8de96d2e5b6bc02d379db03a877d34d/library/test/src/lib.rs:606:41
[INFO] [stdout]   32:     0x5ec6c79eaada - std::sys::backtrace::__rust_begin_short_backtrace::h0496fb742492f573
[INFO] [stdout]                                at /rustc/202008a1b8de96d2e5b6bc02d379db03a877d34d/library/std/src/sys/backtrace.rs:154:18
[INFO] [stdout]   33:     0x5ec6c79ee454 - std::thread::Builder::spawn_unchecked_::{{closure}}::{{closure}}::hbb6d257c550a54bd
[INFO] [stdout]                                at /rustc/202008a1b8de96d2e5b6bc02d379db03a877d34d/library/std/src/thread/mod.rs:561:17
[INFO] [stdout]   34:     0x5ec6c79ee454 - <core::panic::unwind_safe::AssertUnwindSafe<F> as core::ops::function::FnOnce<()>>::call_once::h46696fe4a6832328
[INFO] [stdout]                                at /rustc/202008a1b8de96d2e5b6bc02d379db03a877d34d/library/core/src/panic/unwind_safe.rs:272:9
[INFO] [stdout]   35:     0x5ec6c79ee454 - std::panicking::try::do_call::h2625a51b667bfb64
[INFO] [stdout]                                at /rustc/202008a1b8de96d2e5b6bc02d379db03a877d34d/library/std/src/panicking.rs:557:40
[INFO] [stdout]   36:     0x5ec6c79ee454 - std::panicking::try::hb956a59a1973aa4c
[INFO] [stdout]                                at /rustc/202008a1b8de96d2e5b6bc02d379db03a877d34d/library/std/src/panicking.rs:520:19
[INFO] [stdout]   37:     0x5ec6c79ee454 - std::panic::catch_unwind::h64f3b9d1067ef6a0
[INFO] [stdout]                                at /rustc/202008a1b8de96d2e5b6bc02d379db03a877d34d/library/std/src/panic.rs:358:14
[INFO] [stdout]   38:     0x5ec6c79ee454 - std::thread::Builder::spawn_unchecked_::{{closure}}::h42b2841295b6c0b2
[INFO] [stdout]                                at /rustc/202008a1b8de96d2e5b6bc02d379db03a877d34d/library/std/src/thread/mod.rs:559:30
[INFO] [stdout]   39:     0x5ec6c79ee454 - core::ops::function::FnOnce::call_once{{vtable.shim}}::h6127de71b8124639
[INFO] [stdout]                                at /rustc/202008a1b8de96d2e5b6bc02d379db03a877d34d/library/core/src/ops/function.rs:250:5
[INFO] [stdout]   40:     0x5ec6c7dcfd8b - <alloc::boxed::Box<F,A> as core::ops::function::FnOnce<Args>>::call_once::h42f0ba71002a1b2c
[INFO] [stdout]                                at /rustc/202008a1b8de96d2e5b6bc02d379db03a877d34d/library/alloc/src/boxed.rs:1972:9
[INFO] [stdout]   41:     0x5ec6c7dcfd8b - <alloc::boxed::Box<F,A> as core::ops::function::FnOnce<Args>>::call_once::had9e47d7a3dcecb8
[INFO] [stdout]                                at /rustc/202008a1b8de96d2e5b6bc02d379db03a877d34d/library/alloc/src/boxed.rs:1972:9
[INFO] [stdout]   42:     0x5ec6c7dcfd8b - std::sys::pal::unix::thread::Thread::new::thread_start::h48cf765408f6f5f2
[INFO] [stdout]                                at /rustc/202008a1b8de96d2e5b6bc02d379db03a877d34d/library/std/src/sys/pal/unix/thread.rs:105:17
[INFO] [stdout]   43:     0x7cd974cf0ac3 - <unknown>
[INFO] [stdout]   44:     0x7cd974d81a04 - clone
[INFO] [stdout]   45:                0x0 - <unknown>
[INFO] [stdout] 
[INFO] [stdout] 
[INFO] [stdout] failures:
[INFO] [stdout]     test_parse_sigma_main_rules
[INFO] [stdout] 
[INFO] [stdout] test result: FAILED. 0 passed; 1 failed; 0 ignored; 0 measured; 0 filtered out; finished in 0.03s
[INFO] [stdout] 
[INFO] [stderr] error: test failed, to rerun pass `--test parse_sigma_main_rules`
[INFO] running `Command { std: "docker" "inspect" "3f367a2effd2a20e1e48bfbadab02e596e4a9fdeec43bc89de15d624d0ba8203", kill_on_drop: false }`
[INFO] running `Command { std: "docker" "rm" "-f" "3f367a2effd2a20e1e48bfbadab02e596e4a9fdeec43bc89de15d624d0ba8203", kill_on_drop: false }`
[INFO] [stdout] 3f367a2effd2a20e1e48bfbadab02e596e4a9fdeec43bc89de15d624d0ba8203
