[INFO] fetching crate sift_rs 0.1.0-rc.2...
[INFO] testing sift_rs-0.1.0-rc.2 against 1.83.0 for beta-1.84.0-4-retry
[INFO] extracting crate sift_rs 0.1.0-rc.2 into /workspace/builds/worker-5-tc1/source
[INFO] validating manifest of crates.io crate sift_rs 0.1.0-rc.2 on toolchain 1.83.0
[INFO] running `Command { std: CARGO_HOME="/workspace/cargo-home" RUSTUP_HOME="/workspace/rustup-home" "/workspace/cargo-home/bin/cargo" "+1.83.0" "metadata" "--manifest-path" "Cargo.toml" "--no-deps", kill_on_drop: false }`
[INFO] started tweaking crates.io crate sift_rs 0.1.0-rc.2
[INFO] finished tweaking crates.io crate sift_rs 0.1.0-rc.2
[INFO] tweaked toml for crates.io crate sift_rs 0.1.0-rc.2 written to /workspace/builds/worker-5-tc1/source/Cargo.toml
[INFO] crate crates.io crate sift_rs 0.1.0-rc.2 already has a lockfile, it will not be regenerated
[INFO] running `Command { std: CARGO_HOME="/workspace/cargo-home" RUSTUP_HOME="/workspace/rustup-home" "/workspace/cargo-home/bin/cargo" "+1.83.0" "fetch" "--manifest-path" "Cargo.toml", kill_on_drop: false }`
[INFO] running `Command { std: "docker" "create" "-v" "/var/lib/crater-agent-workspace/builds/worker-5-tc1/target:/opt/rustwide/target:rw,Z" "-v" "/var/lib/crater-agent-workspace/builds/worker-5-tc1/source:/opt/rustwide/workdir:ro,Z" "-v" "/var/lib/crater-agent-workspace/cargo-home:/opt/rustwide/cargo-home:ro,Z" "-v" "/var/lib/crater-agent-workspace/rustup-home:/opt/rustwide/rustup-home:ro,Z" "-e" "SOURCE_DIR=/opt/rustwide/workdir" "-e" "CARGO_TARGET_DIR=/opt/rustwide/target" "-e" "CARGO_HOME=/opt/rustwide/cargo-home" "-e" "RUSTUP_HOME=/opt/rustwide/rustup-home" "-w" "/opt/rustwide/workdir" "-m" "1610612736" "--user" "0:0" "--network" "none" "ghcr.io/rust-lang/crates-build-env/linux@sha256:f3a9d4ad9d972b27faf3965f35b62e55ba32bbce8f20bc8fe909558a86702fde" "/opt/rustwide/cargo-home/bin/cargo" "+1.83.0" "metadata" "--no-deps" "--format-version=1", kill_on_drop: false }`
[INFO] [stdout] 94e9a0f9ab43194e1c4408a10e8b1f0c3b366e6ec55b0da825b5d2e0847d4986
[INFO] running `Command { std: "docker" "start" "-a" "94e9a0f9ab43194e1c4408a10e8b1f0c3b366e6ec55b0da825b5d2e0847d4986", kill_on_drop: false }`
[INFO] running `Command { std: "docker" "inspect" "94e9a0f9ab43194e1c4408a10e8b1f0c3b366e6ec55b0da825b5d2e0847d4986", kill_on_drop: false }`
[INFO] running `Command { std: "docker" "rm" "-f" "94e9a0f9ab43194e1c4408a10e8b1f0c3b366e6ec55b0da825b5d2e0847d4986", kill_on_drop: false }`
[INFO] [stdout] 94e9a0f9ab43194e1c4408a10e8b1f0c3b366e6ec55b0da825b5d2e0847d4986
[INFO] running `Command { std: "docker" "create" "-v" "/var/lib/crater-agent-workspace/builds/worker-5-tc1/target:/opt/rustwide/target:rw,Z" "-v" "/var/lib/crater-agent-workspace/builds/worker-5-tc1/source:/opt/rustwide/workdir:ro,Z" "-v" "/var/lib/crater-agent-workspace/cargo-home:/opt/rustwide/cargo-home:ro,Z" "-v" "/var/lib/crater-agent-workspace/rustup-home:/opt/rustwide/rustup-home:ro,Z" "-e" "SOURCE_DIR=/opt/rustwide/workdir" "-e" "CARGO_TARGET_DIR=/opt/rustwide/target" "-e" "CARGO_INCREMENTAL=0" "-e" "RUST_BACKTRACE=full" "-e" "RUSTFLAGS=--cap-lints=warn" "-e" "RUSTDOCFLAGS=--cap-lints=warn" "-e" "CARGO_HOME=/opt/rustwide/cargo-home" "-e" "RUSTUP_HOME=/opt/rustwide/rustup-home" "-w" "/opt/rustwide/workdir" "-m" "1610612736" "--user" "0:0" "--network" "none" "ghcr.io/rust-lang/crates-build-env/linux@sha256:f3a9d4ad9d972b27faf3965f35b62e55ba32bbce8f20bc8fe909558a86702fde" "/opt/rustwide/cargo-home/bin/cargo" "+1.83.0" "build" "--frozen" "--message-format=json", kill_on_drop: false }`
[INFO] [stdout] 42c8a96a39ad59320fd6af3757d7d51baaeadad6cd547bcda86d378335293703
[INFO] running `Command { std: "docker" "start" "-a" "42c8a96a39ad59320fd6af3757d7d51baaeadad6cd547bcda86d378335293703", kill_on_drop: false }`
[INFO] [stderr]    Compiling proc-macro2 v1.0.89
[INFO] [stderr]    Compiling unicode-ident v1.0.12
[INFO] [stderr]    Compiling libc v0.2.153
[INFO] [stderr]    Compiling bytes v1.6.0
[INFO] [stderr]    Compiling autocfg v1.2.0
[INFO] [stderr]    Compiling pin-project-lite v0.2.14
[INFO] [stderr]    Compiling cfg-if v1.0.0
[INFO] [stderr]    Compiling log v0.4.21
[INFO] [stderr]    Compiling anyhow v1.0.82
[INFO] [stderr]    Compiling once_cell v1.19.0
[INFO] [stderr]    Compiling either v1.11.0
[INFO] [stderr]    Compiling futures-core v0.3.30
[INFO] [stderr]    Compiling hashbrown v0.14.3
[INFO] [stderr]    Compiling equivalent v1.0.1
[INFO] [stderr]    Compiling rustversion v1.0.15
[INFO] [stderr]    Compiling fnv v1.0.7
[INFO] [stderr]    Compiling cc v1.0.95
[INFO] [stderr]    Compiling pin-utils v0.1.0
[INFO] [stderr]    Compiling futures-task v0.3.30
[INFO] [stderr]    Compiling itoa v1.0.11
[INFO] [stderr]    Compiling futures-sink v0.3.30
[INFO] [stderr]    Compiling rustix v0.38.34
[INFO] [stderr]    Compiling tracing-core v0.1.32
[INFO] [stderr]    Compiling itertools v0.11.0
[INFO] [stderr]    Compiling futures-util v0.3.30
[INFO] [stderr]    Compiling rustls-pki-types v1.5.0
[INFO] [stderr]    Compiling tower-service v0.3.2
[INFO] [stderr]    Compiling prettyplease v0.2.20
[INFO] [stderr]    Compiling regex-syntax v0.8.3
[INFO] [stderr]    Compiling slab v0.4.9
[INFO] [stderr]    Compiling http v0.2.12
[INFO] [stderr]    Compiling indexmap v2.2.6
[INFO] [stderr]    Compiling bitflags v2.5.0
[INFO] [stderr]    Compiling linux-raw-sys v0.4.14
[INFO] [stderr]    Compiling serde v1.0.203
[INFO] [stderr]    Compiling httparse v1.8.0
[INFO] [stderr]    Compiling indexmap v1.9.3
[INFO] [stderr]    Compiling fixedbitset v0.4.2
[INFO] [stderr]    Compiling try-lock v0.2.5
[INFO] [stderr]    Compiling ppv-lite86 v0.2.17
[INFO] [stderr]    Compiling socket2 v0.5.6
[INFO] [stderr]    Compiling mio v0.8.11
[INFO] [stderr]    Compiling getrandom v0.2.14
[INFO] [stderr]    Compiling spin v0.9.8
[INFO] [stderr]    Compiling fastrand v2.1.0
[INFO] [stderr]    Compiling untrusted v0.9.0
[INFO] [stderr]    Compiling quote v1.0.36
[INFO] [stderr]    Compiling rand_core v0.6.4
[INFO] [stderr]    Compiling http-body v0.4.6
[INFO] [stderr]    Compiling petgraph v0.6.5
[INFO] [stderr]    Compiling syn v2.0.87
[INFO] [stderr]    Compiling axum-core v0.3.4
[INFO] [stderr]    Compiling want v0.3.1
[INFO] [stderr]    Compiling rand_chacha v0.3.1
[INFO] [stderr]    Compiling num-traits v0.2.19
[INFO] [stderr]    Compiling futures-channel v0.3.30
[INFO] [stderr]    Compiling heck v0.4.1
[INFO] [stderr]    Compiling httpdate v1.0.3
[INFO] [stderr]    Compiling multimap v0.10.0
[INFO] [stderr]    Compiling tower-layer v0.3.2
[INFO] [stderr]    Compiling rustls v0.22.4
[INFO] [stderr]    Compiling ring v0.17.8
[INFO] [stderr]    Compiling hashbrown v0.12.3
[INFO] [stderr]    Compiling heck v0.5.0
[INFO] [stderr]    Compiling rand v0.8.5
[INFO] [stderr]    Compiling axum v0.6.20
[INFO] [stderr]    Compiling subtle v2.5.0
[INFO] [stderr]    Compiling regex-automata v0.4.6
[INFO] [stderr]    Compiling mime v0.3.17
[INFO] [stderr]    Compiling zeroize v1.8.0
[INFO] [stderr]    Compiling base64 v0.22.0
[INFO] [stderr]    Compiling base64 v0.21.7
[INFO] [stderr]    Compiling sync_wrapper v0.1.2
[INFO] [stderr]    Compiling percent-encoding v2.3.1
[INFO] [stderr]    Compiling bitflags v1.3.2
[INFO] [stderr]    Compiling openssl-probe v0.1.5
[INFO] [stderr]    Compiling matchit v0.7.3
[INFO] [stderr]    Compiling thiserror v2.0.0
[INFO] [stderr]    Compiling memchr v2.7.2
[INFO] [stderr]    Compiling webpki-roots v0.26.1
[INFO] [stderr]    Compiling rustls-pemfile v2.1.2
[INFO] [stderr]    Compiling rustls-native-certs v0.7.0
[INFO] [stderr]    Compiling tempfile v3.10.1
[INFO] [stderr]    Compiling chrono v0.4.38
[INFO] [stderr]    Compiling regex v1.10.4
[INFO] [stderr]    Compiling tokio-macros v2.2.0
[INFO] [stderr]    Compiling prost-derive v0.12.4
[INFO] [stderr]    Compiling tracing-attributes v0.1.27
[INFO] [stderr]    Compiling serde_derive v1.0.203
[INFO] [stderr]    Compiling pin-project-internal v1.1.5
[INFO] [stderr]    Compiling async-trait v0.1.80
[INFO] [stderr]    Compiling async-stream-impl v0.3.5
[INFO] [stderr]    Compiling thiserror-impl v2.0.0
[INFO] [stderr]    Compiling tokio v1.37.0
[INFO] [stderr]    Compiling rustls-webpki v0.102.3
[INFO] [stderr]    Compiling async-stream v0.3.5
[INFO] [stderr]    Compiling pin-project v1.1.5
[INFO] [stderr]    Compiling tracing v0.1.40
[INFO] [stderr]    Compiling prost v0.12.4
[INFO] [stderr]    Compiling prost-types v0.12.4
[INFO] [stderr]    Compiling prost-build v0.12.4
[INFO] [stderr]    Compiling pbjson-build v0.6.2
[INFO] [stderr]    Compiling pbjson-types v0.6.0
[INFO] [stderr]    Compiling tokio-util v0.7.10
[INFO] [stderr]    Compiling tokio-io-timeout v1.2.0
[INFO] [stderr]    Compiling tokio-stream v0.1.16
[INFO] [stderr]    Compiling tokio-rustls v0.25.0
[INFO] [stderr]    Compiling h2 v0.3.26
[INFO] [stderr]    Compiling tower v0.4.13
[INFO] [stderr]    Compiling pbjson v0.6.0
[INFO] [stderr]    Compiling hyper v0.14.28
[INFO] [stderr]    Compiling hyper-timeout v0.4.1
[INFO] [stderr]    Compiling tonic v0.11.0
[INFO] [stderr]    Compiling sift_rs v0.1.0-rc.2 (/opt/rustwide/workdir)
[INFO] [stderr]     Finished `dev` profile [unoptimized + debuginfo] target(s) in 58.38s
[INFO] running `Command { std: "docker" "inspect" "42c8a96a39ad59320fd6af3757d7d51baaeadad6cd547bcda86d378335293703", kill_on_drop: false }`
[INFO] running `Command { std: "docker" "rm" "-f" "42c8a96a39ad59320fd6af3757d7d51baaeadad6cd547bcda86d378335293703", kill_on_drop: false }`
[INFO] [stdout] 42c8a96a39ad59320fd6af3757d7d51baaeadad6cd547bcda86d378335293703
[INFO] running `Command { std: "docker" "create" "-v" "/var/lib/crater-agent-workspace/builds/worker-5-tc1/target:/opt/rustwide/target:rw,Z" "-v" "/var/lib/crater-agent-workspace/builds/worker-5-tc1/source:/opt/rustwide/workdir:ro,Z" "-v" "/var/lib/crater-agent-workspace/cargo-home:/opt/rustwide/cargo-home:ro,Z" "-v" "/var/lib/crater-agent-workspace/rustup-home:/opt/rustwide/rustup-home:ro,Z" "-e" "SOURCE_DIR=/opt/rustwide/workdir" "-e" "CARGO_TARGET_DIR=/opt/rustwide/target" "-e" "CARGO_INCREMENTAL=0" "-e" "RUST_BACKTRACE=full" "-e" "RUSTFLAGS=--cap-lints=warn" "-e" "RUSTDOCFLAGS=--cap-lints=warn" "-e" "CARGO_HOME=/opt/rustwide/cargo-home" "-e" "RUSTUP_HOME=/opt/rustwide/rustup-home" "-w" "/opt/rustwide/workdir" "-m" "1610612736" "--user" "0:0" "--network" "none" "ghcr.io/rust-lang/crates-build-env/linux@sha256:f3a9d4ad9d972b27faf3965f35b62e55ba32bbce8f20bc8fe909558a86702fde" "/opt/rustwide/cargo-home/bin/cargo" "+1.83.0" "test" "--frozen" "--no-run" "--message-format=json", kill_on_drop: false }`
[INFO] [stdout] 0307e48ee0700699ae7efb5791e80bb66ff6476f8fa1d03721b80e3c161b5dbf
[INFO] running `Command { std: "docker" "start" "-a" "0307e48ee0700699ae7efb5791e80bb66ff6476f8fa1d03721b80e3c161b5dbf", kill_on_drop: false }`
[INFO] [stderr]    Compiling parking_lot_core v0.9.10
[INFO] [stderr]    Compiling scopeguard v1.2.0
[INFO] [stderr]    Compiling smallvec v1.13.2
[INFO] [stderr]    Compiling lock_api v0.4.12
[INFO] [stderr]    Compiling signal-hook-registry v1.4.2
[INFO] [stderr]    Compiling num_cpus v1.16.0
[INFO] [stderr]    Compiling iana-time-zone v0.1.60
[INFO] [stderr]    Compiling chrono v0.4.38
[INFO] [stderr]    Compiling parking_lot v0.12.3
[INFO] [stderr]    Compiling tokio v1.37.0
[INFO] [stderr]    Compiling pbjson-types v0.6.0
[INFO] [stderr]    Compiling tokio-util v0.7.10
[INFO] [stderr]    Compiling tokio-io-timeout v1.2.0
[INFO] [stderr]    Compiling tokio-stream v0.1.16
[INFO] [stderr]    Compiling tokio-rustls v0.25.0
[INFO] [stderr]    Compiling h2 v0.3.26
[INFO] [stderr]    Compiling tower v0.4.13
[INFO] [stderr]    Compiling hyper v0.14.28
[INFO] [stderr]    Compiling axum v0.6.20
[INFO] [stderr]    Compiling hyper-timeout v0.4.1
[INFO] [stderr]    Compiling tonic v0.11.0
[INFO] [stderr]    Compiling sift_rs v0.1.0-rc.2 (/opt/rustwide/workdir)
[INFO] [stderr]     Finished `test` profile [unoptimized + debuginfo] target(s) in 40.19s
[INFO] running `Command { std: "docker" "inspect" "0307e48ee0700699ae7efb5791e80bb66ff6476f8fa1d03721b80e3c161b5dbf", kill_on_drop: false }`
[INFO] running `Command { std: "docker" "rm" "-f" "0307e48ee0700699ae7efb5791e80bb66ff6476f8fa1d03721b80e3c161b5dbf", kill_on_drop: false }`
[INFO] [stdout] 0307e48ee0700699ae7efb5791e80bb66ff6476f8fa1d03721b80e3c161b5dbf
[INFO] running `Command { std: "docker" "create" "-v" "/var/lib/crater-agent-workspace/builds/worker-5-tc1/target:/opt/rustwide/target:rw,Z" "-v" "/var/lib/crater-agent-workspace/builds/worker-5-tc1/source:/opt/rustwide/workdir:ro,Z" "-v" "/var/lib/crater-agent-workspace/cargo-home:/opt/rustwide/cargo-home:ro,Z" "-v" "/var/lib/crater-agent-workspace/rustup-home:/opt/rustwide/rustup-home:ro,Z" "-e" "SOURCE_DIR=/opt/rustwide/workdir" "-e" "CARGO_TARGET_DIR=/opt/rustwide/target" "-e" "CARGO_INCREMENTAL=0" "-e" "RUST_BACKTRACE=full" "-e" "RUSTFLAGS=--cap-lints=warn" "-e" "RUSTDOCFLAGS=--cap-lints=warn" "-e" "CARGO_HOME=/opt/rustwide/cargo-home" "-e" "RUSTUP_HOME=/opt/rustwide/rustup-home" "-w" "/opt/rustwide/workdir" "-m" "1610612736" "--user" "0:0" "--network" "none" "ghcr.io/rust-lang/crates-build-env/linux@sha256:f3a9d4ad9d972b27faf3965f35b62e55ba32bbce8f20bc8fe909558a86702fde" "/opt/rustwide/cargo-home/bin/cargo" "+1.83.0" "test" "--frozen", kill_on_drop: false }`
[INFO] [stdout] 81f3c19932c43e575549db80a50236d6bf67f0b721fe4c967e8ffdd79e5fcdb8
[INFO] running `Command { std: "docker" "start" "-a" "81f3c19932c43e575549db80a50236d6bf67f0b721fe4c967e8ffdd79e5fcdb8", kill_on_drop: false }`
[INFO] [stderr]     Finished `test` profile [unoptimized + debuginfo] target(s) in 0.17s
[INFO] [stderr]      Running unittests src/lib.rs (/opt/rustwide/target/debug/deps/sift_rs-cf06bb2aff9ebe14)
[INFO] [stdout] 
[INFO] [stderr]    Doc-tests sift_rs
[INFO] [stdout] running 0 tests
[INFO] [stdout] 
[INFO] [stdout] test result: ok. 0 passed; 0 failed; 0 ignored; 0 measured; 0 filtered out; finished in 0.00s
[INFO] [stdout] 
[INFO] [stdout] 
[INFO] [stdout] running 10 tests
[INFO] [stdout] test src/gen/google.api.rs - gen::google::api::HttpRule (line 103) ... FAILED
[INFO] [stdout] test src/gen/google.api.rs - gen::google::api::HttpRule (line 254) ... FAILED
[INFO] [stdout] test src/gen/grpc.gateway.protoc_gen_openapiv2.options.rs - gen::grpc::gateway::protoc_gen_openapiv2::options::JsonSchema (line 513) ... FAILED
[INFO] [stdout] test src/gen/google.api.rs - gen::google::api::HttpRule (line 128) ... FAILED
[INFO] [stdout] test src/gen/grpc.gateway.protoc_gen_openapiv2.options.rs - gen::grpc::gateway::protoc_gen_openapiv2::options::Operation (line 110) ... FAILED
[INFO] [stdout] test src/gen/google.api.rs - gen::google::api::HttpRule (line 200) ... FAILED
[INFO] [stdout] test src/gen/google.api.rs - gen::google::api::HttpRule (line 47) ... FAILED
[INFO] [stdout] test src/gen/google.api.rs - gen::google::api::HttpRule (line 156) ... FAILED
[INFO] [stdout] test src/gen/google.api.rs - gen::google::api::HttpRule (line 70) ... FAILED
[INFO] [stdout] test src/lib.rs - grpc (line 7) ... FAILED
[INFO] [stdout] 
[INFO] [stdout] failures:
[INFO] [stdout] 
[INFO] [stdout] ---- src/gen/google.api.rs - gen::google::api::HttpRule (line 103) stdout ----
[INFO] [stdout] error: expected one of `!`, `.`, `::`, `;`, `?`, `{`, `}`, or an operator, found `Messaging`
[INFO] [stdout]  --> src/gen/google.api.rs:104:9
[INFO] [stdout]   |
[INFO] [stdout] 3 | service Messaging {
[INFO] [stdout]   |         ^^^^^^^^^ expected one of 8 possible tokens
[INFO] [stdout] 
[INFO] [stdout] error: aborting due to 1 previous error
[INFO] [stdout] 
[INFO] [stdout] Couldn't compile the test.
[INFO] [stdout] ---- src/gen/google.api.rs - gen::google::api::HttpRule (line 254) stdout ----
[INFO] [stdout] error: expected identifier, found `:`
[INFO] [stdout]  --> src/gen/google.api.rs:255:5
[INFO] [stdout]   |
[INFO] [stdout] 3 | http:
[INFO] [stdout]   |     ^ expected identifier
[INFO] [stdout] 
[INFO] [stdout] error: aborting due to 1 previous error
[INFO] [stdout] 
[INFO] [stdout] Couldn't compile the test.
[INFO] [stdout] ---- src/gen/grpc.gateway.protoc_gen_openapiv2.options.rs - gen::grpc::gateway::protoc_gen_openapiv2::options::JsonSchema (line 513) stdout ----
[INFO] [stdout] error: expected one of `!`, `.`, `::`, `;`, `?`, `{`, `}`, or an operator, found `id`
[INFO] [stdout]  --> src/gen/grpc.gateway.protoc_gen_openapiv2.options.rs:515:8
[INFO] [stdout]   |
[INFO] [stdout] 4 | string id = 1; [
[INFO] [stdout]   |        ^^ expected one of 8 possible tokens
[INFO] [stdout] 
[INFO] [stdout] error: aborting due to 1 previous error
[INFO] [stdout] 
[INFO] [stdout] Couldn't compile the test.
[INFO] [stdout] ---- src/gen/google.api.rs - gen::google::api::HttpRule (line 128) stdout ----
[INFO] [stdout] error: expected one of `!`, `.`, `::`, `;`, `?`, `{`, `}`, or an operator, found `Messaging`
[INFO] [stdout]  --> src/gen/google.api.rs:129:9
[INFO] [stdout]   |
[INFO] [stdout] 3 | service Messaging {
[INFO] [stdout]   |         ^^^^^^^^^ expected one of 8 possible tokens
[INFO] [stdout] 
[INFO] [stdout] error: aborting due to 1 previous error
[INFO] [stdout] 
[INFO] [stdout] Couldn't compile the test.
[INFO] [stdout] ---- src/gen/grpc.gateway.protoc_gen_openapiv2.options.rs - gen::grpc::gateway::protoc_gen_openapiv2::options::Operation (line 110) stdout ----
[INFO] [stdout] error: unexpected closing delimiter: `}`
[INFO] [stdout]   --> src/gen/grpc.gateway.protoc_gen_openapiv2.options.rs:122:1
[INFO] [stdout]    |
[INFO] [stdout] 1  |   option (grpc.gateway.protoc_gen_openapiv2.options.openapiv2_operation) = {
[INFO] [stdout]    |                                                                            - this opening brace...
[INFO] [stdout] ...
[INFO] [stdout] 11 |   };
[INFO] [stdout]    |   - ...matches this closing brace
[INFO] [stdout] 12 | }
[INFO] [stdout]    | ^ unexpected closing delimiter
[INFO] [stdout] 
[INFO] [stdout] error: aborting due to 1 previous error
[INFO] [stdout] 
[INFO] [stdout] Couldn't compile the test.
[INFO] [stdout] ---- src/gen/google.api.rs - gen::google::api::HttpRule (line 200) stdout ----
[INFO] [stdout] error: unknown start of token: \
[INFO] [stdout]  --> src/gen/google.api.rs:201:25
[INFO] [stdout]   |
[INFO] [stdout] 3 | Template = "/" Segments \[ Verb \] ;
[INFO] [stdout]   |                         ^
[INFO] [stdout] 
[INFO] [stdout] error: unknown start of token: \
[INFO] [stdout]  --> src/gen/google.api.rs:201:33
[INFO] [stdout]   |
[INFO] [stdout] 3 | Template = "/" Segments \[ Verb \] ;
[INFO] [stdout]   |                                 ^
[INFO] [stdout] 
[INFO] [stdout] error: unknown start of token: \
[INFO] [stdout]  --> src/gen/google.api.rs:204:27
[INFO] [stdout]   |
[INFO] [stdout] 6 |  Variable = "{" FieldPath \[ "=" Segments \] "}" ;
[INFO] [stdout]   |                           ^
[INFO] [stdout] 
[INFO] [stdout] error: unknown start of token: \
[INFO] [stdout]  --> src/gen/google.api.rs:204:43
[INFO] [stdout]   |
[INFO] [stdout] 6 |  Variable = "{" FieldPath \[ "=" Segments \] "}" ;
[INFO] [stdout]   |                                           ^
[INFO] [stdout] 
[INFO] [stdout] error: expected one of `.`, `;`, `?`, `}`, or an operator, found `Segments`
[INFO] [stdout]  --> src/gen/google.api.rs:201:16
[INFO] [stdout]   |
[INFO] [stdout] 3 | Template = "/" Segments \[ Verb \] ;
[INFO] [stdout]   |                ^^^^^^^^ expected one of `.`, `;`, `?`, `}`, or an operator
[INFO] [stdout] 
[INFO] [stdout] error: aborting due to 5 previous errors
[INFO] [stdout] 
[INFO] [stdout] Couldn't compile the test.
[INFO] [stdout] ---- src/gen/google.api.rs - gen::google::api::HttpRule (line 47) stdout ----
[INFO] [stdout] error: expected one of `!`, `.`, `::`, `;`, `?`, `{`, `}`, or an operator, found `Messaging`
[INFO] [stdout]  --> src/gen/google.api.rs:48:9
[INFO] [stdout]   |
[INFO] [stdout] 3 | service Messaging {
[INFO] [stdout]   |         ^^^^^^^^^ expected one of 8 possible tokens
[INFO] [stdout] 
[INFO] [stdout] error: aborting due to 1 previous error
[INFO] [stdout] 
[INFO] [stdout] Couldn't compile the test.
[INFO] [stdout] ---- src/gen/google.api.rs - gen::google::api::HttpRule (line 156) stdout ----
[INFO] [stdout] error: expected one of `!`, `.`, `::`, `;`, `?`, `{`, `}`, or an operator, found `Messaging`
[INFO] [stdout]  --> src/gen/google.api.rs:157:9
[INFO] [stdout]   |
[INFO] [stdout] 3 | service Messaging {
[INFO] [stdout]   |         ^^^^^^^^^ expected one of 8 possible tokens
[INFO] [stdout] 
[INFO] [stdout] error: aborting due to 1 previous error
[INFO] [stdout] 
[INFO] [stdout] Couldn't compile the test.
[INFO] [stdout] ---- src/gen/google.api.rs - gen::google::api::HttpRule (line 70) stdout ----
[INFO] [stdout] error: expected one of `!`, `.`, `::`, `;`, `?`, `{`, `}`, or an operator, found `Messaging`
[INFO] [stdout]  --> src/gen/google.api.rs:71:9
[INFO] [stdout]   |
[INFO] [stdout] 3 | service Messaging {
[INFO] [stdout]   |         ^^^^^^^^^ expected one of 8 possible tokens
[INFO] [stdout] 
[INFO] [stdout] error: aborting due to 1 previous error
[INFO] [stdout] 
[INFO] [stdout] Couldn't compile the test.
[INFO] [stdout] ---- src/lib.rs - grpc (line 7) stdout ----
[INFO] [stdout] Test executable failed (exit status: 1).
[INFO] [stdout] 
[INFO] [stdout] stderr:
[INFO] [stdout] Error: NotPresent
[INFO] [stdout] 
[INFO] [stdout] 
[INFO] [stdout] 
[INFO] [stdout] failures:
[INFO] [stdout]     src/gen/google.api.rs - gen::google::api::HttpRule (line 103)
[INFO] [stdout]     src/gen/google.api.rs - gen::google::api::HttpRule (line 128)
[INFO] [stdout]     src/gen/google.api.rs - gen::google::api::HttpRule (line 156)
[INFO] [stdout]     src/gen/google.api.rs - gen::google::api::HttpRule (line 200)
[INFO] [stdout]     src/gen/google.api.rs - gen::google::api::HttpRule (line 254)
[INFO] [stdout]     src/gen/google.api.rs - gen::google::api::HttpRule (line 47)
[INFO] [stdout]     src/gen/google.api.rs - gen::google::api::HttpRule (line 70)
[INFO] [stdout]     src/gen/grpc.gateway.protoc_gen_openapiv2.options.rs - gen::grpc::gateway::protoc_gen_openapiv2::options::JsonSchema (line 513)
[INFO] [stdout]     src/gen/grpc.gateway.protoc_gen_openapiv2.options.rs - gen::grpc::gateway::protoc_gen_openapiv2::options::Operation (line 110)
[INFO] [stdout]     src/lib.rs - grpc (line 7)
[INFO] [stdout] 
[INFO] [stdout] test result: FAILED. 0 passed; 10 failed; 0 ignored; 0 measured; 0 filtered out; finished in 3.57s
[INFO] [stdout] 
[INFO] [stderr] error: doctest failed, to rerun pass `--doc`
[INFO] running `Command { std: "docker" "inspect" "81f3c19932c43e575549db80a50236d6bf67f0b721fe4c967e8ffdd79e5fcdb8", kill_on_drop: false }`
[INFO] running `Command { std: "docker" "rm" "-f" "81f3c19932c43e575549db80a50236d6bf67f0b721fe4c967e8ffdd79e5fcdb8", kill_on_drop: false }`
[INFO] [stdout] 81f3c19932c43e575549db80a50236d6bf67f0b721fe4c967e8ffdd79e5fcdb8
