[INFO] fetching crate shx 0.0.1...
[INFO] testing shx-0.0.1 against 1.83.0 for beta-1.84.0-4-retry
[INFO] extracting crate shx 0.0.1 into /workspace/builds/worker-7-tc1/source
[INFO] validating manifest of crates.io crate shx 0.0.1 on toolchain 1.83.0
[INFO] running `Command { std: CARGO_HOME="/workspace/cargo-home" RUSTUP_HOME="/workspace/rustup-home" "/workspace/cargo-home/bin/cargo" "+1.83.0" "metadata" "--manifest-path" "Cargo.toml" "--no-deps", kill_on_drop: false }`
[INFO] started tweaking crates.io crate shx 0.0.1
[INFO] finished tweaking crates.io crate shx 0.0.1
[INFO] tweaked toml for crates.io crate shx 0.0.1 written to /workspace/builds/worker-7-tc1/source/Cargo.toml
[INFO] running `Command { std: CARGO_HOME="/workspace/cargo-home" RUSTUP_HOME="/workspace/rustup-home" "/workspace/cargo-home/bin/cargo" "+1.83.0" "generate-lockfile" "--manifest-path" "Cargo.toml", kill_on_drop: false }`
[INFO] [stderr]     Updating crates.io index
[INFO] [stderr]      Locking 8 packages to latest compatible versions
[INFO] [stderr]       Adding thiserror v1.0.69 (available: v2.0.7)
[INFO] running `Command { std: CARGO_HOME="/workspace/cargo-home" RUSTUP_HOME="/workspace/rustup-home" "/workspace/cargo-home/bin/cargo" "+1.83.0" "fetch" "--manifest-path" "Cargo.toml", kill_on_drop: false }`
[INFO] [stderr]  Downloading crates ...
[INFO] [stderr]   Downloaded shx-macros v0.0.1
[INFO] running `Command { std: "docker" "create" "-v" "/var/lib/crater-agent-workspace/builds/worker-7-tc1/target:/opt/rustwide/target:rw,Z" "-v" "/var/lib/crater-agent-workspace/builds/worker-7-tc1/source:/opt/rustwide/workdir:ro,Z" "-v" "/var/lib/crater-agent-workspace/cargo-home:/opt/rustwide/cargo-home:ro,Z" "-v" "/var/lib/crater-agent-workspace/rustup-home:/opt/rustwide/rustup-home:ro,Z" "-e" "SOURCE_DIR=/opt/rustwide/workdir" "-e" "CARGO_TARGET_DIR=/opt/rustwide/target" "-e" "CARGO_HOME=/opt/rustwide/cargo-home" "-e" "RUSTUP_HOME=/opt/rustwide/rustup-home" "-w" "/opt/rustwide/workdir" "-m" "1610612736" "--user" "0:0" "--network" "none" "ghcr.io/rust-lang/crates-build-env/linux@sha256:f3a9d4ad9d972b27faf3965f35b62e55ba32bbce8f20bc8fe909558a86702fde" "/opt/rustwide/cargo-home/bin/cargo" "+1.83.0" "metadata" "--no-deps" "--format-version=1", kill_on_drop: false }`
[INFO] [stdout] 067b7ab6cbf506d7c556de223b51a84daacd815011c5f6dbf0bfbe26ce0ff503
[INFO] running `Command { std: "docker" "start" "-a" "067b7ab6cbf506d7c556de223b51a84daacd815011c5f6dbf0bfbe26ce0ff503", kill_on_drop: false }`
[INFO] running `Command { std: "docker" "inspect" "067b7ab6cbf506d7c556de223b51a84daacd815011c5f6dbf0bfbe26ce0ff503", kill_on_drop: false }`
[INFO] running `Command { std: "docker" "rm" "-f" "067b7ab6cbf506d7c556de223b51a84daacd815011c5f6dbf0bfbe26ce0ff503", kill_on_drop: false }`
[INFO] [stdout] 067b7ab6cbf506d7c556de223b51a84daacd815011c5f6dbf0bfbe26ce0ff503
[INFO] running `Command { std: "docker" "create" "-v" "/var/lib/crater-agent-workspace/builds/worker-7-tc1/target:/opt/rustwide/target:rw,Z" "-v" "/var/lib/crater-agent-workspace/builds/worker-7-tc1/source:/opt/rustwide/workdir:ro,Z" "-v" "/var/lib/crater-agent-workspace/cargo-home:/opt/rustwide/cargo-home:ro,Z" "-v" "/var/lib/crater-agent-workspace/rustup-home:/opt/rustwide/rustup-home:ro,Z" "-e" "SOURCE_DIR=/opt/rustwide/workdir" "-e" "CARGO_TARGET_DIR=/opt/rustwide/target" "-e" "CARGO_INCREMENTAL=0" "-e" "RUST_BACKTRACE=full" "-e" "RUSTFLAGS=--cap-lints=warn" "-e" "RUSTDOCFLAGS=--cap-lints=warn" "-e" "CARGO_HOME=/opt/rustwide/cargo-home" "-e" "RUSTUP_HOME=/opt/rustwide/rustup-home" "-w" "/opt/rustwide/workdir" "-m" "1610612736" "--user" "0:0" "--network" "none" "ghcr.io/rust-lang/crates-build-env/linux@sha256:f3a9d4ad9d972b27faf3965f35b62e55ba32bbce8f20bc8fe909558a86702fde" "/opt/rustwide/cargo-home/bin/cargo" "+1.83.0" "build" "--frozen" "--message-format=json", kill_on_drop: false }`
[INFO] [stdout] ac544d238451991eca4fbfaaae56d023d97f1447ff4f09bbef45fd18102a7b7d
[INFO] running `Command { std: "docker" "start" "-a" "ac544d238451991eca4fbfaaae56d023d97f1447ff4f09bbef45fd18102a7b7d", kill_on_drop: false }`
[INFO] [stderr]    Compiling proc-macro2 v1.0.92
[INFO] [stderr]    Compiling unicode-ident v1.0.14
[INFO] [stderr]    Compiling thiserror v1.0.69
[INFO] [stderr]    Compiling quote v1.0.37
[INFO] [stderr]    Compiling litrs v0.4.1
[INFO] [stderr]    Compiling syn v2.0.90
[INFO] [stderr]    Compiling shx-macros v0.0.1
[INFO] [stderr]    Compiling thiserror-impl v1.0.69
[INFO] [stderr]    Compiling shx v0.0.1 (/opt/rustwide/workdir)
[INFO] [stderr]     Finished `dev` profile [unoptimized + debuginfo] target(s) in 4.32s
[INFO] running `Command { std: "docker" "inspect" "ac544d238451991eca4fbfaaae56d023d97f1447ff4f09bbef45fd18102a7b7d", kill_on_drop: false }`
[INFO] running `Command { std: "docker" "rm" "-f" "ac544d238451991eca4fbfaaae56d023d97f1447ff4f09bbef45fd18102a7b7d", kill_on_drop: false }`
[INFO] [stdout] ac544d238451991eca4fbfaaae56d023d97f1447ff4f09bbef45fd18102a7b7d
[INFO] running `Command { std: "docker" "create" "-v" "/var/lib/crater-agent-workspace/builds/worker-7-tc1/target:/opt/rustwide/target:rw,Z" "-v" "/var/lib/crater-agent-workspace/builds/worker-7-tc1/source:/opt/rustwide/workdir:ro,Z" "-v" "/var/lib/crater-agent-workspace/cargo-home:/opt/rustwide/cargo-home:ro,Z" "-v" "/var/lib/crater-agent-workspace/rustup-home:/opt/rustwide/rustup-home:ro,Z" "-e" "SOURCE_DIR=/opt/rustwide/workdir" "-e" "CARGO_TARGET_DIR=/opt/rustwide/target" "-e" "CARGO_INCREMENTAL=0" "-e" "RUST_BACKTRACE=full" "-e" "RUSTFLAGS=--cap-lints=warn" "-e" "RUSTDOCFLAGS=--cap-lints=warn" "-e" "CARGO_HOME=/opt/rustwide/cargo-home" "-e" "RUSTUP_HOME=/opt/rustwide/rustup-home" "-w" "/opt/rustwide/workdir" "-m" "1610612736" "--user" "0:0" "--network" "none" "ghcr.io/rust-lang/crates-build-env/linux@sha256:f3a9d4ad9d972b27faf3965f35b62e55ba32bbce8f20bc8fe909558a86702fde" "/opt/rustwide/cargo-home/bin/cargo" "+1.83.0" "test" "--frozen" "--no-run" "--message-format=json", kill_on_drop: false }`
[INFO] [stdout] 4cd093065efcebebff19fe387699ce79cdac11a1573a244d445d1adbe9c0ce96
[INFO] running `Command { std: "docker" "start" "-a" "4cd093065efcebebff19fe387699ce79cdac11a1573a244d445d1adbe9c0ce96", kill_on_drop: false }`
[INFO] [stderr]    Compiling shx v0.0.1 (/opt/rustwide/workdir)
[INFO] [stderr]     Finished `test` profile [unoptimized + debuginfo] target(s) in 0.48s
[INFO] running `Command { std: "docker" "inspect" "4cd093065efcebebff19fe387699ce79cdac11a1573a244d445d1adbe9c0ce96", kill_on_drop: false }`
[INFO] running `Command { std: "docker" "rm" "-f" "4cd093065efcebebff19fe387699ce79cdac11a1573a244d445d1adbe9c0ce96", kill_on_drop: false }`
[INFO] [stdout] 4cd093065efcebebff19fe387699ce79cdac11a1573a244d445d1adbe9c0ce96
[INFO] running `Command { std: "docker" "create" "-v" "/var/lib/crater-agent-workspace/builds/worker-7-tc1/target:/opt/rustwide/target:rw,Z" "-v" "/var/lib/crater-agent-workspace/builds/worker-7-tc1/source:/opt/rustwide/workdir:ro,Z" "-v" "/var/lib/crater-agent-workspace/cargo-home:/opt/rustwide/cargo-home:ro,Z" "-v" "/var/lib/crater-agent-workspace/rustup-home:/opt/rustwide/rustup-home:ro,Z" "-e" "SOURCE_DIR=/opt/rustwide/workdir" "-e" "CARGO_TARGET_DIR=/opt/rustwide/target" "-e" "CARGO_INCREMENTAL=0" "-e" "RUST_BACKTRACE=full" "-e" "RUSTFLAGS=--cap-lints=warn" "-e" "RUSTDOCFLAGS=--cap-lints=warn" "-e" "CARGO_HOME=/opt/rustwide/cargo-home" "-e" "RUSTUP_HOME=/opt/rustwide/rustup-home" "-w" "/opt/rustwide/workdir" "-m" "1610612736" "--user" "0:0" "--network" "none" "ghcr.io/rust-lang/crates-build-env/linux@sha256:f3a9d4ad9d972b27faf3965f35b62e55ba32bbce8f20bc8fe909558a86702fde" "/opt/rustwide/cargo-home/bin/cargo" "+1.83.0" "test" "--frozen", kill_on_drop: false }`
[INFO] [stdout] 11a73de0c0e62695e1aa1c3a4cc4de33e9655dbf66c127a45d4304cb4f058977
[INFO] running `Command { std: "docker" "start" "-a" "11a73de0c0e62695e1aa1c3a4cc4de33e9655dbf66c127a45d4304cb4f058977", kill_on_drop: false }`
[INFO] [stderr]     Finished `test` profile [unoptimized + debuginfo] target(s) in 0.01s
[INFO] [stderr]      Running unittests src/lib.rs (/opt/rustwide/target/debug/deps/shx-99c4f0fea756f0b0)
[INFO] [stdout] 
[INFO] [stdout] running 0 tests
[INFO] [stdout] 
[INFO] [stdout] test result: ok. 0 passed; 0 failed; 0 ignored; 0 measured; 0 filtered out; finished in 0.00s
[INFO] [stdout] 
[INFO] [stderr]      Running tests/it.rs (/opt/rustwide/target/debug/deps/it-ace9fe94a89204aa)
[INFO] [stdout] 
[INFO] [stdout] running 8 tests
[INFO] [stdout] test multiple ... ok
[INFO] [stdout] hello world
[INFO] [stdout] .:
[INFO] [stdout] Cargo.lock
[INFO] [stdout] Cargo.toml
[INFO] [stdout] Cargo.toml.orig
[INFO] [stdout] LICENSE
[INFO] [stdout] README.md
[INFO] [stdout] src
[INFO] [stdout] tests
[INFO] [stdout] 
[INFO] [stdout] .:
[INFO] [stdout] Cargo.lock
[INFO] [stdout] Cargo.toml
[INFO] [stdout] Cargo.toml.orig
[INFO] [stdout] LICENSE
[INFO] [stdout] README.md
[INFO] [stdout] src
[INFO] [stdout] tests
[INFO] [stdout] 
[INFO] [stdout] ..:
[INFO] [stdout] cargo-home
[INFO] [stdout] rustup-home
[INFO] [stdout] target
[INFO] [stdout] workdir
[INFO] [stdout] 
[INFO] [stdout] ..:
[INFO] [stdout] cargo-home
[INFO] [stdout] rustup-home
[INFO] [stdout] target
[INFO] [stdout] workdir
[INFO] [stdout] test variadic_expression ... ok
[INFO] [stdout] total 52
[INFO] [stdout] drwxr-xr-x 6 root root 4096 Dec 15 05:19 .
[INFO] [stdout] drwxr-xr-x 6 root root 4096 Dec 15 05:19 ..
[INFO] [stdout] -rw-r--r-- 1 root root   94 Jan  1  1970 .cargo_vcs_info.json
[INFO] [stdout] drwxr-xr-x 3 root root 4096 Dec 15 05:19 .github
[INFO] [stdout] -rw-r--r-- 1 root root    8 Jul 24  2006 .gitignore
[INFO] [stdout] drwxr-xr-x 2 root root 4096 Dec 15 05:19 .vscode
[INFO] [stdout] -rw-r--r-- 1 root root 2059 Dec 15 05:19 Cargo.lock
[INFO] [stdout] -rw-r--r-- 1 root root  289 Dec 15 05:19 Cargo.toml
[INFO] [stdout] -rw-r--r-- 1 root root  367 Jul 24  2006 Cargo.toml.orig
[INFO] [stdout] -rw-r--r-- 1 root root 1069 Jul 24  2006 LICENSE
[INFO] [stdout] -rw-r--r-- 1 root root 2127 Jul 24  2006 README.md
[INFO] [stdout] drwxr-xr-x 2 root root 4096 Dec 15 05:19 src
[INFO] [stdout] drwxr-xr-x 2 root root 4096 Dec 15 05:19 tests
[INFO] [stdout] test error_conditions ... ok
[INFO] [stdout] test extra_args ... ok
[INFO] [stdout] test sink_types ... ok
[INFO] [stdout] test echo ... ok
[INFO] [stdout] test source_types ... ok
[INFO] [stdout] test literals ... ok
[INFO] [stdout] 
[INFO] [stdout] test result: ok. 8 passed; 0 failed; 0 ignored; 0 measured; 0 filtered out; finished in 0.01s
[INFO] [stdout] 
[INFO] [stderr]    Doc-tests shx
[INFO] [stdout] 
[INFO] [stdout] running 1 test
[INFO] [stdout] test src/../README.md - (line 18) ... FAILED
[INFO] [stdout] 
[INFO] [stdout] failures:
[INFO] [stdout] 
[INFO] [stdout] ---- src/../README.md - (line 18) stdout ----
[INFO] [stdout] error: expected `;`, found keyword `let`
[INFO] [stdout]   --> src/../README.md:38:38
[INFO] [stdout]    |
[INFO] [stdout] 23 | shx!(ls {path} ...{option} ...{list})
[INFO] [stdout]    |                                      ^ help: add `;` here
[INFO] [stdout] ...
[INFO] [stdout] 26 | let input = "foo bar baz";
[INFO] [stdout]    | --- unexpected token
[INFO] [stdout] 
[INFO] [stdout] error[E0432]: unresolved import `sh`
[INFO] [stdout]  --> src/../README.md:20:5
[INFO] [stdout]   |
[INFO] [stdout] 5 | use sh::sh;
[INFO] [stdout]   |     ^^ use of undeclared crate or module `sh`
[INFO] [stdout]   |
[INFO] [stdout] help: there is a crate or module with a similar name
[INFO] [stdout]   |
[INFO] [stdout] 5 | use shx::sh;
[INFO] [stdout]   |     ~~~
[INFO] [stdout] 
[INFO] [stdout] error: cannot find macro `shx` in this scope
[INFO] [stdout]   --> src/../README.md:27:1
[INFO] [stdout]    |
[INFO] [stdout] 12 | shx!(echo hello {world} > {&mut out});
[INFO] [stdout]    | ^^^
[INFO] [stdout]    |
[INFO] [stdout] note: `shx` is imported here, but it is a crate, not a macro
[INFO] [stdout]   --> src/../README.md:18:1
[INFO] [stdout]    |
[INFO] [stdout] 3  | extern crate r#shx;
[INFO] [stdout]    | ^^^^^^^^^^^^^^^^^^^
[INFO] [stdout] help: consider importing this macro
[INFO] [stdout]    |
[INFO] [stdout] 2  + use shx::shx;
[INFO] [stdout]    |
[INFO] [stdout] 
[INFO] [stdout] error: cannot find macro `shx` in this scope
[INFO] [stdout]   --> src/../README.md:42:1
[INFO] [stdout]    |
[INFO] [stdout] 27 | shx!(cat < {input} > {&mut out});
[INFO] [stdout]    | ^^^
[INFO] [stdout]    |
[INFO] [stdout] note: `shx` is imported here, but it is a crate, not a macro
[INFO] [stdout]   --> src/../README.md:18:1
[INFO] [stdout]    |
[INFO] [stdout] 3  | extern crate r#shx;
[INFO] [stdout]    | ^^^^^^^^^^^^^^^^^^^
[INFO] [stdout] help: consider importing this macro
[INFO] [stdout]    |
[INFO] [stdout] 2  + use shx::shx;
[INFO] [stdout]    |
[INFO] [stdout] 
[INFO] [stdout] error: cannot find macro `shx` in this scope
[INFO] [stdout]   --> src/../README.md:49:1
[INFO] [stdout]    |
[INFO] [stdout] 34 | shx! {
[INFO] [stdout]    | ^^^
[INFO] [stdout]    |
[INFO] [stdout] note: `shx` is imported here, but it is a crate, not a macro
[INFO] [stdout]   --> src/../README.md:18:1
[INFO] [stdout]    |
[INFO] [stdout] 3  | extern crate r#shx;
[INFO] [stdout]    | ^^^^^^^^^^^^^^^^^^^
[INFO] [stdout] help: consider importing this macro
[INFO] [stdout]    |
[INFO] [stdout] 2  + use shx::shx;
[INFO] [stdout]    |
[INFO] [stdout] 
[INFO] [stdout] error: aborting due to 5 previous errors
[INFO] [stdout] 
[INFO] [stdout] For more information about this error, try `rustc --explain E0432`.
[INFO] [stdout] Couldn't compile the test.
[INFO] [stdout] 
[INFO] [stdout] failures:
[INFO] [stdout]     src/../README.md - (line 18)
[INFO] [stdout] 
[INFO] [stdout] test result: FAILED. 0 passed; 1 failed; 0 ignored; 0 measured; 0 filtered out; finished in 0.05s
[INFO] [stdout] 
[INFO] [stderr] error: doctest failed, to rerun pass `--doc`
[INFO] running `Command { std: "docker" "inspect" "11a73de0c0e62695e1aa1c3a4cc4de33e9655dbf66c127a45d4304cb4f058977", kill_on_drop: false }`
[INFO] running `Command { std: "docker" "rm" "-f" "11a73de0c0e62695e1aa1c3a4cc4de33e9655dbf66c127a45d4304cb4f058977", kill_on_drop: false }`
[INFO] [stdout] 11a73de0c0e62695e1aa1c3a4cc4de33e9655dbf66c127a45d4304cb4f058977
