[INFO] fetching crate shadow-drive-sdk 0.7.2...
[INFO] testing shadow-drive-sdk-0.7.2 against beta-2024-12-08 for beta-1.84.0-4-retry
[INFO] extracting crate shadow-drive-sdk 0.7.2 into /workspace/builds/worker-6-tc2/source
[INFO] validating manifest of crates.io crate shadow-drive-sdk 0.7.2 on toolchain beta-2024-12-08
[INFO] running `Command { std: CARGO_HOME="/workspace/cargo-home" RUSTUP_HOME="/workspace/rustup-home" "/workspace/cargo-home/bin/cargo" "+beta-2024-12-08" "metadata" "--manifest-path" "Cargo.toml" "--no-deps", kill_on_drop: false }`
[INFO] started tweaking crates.io crate shadow-drive-sdk 0.7.2
[INFO] finished tweaking crates.io crate shadow-drive-sdk 0.7.2
[INFO] tweaked toml for crates.io crate shadow-drive-sdk 0.7.2 written to /workspace/builds/worker-6-tc2/source/Cargo.toml
[INFO] crate crates.io crate shadow-drive-sdk 0.7.2 already has a lockfile, it will not be regenerated
[INFO] running `Command { std: CARGO_HOME="/workspace/cargo-home" RUSTUP_HOME="/workspace/rustup-home" "/workspace/cargo-home/bin/cargo" "+beta-2024-12-08" "fetch" "--manifest-path" "Cargo.toml", kill_on_drop: false }`
[INFO] running `Command { std: "docker" "create" "-v" "/var/lib/crater-agent-workspace/builds/worker-6-tc2/target:/opt/rustwide/target:rw,Z" "-v" "/var/lib/crater-agent-workspace/builds/worker-6-tc2/source:/opt/rustwide/workdir:ro,Z" "-v" "/var/lib/crater-agent-workspace/cargo-home:/opt/rustwide/cargo-home:ro,Z" "-v" "/var/lib/crater-agent-workspace/rustup-home:/opt/rustwide/rustup-home:ro,Z" "-e" "SOURCE_DIR=/opt/rustwide/workdir" "-e" "CARGO_TARGET_DIR=/opt/rustwide/target" "-e" "CARGO_HOME=/opt/rustwide/cargo-home" "-e" "RUSTUP_HOME=/opt/rustwide/rustup-home" "-w" "/opt/rustwide/workdir" "-m" "1610612736" "--user" "0:0" "--network" "none" "ghcr.io/rust-lang/crates-build-env/linux@sha256:f3a9d4ad9d972b27faf3965f35b62e55ba32bbce8f20bc8fe909558a86702fde" "/opt/rustwide/cargo-home/bin/cargo" "+beta-2024-12-08" "metadata" "--no-deps" "--format-version=1", kill_on_drop: false }`
[INFO] [stdout] c42c31f5c5a01e9fdeb6ba088abb6780c5bc01debce0526195990dd04b41edd4
[INFO] running `Command { std: "docker" "start" "-a" "c42c31f5c5a01e9fdeb6ba088abb6780c5bc01debce0526195990dd04b41edd4", kill_on_drop: false }`
[INFO] running `Command { std: "docker" "inspect" "c42c31f5c5a01e9fdeb6ba088abb6780c5bc01debce0526195990dd04b41edd4", kill_on_drop: false }`
[INFO] running `Command { std: "docker" "rm" "-f" "c42c31f5c5a01e9fdeb6ba088abb6780c5bc01debce0526195990dd04b41edd4", kill_on_drop: false }`
[INFO] [stdout] c42c31f5c5a01e9fdeb6ba088abb6780c5bc01debce0526195990dd04b41edd4
[INFO] running `Command { std: "docker" "create" "-v" "/var/lib/crater-agent-workspace/builds/worker-6-tc2/target:/opt/rustwide/target:rw,Z" "-v" "/var/lib/crater-agent-workspace/builds/worker-6-tc2/source:/opt/rustwide/workdir:ro,Z" "-v" "/var/lib/crater-agent-workspace/cargo-home:/opt/rustwide/cargo-home:ro,Z" "-v" "/var/lib/crater-agent-workspace/rustup-home:/opt/rustwide/rustup-home:ro,Z" "-e" "SOURCE_DIR=/opt/rustwide/workdir" "-e" "CARGO_TARGET_DIR=/opt/rustwide/target" "-e" "CARGO_INCREMENTAL=0" "-e" "RUST_BACKTRACE=full" "-e" "RUSTFLAGS=--cap-lints=warn" "-e" "RUSTDOCFLAGS=--cap-lints=warn" "-e" "CARGO_HOME=/opt/rustwide/cargo-home" "-e" "RUSTUP_HOME=/opt/rustwide/rustup-home" "-w" "/opt/rustwide/workdir" "-m" "1610612736" "--user" "0:0" "--network" "none" "ghcr.io/rust-lang/crates-build-env/linux@sha256:f3a9d4ad9d972b27faf3965f35b62e55ba32bbce8f20bc8fe909558a86702fde" "/opt/rustwide/cargo-home/bin/cargo" "+beta-2024-12-08" "build" "--frozen" "--message-format=json", kill_on_drop: false }`
[INFO] [stdout] 25cfe1ffe72ca0c9140aa20887edd186668dcc6768db4938f57511c0adc5a9e2
[INFO] running `Command { std: "docker" "start" "-a" "25cfe1ffe72ca0c9140aa20887edd186668dcc6768db4938f57511c0adc5a9e2", kill_on_drop: false }`
[INFO] [stderr]    Compiling libc v0.2.133
[INFO] [stderr]    Compiling cfg-if v1.0.0
[INFO] [stderr]    Compiling proc-macro2 v1.0.66
[INFO] [stderr]    Compiling unicode-ident v1.0.4
[INFO] [stderr]    Compiling autocfg v1.1.0
[INFO] [stderr]    Compiling version_check v0.9.4
[INFO] [stderr]    Compiling syn v1.0.100
[INFO] [stderr]    Compiling serde v1.0.183
[INFO] [stderr]    Compiling serde_derive v1.0.183
[INFO] [stderr]    Compiling typenum v1.15.0
[INFO] [stderr]    Compiling once_cell v1.14.0
[INFO] [stderr]    Compiling generic-array v0.14.6
[INFO] [stderr]    Compiling itoa v1.0.6
[INFO] [stderr]    Compiling memchr v2.5.0
[INFO] [stderr]    Compiling log v0.4.17
[INFO] [stderr]    Compiling thiserror v1.0.35
[INFO] [stderr]    Compiling subtle v2.4.1
[INFO] [stderr]    Compiling scopeguard v1.1.0
[INFO] [stderr]    Compiling cpufeatures v0.2.5
[INFO] [stderr]    Compiling semver v1.0.17
[INFO] [stderr]    Compiling opaque-debug v0.3.0
[INFO] [stderr]    Compiling block-padding v0.2.1
[INFO] [stderr]    Compiling quote v1.0.33
[INFO] [stderr]    Compiling ryu v1.0.11
[INFO] [stderr]    Compiling serde_json v1.0.95
[INFO] [stderr]    Compiling syn v2.0.29
[INFO] [stderr]    Compiling unicode-xid v0.2.4
[INFO] [stderr]    Compiling num-traits v0.2.15
[INFO] [stderr]    Compiling ahash v0.7.6
[INFO] [stderr]    Compiling rustc_version v0.4.0
[INFO] [stderr]    Compiling ppv-lite86 v0.2.16
[INFO] [stderr]    Compiling byteorder v1.4.3
[INFO] [stderr]    Compiling jobserver v0.1.24
[INFO] [stderr]    Compiling getrandom v0.2.7
[INFO] [stderr]    Compiling num_cpus v1.13.1
[INFO] [stderr]    Compiling cc v1.0.79
[INFO] [stderr]    Compiling anyhow v1.0.70
[INFO] [stderr]    Compiling base64 v0.13.0
[INFO] [stderr]    Compiling rand_core v0.6.4
[INFO] [stderr]    Compiling tinyvec_macros v0.1.0
[INFO] [stderr]    Compiling getrandom v0.1.16
[INFO] [stderr]    Compiling tinyvec v1.6.0
[INFO] [stderr]    Compiling hashbrown v0.12.3
[INFO] [stderr]    Compiling memoffset v0.6.5
[INFO] [stderr]    Compiling crossbeam-utils v0.8.11
[INFO] [stderr]    Compiling fnv v1.0.7
[INFO] [stderr]    Compiling crunchy v0.2.2
[INFO] [stderr]    Compiling pin-project-lite v0.2.9
[INFO] [stderr]    Compiling bitflags v1.3.2
[INFO] [stderr]    Compiling lazy_static v1.4.0
[INFO] [stderr]    Compiling rand_core v0.5.1
[INFO] [stderr]    Compiling num-integer v0.1.45
[INFO] [stderr]    Compiling crossbeam-epoch v0.9.10
[INFO] [stderr]    Compiling unicode-normalization v0.1.22
[INFO] [stderr]    Compiling lock_api v0.4.9
[INFO] [stderr]    Compiling wasm-bindgen-shared v0.2.83
[INFO] [stderr]    Compiling smallvec v1.9.0
[INFO] [stderr]    Compiling rayon-core v1.9.3
[INFO] [stderr]    Compiling rand_chacha v0.2.2
[INFO] [stderr]    Compiling bytes v1.2.1
[INFO] [stderr]    Compiling toml v0.5.9
[INFO] [stderr]    Compiling rand v0.7.3
[INFO] [stderr]    Compiling crossbeam-deque v0.8.2
[INFO] [stderr]    Compiling digest v0.9.0
[INFO] [stderr]    Compiling block-buffer v0.9.0
[INFO] [stderr]    Compiling sha2 v0.9.9
[INFO] [stderr]    Compiling crypto-common v0.1.6
[INFO] [stderr]    Compiling block-buffer v0.10.3
[INFO] [stderr]    Compiling libsecp256k1-core v0.2.2
[INFO] [stderr]    Compiling digest v0.10.5
[INFO] [stderr]    Compiling crypto-mac v0.8.0
[INFO] [stderr]    Compiling crossbeam-channel v0.5.6
[INFO] [stderr]    Compiling rayon v1.5.3
[INFO] [stderr]    Compiling either v1.8.0
[INFO] [stderr]    Compiling rustversion v1.0.9
[INFO] [stderr]    Compiling bumpalo v3.11.0
[INFO] [stderr]    Compiling feature-probe v0.1.1
[INFO] [stderr]    Compiling futures-core v0.3.28
[INFO] [stderr]    Compiling parking_lot_core v0.8.5
[INFO] [stderr]    Compiling bv v0.11.1
[INFO] [stderr]    Compiling libsecp256k1-gen-genmult v0.2.1
[INFO] [stderr]    Compiling libsecp256k1-gen-ecmult v0.2.1
[INFO] [stderr]    Compiling hmac v0.8.1
[INFO] [stderr]    Compiling blake3 v1.3.1
[INFO] [stderr]    Compiling solana-frozen-abi-macro v1.14.18
[INFO] [stderr]    Compiling bitmaps v2.1.0
[INFO] [stderr]    Compiling aho-corasick v0.7.19
[INFO] [stderr]    Compiling im v15.1.0
[INFO] [stderr]    Compiling synstructure v0.12.6
[INFO] [stderr]    Compiling wasm-bindgen-backend v0.2.83
[INFO] [stderr]    Compiling instant v0.1.12
[INFO] [stderr]    Compiling percent-encoding v2.2.0
[INFO] [stderr]    Compiling keccak v0.1.2
[INFO] [stderr]    Compiling bs58 v0.4.0
[INFO] [stderr]    Compiling arrayref v0.3.6
[INFO] [stderr]    Compiling regex-syntax v0.6.27
[INFO] [stderr]    Compiling sized-chunks v0.6.5
[INFO] [stderr]    Compiling borsh-schema-derive-internal v0.9.3
[INFO] [stderr]    Compiling wasm-bindgen-macro-support v0.2.83
[INFO] [stderr]    Compiling borsh-derive-internal v0.9.3
[INFO] [stderr]    Compiling libsecp256k1 v0.6.0
[INFO] [stderr]    Compiling proc-macro-crate v0.1.5
[INFO] [stderr]    Compiling sha2 v0.10.6
[INFO] [stderr]    Compiling ring v0.16.20
[INFO] [stderr]    Compiling rand_xoshiro v0.6.0
[INFO] [stderr]    Compiling thiserror-impl v1.0.35
[INFO] [stderr]    Compiling zeroize_derive v1.3.2
[INFO] [stderr]    Compiling regex v1.6.0
[INFO] [stderr]    Compiling solana-frozen-abi v1.14.18
[INFO] [stderr]    Compiling tokio v1.14.1
[INFO] [stderr]    Compiling wasm-bindgen v0.2.83
[INFO] [stderr]    Compiling constant_time_eq v0.1.5
[INFO] [stderr]    Compiling arrayvec v0.7.2
[INFO] [stderr]    Compiling wasm-bindgen-macro v0.2.83
[INFO] [stderr]    Compiling zeroize v1.3.0
[INFO] [stderr]    Compiling curve25519-dalek v3.2.1
[INFO] [stderr]    Compiling tokio-macros v1.8.0
[INFO] [stderr]    Compiling borsh-derive v0.9.3
[INFO] [stderr]    Compiling parking_lot v0.11.2
[INFO] [stderr]    Compiling bytemuck_derive v1.4.1
[INFO] [stderr]    Compiling hmac-drbg v0.3.0
[INFO] [stderr]    Compiling pbkdf2 v0.4.0
[INFO] [stderr]    Compiling serde_bytes v0.11.7
[INFO] [stderr]    Compiling solana-program v1.14.18
[INFO] [stderr]    Compiling hashbrown v0.11.2
[INFO] [stderr]    Compiling memmap2 v0.5.10
[INFO] [stderr]    Compiling mio v0.7.14
[INFO] [stderr]    Compiling signal-hook-registry v1.4.0
[INFO] [stderr]    Compiling slab v0.4.7
[INFO] [stderr]    Compiling rustc-hash v1.1.0
[INFO] [stderr]    Compiling base64 v0.12.3
[INFO] [stderr]    Compiling borsh v0.9.3
[INFO] [stderr]    Compiling tiny-bip39 v0.8.2
[INFO] [stderr]    Compiling solana-sdk-macro v1.14.18
[INFO] [stderr]    Compiling bytemuck v1.13.1
[INFO] [stderr]    Compiling num-derive v0.3.3
[INFO] [stderr]    Compiling sha3 v0.10.5
[INFO] [stderr]    Compiling itertools v0.10.5
[INFO] [stderr]    Compiling bincode v1.3.3
[INFO] [stderr]    Compiling atty v0.2.14
[INFO] [stderr]    Compiling spin v0.5.2
[INFO] [stderr]    Compiling futures-task v0.3.28
[INFO] [stderr]    Compiling futures-channel v0.3.28
[INFO] [stderr]    Compiling futures-sink v0.3.28
[INFO] [stderr]    Compiling untrusted v0.7.1
[INFO] [stderr]    Compiling signature v1.6.3
[INFO] [stderr]    Compiling termcolor v1.1.3
[INFO] [stderr]    Compiling futures-util v0.3.28
[INFO] [stderr]    Compiling ed25519 v1.5.2
[INFO] [stderr]    Compiling futures-macro v0.3.28
[INFO] [stderr]    Compiling futures-io v0.3.28
[INFO] [stderr]    Compiling pin-utils v0.1.0
[INFO] [stderr]    Compiling humantime v2.1.0
[INFO] [stderr]    Compiling ed25519-dalek v1.0.1
[INFO] [stderr]    Compiling hmac v0.12.1
[INFO] [stderr]    Compiling env_logger v0.9.3
[INFO] [stderr]    Compiling solana-sdk v1.14.18
[INFO] [stderr]    Compiling time v0.1.44
[INFO] [stderr]    Compiling derivation-path v0.2.0
[INFO] [stderr]    Compiling iana-time-zone v0.1.48
[INFO] [stderr]    Compiling tracing-attributes v0.1.22
[INFO] [stderr]    Compiling solana-logger v1.14.18
[INFO] [stderr]    Compiling chrono v0.4.24
[INFO] [stderr]    Compiling ed25519-dalek-bip32 v0.2.0
[INFO] [stderr]    Compiling qstring v0.7.2
[INFO] [stderr]    Compiling pbkdf2 v0.11.0
[INFO] [stderr]    Compiling uriparse v0.6.4
[INFO] [stderr]    Compiling tracing-core v0.1.29
[INFO] [stderr]    Compiling indexmap v1.9.1
[INFO] [stderr]    Compiling pkg-config v0.3.25
[INFO] [stderr]    Compiling assert_matches v1.5.0
[INFO] [stderr]    Compiling rustls v0.20.6
[INFO] [stderr]    Compiling http v0.2.8
[INFO] [stderr]    Compiling openssl-sys v0.9.75
[INFO] [stderr]    Compiling httparse v1.8.0
[INFO] [stderr]    Compiling openssl-probe v0.1.5
[INFO] [stderr]    Compiling socket2 v0.4.7
[INFO] [stderr]    Compiling form_urlencoded v1.1.0
[INFO] [stderr]    Compiling tracing v0.1.36
[INFO] [stderr]    Compiling unicase v2.6.0
[INFO] [stderr]    Compiling openssl v0.10.41
[INFO] [stderr]    Compiling foreign-types-shared v0.1.1
[INFO] [stderr]    Compiling unicode-bidi v0.3.8
[INFO] [stderr]    Compiling foreign-types v0.3.2
[INFO] [stderr]    Compiling idna v0.3.0
[INFO] [stderr]    Compiling tokio-util v0.7.2
[INFO] [stderr]    Compiling openssl-macros v0.1.0
[INFO] [stderr]    Compiling rustls-pemfile v1.0.1
[INFO] [stderr]    Compiling try-lock v0.2.3
[INFO] [stderr]    Compiling native-tls v0.2.10
[INFO] [stderr]    Compiling alloc-no-stdlib v2.0.4
[INFO] [stderr]    Compiling crc32fast v1.3.2
[INFO] [stderr]    Compiling alloc-stdlib v0.2.2
[INFO] [stderr]    Compiling want v0.3.0
[INFO] [stderr]    Compiling url v2.3.1
[INFO] [stderr]    Compiling http-body v0.4.5
[INFO] [stderr]    Compiling tower-service v0.3.2
[INFO] [stderr]    Compiling adler v1.0.2
[INFO] [stderr]    Compiling httpdate v1.0.2
[INFO] [stderr]    Compiling miniz_oxide v0.5.4
[INFO] [stderr]    Compiling mime_guess v2.0.4
[INFO] [stderr]    Compiling h2 v0.3.14
[INFO] [stderr]    Compiling brotli-decompressor v2.3.2
[INFO] [stderr]    Compiling encoding_rs v0.8.31
[INFO] [stderr]    Compiling flate2 v1.0.24
[INFO] [stderr]    Compiling proc-macro2-diagnostics v0.9.1
[INFO] [stderr]    Compiling mime v0.3.16
[INFO] [stderr]    Compiling serde_urlencoded v0.7.1
[INFO] [stderr]    Compiling brotli v3.3.4
[INFO] [stderr]    Compiling ipnet v2.5.0
[INFO] [stderr]    Compiling unicode-segmentation v1.10.0
[INFO] [stderr]    Compiling base64 v0.21.2
[INFO] [stderr]    Compiling yansi v0.5.1
[INFO] [stderr]    Compiling hyper v0.14.20
[INFO] [stderr]    Compiling heck v0.3.3
[INFO] [stderr]    Compiling enum-iterator-derive v0.8.1
[INFO] [stderr]    Compiling solana-program-runtime v1.14.18
[INFO] [stderr]    Compiling gethostname v0.2.3
[INFO] [stderr]    Compiling bs58 v0.3.1
[INFO] [stderr]    Compiling anchor-syn v0.26.0
[INFO] [stderr]    Compiling libloading v0.7.3
[INFO] [stderr]    Compiling tokio-native-tls v0.3.0
[INFO] [stderr]    Compiling proc-macro2 v0.4.30
[INFO] [stderr]    Compiling enum-iterator v0.8.1
[INFO] [stderr]    Compiling eager v0.1.0
[INFO] [stderr]    Compiling cipher v0.3.0
[INFO] [stderr]    Compiling unicode-xid v0.1.0
[INFO] [stderr]    Compiling proc-macro-crate v1.2.1
[INFO] [stderr]    Compiling universal-hash v0.4.1
[INFO] [stderr]    Compiling solana-vote-program v1.14.18
[INFO] [stderr]    Compiling syn v0.15.44
[INFO] [stderr]    Compiling unicode-width v0.1.10
[INFO] [stderr]    Compiling num_enum_derive v0.5.11
[INFO] [stderr]    Compiling quote v0.6.13
[INFO] [stderr]    Compiling polyval v0.5.3
[INFO] [stderr]    Compiling aes v0.7.5
[INFO] [stderr]    Compiling ctr v0.8.0
[INFO] [stderr]    Compiling inout v0.1.3
[INFO] [stderr]    Compiling aead v0.4.3
[INFO] [stderr]    Compiling async-compression v0.3.14
[INFO] [stderr]    Compiling time-macros v0.2.4
[INFO] [stderr]    Compiling hyper-tls v0.5.0
[INFO] [stderr]    Compiling num_threads v0.1.6
[INFO] [stderr]    Compiling aes-gcm-siv v0.10.3
[INFO] [stderr]    Compiling cipher v0.4.3
[INFO] [stderr]    Compiling merlin v3.0.0
[INFO] [stderr]    Compiling sha3 v0.9.1
[INFO] [stderr]    Compiling zstd-sys v2.0.1+zstd.1.5.2
[INFO] [stderr]    Compiling rand_chacha v0.3.1
[INFO] [stderr]    Compiling terminal_size v0.1.17
[INFO] [stderr]    Compiling parking_lot_core v0.9.3
[INFO] [stderr]    Compiling num_enum v0.5.11
[INFO] [stderr]    Compiling minimal-lexical v0.2.1
[INFO] [stderr]    Compiling rand v0.8.5
[INFO] [stderr]    Compiling console v0.15.1
[INFO] [stderr]    Compiling nom v7.1.1
[INFO] [stderr]    Compiling time v0.3.14
[INFO] [stderr]    Compiling nix v0.24.3
[INFO] [stderr]    Compiling num-bigint v0.2.6
[INFO] [stderr]    Compiling solana-perf v1.14.18
[INFO] [stderr]    Compiling remove_dir_all v0.5.3
[INFO] [stderr]    Compiling fastrand v1.8.0
[INFO] [stderr]    Compiling caps v0.5.4
[INFO] [stderr]    Compiling tempfile v3.3.0
[INFO] [stderr]    Compiling asn1-rs-derive v0.4.0
[INFO] [stderr]    Compiling rusticata-macros v4.1.0
[INFO] [stderr]    Compiling asn1-rs-impl v0.1.0
[INFO] [stderr]    Compiling displaydoc v0.2.3
[INFO] [stderr]    Compiling solana-rayon-threadlimit v1.14.18
[INFO] [stderr]    Compiling dlopen_derive v0.1.4
[INFO] [stderr]    Compiling num-iter v0.1.43
[INFO] [stderr]    Compiling num-bigint v0.4.3
[INFO] [stderr]    Compiling num-rational v0.2.4
[INFO] [stderr]    Compiling num-complex v0.2.4
[INFO] [stderr]    Compiling zstd-safe v5.0.2+zstd.1.5.2
[INFO] [stderr]    Compiling dlopen v0.1.8
[INFO] [stderr]    Compiling dialoguer v0.10.2
[INFO] [stderr]    Compiling parking_lot v0.12.1
[INFO] [stderr]    Compiling textwrap v0.11.0
[INFO] [stderr]    Compiling asn1-rs v0.5.1
[INFO] [stderr]    Compiling rustls-native-certs v0.6.2
[INFO] [stderr]    Compiling rustls-pemfile v0.2.1
[INFO] [stderr]    Compiling fxhash v0.2.1
[INFO] [stderr]    Compiling solana-address-lookup-table-program v1.14.18
[INFO] [stderr]    Compiling solana-version v1.14.18
[INFO] [stderr]    Compiling linked-hash-map v0.5.6
[INFO] [stderr]    Compiling ansi_term v0.12.1
[INFO] [stderr]    Compiling strsim v0.8.0
[INFO] [stderr]    Compiling oid-registry v0.6.0
[INFO] [stderr]    Compiling const-oid v0.7.1
[INFO] [stderr]    Compiling vec_map v0.8.2
[INFO] [stderr]    Compiling clap v2.34.0
[INFO] [stderr]    Compiling der v0.5.1
[INFO] [stderr]    Compiling yaml-rust v0.4.5
[INFO] [stderr]    Compiling rpassword v6.0.1
[INFO] [stderr]    Compiling dirs-sys-next v0.1.2
[INFO] [stderr]    Compiling os_str_bytes v6.5.0
[INFO] [stderr]    Compiling base64ct v1.5.2
[INFO] [stderr]    Compiling dirs-next v2.0.0
[INFO] [stderr]    Compiling num v0.2.1
[INFO] [stderr]    Compiling clap_lex v0.2.4
[INFO] [stderr]    Compiling serde_yaml v0.8.26
[INFO] [stderr]    Compiling der-parser v8.1.0
[INFO] [stderr]    Compiling spki v0.5.4
[INFO] [stderr]    Compiling anchor-attribute-program v0.26.0
[INFO] [stderr]    Compiling anchor-attribute-access-control v0.26.0
[INFO] [stderr]    Compiling anchor-attribute-interface v0.26.0
[INFO] [stderr]    Compiling anchor-attribute-constant v0.26.0
[INFO] [stderr]    Compiling anchor-attribute-state v0.26.0
[INFO] [stderr]    Compiling anchor-attribute-error v0.26.0
[INFO] [stderr]    Compiling anchor-attribute-account v0.26.0
[INFO] [stderr]    Compiling anchor-attribute-event v0.26.0
[INFO] [stderr]    Compiling anchor-derive-accounts v0.26.0
[INFO] [stderr]    Compiling yasna v0.5.0
[INFO] [stderr]    Compiling futures-executor v0.3.28
[INFO] [stderr]    Compiling Inflector v0.11.4
[INFO] [stderr]    Compiling sha-1 v0.10.0
[INFO] [stderr]    Compiling pem v1.1.1
[INFO] [stderr]    Compiling async-trait v0.1.68
[INFO] [stderr]    Compiling strsim v0.10.0
[INFO] [stderr]    Compiling textwrap v0.16.0
[INFO] [stderr]    Compiling data-encoding v2.3.2
[INFO] [stderr]    Compiling utf-8 v0.7.6
[INFO] [stderr]    Compiling clap v3.2.23
[INFO] [stderr]    Compiling futures v0.3.28
[INFO] [stderr]    Compiling pkcs8 v0.8.0
[INFO] [stderr]    Compiling percentage v0.1.0
[INFO] [stderr]    Compiling number_prefix v0.4.0
[INFO] [stderr]    Compiling histogram v0.6.9
[INFO] [stderr]    Compiling uuid v1.3.0
[INFO] [stderr]    Compiling event-listener v2.5.3
[INFO] [stderr]    Compiling indicatif v0.16.2
[INFO] [stderr]    Compiling jsonrpc-core v18.0.0
[INFO] [stderr]    Compiling x509-parser v0.14.0
[INFO] [stderr]    Compiling cfb v0.7.3
[INFO] [stderr]    Compiling async-mutex v1.4.0
[INFO] [stderr]    Compiling tokio-stream v0.1.10
[INFO] [stderr]    Compiling enum_dispatch v0.3.8
[INFO] [stderr]    Compiling index-fixed v0.3.1
[INFO] [stderr]    Compiling utf8-width v0.1.6
[INFO] [stderr]    Compiling hex v0.4.3
[INFO] [stderr]    Compiling byte-unit v4.0.14
[INFO] [stderr]    Compiling sodalite v0.4.0
[INFO] [stderr]    Compiling infer v0.13.0
[INFO] [stderr]    Compiling base64 v0.20.0
[INFO] [stderr]    Compiling webpki v0.22.0
[INFO] [stderr]    Compiling sct v0.7.0
[INFO] [stderr]    Compiling webpki-roots v0.22.4
[INFO] [stderr]    Compiling rcgen v0.9.3
[INFO] [stderr]    Compiling tokio-rustls v0.23.4
[INFO] [stderr]    Compiling hyper-rustls v0.23.0
[INFO] [stderr]    Compiling reqwest v0.11.16
[INFO] [stderr]    Compiling quinn-proto v0.8.4
[INFO] [stderr]    Compiling spl-memo v3.0.1
[INFO] [stderr]    Compiling spl-token v3.5.0
[INFO] [stderr]    Compiling anchor-lang v0.26.0
[INFO] [stderr]    Compiling tungstenite v0.17.3
[INFO] [stderr]    Compiling tokio-tungstenite v0.17.2
[INFO] [stderr]    Compiling quinn-udp v0.1.4
[INFO] [stderr]    Compiling quinn v0.8.5
[INFO] [stderr]    Compiling solana-measure v1.14.18
[INFO] [stderr]    Compiling solana-metrics v1.14.18
[INFO] [stderr]    Compiling solana-zk-token-sdk v1.14.18
[INFO] [stderr]    Compiling solana-remote-wallet v1.14.18
[INFO] [stderr]    Compiling solana-net-utils v1.14.18
[INFO] [stderr]    Compiling solana-config-program v1.14.18
[INFO] [stderr]    Compiling zstd v0.11.2+zstd.1.5.2
[INFO] [stderr]    Compiling solana-clap-utils v1.14.18
[INFO] [stderr]    Compiling solana-streamer v1.14.18
[INFO] [stderr]    Compiling solana-cli-config v1.14.18
[INFO] [stderr]    Compiling spl-token-2022 v0.6.1
[INFO] [stderr]    Compiling solana-faucet v1.14.18
[INFO] [stderr]    Compiling spl-associated-token-account v1.1.3
[INFO] [stderr]    Compiling solana-account-decoder v1.14.18
[INFO] [stderr]    Compiling anchor-spl v0.26.0
[INFO] [stderr]    Compiling shadow-drive-user-staking v2.0.1
[INFO] [stderr]    Compiling solana-transaction-status v1.14.18
[INFO] [stderr]    Compiling solana-client v1.14.18
[INFO] [stderr]    Compiling shadow-drive-sdk v0.7.2 (/opt/rustwide/workdir)
[INFO] [stdout] warning: unused import: `add_immutable_storage::*`
[INFO] [stdout]   --> src/client.rs:32:9
[INFO] [stdout]    |
[INFO] [stdout] 32 | pub use add_immutable_storage::*;
[INFO] [stdout]    |         ^^^^^^^^^^^^^^^^^^^^^^^^
[INFO] [stdout]    |
[INFO] [stdout]    = note: `#[warn(unused_imports)]` on by default
[INFO] [stdout] 
[INFO] [stdout] 
[INFO] [stdout] warning: unused import: `add_storage::*`
[INFO] [stdout]   --> src/client.rs:33:9
[INFO] [stdout]    |
[INFO] [stdout] 33 | pub use add_storage::*;
[INFO] [stdout]    |         ^^^^^^^^^^^^^^
[INFO] [stdout] 
[INFO] [stdout] 
[INFO] [stdout] warning: unused import: `cancel_delete_storage_account::*`
[INFO] [stdout]   --> src/client.rs:34:9
[INFO] [stdout]    |
[INFO] [stdout] 34 | pub use cancel_delete_storage_account::*;
[INFO] [stdout]    |         ^^^^^^^^^^^^^^^^^^^^^^^^^^^^^^^^
[INFO] [stdout] 
[INFO] [stdout] 
[INFO] [stdout] warning: unused import: `claim_stake::*`
[INFO] [stdout]   --> src/client.rs:35:9
[INFO] [stdout]    |
[INFO] [stdout] 35 | pub use claim_stake::*;
[INFO] [stdout]    |         ^^^^^^^^^^^^^^
[INFO] [stdout] 
[INFO] [stdout] 
[INFO] [stdout] warning: unused import: `delete_file::*`
[INFO] [stdout]   --> src/client.rs:37:9
[INFO] [stdout]    |
[INFO] [stdout] 37 | pub use delete_file::*;
[INFO] [stdout]    |         ^^^^^^^^^^^^^^
[INFO] [stdout] 
[INFO] [stdout] 
[INFO] [stdout] warning: unused import: `delete_storage_account::*`
[INFO] [stdout]   --> src/client.rs:38:9
[INFO] [stdout]    |
[INFO] [stdout] 38 | pub use delete_storage_account::*;
[INFO] [stdout]    |         ^^^^^^^^^^^^^^^^^^^^^^^^^
[INFO] [stdout] 
[INFO] [stdout] 
[INFO] [stdout] warning: unused import: `edit_file::*`
[INFO] [stdout]   --> src/client.rs:39:9
[INFO] [stdout]    |
[INFO] [stdout] 39 | pub use edit_file::*;
[INFO] [stdout]    |         ^^^^^^^^^^^^
[INFO] [stdout] 
[INFO] [stdout] 
[INFO] [stdout] warning: unused import: `get_storage_account::*`
[INFO] [stdout]   --> src/client.rs:40:9
[INFO] [stdout]    |
[INFO] [stdout] 40 | pub use get_storage_account::*;
[INFO] [stdout]    |         ^^^^^^^^^^^^^^^^^^^^^^
[INFO] [stdout] 
[INFO] [stdout] 
[INFO] [stdout] warning: unused import: `list_objects::*`
[INFO] [stdout]   --> src/client.rs:41:9
[INFO] [stdout]    |
[INFO] [stdout] 41 | pub use list_objects::*;
[INFO] [stdout]    |         ^^^^^^^^^^^^^^^
[INFO] [stdout] 
[INFO] [stdout] 
[INFO] [stdout] warning: unused import: `make_storage_immutable::*`
[INFO] [stdout]   --> src/client.rs:42:9
[INFO] [stdout]    |
[INFO] [stdout] 42 | pub use make_storage_immutable::*;
[INFO] [stdout]    |         ^^^^^^^^^^^^^^^^^^^^^^^^^
[INFO] [stdout] 
[INFO] [stdout] 
[INFO] [stdout] warning: unused import: `migrate::*`
[INFO] [stdout]   --> src/client.rs:43:9
[INFO] [stdout]    |
[INFO] [stdout] 43 | pub use migrate::*;
[INFO] [stdout]    |         ^^^^^^^^^^
[INFO] [stdout] 
[INFO] [stdout] 
[INFO] [stdout] warning: unused import: `redeem_rent::*`
[INFO] [stdout]   --> src/client.rs:44:9
[INFO] [stdout]    |
[INFO] [stdout] 44 | pub use redeem_rent::*;
[INFO] [stdout]    |         ^^^^^^^^^^^^^^
[INFO] [stdout] 
[INFO] [stdout] 
[INFO] [stdout] warning: unused import: `reduce_storage::*`
[INFO] [stdout]   --> src/client.rs:45:9
[INFO] [stdout]    |
[INFO] [stdout] 45 | pub use reduce_storage::*;
[INFO] [stdout]    |         ^^^^^^^^^^^^^^^^^
[INFO] [stdout] 
[INFO] [stdout] 
[INFO] [stdout] warning: unused import: `refresh_stake::*`
[INFO] [stdout]   --> src/client.rs:46:9
[INFO] [stdout]    |
[INFO] [stdout] 46 | pub use refresh_stake::*;
[INFO] [stdout]    |         ^^^^^^^^^^^^^^^^
[INFO] [stdout] 
[INFO] [stdout] 
[INFO] [stdout] warning: unused import: `store_files::*`
[INFO] [stdout]   --> src/client.rs:47:9
[INFO] [stdout]    |
[INFO] [stdout] 47 | pub use store_files::*;
[INFO] [stdout]    |         ^^^^^^^^^^^^^^
[INFO] [stdout] 
[INFO] [stdout] 
[INFO] [stdout] warning: unused import: `top_up::*`
[INFO] [stdout]   --> src/client.rs:48:9
[INFO] [stdout]    |
[INFO] [stdout] 48 | pub use top_up::*;
[INFO] [stdout]    |         ^^^^^^^^^
[INFO] [stdout] 
[INFO] [stdout] 
[INFO] [stderr]     Finished `dev` profile [unoptimized + debuginfo] target(s) in 6m 11s
[INFO] [stderr] warning: the following packages contain code that will be rejected by a future version of Rust: wasm-bindgen v0.2.83
[INFO] [stderr] note: to see what the problems were, use the option `--future-incompat-report`, or run `cargo report future-incompatibilities --id 1`
[INFO] running `Command { std: "docker" "inspect" "25cfe1ffe72ca0c9140aa20887edd186668dcc6768db4938f57511c0adc5a9e2", kill_on_drop: false }`
[INFO] running `Command { std: "docker" "rm" "-f" "25cfe1ffe72ca0c9140aa20887edd186668dcc6768db4938f57511c0adc5a9e2", kill_on_drop: false }`
[INFO] [stdout] 25cfe1ffe72ca0c9140aa20887edd186668dcc6768db4938f57511c0adc5a9e2
[INFO] running `Command { std: "docker" "create" "-v" "/var/lib/crater-agent-workspace/builds/worker-6-tc2/target:/opt/rustwide/target:rw,Z" "-v" "/var/lib/crater-agent-workspace/builds/worker-6-tc2/source:/opt/rustwide/workdir:ro,Z" "-v" "/var/lib/crater-agent-workspace/cargo-home:/opt/rustwide/cargo-home:ro,Z" "-v" "/var/lib/crater-agent-workspace/rustup-home:/opt/rustwide/rustup-home:ro,Z" "-e" "SOURCE_DIR=/opt/rustwide/workdir" "-e" "CARGO_TARGET_DIR=/opt/rustwide/target" "-e" "CARGO_INCREMENTAL=0" "-e" "RUST_BACKTRACE=full" "-e" "RUSTFLAGS=--cap-lints=warn" "-e" "RUSTDOCFLAGS=--cap-lints=warn" "-e" "CARGO_HOME=/opt/rustwide/cargo-home" "-e" "RUSTUP_HOME=/opt/rustwide/rustup-home" "-w" "/opt/rustwide/workdir" "-m" "1610612736" "--user" "0:0" "--network" "none" "ghcr.io/rust-lang/crates-build-env/linux@sha256:f3a9d4ad9d972b27faf3965f35b62e55ba32bbce8f20bc8fe909558a86702fde" "/opt/rustwide/cargo-home/bin/cargo" "+beta-2024-12-08" "test" "--frozen" "--no-run" "--message-format=json", kill_on_drop: false }`
[INFO] [stdout] 80e6610aa0729697d1c9c71e7939eaf5a6d066f98d39a10986b2bed6022af50b
[INFO] running `Command { std: "docker" "start" "-a" "80e6610aa0729697d1c9c71e7939eaf5a6d066f98d39a10986b2bed6022af50b", kill_on_drop: false }`
[INFO] [stdout] warning: unused import: `add_immutable_storage::*`
[INFO] [stdout]   --> src/client.rs:32:9
[INFO] [stdout]    |
[INFO] [stdout] 32 | pub use add_immutable_storage::*;
[INFO] [stdout]    |         ^^^^^^^^^^^^^^^^^^^^^^^^
[INFO] [stdout]    |
[INFO] [stdout]    = note: `#[warn(unused_imports)]` on by default
[INFO] [stdout] 
[INFO] [stdout] 
[INFO] [stderr]    Compiling shadow-drive-sdk v0.7.2 (/opt/rustwide/workdir)
[INFO] [stdout] warning: unused import: `add_storage::*`
[INFO] [stdout]   --> src/client.rs:33:9
[INFO] [stdout]    |
[INFO] [stdout] 33 | pub use add_storage::*;
[INFO] [stdout]    |         ^^^^^^^^^^^^^^
[INFO] [stdout] 
[INFO] [stdout] 
[INFO] [stdout] warning: unused import: `cancel_delete_storage_account::*`
[INFO] [stdout]   --> src/client.rs:34:9
[INFO] [stdout]    |
[INFO] [stdout] 34 | pub use cancel_delete_storage_account::*;
[INFO] [stdout]    |         ^^^^^^^^^^^^^^^^^^^^^^^^^^^^^^^^
[INFO] [stdout] 
[INFO] [stdout] 
[INFO] [stdout] warning: unused import: `claim_stake::*`
[INFO] [stdout]   --> src/client.rs:35:9
[INFO] [stdout]    |
[INFO] [stdout] 35 | pub use claim_stake::*;
[INFO] [stdout]    |         ^^^^^^^^^^^^^^
[INFO] [stdout] 
[INFO] [stdout] 
[INFO] [stdout] warning: unused import: `delete_file::*`
[INFO] [stdout]   --> src/client.rs:37:9
[INFO] [stdout]    |
[INFO] [stdout] 37 | pub use delete_file::*;
[INFO] [stdout]    |         ^^^^^^^^^^^^^^
[INFO] [stdout] 
[INFO] [stdout] 
[INFO] [stdout] warning: unused import: `delete_storage_account::*`
[INFO] [stdout]   --> src/client.rs:38:9
[INFO] [stdout]    |
[INFO] [stdout] 38 | pub use delete_storage_account::*;
[INFO] [stdout]    |         ^^^^^^^^^^^^^^^^^^^^^^^^^
[INFO] [stdout] 
[INFO] [stdout] 
[INFO] [stdout] warning: unused import: `edit_file::*`
[INFO] [stdout]   --> src/client.rs:39:9
[INFO] [stdout]    |
[INFO] [stdout] 39 | pub use edit_file::*;
[INFO] [stdout]    |         ^^^^^^^^^^^^
[INFO] [stdout] 
[INFO] [stdout] 
[INFO] [stdout] warning: unused import: `get_storage_account::*`
[INFO] [stdout]   --> src/client.rs:40:9
[INFO] [stdout]    |
[INFO] [stdout] 40 | pub use get_storage_account::*;
[INFO] [stdout]    |         ^^^^^^^^^^^^^^^^^^^^^^
[INFO] [stdout] 
[INFO] [stdout] 
[INFO] [stdout] warning: unused import: `list_objects::*`
[INFO] [stdout]   --> src/client.rs:41:9
[INFO] [stdout]    |
[INFO] [stdout] 41 | pub use list_objects::*;
[INFO] [stdout]    |         ^^^^^^^^^^^^^^^
[INFO] [stdout] 
[INFO] [stdout] 
[INFO] [stdout] warning: unused import: `make_storage_immutable::*`
[INFO] [stdout]   --> src/client.rs:42:9
[INFO] [stdout]    |
[INFO] [stdout] 42 | pub use make_storage_immutable::*;
[INFO] [stdout]    |         ^^^^^^^^^^^^^^^^^^^^^^^^^
[INFO] [stdout] 
[INFO] [stdout] 
[INFO] [stdout] warning: unused import: `migrate::*`
[INFO] [stdout]   --> src/client.rs:43:9
[INFO] [stdout]    |
[INFO] [stdout] 43 | pub use migrate::*;
[INFO] [stdout]    |         ^^^^^^^^^^
[INFO] [stdout] 
[INFO] [stdout] 
[INFO] [stdout] warning: unused import: `redeem_rent::*`
[INFO] [stdout]   --> src/client.rs:44:9
[INFO] [stdout]    |
[INFO] [stdout] 44 | pub use redeem_rent::*;
[INFO] [stdout]    |         ^^^^^^^^^^^^^^
[INFO] [stdout] 
[INFO] [stdout] 
[INFO] [stdout] warning: unused import: `reduce_storage::*`
[INFO] [stdout]   --> src/client.rs:45:9
[INFO] [stdout]    |
[INFO] [stdout] 45 | pub use reduce_storage::*;
[INFO] [stdout]    |         ^^^^^^^^^^^^^^^^^
[INFO] [stdout] 
[INFO] [stdout] 
[INFO] [stdout] warning: unused import: `refresh_stake::*`
[INFO] [stdout]   --> src/client.rs:46:9
[INFO] [stdout]    |
[INFO] [stdout] 46 | pub use refresh_stake::*;
[INFO] [stdout]    |         ^^^^^^^^^^^^^^^^
[INFO] [stdout] 
[INFO] [stdout] 
[INFO] [stdout] warning: unused import: `store_files::*`
[INFO] [stdout]   --> src/client.rs:47:9
[INFO] [stdout]    |
[INFO] [stdout] 47 | pub use store_files::*;
[INFO] [stdout]    |         ^^^^^^^^^^^^^^
[INFO] [stdout] 
[INFO] [stdout] 
[INFO] [stdout] warning: unused import: `top_up::*`
[INFO] [stdout]   --> src/client.rs:48:9
[INFO] [stdout]    |
[INFO] [stdout] 48 | pub use top_up::*;
[INFO] [stdout]    |         ^^^^^^^^^
[INFO] [stdout] 
[INFO] [stdout] 
[INFO] [stdout] warning: unused import: `add_immutable_storage::*`
[INFO] [stdout]   --> src/client.rs:32:9
[INFO] [stdout]    |
[INFO] [stdout] 32 | pub use add_immutable_storage::*;
[INFO] [stdout]    |         ^^^^^^^^^^^^^^^^^^^^^^^^
[INFO] [stdout]    |
[INFO] [stdout]    = note: `#[warn(unused_imports)]` on by default
[INFO] [stdout] 
[INFO] [stdout] 
[INFO] [stdout] warning: unused import: `add_storage::*`
[INFO] [stdout]   --> src/client.rs:33:9
[INFO] [stdout]    |
[INFO] [stdout] 33 | pub use add_storage::*;
[INFO] [stdout]    |         ^^^^^^^^^^^^^^
[INFO] [stdout] 
[INFO] [stdout] 
[INFO] [stdout] warning: unused import: `cancel_delete_storage_account::*`
[INFO] [stdout]   --> src/client.rs:34:9
[INFO] [stdout]    |
[INFO] [stdout] 34 | pub use cancel_delete_storage_account::*;
[INFO] [stdout]    |         ^^^^^^^^^^^^^^^^^^^^^^^^^^^^^^^^
[INFO] [stdout] 
[INFO] [stdout] 
[INFO] [stdout] warning: unused import: `claim_stake::*`
[INFO] [stdout]   --> src/client.rs:35:9
[INFO] [stdout]    |
[INFO] [stdout] 35 | pub use claim_stake::*;
[INFO] [stdout]    |         ^^^^^^^^^^^^^^
[INFO] [stdout] 
[INFO] [stdout] 
[INFO] [stdout] warning: unused import: `delete_file::*`
[INFO] [stdout]   --> src/client.rs:37:9
[INFO] [stdout]    |
[INFO] [stdout] 37 | pub use delete_file::*;
[INFO] [stdout]    |         ^^^^^^^^^^^^^^
[INFO] [stdout] 
[INFO] [stdout] 
[INFO] [stdout] warning: unused import: `delete_storage_account::*`
[INFO] [stdout]   --> src/client.rs:38:9
[INFO] [stdout]    |
[INFO] [stdout] 38 | pub use delete_storage_account::*;
[INFO] [stdout]    |         ^^^^^^^^^^^^^^^^^^^^^^^^^
[INFO] [stdout] 
[INFO] [stdout] 
[INFO] [stdout] warning: unused import: `edit_file::*`
[INFO] [stdout]   --> src/client.rs:39:9
[INFO] [stdout]    |
[INFO] [stdout] 39 | pub use edit_file::*;
[INFO] [stdout]    |         ^^^^^^^^^^^^
[INFO] [stdout] 
[INFO] [stdout] 
[INFO] [stdout] warning: unused import: `get_storage_account::*`
[INFO] [stdout]   --> src/client.rs:40:9
[INFO] [stdout]    |
[INFO] [stdout] 40 | pub use get_storage_account::*;
[INFO] [stdout]    |         ^^^^^^^^^^^^^^^^^^^^^^
[INFO] [stdout] 
[INFO] [stdout] 
[INFO] [stdout] warning: unused import: `list_objects::*`
[INFO] [stdout]   --> src/client.rs:41:9
[INFO] [stdout]    |
[INFO] [stdout] 41 | pub use list_objects::*;
[INFO] [stdout]    |         ^^^^^^^^^^^^^^^
[INFO] [stdout] 
[INFO] [stdout] 
[INFO] [stdout] warning: unused import: `make_storage_immutable::*`
[INFO] [stdout]   --> src/client.rs:42:9
[INFO] [stdout]    |
[INFO] [stdout] 42 | pub use make_storage_immutable::*;
[INFO] [stdout]    |         ^^^^^^^^^^^^^^^^^^^^^^^^^
[INFO] [stdout] 
[INFO] [stdout] 
[INFO] [stdout] warning: unused import: `migrate::*`
[INFO] [stdout]   --> src/client.rs:43:9
[INFO] [stdout]    |
[INFO] [stdout] 43 | pub use migrate::*;
[INFO] [stdout]    |         ^^^^^^^^^^
[INFO] [stdout] 
[INFO] [stdout] 
[INFO] [stdout] warning: unused import: `redeem_rent::*`
[INFO] [stdout]   --> src/client.rs:44:9
[INFO] [stdout]    |
[INFO] [stdout] 44 | pub use redeem_rent::*;
[INFO] [stdout]    |         ^^^^^^^^^^^^^^
[INFO] [stdout] 
[INFO] [stdout] 
[INFO] [stdout] warning: unused import: `reduce_storage::*`
[INFO] [stdout]   --> src/client.rs:45:9
[INFO] [stdout]    |
[INFO] [stdout] 45 | pub use reduce_storage::*;
[INFO] [stdout]    |         ^^^^^^^^^^^^^^^^^
[INFO] [stdout] 
[INFO] [stdout] 
[INFO] [stdout] warning: unused import: `refresh_stake::*`
[INFO] [stdout]   --> src/client.rs:46:9
[INFO] [stdout]    |
[INFO] [stdout] 46 | pub use refresh_stake::*;
[INFO] [stdout]    |         ^^^^^^^^^^^^^^^^
[INFO] [stdout] 
[INFO] [stdout] 
[INFO] [stdout] warning: unused import: `store_files::*`
[INFO] [stdout]   --> src/client.rs:47:9
[INFO] [stdout]    |
[INFO] [stdout] 47 | pub use store_files::*;
[INFO] [stdout]    |         ^^^^^^^^^^^^^^
[INFO] [stdout] 
[INFO] [stdout] 
[INFO] [stdout] warning: unused import: `top_up::*`
[INFO] [stdout]   --> src/client.rs:48:9
[INFO] [stdout]    |
[INFO] [stdout] 48 | pub use top_up::*;
[INFO] [stdout]    |         ^^^^^^^^^
[INFO] [stdout] 
[INFO] [stdout] 
[INFO] [stderr]     Finished `test` profile [unoptimized + debuginfo] target(s) in 32.98s
[INFO] [stderr] warning: the following packages contain code that will be rejected by a future version of Rust: wasm-bindgen v0.2.83
[INFO] [stderr] note: to see what the problems were, use the option `--future-incompat-report`, or run `cargo report future-incompatibilities --id 1`
[INFO] running `Command { std: "docker" "inspect" "80e6610aa0729697d1c9c71e7939eaf5a6d066f98d39a10986b2bed6022af50b", kill_on_drop: false }`
[INFO] running `Command { std: "docker" "rm" "-f" "80e6610aa0729697d1c9c71e7939eaf5a6d066f98d39a10986b2bed6022af50b", kill_on_drop: false }`
[INFO] [stdout] 80e6610aa0729697d1c9c71e7939eaf5a6d066f98d39a10986b2bed6022af50b
[INFO] running `Command { std: "docker" "create" "-v" "/var/lib/crater-agent-workspace/builds/worker-6-tc2/target:/opt/rustwide/target:rw,Z" "-v" "/var/lib/crater-agent-workspace/builds/worker-6-tc2/source:/opt/rustwide/workdir:ro,Z" "-v" "/var/lib/crater-agent-workspace/cargo-home:/opt/rustwide/cargo-home:ro,Z" "-v" "/var/lib/crater-agent-workspace/rustup-home:/opt/rustwide/rustup-home:ro,Z" "-e" "SOURCE_DIR=/opt/rustwide/workdir" "-e" "CARGO_TARGET_DIR=/opt/rustwide/target" "-e" "CARGO_INCREMENTAL=0" "-e" "RUST_BACKTRACE=full" "-e" "RUSTFLAGS=--cap-lints=warn" "-e" "RUSTDOCFLAGS=--cap-lints=warn" "-e" "CARGO_HOME=/opt/rustwide/cargo-home" "-e" "RUSTUP_HOME=/opt/rustwide/rustup-home" "-w" "/opt/rustwide/workdir" "-m" "1610612736" "--user" "0:0" "--network" "none" "ghcr.io/rust-lang/crates-build-env/linux@sha256:f3a9d4ad9d972b27faf3965f35b62e55ba32bbce8f20bc8fe909558a86702fde" "/opt/rustwide/cargo-home/bin/cargo" "+beta-2024-12-08" "test" "--frozen", kill_on_drop: false }`
[INFO] [stdout] a2e53eaab8199a4e0e101f81a98f299f44da5761ec140e801c6ad459acc3a263
[INFO] running `Command { std: "docker" "start" "-a" "a2e53eaab8199a4e0e101f81a98f299f44da5761ec140e801c6ad459acc3a263", kill_on_drop: false }`
[INFO] [stderr] warning: unused import: `add_immutable_storage::*`
[INFO] [stderr]   --> src/client.rs:32:9
[INFO] [stderr]    |
[INFO] [stderr] 32 | pub use add_immutable_storage::*;
[INFO] [stderr]    |         ^^^^^^^^^^^^^^^^^^^^^^^^
[INFO] [stderr]    |
[INFO] [stderr]    = note: `#[warn(unused_imports)]` on by default
[INFO] [stderr] 
[INFO] [stderr] warning: unused import: `add_storage::*`
[INFO] [stderr]   --> src/client.rs:33:9
[INFO] [stderr]    |
[INFO] [stderr] 33 | pub use add_storage::*;
[INFO] [stderr]    |         ^^^^^^^^^^^^^^
[INFO] [stderr] 
[INFO] [stderr] warning: unused import: `cancel_delete_storage_account::*`
[INFO] [stderr]   --> src/client.rs:34:9
[INFO] [stderr]    |
[INFO] [stderr] 34 | pub use cancel_delete_storage_account::*;
[INFO] [stderr]    |         ^^^^^^^^^^^^^^^^^^^^^^^^^^^^^^^^
[INFO] [stderr] 
[INFO] [stderr] warning: unused import: `claim_stake::*`
[INFO] [stderr]   --> src/client.rs:35:9
[INFO] [stderr]    |
[INFO] [stderr] 35 | pub use claim_stake::*;
[INFO] [stderr]    |         ^^^^^^^^^^^^^^
[INFO] [stderr] 
[INFO] [stderr] warning: unused import: `delete_file::*`
[INFO] [stderr]   --> src/client.rs:37:9
[INFO] [stderr]    |
[INFO] [stderr] 37 | pub use delete_file::*;
[INFO] [stderr]    |         ^^^^^^^^^^^^^^
[INFO] [stderr] 
[INFO] [stderr] warning: unused import: `delete_storage_account::*`
[INFO] [stderr]   --> src/client.rs:38:9
[INFO] [stderr]    |
[INFO] [stderr] 38 | pub use delete_storage_account::*;
[INFO] [stderr]    |         ^^^^^^^^^^^^^^^^^^^^^^^^^
[INFO] [stderr] 
[INFO] [stderr] warning: unused import: `edit_file::*`
[INFO] [stderr]   --> src/client.rs:39:9
[INFO] [stderr]    |
[INFO] [stderr] 39 | pub use edit_file::*;
[INFO] [stderr]    |         ^^^^^^^^^^^^
[INFO] [stderr] 
[INFO] [stderr] warning: unused import: `get_storage_account::*`
[INFO] [stderr]   --> src/client.rs:40:9
[INFO] [stderr]    |
[INFO] [stderr] 40 | pub use get_storage_account::*;
[INFO] [stderr]    |         ^^^^^^^^^^^^^^^^^^^^^^
[INFO] [stderr] 
[INFO] [stderr] warning: unused import: `list_objects::*`
[INFO] [stderr]   --> src/client.rs:41:9
[INFO] [stderr]    |
[INFO] [stderr] 41 | pub use list_objects::*;
[INFO] [stderr]    |         ^^^^^^^^^^^^^^^
[INFO] [stderr] 
[INFO] [stderr] warning: unused import: `make_storage_immutable::*`
[INFO] [stderr]   --> src/client.rs:42:9
[INFO] [stderr]    |
[INFO] [stderr] 42 | pub use make_storage_immutable::*;
[INFO] [stderr]    |         ^^^^^^^^^^^^^^^^^^^^^^^^^
[INFO] [stderr] 
[INFO] [stderr] warning: unused import: `migrate::*`
[INFO] [stderr]   --> src/client.rs:43:9
[INFO] [stderr]    |
[INFO] [stderr] 43 | pub use migrate::*;
[INFO] [stderr]    |         ^^^^^^^^^^
[INFO] [stderr] 
[INFO] [stderr] warning: unused import: `redeem_rent::*`
[INFO] [stderr]   --> src/client.rs:44:9
[INFO] [stderr]    |
[INFO] [stderr] 44 | pub use redeem_rent::*;
[INFO] [stderr]    |         ^^^^^^^^^^^^^^
[INFO] [stderr] 
[INFO] [stderr] warning: unused import: `reduce_storage::*`
[INFO] [stderr]   --> src/client.rs:45:9
[INFO] [stderr]    |
[INFO] [stderr] 45 | pub use reduce_storage::*;
[INFO] [stderr]    |         ^^^^^^^^^^^^^^^^^
[INFO] [stderr] 
[INFO] [stderr] warning: unused import: `refresh_stake::*`
[INFO] [stderr]   --> src/client.rs:46:9
[INFO] [stderr]    |
[INFO] [stderr] 46 | pub use refresh_stake::*;
[INFO] [stderr]    |         ^^^^^^^^^^^^^^^^
[INFO] [stderr] 
[INFO] [stderr] warning: unused import: `store_files::*`
[INFO] [stderr]   --> src/client.rs:47:9
[INFO] [stderr]    |
[INFO] [stderr] 47 | pub use store_files::*;
[INFO] [stderr]    |         ^^^^^^^^^^^^^^
[INFO] [stderr] 
[INFO] [stderr] warning: unused import: `top_up::*`
[INFO] [stderr]   --> src/client.rs:48:9
[INFO] [stderr]    |
[INFO] [stderr] 48 | pub use top_up::*;
[INFO] [stderr]    |         ^^^^^^^^^
[INFO] [stderr] 
[INFO] [stderr] warning: `shadow-drive-sdk` (lib) generated 16 warnings (run `cargo fix --lib -p shadow-drive-sdk` to apply 16 suggestions)
[INFO] [stderr] warning: `shadow-drive-sdk` (lib test) generated 16 warnings (16 duplicates)
[INFO] [stderr]     Finished `test` profile [unoptimized + debuginfo] target(s) in 1.95s
[INFO] [stderr] warning: the following packages contain code that will be rejected by a future version of Rust: wasm-bindgen v0.2.83
[INFO] [stderr] note: to see what the problems were, use the option `--future-incompat-report`, or run `cargo report future-incompatibilities --id 1`
[INFO] [stderr]      Running unittests src/lib.rs (/opt/rustwide/target/debug/deps/shadow_drive_sdk-5159751cdb7a804d)
[INFO] [stdout] 
[INFO] [stdout] running 0 tests
[INFO] [stdout] 
[INFO] [stdout] test result: ok. 0 passed; 0 failed; 0 ignored; 0 measured; 0 filtered out; finished in 0.00s
[INFO] [stdout] 
[INFO] [stderr]    Doc-tests shadow_drive_sdk
[INFO] [stdout] 
[INFO] [stdout] running 19 tests
[INFO] [stdout] test src/client/delete_file.rs - client::delete_file::ShadowDriveClient<T>::delete_file (line 19) ... FAILED
[INFO] [stdout] test src/client/add_storage.rs - client::add_storage::ShadowDriveClient<T>::add_storage (line 42) ... FAILED
[INFO] [stdout] test src/client/delete_storage_account.rs - client::delete_storage_account::ShadowDriveClient<T>::delete_storage_account (line 28) ... FAILED
[INFO] [stdout] test src/client/cancel_delete_storage_account.rs - client::cancel_delete_storage_account::ShadowDriveClient<T>::cancel_delete_storage_account (line 30) ... FAILED
[INFO] [stdout] test src/client/add_immutable_storage.rs - client::add_immutable_storage::ShadowDriveClient<T>::add_immutable_storage (line 34) ... FAILED
[INFO] [stdout] test src/client/claim_stake.rs - client::claim_stake::ShadowDriveClient<T>::claim_stake (line 29) ... FAILED
[INFO] [stdout] test src/client.rs - client::ShadowDriveClient<T>::new_with_rpc (line 101) ... FAILED
[INFO] [stdout] test src/client.rs - client::ShadowDriveClient<T>::new (line 75) ... FAILED
[INFO] [stdout] test src/client/edit_file.rs - client::edit_file::ShadowDriveClient<T>::edit_file (line 22) ... FAILED
[INFO] [stdout] test src/client/get_storage_account.rs - client::get_storage_account::ShadowDriveClient<T>::get_storage_account (line 22) ... FAILED
[INFO] [stdout] test src/client/get_storage_account.rs - client::get_storage_account::ShadowDriveClient<T>::get_storage_accounts (line 62) ... FAILED
[INFO] [stdout] test src/lib.rs - (line 6) ... ignored
[INFO] [stdout] test src/client/migrate.rs - client::migrate::ShadowDriveClient<T>::migrate (line 25) ... FAILED
[INFO] [stdout] test src/client/make_storage_immutable.rs - client::make_storage_immutable::ShadowDriveClient<T>::make_storage_immutable (line 39) ... FAILED
[INFO] [stdout] test src/client/reduce_storage.rs - client::reduce_storage::ShadowDriveClient<T>::reduce_storage (line 41) ... FAILED
[INFO] [stdout] test src/client/redeem_rent.rs - client::redeem_rent::ShadowDriveClient<T>::redeem_rent (line 23) ... FAILED
[INFO] [stdout] test src/client/list_objects.rs - client::list_objects::ShadowDriveClient<T>::list_objects (line 22) ... FAILED
[INFO] [stdout] test src/client/refresh_stake.rs - client::refresh_stake::ShadowDriveClient<T>::refresh_stake (line 28) ... FAILED
[INFO] [stdout] test src/client/top_up.rs - client::top_up::ShadowDriveClient<T>::top_up (line 20) ... FAILED
[INFO] [stdout] 
[INFO] [stdout] failures:
[INFO] [stdout] 
[INFO] [stdout] ---- src/client/delete_file.rs - client::delete_file::ShadowDriveClient<T>::delete_file (line 19) stdout ----
[INFO] [stdout] error[E0433]: failed to resolve: use of undeclared crate or module `shadow_drive_rust`
[INFO] [stdout]  --> src/client/delete_file.rs:20:5
[INFO] [stdout]   |
[INFO] [stdout] 3 | use shadow_drive_rust::{ShadowDriveClient, derived_addresses::storage_account};
[INFO] [stdout]   |     ^^^^^^^^^^^^^^^^^ use of undeclared crate or module `shadow_drive_rust`
[INFO] [stdout]   |
[INFO] [stdout] help: there is a crate or module with a similar name
[INFO] [stdout]   |
[INFO] [stdout] 3 | use shadow_drive_sdk::{ShadowDriveClient, derived_addresses::storage_account};
[INFO] [stdout]   |     ~~~~~~~~~~~~~~~~
[INFO] [stdout] 
[INFO] [stdout] error[E0432]: unresolved import `shadow_drive_rust`
[INFO] [stdout]  --> src/client/delete_file.rs:20:5
[INFO] [stdout]   |
[INFO] [stdout] 3 | use shadow_drive_rust::{ShadowDriveClient, derived_addresses::storage_account};
[INFO] [stdout]   |     ^^^^^^^^^^^^^^^^^ use of undeclared crate or module `shadow_drive_rust`
[INFO] [stdout]   |
[INFO] [stdout] help: there is a crate or module with a similar name
[INFO] [stdout]   |
[INFO] [stdout] 3 | use shadow_drive_sdk::{ShadowDriveClient, derived_addresses::storage_account};
[INFO] [stdout]   |     ~~~~~~~~~~~~~~~~
[INFO] [stdout] 
[INFO] [stdout] error[E0425]: cannot find value `KEYPAIR_PATH` in this scope
[INFO] [stdout]   --> src/client/delete_file.rs:28:33
[INFO] [stdout]    |
[INFO] [stdout] 11 | let keypair = read_keypair_file(KEYPAIR_PATH).expect("failed to load keypair at path");
[INFO] [stdout]    |                                 ^^^^^^^^^^^^ not found in this scope
[INFO] [stdout] 
[INFO] [stdout] error[E0728]: `await` is only allowed inside `async` functions and blocks
[INFO] [stdout]   --> src/client/delete_file.rs:37:6
[INFO] [stdout]    |
[INFO] [stdout] 2  | fn main() { #[allow(non_snake_case)] fn _doctest_main_src_client_delete_file_rs_19_0() {
[INFO] [stdout]    |                                      ------------------------------------------------- this is not `async`
[INFO] [stdout] ...
[INFO] [stdout] 20 |     .await?;
[INFO] [stdout]    |      ^^^^^ only allowed inside `async` functions and blocks
[INFO] [stdout] 
[INFO] [stdout] error: aborting due to 4 previous errors
[INFO] [stdout] 
[INFO] [stdout] Some errors have detailed explanations: E0425, E0432, E0433, E0728.
[INFO] [stdout] For more information about an error, try `rustc --explain E0425`.
[INFO] [stdout] Couldn't compile the test.
[INFO] [stdout] ---- src/client/add_storage.rs - client::add_storage::ShadowDriveClient<T>::add_storage (line 42) stdout ----
[INFO] [stdout] error[E0433]: failed to resolve: use of undeclared crate or module `shadow_drive_rust`
[INFO] [stdout]  --> src/client/add_storage.rs:44:5
[INFO] [stdout]   |
[INFO] [stdout] 4 | use shadow_drive_rust::{ShadowDriveClient, derived_addresses::storage_account};
[INFO] [stdout]   |     ^^^^^^^^^^^^^^^^^ use of undeclared crate or module `shadow_drive_rust`
[INFO] [stdout]   |
[INFO] [stdout] help: there is a crate or module with a similar name
[INFO] [stdout]   |
[INFO] [stdout] 4 | use shadow_drive_sdk::{ShadowDriveClient, derived_addresses::storage_account};
[INFO] [stdout]   |     ~~~~~~~~~~~~~~~~
[INFO] [stdout] 
[INFO] [stdout] error[E0432]: unresolved import `shadow_drive_rust`
[INFO] [stdout]  --> src/client/add_storage.rs:44:5
[INFO] [stdout]   |
[INFO] [stdout] 4 | use shadow_drive_rust::{ShadowDriveClient, derived_addresses::storage_account};
[INFO] [stdout]   |     ^^^^^^^^^^^^^^^^^ use of undeclared crate or module `shadow_drive_rust`
[INFO] [stdout]   |
[INFO] [stdout] help: there is a crate or module with a similar name
[INFO] [stdout]   |
[INFO] [stdout] 4 | use shadow_drive_sdk::{ShadowDriveClient, derived_addresses::storage_account};
[INFO] [stdout]   |     ~~~~~~~~~~~~~~~~
[INFO] [stdout] 
[INFO] [stdout] error[E0425]: cannot find value `KEYPAIR_PATH` in this scope
[INFO] [stdout]   --> src/client/add_storage.rs:52:33
[INFO] [stdout]    |
[INFO] [stdout] 12 | let keypair = read_keypair_file(KEYPAIR_PATH).expect("failed to load keypair at path");
[INFO] [stdout]    |                                 ^^^^^^^^^^^^ not found in this scope
[INFO] [stdout] 
[INFO] [stdout] error[E0728]: `await` is only allowed inside `async` functions and blocks
[INFO] [stdout]   --> src/client/add_storage.rs:61:6
[INFO] [stdout]    |
[INFO] [stdout] 2  | fn main() { #[allow(non_snake_case)] fn _doctest_main_src_client_add_storage_rs_42_0() {
[INFO] [stdout]    |                                      ------------------------------------------------- this is not `async`
[INFO] [stdout] ...
[INFO] [stdout] 21 |     .await?;
[INFO] [stdout]    |      ^^^^^ only allowed inside `async` functions and blocks
[INFO] [stdout] 
[INFO] [stdout] error: aborting due to 4 previous errors
[INFO] [stdout] 
[INFO] [stdout] Some errors have detailed explanations: E0425, E0432, E0433, E0728.
[INFO] [stdout] For more information about an error, try `rustc --explain E0425`.
[INFO] [stdout] Couldn't compile the test.
[INFO] [stdout] ---- src/client/delete_storage_account.rs - client::delete_storage_account::ShadowDriveClient<T>::delete_storage_account (line 28) stdout ----
[INFO] [stdout] error[E0433]: failed to resolve: use of undeclared crate or module `shadow_drive_rust`
[INFO] [stdout]  --> src/client/delete_storage_account.rs:29:5
[INFO] [stdout]   |
[INFO] [stdout] 3 | use shadow_drive_rust::{ShadowDriveClient, derived_addresses::storage_account};
[INFO] [stdout]   |     ^^^^^^^^^^^^^^^^^ use of undeclared crate or module `shadow_drive_rust`
[INFO] [stdout]   |
[INFO] [stdout] help: there is a crate or module with a similar name
[INFO] [stdout]   |
[INFO] [stdout] 3 | use shadow_drive_sdk::{ShadowDriveClient, derived_addresses::storage_account};
[INFO] [stdout]   |     ~~~~~~~~~~~~~~~~
[INFO] [stdout] 
[INFO] [stdout] error[E0432]: unresolved import `shadow_drive_rust`
[INFO] [stdout]  --> src/client/delete_storage_account.rs:29:5
[INFO] [stdout]   |
[INFO] [stdout] 3 | use shadow_drive_rust::{ShadowDriveClient, derived_addresses::storage_account};
[INFO] [stdout]   |     ^^^^^^^^^^^^^^^^^ use of undeclared crate or module `shadow_drive_rust`
[INFO] [stdout]   |
[INFO] [stdout] help: there is a crate or module with a similar name
[INFO] [stdout]   |
[INFO] [stdout] 3 | use shadow_drive_sdk::{ShadowDriveClient, derived_addresses::storage_account};
[INFO] [stdout]   |     ~~~~~~~~~~~~~~~~
[INFO] [stdout] 
[INFO] [stdout] error[E0425]: cannot find value `KEYPAIR_PATH` in this scope
[INFO] [stdout]   --> src/client/delete_storage_account.rs:37:33
[INFO] [stdout]    |
[INFO] [stdout] 11 | let keypair = read_keypair_file(KEYPAIR_PATH).expect("failed to load keypair at path");
[INFO] [stdout]    |                                 ^^^^^^^^^^^^ not found in this scope
[INFO] [stdout] 
[INFO] [stdout] error[E0728]: `await` is only allowed inside `async` functions and blocks
[INFO] [stdout]   --> src/client/delete_storage_account.rs:45:6
[INFO] [stdout]    |
[INFO] [stdout] 2  | fn main() { #[allow(non_snake_case)] fn _doctest_main_src_client_delete_storage_account_rs_28_0() {
[INFO] [stdout]    |                                      ------------------------------------------------------------ this is not `async`
[INFO] [stdout] ...
[INFO] [stdout] 19 |     .await?;
[INFO] [stdout]    |      ^^^^^ only allowed inside `async` functions and blocks
[INFO] [stdout] 
[INFO] [stdout] error: aborting due to 4 previous errors
[INFO] [stdout] 
[INFO] [stdout] Some errors have detailed explanations: E0425, E0432, E0433, E0728.
[INFO] [stdout] For more information about an error, try `rustc --explain E0425`.
[INFO] [stdout] Couldn't compile the test.
[INFO] [stdout] ---- src/client/cancel_delete_storage_account.rs - client::cancel_delete_storage_account::ShadowDriveClient<T>::cancel_delete_storage_account (line 30) stdout ----
[INFO] [stdout] error[E0433]: failed to resolve: use of undeclared crate or module `shadow_drive_rust`
[INFO] [stdout]  --> src/client/cancel_delete_storage_account.rs:31:5
[INFO] [stdout]   |
[INFO] [stdout] 3 | use shadow_drive_rust::{ShadowDriveClient, derived_addresses::storage_account};
[INFO] [stdout]   |     ^^^^^^^^^^^^^^^^^ use of undeclared crate or module `shadow_drive_rust`
[INFO] [stdout]   |
[INFO] [stdout] help: there is a crate or module with a similar name
[INFO] [stdout]   |
[INFO] [stdout] 3 | use shadow_drive_sdk::{ShadowDriveClient, derived_addresses::storage_account};
[INFO] [stdout]   |     ~~~~~~~~~~~~~~~~
[INFO] [stdout] 
[INFO] [stdout] error[E0432]: unresolved import `shadow_drive_rust`
[INFO] [stdout]  --> src/client/cancel_delete_storage_account.rs:31:5
[INFO] [stdout]   |
[INFO] [stdout] 3 | use shadow_drive_rust::{ShadowDriveClient, derived_addresses::storage_account};
[INFO] [stdout]   |     ^^^^^^^^^^^^^^^^^ use of undeclared crate or module `shadow_drive_rust`
[INFO] [stdout]   |
[INFO] [stdout] help: there is a crate or module with a similar name
[INFO] [stdout]   |
[INFO] [stdout] 3 | use shadow_drive_sdk::{ShadowDriveClient, derived_addresses::storage_account};
[INFO] [stdout]   |     ~~~~~~~~~~~~~~~~
[INFO] [stdout] 
[INFO] [stdout] error[E0425]: cannot find value `KEYPAIR_PATH` in this scope
[INFO] [stdout]   --> src/client/cancel_delete_storage_account.rs:39:33
[INFO] [stdout]    |
[INFO] [stdout] 11 | let keypair = read_keypair_file(KEYPAIR_PATH).expect("failed to load keypair at path");
[INFO] [stdout]    |                                 ^^^^^^^^^^^^ not found in this scope
[INFO] [stdout] 
[INFO] [stdout] error[E0728]: `await` is only allowed inside `async` functions and blocks
[INFO] [stdout]   --> src/client/cancel_delete_storage_account.rs:47:6
[INFO] [stdout]    |
[INFO] [stdout] 2  | fn main() { #[allow(non_snake_case)] fn _doctest_main_src_client_cancel_delete_storage_account_rs_30_0() {
[INFO] [stdout]    |                                      ------------------------------------------------------------------- this is not `async`
[INFO] [stdout] ...
[INFO] [stdout] 19 |     .await?;
[INFO] [stdout]    |      ^^^^^ only allowed inside `async` functions and blocks
[INFO] [stdout] 
[INFO] [stdout] error: aborting due to 4 previous errors
[INFO] [stdout] 
[INFO] [stdout] Some errors have detailed explanations: E0425, E0432, E0433, E0728.
[INFO] [stdout] For more information about an error, try `rustc --explain E0425`.
[INFO] [stdout] Couldn't compile the test.
[INFO] [stdout] ---- src/client/add_immutable_storage.rs - client::add_immutable_storage::ShadowDriveClient<T>::add_immutable_storage (line 34) stdout ----
[INFO] [stdout] error[E0433]: failed to resolve: use of undeclared crate or module `shadow_drive_rust`
[INFO] [stdout]  --> src/client/add_immutable_storage.rs:35:5
[INFO] [stdout]   |
[INFO] [stdout] 3 | use shadow_drive_rust::{ShadowDriveClient, derived_addresses::storage_account};
[INFO] [stdout]   |     ^^^^^^^^^^^^^^^^^ use of undeclared crate or module `shadow_drive_rust`
[INFO] [stdout]   |
[INFO] [stdout] help: there is a crate or module with a similar name
[INFO] [stdout]   |
[INFO] [stdout] 3 | use shadow_drive_sdk::{ShadowDriveClient, derived_addresses::storage_account};
[INFO] [stdout]   |     ~~~~~~~~~~~~~~~~
[INFO] [stdout] 
[INFO] [stdout] error[E0432]: unresolved import `shadow_drive_rust`
[INFO] [stdout]  --> src/client/add_immutable_storage.rs:35:5
[INFO] [stdout]   |
[INFO] [stdout] 3 | use shadow_drive_rust::{ShadowDriveClient, derived_addresses::storage_account};
[INFO] [stdout]   |     ^^^^^^^^^^^^^^^^^ use of undeclared crate or module `shadow_drive_rust`
[INFO] [stdout]   |
[INFO] [stdout] help: there is a crate or module with a similar name
[INFO] [stdout]   |
[INFO] [stdout] 3 | use shadow_drive_sdk::{ShadowDriveClient, derived_addresses::storage_account};
[INFO] [stdout]   |     ~~~~~~~~~~~~~~~~
[INFO] [stdout] 
[INFO] [stdout] error[E0425]: cannot find value `KEYPAIR_PATH` in this scope
[INFO] [stdout]   --> src/client/add_immutable_storage.rs:43:33
[INFO] [stdout]    |
[INFO] [stdout] 11 | let keypair = read_keypair_file(KEYPAIR_PATH).expect("failed to load keypair at path");
[INFO] [stdout]    |                                 ^^^^^^^^^^^^ not found in this scope
[INFO] [stdout] 
[INFO] [stdout] error[E0433]: failed to resolve: use of undeclared type `Byte`
[INFO] [stdout]   --> src/client/add_immutable_storage.rs:50:49
[INFO] [stdout]    |
[INFO] [stdout] 18 |     .add_immutable_storage(storage_account_key, Byte::from_str("1MB").expect("invalid byte string"))
[INFO] [stdout]    |                                                 ^^^^ use of undeclared type `Byte`
[INFO] [stdout]    |
[INFO] [stdout] help: consider importing one of these structs
[INFO] [stdout]    |
[INFO] [stdout] 2  + use byte_unit::Byte;
[INFO] [stdout]    |
[INFO] [stdout] 2  + use shadow_drive_sdk::Byte;
[INFO] [stdout]    |
[INFO] [stdout] 
[INFO] [stdout] error[E0728]: `await` is only allowed inside `async` functions and blocks
[INFO] [stdout]   --> src/client/add_immutable_storage.rs:51:6
[INFO] [stdout]    |
[INFO] [stdout] 2  | fn main() { #[allow(non_snake_case)] fn _doctest_main_src_client_add_immutable_storage_rs_34_0() {
[INFO] [stdout]    |                                      ----------------------------------------------------------- this is not `async`
[INFO] [stdout] ...
[INFO] [stdout] 19 |     .await?;
[INFO] [stdout]    |      ^^^^^ only allowed inside `async` functions and blocks
[INFO] [stdout] 
[INFO] [stdout] error: aborting due to 5 previous errors
[INFO] [stdout] 
[INFO] [stdout] Some errors have detailed explanations: E0425, E0432, E0433, E0728.
[INFO] [stdout] For more information about an error, try `rustc --explain E0425`.
[INFO] [stdout] Couldn't compile the test.
[INFO] [stdout] ---- src/client/claim_stake.rs - client::claim_stake::ShadowDriveClient<T>::claim_stake (line 29) stdout ----
[INFO] [stdout] error[E0433]: failed to resolve: use of undeclared crate or module `shadow_drive_rust`
[INFO] [stdout]  --> src/client/claim_stake.rs:30:5
[INFO] [stdout]   |
[INFO] [stdout] 3 | use shadow_drive_rust::{ShadowDriveClient, derived_addresses::storage_account};
[INFO] [stdout]   |     ^^^^^^^^^^^^^^^^^ use of undeclared crate or module `shadow_drive_rust`
[INFO] [stdout]   |
[INFO] [stdout] help: there is a crate or module with a similar name
[INFO] [stdout]   |
[INFO] [stdout] 3 | use shadow_drive_sdk::{ShadowDriveClient, derived_addresses::storage_account};
[INFO] [stdout]   |     ~~~~~~~~~~~~~~~~
[INFO] [stdout] 
[INFO] [stdout] error[E0432]: unresolved import `shadow_drive_rust`
[INFO] [stdout]  --> src/client/claim_stake.rs:30:5
[INFO] [stdout]   |
[INFO] [stdout] 3 | use shadow_drive_rust::{ShadowDriveClient, derived_addresses::storage_account};
[INFO] [stdout]   |     ^^^^^^^^^^^^^^^^^ use of undeclared crate or module `shadow_drive_rust`
[INFO] [stdout]   |
[INFO] [stdout] help: there is a crate or module with a similar name
[INFO] [stdout]   |
[INFO] [stdout] 3 | use shadow_drive_sdk::{ShadowDriveClient, derived_addresses::storage_account};
[INFO] [stdout]   |     ~~~~~~~~~~~~~~~~
[INFO] [stdout] 
[INFO] [stdout] error[E0425]: cannot find value `KEYPAIR_PATH` in this scope
[INFO] [stdout]   --> src/client/claim_stake.rs:38:33
[INFO] [stdout]    |
[INFO] [stdout] 11 | let keypair = read_keypair_file(KEYPAIR_PATH).expect("failed to load keypair at path");
[INFO] [stdout]    |                                 ^^^^^^^^^^^^ not found in this scope
[INFO] [stdout] 
[INFO] [stdout] error[E0728]: `await` is only allowed inside `async` functions and blocks
[INFO] [stdout]   --> src/client/claim_stake.rs:46:6
[INFO] [stdout]    |
[INFO] [stdout] 2  | fn main() { #[allow(non_snake_case)] fn _doctest_main_src_client_claim_stake_rs_29_0() {
[INFO] [stdout]    |                                      ------------------------------------------------- this is not `async`
[INFO] [stdout] ...
[INFO] [stdout] 19 |     .await?;
[INFO] [stdout]    |      ^^^^^ only allowed inside `async` functions and blocks
[INFO] [stdout] 
[INFO] [stdout] error: aborting due to 4 previous errors
[INFO] [stdout] 
[INFO] [stdout] Some errors have detailed explanations: E0425, E0432, E0433, E0728.
[INFO] [stdout] For more information about an error, try `rustc --explain E0425`.
[INFO] [stdout] Couldn't compile the test.
[INFO] [stdout] ---- src/client.rs - client::ShadowDriveClient<T>::new_with_rpc (line 101) stdout ----
[INFO] [stdout] error[E0433]: failed to resolve: use of undeclared type `ShadowDriveClient`
[INFO] [stdout]  --> src/client.rs:108:18
[INFO] [stdout]   |
[INFO] [stdout] 9 | let shdw_drive = ShadowDriveClient::new_with_rpc(wallet, solana_rpc);
[INFO] [stdout]   |                  ^^^^^^^^^^^^^^^^^ use of undeclared type `ShadowDriveClient`
[INFO] [stdout]   |
[INFO] [stdout] help: consider importing this struct
[INFO] [stdout]   |
[INFO] [stdout] 2 + use shadow_drive_sdk::ShadowDriveClient;
[INFO] [stdout]   |
[INFO] [stdout] 
[INFO] [stdout] error[E0061]: this function takes 1 argument but 0 arguments were supplied
[INFO] [stdout]   --> src/client.rs:106:14
[INFO] [stdout]    |
[INFO] [stdout] 7  | let wallet = Keypair::generate();
[INFO] [stdout]    |              ^^^^^^^^^^^^^^^^^-- argument #1 of type `&mut _` is missing
[INFO] [stdout]    |
[INFO] [stdout] note: associated function defined here
[INFO] [stdout]   --> /opt/rustwide/cargo-home/registry/src/index.crates.io-6f17d22bba15001f/solana-sdk-1.14.18/src/signer/keypair.rs:30:12
[INFO] [stdout]    |
[INFO] [stdout] 30 |     pub fn generate<R>(csprng: &mut R) -> Self
[INFO] [stdout]    |            ^^^^^^^^
[INFO] [stdout] help: provide the argument
[INFO] [stdout]    |
[INFO] [stdout] 7  | let wallet = Keypair::generate(/* csprng */);
[INFO] [stdout]    |                               ~~~~~~~~~~~~~~
[INFO] [stdout] 
[INFO] [stdout] error: aborting due to 2 previous errors
[INFO] [stdout] 
[INFO] [stdout] Some errors have detailed explanations: E0061, E0433.
[INFO] [stdout] For more information about an error, try `rustc --explain E0061`.
[INFO] [stdout] Couldn't compile the test.
[INFO] [stdout] ---- src/client.rs - client::ShadowDriveClient<T>::new (line 75) stdout ----
[INFO] [stdout] error[E0433]: failed to resolve: use of undeclared type `ShadowDriveClient`
[INFO] [stdout]  --> src/client.rs:79:18
[INFO] [stdout]   |
[INFO] [stdout] 6 | let shdw_drive = ShadowDriveClient::new(wallet, "https://ssc-dao.genesysgo.net");
[INFO] [stdout]   |                  ^^^^^^^^^^^^^^^^^ use of undeclared type `ShadowDriveClient`
[INFO] [stdout]   |
[INFO] [stdout] help: consider importing this struct
[INFO] [stdout]   |
[INFO] [stdout] 2 + use shadow_drive_sdk::ShadowDriveClient;
[INFO] [stdout]   |
[INFO] [stdout] 
[INFO] [stdout] error[E0061]: this function takes 1 argument but 0 arguments were supplied
[INFO] [stdout]   --> src/client.rs:78:14
[INFO] [stdout]    |
[INFO] [stdout] 5  | let wallet = Keypair::generate();
[INFO] [stdout]    |              ^^^^^^^^^^^^^^^^^-- argument #1 of type `&mut _` is missing
[INFO] [stdout]    |
[INFO] [stdout] note: associated function defined here
[INFO] [stdout]   --> /opt/rustwide/cargo-home/registry/src/index.crates.io-6f17d22bba15001f/solana-sdk-1.14.18/src/signer/keypair.rs:30:12
[INFO] [stdout]    |
[INFO] [stdout] 30 |     pub fn generate<R>(csprng: &mut R) -> Self
[INFO] [stdout]    |            ^^^^^^^^
[INFO] [stdout] help: provide the argument
[INFO] [stdout]    |
[INFO] [stdout] 5  | let wallet = Keypair::generate(/* csprng */);
[INFO] [stdout]    |                               ~~~~~~~~~~~~~~
[INFO] [stdout] 
[INFO] [stdout] error: aborting due to 2 previous errors
[INFO] [stdout] 
[INFO] [stdout] Some errors have detailed explanations: E0061, E0433.
[INFO] [stdout] For more information about an error, try `rustc --explain E0061`.
[INFO] [stdout] Couldn't compile the test.
[INFO] [stdout] ---- src/client/edit_file.rs - client::edit_file::ShadowDriveClient<T>::edit_file (line 22) stdout ----
[INFO] [stdout] error[E0433]: failed to resolve: use of undeclared crate or module `shadow_drive_rust`
[INFO] [stdout]  --> src/client/edit_file.rs:23:5
[INFO] [stdout]   |
[INFO] [stdout] 3 | use shadow_drive_rust::{ShadowDriveClient, derived_addresses::storage_account};
[INFO] [stdout]   |     ^^^^^^^^^^^^^^^^^ use of undeclared crate or module `shadow_drive_rust`
[INFO] [stdout]   |
[INFO] [stdout] help: there is a crate or module with a similar name
[INFO] [stdout]   |
[INFO] [stdout] 3 | use shadow_drive_sdk::{ShadowDriveClient, derived_addresses::storage_account};
[INFO] [stdout]   |     ~~~~~~~~~~~~~~~~
[INFO] [stdout] 
[INFO] [stdout] error[E0432]: unresolved import `shadow_drive_rust`
[INFO] [stdout]  --> src/client/edit_file.rs:23:5
[INFO] [stdout]   |
[INFO] [stdout] 3 | use shadow_drive_rust::{ShadowDriveClient, derived_addresses::storage_account};
[INFO] [stdout]   |     ^^^^^^^^^^^^^^^^^ use of undeclared crate or module `shadow_drive_rust`
[INFO] [stdout]   |
[INFO] [stdout] help: there is a crate or module with a similar name
[INFO] [stdout]   |
[INFO] [stdout] 3 | use shadow_drive_sdk::{ShadowDriveClient, derived_addresses::storage_account};
[INFO] [stdout]   |     ~~~~~~~~~~~~~~~~
[INFO] [stdout] 
[INFO] [stdout] error[E0425]: cannot find value `KEYPAIR_PATH` in this scope
[INFO] [stdout]   --> src/client/edit_file.rs:31:33
[INFO] [stdout]    |
[INFO] [stdout] 11 | let keypair = read_keypair_file(KEYPAIR_PATH).expect("failed to load keypair at path");
[INFO] [stdout]    |                                 ^^^^^^^^^^^^ not found in this scope
[INFO] [stdout] 
[INFO] [stdout] error[E0728]: `await` is only allowed inside `async` functions and blocks
[INFO] [stdout]   --> src/client/edit_file.rs:38:4
[INFO] [stdout]    |
[INFO] [stdout] 2  | fn main() { #[allow(non_snake_case)] fn _doctest_main_src_client_edit_file_rs_22_0() {
[INFO] [stdout]    |                                      ----------------------------------------------- this is not `async`
[INFO] [stdout] ...
[INFO] [stdout] 18 |   .await
[INFO] [stdout]    |    ^^^^^ only allowed inside `async` functions and blocks
[INFO] [stdout] 
[INFO] [stdout] error[E0728]: `await` is only allowed inside `async` functions and blocks
[INFO] [stdout]   --> src/client/edit_file.rs:43:6
[INFO] [stdout]    |
[INFO] [stdout] 2  | fn main() { #[allow(non_snake_case)] fn _doctest_main_src_client_edit_file_rs_22_0() {
[INFO] [stdout]    |                                      ----------------------------------------------- this is not `async`
[INFO] [stdout] ...
[INFO] [stdout] 23 |     .await?;
[INFO] [stdout]    |      ^^^^^ only allowed inside `async` functions and blocks
[INFO] [stdout] 
[INFO] [stdout] error: aborting due to 5 previous errors
[INFO] [stdout] 
[INFO] [stdout] Some errors have detailed explanations: E0425, E0432, E0433, E0728.
[INFO] [stdout] For more information about an error, try `rustc --explain E0425`.
[INFO] [stdout] Couldn't compile the test.
[INFO] [stdout] ---- src/client/get_storage_account.rs - client::get_storage_account::ShadowDriveClient<T>::get_storage_account (line 22) stdout ----
[INFO] [stdout] error[E0433]: failed to resolve: use of undeclared crate or module `shadow_drive_rust`
[INFO] [stdout]  --> src/client/get_storage_account.rs:23:5
[INFO] [stdout]   |
[INFO] [stdout] 3 | use shadow_drive_rust::{ShadowDriveClient, derived_addresses::storage_account};
[INFO] [stdout]   |     ^^^^^^^^^^^^^^^^^ use of undeclared crate or module `shadow_drive_rust`
[INFO] [stdout]   |
[INFO] [stdout] help: there is a crate or module with a similar name
[INFO] [stdout]   |
[INFO] [stdout] 3 | use shadow_drive_sdk::{ShadowDriveClient, derived_addresses::storage_account};
[INFO] [stdout]   |     ~~~~~~~~~~~~~~~~
[INFO] [stdout] 
[INFO] [stdout] error[E0432]: unresolved import `shadow_drive_rust`
[INFO] [stdout]  --> src/client/get_storage_account.rs:23:5
[INFO] [stdout]   |
[INFO] [stdout] 3 | use shadow_drive_rust::{ShadowDriveClient, derived_addresses::storage_account};
[INFO] [stdout]   |     ^^^^^^^^^^^^^^^^^ use of undeclared crate or module `shadow_drive_rust`
[INFO] [stdout]   |
[INFO] [stdout] help: there is a crate or module with a similar name
[INFO] [stdout]   |
[INFO] [stdout] 3 | use shadow_drive_sdk::{ShadowDriveClient, derived_addresses::storage_account};
[INFO] [stdout]   |     ~~~~~~~~~~~~~~~~
[INFO] [stdout] 
[INFO] [stdout] error[E0425]: cannot find value `KEYPAIR_PATH` in this scope
[INFO] [stdout]   --> src/client/get_storage_account.rs:31:33
[INFO] [stdout]    |
[INFO] [stdout] 11 | let keypair = read_keypair_file(KEYPAIR_PATH).expect("failed to load keypair at path");
[INFO] [stdout]    |                                 ^^^^^^^^^^^^ not found in this scope
[INFO] [stdout] 
[INFO] [stdout] error[E0728]: `await` is only allowed inside `async` functions and blocks
[INFO] [stdout]   --> src/client/get_storage_account.rs:39:6
[INFO] [stdout]    |
[INFO] [stdout] 2  | fn main() { #[allow(non_snake_case)] fn _doctest_main_src_client_get_storage_account_rs_22_0() {
[INFO] [stdout]    |                                      --------------------------------------------------------- this is not `async`
[INFO] [stdout] ...
[INFO] [stdout] 19 |     .await
[INFO] [stdout]    |      ^^^^^ only allowed inside `async` functions and blocks
[INFO] [stdout] 
[INFO] [stdout] error: aborting due to 4 previous errors
[INFO] [stdout] 
[INFO] [stdout] Some errors have detailed explanations: E0425, E0432, E0433, E0728.
[INFO] [stdout] For more information about an error, try `rustc --explain E0425`.
[INFO] [stdout] Couldn't compile the test.
[INFO] [stdout] ---- src/client/get_storage_account.rs - client::get_storage_account::ShadowDriveClient<T>::get_storage_accounts (line 62) stdout ----
[INFO] [stdout] error[E0432]: unresolved import `shadow_drive_rust`
[INFO] [stdout]  --> src/client/get_storage_account.rs:63:5
[INFO] [stdout]   |
[INFO] [stdout] 3 | use shadow_drive_rust::ShadowDriveClient;
[INFO] [stdout]   |     ^^^^^^^^^^^^^^^^^ use of undeclared crate or module `shadow_drive_rust`
[INFO] [stdout]   |
[INFO] [stdout] help: there is a crate or module with a similar name
[INFO] [stdout]   |
[INFO] [stdout] 3 | use shadow_drive_sdk::ShadowDriveClient;
[INFO] [stdout]   |     ~~~~~~~~~~~~~~~~
[INFO] [stdout] 
[INFO] [stdout] error[E0425]: cannot find value `KEYPAIR_PATH` in this scope
[INFO] [stdout]   --> src/client/get_storage_account.rs:71:33
[INFO] [stdout]    |
[INFO] [stdout] 11 | let keypair = read_keypair_file(KEYPAIR_PATH).expect("failed to load keypair at path");
[INFO] [stdout]    |                                 ^^^^^^^^^^^^ not found in this scope
[INFO] [stdout] 
[INFO] [stdout] error[E0728]: `await` is only allowed inside `async` functions and blocks
[INFO] [stdout]   --> src/client/get_storage_account.rs:78:6
[INFO] [stdout]    |
[INFO] [stdout] 2  | fn main() { #[allow(non_snake_case)] fn _doctest_main_src_client_get_storage_account_rs_62_0() {
[INFO] [stdout]    |                                      --------------------------------------------------------- this is not `async`
[INFO] [stdout] ...
[INFO] [stdout] 18 |     .await
[INFO] [stdout]    |      ^^^^^ only allowed inside `async` functions and blocks
[INFO] [stdout] 
[INFO] [stdout] error: aborting due to 3 previous errors
[INFO] [stdout] 
[INFO] [stdout] Some errors have detailed explanations: E0425, E0432, E0728.
[INFO] [stdout] For more information about an error, try `rustc --explain E0425`.
[INFO] [stdout] Couldn't compile the test.
[INFO] [stdout] ---- src/client/migrate.rs - client::migrate::ShadowDriveClient<T>::migrate (line 25) stdout ----
[INFO] [stdout] error[E0433]: failed to resolve: use of undeclared crate or module `shadow_drive_rust`
[INFO] [stdout]  --> src/client/migrate.rs:26:5
[INFO] [stdout]   |
[INFO] [stdout] 3 | use shadow_drive_rust::{ShadowDriveClient, derived_addresses::storage_account};
[INFO] [stdout]   |     ^^^^^^^^^^^^^^^^^ use of undeclared crate or module `shadow_drive_rust`
[INFO] [stdout]   |
[INFO] [stdout] help: there is a crate or module with a similar name
[INFO] [stdout]   |
[INFO] [stdout] 3 | use shadow_drive_sdk::{ShadowDriveClient, derived_addresses::storage_account};
[INFO] [stdout]   |     ~~~~~~~~~~~~~~~~
[INFO] [stdout] 
[INFO] [stdout] error[E0432]: unresolved import `shadow_drive_rust`
[INFO] [stdout]  --> src/client/migrate.rs:26:5
[INFO] [stdout]   |
[INFO] [stdout] 3 | use shadow_drive_rust::{ShadowDriveClient, derived_addresses::storage_account};
[INFO] [stdout]   |     ^^^^^^^^^^^^^^^^^ use of undeclared crate or module `shadow_drive_rust`
[INFO] [stdout]   |
[INFO] [stdout] help: there is a crate or module with a similar name
[INFO] [stdout]   |
[INFO] [stdout] 3 | use shadow_drive_sdk::{ShadowDriveClient, derived_addresses::storage_account};
[INFO] [stdout]   |     ~~~~~~~~~~~~~~~~
[INFO] [stdout] 
[INFO] [stdout] error[E0425]: cannot find value `KEYPAIR_PATH` in this scope
[INFO] [stdout]   --> src/client/migrate.rs:34:33
[INFO] [stdout]    |
[INFO] [stdout] 11 | let keypair = read_keypair_file(KEYPAIR_PATH).expect("failed to load keypair at path");
[INFO] [stdout]    |                                 ^^^^^^^^^^^^ not found in this scope
[INFO] [stdout] 
[INFO] [stdout] error[E0728]: `await` is only allowed inside `async` functions and blocks
[INFO] [stdout]   --> src/client/migrate.rs:42:6
[INFO] [stdout]    |
[INFO] [stdout] 2  | fn main() { #[allow(non_snake_case)] fn _doctest_main_src_client_migrate_rs_25_0() {
[INFO] [stdout]    |                                      --------------------------------------------- this is not `async`
[INFO] [stdout] ...
[INFO] [stdout] 19 |     .await?;
[INFO] [stdout]    |      ^^^^^ only allowed inside `async` functions and blocks
[INFO] [stdout] 
[INFO] [stdout] error: aborting due to 4 previous errors
[INFO] [stdout] 
[INFO] [stdout] Some errors have detailed explanations: E0425, E0432, E0433, E0728.
[INFO] [stdout] For more information about an error, try `rustc --explain E0425`.
[INFO] [stdout] Couldn't compile the test.
[INFO] [stdout] ---- src/client/make_storage_immutable.rs - client::make_storage_immutable::ShadowDriveClient<T>::make_storage_immutable (line 39) stdout ----
[INFO] [stdout] error[E0433]: failed to resolve: use of undeclared crate or module `shadow_drive_rust`
[INFO] [stdout]  --> src/client/make_storage_immutable.rs:40:5
[INFO] [stdout]   |
[INFO] [stdout] 3 | use shadow_drive_rust::{ShadowDriveClient, derived_addresses::storage_account};
[INFO] [stdout]   |     ^^^^^^^^^^^^^^^^^ use of undeclared crate or module `shadow_drive_rust`
[INFO] [stdout]   |
[INFO] [stdout] help: there is a crate or module with a similar name
[INFO] [stdout]   |
[INFO] [stdout] 3 | use shadow_drive_sdk::{ShadowDriveClient, derived_addresses::storage_account};
[INFO] [stdout]   |     ~~~~~~~~~~~~~~~~
[INFO] [stdout] 
[INFO] [stdout] error[E0432]: unresolved import `shadow_drive_rust`
[INFO] [stdout]  --> src/client/make_storage_immutable.rs:40:5
[INFO] [stdout]   |
[INFO] [stdout] 3 | use shadow_drive_rust::{ShadowDriveClient, derived_addresses::storage_account};
[INFO] [stdout]   |     ^^^^^^^^^^^^^^^^^ use of undeclared crate or module `shadow_drive_rust`
[INFO] [stdout]   |
[INFO] [stdout] help: there is a crate or module with a similar name
[INFO] [stdout]   |
[INFO] [stdout] 3 | use shadow_drive_sdk::{ShadowDriveClient, derived_addresses::storage_account};
[INFO] [stdout]   |     ~~~~~~~~~~~~~~~~
[INFO] [stdout] 
[INFO] [stdout] error[E0425]: cannot find value `KEYPAIR_PATH` in this scope
[INFO] [stdout]   --> src/client/make_storage_immutable.rs:48:33
[INFO] [stdout]    |
[INFO] [stdout] 11 | let keypair = read_keypair_file(KEYPAIR_PATH).expect("failed to load keypair at path");
[INFO] [stdout]    |                                 ^^^^^^^^^^^^ not found in this scope
[INFO] [stdout] 
[INFO] [stdout] error[E0728]: `await` is only allowed inside `async` functions and blocks
[INFO] [stdout]   --> src/client/make_storage_immutable.rs:56:6
[INFO] [stdout]    |
[INFO] [stdout] 2  | fn main() { #[allow(non_snake_case)] fn _doctest_main_src_client_make_storage_immutable_rs_39_0() {
[INFO] [stdout]    |                                      ------------------------------------------------------------ this is not `async`
[INFO] [stdout] ...
[INFO] [stdout] 19 |     .await?;
[INFO] [stdout]    |      ^^^^^ only allowed inside `async` functions and blocks
[INFO] [stdout] 
[INFO] [stdout] error: aborting due to 4 previous errors
[INFO] [stdout] 
[INFO] [stdout] Some errors have detailed explanations: E0425, E0432, E0433, E0728.
[INFO] [stdout] For more information about an error, try `rustc --explain E0425`.
[INFO] [stdout] Couldn't compile the test.
[INFO] [stdout] ---- src/client/reduce_storage.rs - client::reduce_storage::ShadowDriveClient<T>::reduce_storage (line 41) stdout ----
[INFO] [stdout] error[E0433]: failed to resolve: use of undeclared crate or module `shadow_drive_rust`
[INFO] [stdout]  --> src/client/reduce_storage.rs:43:5
[INFO] [stdout]   |
[INFO] [stdout] 4 | use shadow_drive_rust::{ShadowDriveClient, derived_addresses::storage_account};
[INFO] [stdout]   |     ^^^^^^^^^^^^^^^^^ use of undeclared crate or module `shadow_drive_rust`
[INFO] [stdout]   |
[INFO] [stdout] help: there is a crate or module with a similar name
[INFO] [stdout]   |
[INFO] [stdout] 4 | use shadow_drive_sdk::{ShadowDriveClient, derived_addresses::storage_account};
[INFO] [stdout]   |     ~~~~~~~~~~~~~~~~
[INFO] [stdout] 
[INFO] [stdout] error[E0432]: unresolved import `shadow_drive_rust`
[INFO] [stdout]  --> src/client/reduce_storage.rs:43:5
[INFO] [stdout]   |
[INFO] [stdout] 4 | use shadow_drive_rust::{ShadowDriveClient, derived_addresses::storage_account};
[INFO] [stdout]   |     ^^^^^^^^^^^^^^^^^ use of undeclared crate or module `shadow_drive_rust`
[INFO] [stdout]   |
[INFO] [stdout] help: there is a crate or module with a similar name
[INFO] [stdout]   |
[INFO] [stdout] 4 | use shadow_drive_sdk::{ShadowDriveClient, derived_addresses::storage_account};
[INFO] [stdout]   |     ~~~~~~~~~~~~~~~~
[INFO] [stdout] 
[INFO] [stdout] error[E0425]: cannot find value `KEYPAIR_PATH` in this scope
[INFO] [stdout]   --> src/client/reduce_storage.rs:51:33
[INFO] [stdout]    |
[INFO] [stdout] 12 | let keypair = read_keypair_file(KEYPAIR_PATH).expect("failed to load keypair at path");
[INFO] [stdout]    |                                 ^^^^^^^^^^^^ not found in this scope
[INFO] [stdout] 
[INFO] [stdout] error[E0728]: `await` is only allowed inside `async` functions and blocks
[INFO] [stdout]   --> src/client/reduce_storage.rs:60:6
[INFO] [stdout]    |
[INFO] [stdout] 2  | fn main() { #[allow(non_snake_case)] fn _doctest_main_src_client_reduce_storage_rs_41_0() {
[INFO] [stdout]    |                                      ---------------------------------------------------- this is not `async`
[INFO] [stdout] ...
[INFO] [stdout] 21 |     .await?;
[INFO] [stdout]    |      ^^^^^ only allowed inside `async` functions and blocks
[INFO] [stdout] 
[INFO] [stdout] error: aborting due to 4 previous errors
[INFO] [stdout] 
[INFO] [stdout] Some errors have detailed explanations: E0425, E0432, E0433, E0728.
[INFO] [stdout] For more information about an error, try `rustc --explain E0425`.
[INFO] [stdout] Couldn't compile the test.
[INFO] [stdout] ---- src/client/redeem_rent.rs - client::redeem_rent::ShadowDriveClient<T>::redeem_rent (line 23) stdout ----
[INFO] [stdout] error[E0433]: failed to resolve: use of undeclared crate or module `shadow_drive_rust`
[INFO] [stdout]  --> src/client/redeem_rent.rs:24:5
[INFO] [stdout]   |
[INFO] [stdout] 3 | use shadow_drive_rust::{ShadowDriveClient, derived_addresses::storage_account};
[INFO] [stdout]   |     ^^^^^^^^^^^^^^^^^ use of undeclared crate or module `shadow_drive_rust`
[INFO] [stdout]   |
[INFO] [stdout] help: there is a crate or module with a similar name
[INFO] [stdout]   |
[INFO] [stdout] 3 | use shadow_drive_sdk::{ShadowDriveClient, derived_addresses::storage_account};
[INFO] [stdout]   |     ~~~~~~~~~~~~~~~~
[INFO] [stdout] 
[INFO] [stdout] error[E0432]: unresolved import `shadow_drive_rust`
[INFO] [stdout]  --> src/client/redeem_rent.rs:24:5
[INFO] [stdout]   |
[INFO] [stdout] 3 | use shadow_drive_rust::{ShadowDriveClient, derived_addresses::storage_account};
[INFO] [stdout]   |     ^^^^^^^^^^^^^^^^^ use of undeclared crate or module `shadow_drive_rust`
[INFO] [stdout]   |
[INFO] [stdout] help: there is a crate or module with a similar name
[INFO] [stdout]   |
[INFO] [stdout] 3 | use shadow_drive_sdk::{ShadowDriveClient, derived_addresses::storage_account};
[INFO] [stdout]   |     ~~~~~~~~~~~~~~~~
[INFO] [stdout] 
[INFO] [stdout] error[E0425]: cannot find value `KEYPAIR_PATH` in this scope
[INFO] [stdout]   --> src/client/redeem_rent.rs:33:33
[INFO] [stdout]    |
[INFO] [stdout] 12 | let keypair = read_keypair_file(KEYPAIR_PATH).expect("failed to load keypair at path");
[INFO] [stdout]    |                                 ^^^^^^^^^^^^ not found in this scope
[INFO] [stdout] 
[INFO] [stdout] error[E0728]: `await` is only allowed inside `async` functions and blocks
[INFO] [stdout]   --> src/client/redeem_rent.rs:42:6
[INFO] [stdout]    |
[INFO] [stdout] 2  | fn main() { #[allow(non_snake_case)] fn _doctest_main_src_client_redeem_rent_rs_23_0() {
[INFO] [stdout]    |                                      ------------------------------------------------- this is not `async`
[INFO] [stdout] ...
[INFO] [stdout] 21 |     .await?;
[INFO] [stdout]    |      ^^^^^ only allowed inside `async` functions and blocks
[INFO] [stdout] 
[INFO] [stdout] error: aborting due to 4 previous errors
[INFO] [stdout] 
[INFO] [stdout] Some errors have detailed explanations: E0425, E0432, E0433, E0728.
[INFO] [stdout] For more information about an error, try `rustc --explain E0425`.
[INFO] [stdout] Couldn't compile the test.
[INFO] [stdout] ---- src/client/list_objects.rs - client::list_objects::ShadowDriveClient<T>::list_objects (line 22) stdout ----
[INFO] [stdout] error[E0433]: failed to resolve: use of undeclared crate or module `shadow_drive_rust`
[INFO] [stdout]  --> src/client/list_objects.rs:23:5
[INFO] [stdout]   |
[INFO] [stdout] 3 | use shadow_drive_rust::{ShadowDriveClient, derived_addresses::storage_account};
[INFO] [stdout]   |     ^^^^^^^^^^^^^^^^^ use of undeclared crate or module `shadow_drive_rust`
[INFO] [stdout]   |
[INFO] [stdout] help: there is a crate or module with a similar name
[INFO] [stdout]   |
[INFO] [stdout] 3 | use shadow_drive_sdk::{ShadowDriveClient, derived_addresses::storage_account};
[INFO] [stdout]   |     ~~~~~~~~~~~~~~~~
[INFO] [stdout] 
[INFO] [stdout] error[E0432]: unresolved import `shadow_drive_rust`
[INFO] [stdout]  --> src/client/list_objects.rs:23:5
[INFO] [stdout]   |
[INFO] [stdout] 3 | use shadow_drive_rust::{ShadowDriveClient, derived_addresses::storage_account};
[INFO] [stdout]   |     ^^^^^^^^^^^^^^^^^ use of undeclared crate or module `shadow_drive_rust`
[INFO] [stdout]   |
[INFO] [stdout] help: there is a crate or module with a similar name
[INFO] [stdout]   |
[INFO] [stdout] 3 | use shadow_drive_sdk::{ShadowDriveClient, derived_addresses::storage_account};
[INFO] [stdout]   |     ~~~~~~~~~~~~~~~~
[INFO] [stdout] 
[INFO] [stdout] error[E0425]: cannot find value `KEYPAIR_PATH` in this scope
[INFO] [stdout]   --> src/client/list_objects.rs:31:33
[INFO] [stdout]    |
[INFO] [stdout] 11 | let keypair = read_keypair_file(KEYPAIR_PATH).expect("failed to load keypair at path");
[INFO] [stdout]    |                                 ^^^^^^^^^^^^ not found in this scope
[INFO] [stdout] 
[INFO] [stdout] error[E0728]: `await` is only allowed inside `async` functions and blocks
[INFO] [stdout]   --> src/client/list_objects.rs:39:6
[INFO] [stdout]    |
[INFO] [stdout] 2  | fn main() { #[allow(non_snake_case)] fn _doctest_main_src_client_list_objects_rs_22_0() {
[INFO] [stdout]    |                                      -------------------------------------------------- this is not `async`
[INFO] [stdout] ...
[INFO] [stdout] 19 |     .await?;
[INFO] [stdout]    |      ^^^^^ only allowed inside `async` functions and blocks
[INFO] [stdout] 
[INFO] [stdout] error: aborting due to 4 previous errors
[INFO] [stdout] 
[INFO] [stdout] Some errors have detailed explanations: E0425, E0432, E0433, E0728.
[INFO] [stdout] For more information about an error, try `rustc --explain E0425`.
[INFO] [stdout] Couldn't compile the test.
[INFO] [stdout] ---- src/client/refresh_stake.rs - client::refresh_stake::ShadowDriveClient<T>::refresh_stake (line 28) stdout ----
[INFO] [stdout] error[E0433]: failed to resolve: use of undeclared crate or module `shadow_drive_rust`
[INFO] [stdout]  --> src/client/refresh_stake.rs:29:5
[INFO] [stdout]   |
[INFO] [stdout] 3 | use shadow_drive_rust::{ShadowDriveClient, derived_addresses::storage_account};
[INFO] [stdout]   |     ^^^^^^^^^^^^^^^^^ use of undeclared crate or module `shadow_drive_rust`
[INFO] [stdout]   |
[INFO] [stdout] help: there is a crate or module with a similar name
[INFO] [stdout]   |
[INFO] [stdout] 3 | use shadow_drive_sdk::{ShadowDriveClient, derived_addresses::storage_account};
[INFO] [stdout]   |     ~~~~~~~~~~~~~~~~
[INFO] [stdout] 
[INFO] [stdout] error[E0432]: unresolved import `shadow_drive_rust`
[INFO] [stdout]  --> src/client/refresh_stake.rs:29:5
[INFO] [stdout]   |
[INFO] [stdout] 3 | use shadow_drive_rust::{ShadowDriveClient, derived_addresses::storage_account};
[INFO] [stdout]   |     ^^^^^^^^^^^^^^^^^ use of undeclared crate or module `shadow_drive_rust`
[INFO] [stdout]   |
[INFO] [stdout] help: there is a crate or module with a similar name
[INFO] [stdout]   |
[INFO] [stdout] 3 | use shadow_drive_sdk::{ShadowDriveClient, derived_addresses::storage_account};
[INFO] [stdout]   |     ~~~~~~~~~~~~~~~~
[INFO] [stdout] 
[INFO] [stdout] error[E0425]: cannot find value `KEYPAIR_PATH` in this scope
[INFO] [stdout]   --> src/client/refresh_stake.rs:37:33
[INFO] [stdout]    |
[INFO] [stdout] 11 | let keypair = read_keypair_file(KEYPAIR_PATH).expect("failed to load keypair at path");
[INFO] [stdout]    |                                 ^^^^^^^^^^^^ not found in this scope
[INFO] [stdout] 
[INFO] [stdout] error[E0728]: `await` is only allowed inside `async` functions and blocks
[INFO] [stdout]   --> src/client/refresh_stake.rs:45:6
[INFO] [stdout]    |
[INFO] [stdout] 2  | fn main() { #[allow(non_snake_case)] fn _doctest_main_src_client_refresh_stake_rs_28_0() {
[INFO] [stdout]    |                                      --------------------------------------------------- this is not `async`
[INFO] [stdout] ...
[INFO] [stdout] 19 |     .await?;
[INFO] [stdout]    |      ^^^^^ only allowed inside `async` functions and blocks
[INFO] [stdout] 
[INFO] [stdout] error: aborting due to 4 previous errors
[INFO] [stdout] 
[INFO] [stdout] Some errors have detailed explanations: E0425, E0432, E0433, E0728.
[INFO] [stdout] For more information about an error, try `rustc --explain E0425`.
[INFO] [stdout] Couldn't compile the test.
[INFO] [stdout] ---- src/client/top_up.rs - client::top_up::ShadowDriveClient<T>::top_up (line 20) stdout ----
[INFO] [stdout] error: expected `;`, found keyword `let`
[INFO] [stdout]   --> src/client/top_up.rs:34:30
[INFO] [stdout]    |
[INFO] [stdout] 16 | let top_up_amount: u64 = 1000
[INFO] [stdout]    |                              ^ help: add `;` here
[INFO] [stdout] 17 |
[INFO] [stdout] 18 | let top_up = shdw_drive_client
[INFO] [stdout]    | --- unexpected token
[INFO] [stdout] 
[INFO] [stdout] error[E0433]: failed to resolve: use of undeclared crate or module `shadow_drive_rust`
[INFO] [stdout]  --> src/client/top_up.rs:21:5
[INFO] [stdout]   |
[INFO] [stdout] 3 | use shadow_drive_rust::{ShadowDriveClient, derived_addresses::storage_account};
[INFO] [stdout]   |     ^^^^^^^^^^^^^^^^^ use of undeclared crate or module `shadow_drive_rust`
[INFO] [stdout]   |
[INFO] [stdout] help: there is a crate or module with a similar name
[INFO] [stdout]   |
[INFO] [stdout] 3 | use shadow_drive_sdk::{ShadowDriveClient, derived_addresses::storage_account};
[INFO] [stdout]   |     ~~~~~~~~~~~~~~~~
[INFO] [stdout] 
[INFO] [stdout] error[E0432]: unresolved import `shadow_drive_rust`
[INFO] [stdout]  --> src/client/top_up.rs:21:5
[INFO] [stdout]   |
[INFO] [stdout] 3 | use shadow_drive_rust::{ShadowDriveClient, derived_addresses::storage_account};
[INFO] [stdout]   |     ^^^^^^^^^^^^^^^^^ use of undeclared crate or module `shadow_drive_rust`
[INFO] [stdout]   |
[INFO] [stdout] help: there is a crate or module with a similar name
[INFO] [stdout]   |
[INFO] [stdout] 3 | use shadow_drive_sdk::{ShadowDriveClient, derived_addresses::storage_account};
[INFO] [stdout]   |     ~~~~~~~~~~~~~~~~
[INFO] [stdout] 
[INFO] [stdout] error[E0425]: cannot find value `KEYPAIR_PATH` in this scope
[INFO] [stdout]   --> src/client/top_up.rs:29:33
[INFO] [stdout]    |
[INFO] [stdout] 11 | let keypair = read_keypair_file(KEYPAIR_PATH).expect("failed to load keypair at path");
[INFO] [stdout]    |                                 ^^^^^^^^^^^^ not found in this scope
[INFO] [stdout] 
[INFO] [stdout] error[E0728]: `await` is only allowed inside `async` functions and blocks
[INFO] [stdout]   --> src/client/top_up.rs:38:6
[INFO] [stdout]    |
[INFO] [stdout] 2  | fn main() { #[allow(non_snake_case)] fn _doctest_main_src_client_top_up_rs_20_0() {
[INFO] [stdout]    |                                      -------------------------------------------- this is not `async`
[INFO] [stdout] ...
[INFO] [stdout] 20 |     .await?;
[INFO] [stdout]    |      ^^^^^ only allowed inside `async` functions and blocks
[INFO] [stdout] 
[INFO] [stdout] error: aborting due to 5 previous errors
[INFO] [stdout] 
[INFO] [stdout] Some errors have detailed explanations: E0425, E0432, E0433, E0728.
[INFO] [stdout] For more information about an error, try `rustc --explain E0425`.
[INFO] [stdout] Couldn't compile the test.
[INFO] [stdout] 
[INFO] [stdout] failures:
[INFO] [stdout]     src/client.rs - client::ShadowDriveClient<T>::new (line 75)
[INFO] [stdout]     src/client.rs - client::ShadowDriveClient<T>::new_with_rpc (line 101)
[INFO] [stdout]     src/client/add_immutable_storage.rs - client::add_immutable_storage::ShadowDriveClient<T>::add_immutable_storage (line 34)
[INFO] [stdout]     src/client/add_storage.rs - client::add_storage::ShadowDriveClient<T>::add_storage (line 42)
[INFO] [stdout]     src/client/cancel_delete_storage_account.rs - client::cancel_delete_storage_account::ShadowDriveClient<T>::cancel_delete_storage_account (line 30)
[INFO] [stdout]     src/client/claim_stake.rs - client::claim_stake::ShadowDriveClient<T>::claim_stake (line 29)
[INFO] [stdout]     src/client/delete_file.rs - client::delete_file::ShadowDriveClient<T>::delete_file (line 19)
[INFO] [stdout]     src/client/delete_storage_account.rs - client::delete_storage_account::ShadowDriveClient<T>::delete_storage_account (line 28)
[INFO] [stdout]     src/client/edit_file.rs - client::edit_file::ShadowDriveClient<T>::edit_file (line 22)
[INFO] [stdout]     src/client/get_storage_account.rs - client::get_storage_account::ShadowDriveClient<T>::get_storage_account (line 22)
[INFO] [stdout]     src/client/get_storage_account.rs - client::get_storage_account::ShadowDriveClient<T>::get_storage_accounts (line 62)
[INFO] [stdout]     src/client/list_objects.rs - client::list_objects::ShadowDriveClient<T>::list_objects (line 22)
[INFO] [stdout]     src/client/make_storage_immutable.rs - client::make_storage_immutable::ShadowDriveClient<T>::make_storage_immutable (line 39)
[INFO] [stdout]     src/client/migrate.rs - client::migrate::ShadowDriveClient<T>::migrate (line 25)
[INFO] [stdout]     src/client/redeem_rent.rs - client::redeem_rent::ShadowDriveClient<T>::redeem_rent (line 23)
[INFO] [stdout]     src/client/reduce_storage.rs - client::reduce_storage::ShadowDriveClient<T>::reduce_storage (line 41)
[INFO] [stdout]     src/client/refresh_stake.rs - client::refresh_stake::ShadowDriveClient<T>::refresh_stake (line 28)
[INFO] [stdout]     src/client/top_up.rs - client::top_up::ShadowDriveClient<T>::top_up (line 20)
[INFO] [stdout] 
[INFO] [stdout] test result: FAILED. 0 passed; 18 failed; 1 ignored; 0 measured; 0 filtered out; finished in 2.95s
[INFO] [stdout] 
[INFO] [stderr] error: doctest failed, to rerun pass `--doc`
[INFO] running `Command { std: "docker" "inspect" "a2e53eaab8199a4e0e101f81a98f299f44da5761ec140e801c6ad459acc3a263", kill_on_drop: false }`
[INFO] running `Command { std: "docker" "rm" "-f" "a2e53eaab8199a4e0e101f81a98f299f44da5761ec140e801c6ad459acc3a263", kill_on_drop: false }`
[INFO] [stdout] a2e53eaab8199a4e0e101f81a98f299f44da5761ec140e801c6ad459acc3a263
