[INFO] fetching crate sentc 0.3.0...
[INFO] testing sentc-0.3.0 against 1.83.0 for beta-1.84.0-4-retry
[INFO] extracting crate sentc 0.3.0 into /workspace/builds/worker-1-tc1/source
[INFO] validating manifest of crates.io crate sentc 0.3.0 on toolchain 1.83.0
[INFO] running `Command { std: CARGO_HOME="/workspace/cargo-home" RUSTUP_HOME="/workspace/rustup-home" "/workspace/cargo-home/bin/cargo" "+1.83.0" "metadata" "--manifest-path" "Cargo.toml" "--no-deps", kill_on_drop: false }`
[INFO] started tweaking crates.io crate sentc 0.3.0
[INFO] finished tweaking crates.io crate sentc 0.3.0
[INFO] tweaked toml for crates.io crate sentc 0.3.0 written to /workspace/builds/worker-1-tc1/source/Cargo.toml
[INFO] running `Command { std: CARGO_HOME="/workspace/cargo-home" RUSTUP_HOME="/workspace/rustup-home" "/workspace/cargo-home/bin/cargo" "+1.83.0" "generate-lockfile" "--manifest-path" "Cargo.toml", kill_on_drop: false }`
[INFO] [stderr]     Blocking waiting for file lock on package cache
[INFO] [stderr]     Updating crates.io index
[INFO] [stderr]     Blocking waiting for file lock on package cache
[INFO] [stderr]      Locking 232 packages to latest compatible versions
[INFO] [stderr]       Adding base64ct v1.0.1 (available: v1.6.0)
[INFO] [stderr]       Adding subtle v2.4.1 (available: v2.6.1)
[INFO] running `Command { std: CARGO_HOME="/workspace/cargo-home" RUSTUP_HOME="/workspace/rustup-home" "/workspace/cargo-home/bin/cargo" "+1.83.0" "fetch" "--manifest-path" "Cargo.toml", kill_on_drop: false }`
[INFO] [stderr]  Downloading crates ...
[INFO] [stderr]   Downloaded sentc-crypto-common v0.11.0
[INFO] [stderr]   Downloaded sentc-crypto-core v0.15.0
[INFO] [stderr]   Downloaded sentc-crypto-utils v0.15.0
[INFO] [stderr]   Downloaded ope v0.1.1
[INFO] [stderr]   Downloaded safe-oqs v0.10.0
[INFO] [stderr]   Downloaded sentc-crypto-rec-keys v0.15.0
[INFO] [stderr]   Downloaded build-deps v0.1.4
[INFO] [stderr]   Downloaded sentc-crypto-fips-keys v0.15.0
[INFO] [stderr]   Downloaded pqc_kyber_edit v0.7.2
[INFO] [stderr]   Downloaded safe-oqs-sys v0.10.0+liboqs-0.10.1
[INFO] [stderr]   Downloaded sentc-crypto-std-keys v0.15.0
[INFO] [stderr]   Downloaded sentc-crypto v0.15.0
[INFO] [stderr]   Downloaded pqc_dilithium_edit v0.2.0
[INFO] running `Command { std: "docker" "create" "-v" "/var/lib/crater-agent-workspace/builds/worker-1-tc1/target:/opt/rustwide/target:rw,Z" "-v" "/var/lib/crater-agent-workspace/builds/worker-1-tc1/source:/opt/rustwide/workdir:ro,Z" "-v" "/var/lib/crater-agent-workspace/cargo-home:/opt/rustwide/cargo-home:ro,Z" "-v" "/var/lib/crater-agent-workspace/rustup-home:/opt/rustwide/rustup-home:ro,Z" "-e" "SOURCE_DIR=/opt/rustwide/workdir" "-e" "CARGO_TARGET_DIR=/opt/rustwide/target" "-e" "CARGO_HOME=/opt/rustwide/cargo-home" "-e" "RUSTUP_HOME=/opt/rustwide/rustup-home" "-w" "/opt/rustwide/workdir" "-m" "1610612736" "--user" "0:0" "--network" "none" "ghcr.io/rust-lang/crates-build-env/linux@sha256:f3a9d4ad9d972b27faf3965f35b62e55ba32bbce8f20bc8fe909558a86702fde" "/opt/rustwide/cargo-home/bin/cargo" "+1.83.0" "metadata" "--no-deps" "--format-version=1", kill_on_drop: false }`
[INFO] [stdout] 4676a7d8af0d91ec5667eaed8f88cd632a81f17b54d46740a577e0b686e14ad6
[INFO] running `Command { std: "docker" "start" "-a" "4676a7d8af0d91ec5667eaed8f88cd632a81f17b54d46740a577e0b686e14ad6", kill_on_drop: false }`
[INFO] running `Command { std: "docker" "inspect" "4676a7d8af0d91ec5667eaed8f88cd632a81f17b54d46740a577e0b686e14ad6", kill_on_drop: false }`
[INFO] running `Command { std: "docker" "rm" "-f" "4676a7d8af0d91ec5667eaed8f88cd632a81f17b54d46740a577e0b686e14ad6", kill_on_drop: false }`
[INFO] [stdout] 4676a7d8af0d91ec5667eaed8f88cd632a81f17b54d46740a577e0b686e14ad6
[INFO] running `Command { std: "docker" "create" "-v" "/var/lib/crater-agent-workspace/builds/worker-1-tc1/target:/opt/rustwide/target:rw,Z" "-v" "/var/lib/crater-agent-workspace/builds/worker-1-tc1/source:/opt/rustwide/workdir:ro,Z" "-v" "/var/lib/crater-agent-workspace/cargo-home:/opt/rustwide/cargo-home:ro,Z" "-v" "/var/lib/crater-agent-workspace/rustup-home:/opt/rustwide/rustup-home:ro,Z" "-e" "SOURCE_DIR=/opt/rustwide/workdir" "-e" "CARGO_TARGET_DIR=/opt/rustwide/target" "-e" "CARGO_INCREMENTAL=0" "-e" "RUST_BACKTRACE=full" "-e" "RUSTFLAGS=--cap-lints=warn" "-e" "RUSTDOCFLAGS=--cap-lints=warn" "-e" "CARGO_HOME=/opt/rustwide/cargo-home" "-e" "RUSTUP_HOME=/opt/rustwide/rustup-home" "-w" "/opt/rustwide/workdir" "-m" "1610612736" "--user" "0:0" "--network" "none" "ghcr.io/rust-lang/crates-build-env/linux@sha256:f3a9d4ad9d972b27faf3965f35b62e55ba32bbce8f20bc8fe909558a86702fde" "/opt/rustwide/cargo-home/bin/cargo" "+1.83.0" "build" "--frozen" "--message-format=json", kill_on_drop: false }`
[INFO] [stdout] c02b096ead10d18d65aa3d75bbda8a03a9c594b8cbc46c1ff8dcb98d47e26dc0
[INFO] running `Command { std: "docker" "start" "-a" "c02b096ead10d18d65aa3d75bbda8a03a9c594b8cbc46c1ff8dcb98d47e26dc0", kill_on_drop: false }`
[INFO] [stderr]    Compiling typenum v1.17.0
[INFO] [stderr]    Compiling version_check v0.9.5
[INFO] [stderr]    Compiling proc-macro2 v1.0.92
[INFO] [stderr]    Compiling unicode-ident v1.0.14
[INFO] [stderr]    Compiling libc v0.2.168
[INFO] [stderr]    Compiling serde v1.0.216
[INFO] [stderr]    Compiling cfg-if v1.0.0
[INFO] [stderr]    Compiling serde_json v1.0.133
[INFO] [stderr]    Compiling itoa v1.0.14
[INFO] [stderr]    Compiling ryu v1.0.18
[INFO] [stderr]    Compiling cpufeatures v0.2.16
[INFO] [stderr]    Compiling memchr v2.7.4
[INFO] [stderr]    Compiling base64ct v1.0.1
[INFO] [stderr]    Compiling pem-rfc7468 v0.3.1
[INFO] [stderr]    Compiling generic-array v0.14.7
[INFO] [stderr]    Compiling quote v1.0.37
[INFO] [stderr]    Compiling syn v2.0.90
[INFO] [stderr]    Compiling getrandom v0.2.15
[INFO] [stderr]    Compiling rand_core v0.6.4
[INFO] [stderr]    Compiling block-buffer v0.10.4
[INFO] [stderr]    Compiling crypto-common v0.1.6
[INFO] [stderr]    Compiling digest v0.10.7
[INFO] [stderr]    Compiling sha2 v0.10.8
[INFO] [stderr]    Compiling sentc-crypto-core v0.15.0
[INFO] [stderr]    Compiling serde_derive v1.0.216
[INFO] [stderr]    Compiling sentc-crypto-common v0.11.0
[INFO] [stderr]    Compiling sentc-crypto-utils v0.15.0
[INFO] [stderr]    Compiling sentc-crypto v0.15.0
[INFO] [stderr]    Compiling sentc v0.3.0 (/opt/rustwide/workdir)
[INFO] [stdout] warning: elided lifetime has a name
[INFO] [stdout]   --> src/lib.rs:37:109
[INFO] [stdout]    |
[INFO] [stdout] 37 | pub fn split_head_and_encrypted_data<'a, T: serde::Deserialize<'a>>(data_with_head: &'a [u8]) -> Result<(T, &[u8]), error::SentcError>
[INFO] [stdout]    |                                      -- lifetime `'a` declared here                                         ^ this elided lifetime gets resolved as `'a`
[INFO] [stdout]    |
[INFO] [stdout]    = note: `#[warn(elided_named_lifetimes)]` on by default
[INFO] [stdout] 
[INFO] [stdout] 
[INFO] [stderr]     Finished `dev` profile [unoptimized + debuginfo] target(s) in 18.09s
[INFO] running `Command { std: "docker" "inspect" "c02b096ead10d18d65aa3d75bbda8a03a9c594b8cbc46c1ff8dcb98d47e26dc0", kill_on_drop: false }`
[INFO] running `Command { std: "docker" "rm" "-f" "c02b096ead10d18d65aa3d75bbda8a03a9c594b8cbc46c1ff8dcb98d47e26dc0", kill_on_drop: false }`
[INFO] [stdout] c02b096ead10d18d65aa3d75bbda8a03a9c594b8cbc46c1ff8dcb98d47e26dc0
[INFO] running `Command { std: "docker" "create" "-v" "/var/lib/crater-agent-workspace/builds/worker-1-tc1/target:/opt/rustwide/target:rw,Z" "-v" "/var/lib/crater-agent-workspace/builds/worker-1-tc1/source:/opt/rustwide/workdir:ro,Z" "-v" "/var/lib/crater-agent-workspace/cargo-home:/opt/rustwide/cargo-home:ro,Z" "-v" "/var/lib/crater-agent-workspace/rustup-home:/opt/rustwide/rustup-home:ro,Z" "-e" "SOURCE_DIR=/opt/rustwide/workdir" "-e" "CARGO_TARGET_DIR=/opt/rustwide/target" "-e" "CARGO_INCREMENTAL=0" "-e" "RUST_BACKTRACE=full" "-e" "RUSTFLAGS=--cap-lints=warn" "-e" "RUSTDOCFLAGS=--cap-lints=warn" "-e" "CARGO_HOME=/opt/rustwide/cargo-home" "-e" "RUSTUP_HOME=/opt/rustwide/rustup-home" "-w" "/opt/rustwide/workdir" "-m" "1610612736" "--user" "0:0" "--network" "none" "ghcr.io/rust-lang/crates-build-env/linux@sha256:f3a9d4ad9d972b27faf3965f35b62e55ba32bbce8f20bc8fe909558a86702fde" "/opt/rustwide/cargo-home/bin/cargo" "+1.83.0" "test" "--frozen" "--no-run" "--message-format=json", kill_on_drop: false }`
[INFO] [stdout] cde27734761069a6fd3690113d7616ce5130b0b1018d3b05e0e22ddf3f0cb1fe
[INFO] running `Command { std: "docker" "start" "-a" "cde27734761069a6fd3690113d7616ce5130b0b1018d3b05e0e22ddf3f0cb1fe", kill_on_drop: false }`
[INFO] [stderr]    Compiling proc-macro2 v1.0.92
[INFO] [stderr]    Compiling subtle v2.4.1
[INFO] [stderr]    Compiling pin-project-lite v0.2.15
[INFO] [stderr]    Compiling base32 v0.4.0
[INFO] [stderr]    Compiling constant_time_eq v0.2.6
[INFO] [stderr]    Compiling dotenv v0.15.0
[INFO] [stderr]    Compiling crypto-common v0.1.6
[INFO] [stderr]    Compiling digest v0.10.7
[INFO] [stderr]    Compiling sha2 v0.10.8
[INFO] [stderr]    Compiling hmac v0.12.1
[INFO] [stderr]    Compiling sha1 v0.10.6
[INFO] [stderr]    Compiling sentc-crypto-core v0.15.0
[INFO] [stderr]    Compiling totp-rs v5.6.0
[INFO] [stderr]    Compiling quote v1.0.37
[INFO] [stderr]    Compiling syn v2.0.90
[INFO] [stderr]    Compiling serde_derive v1.0.216
[INFO] [stderr]    Compiling tokio-macros v2.4.0
[INFO] [stderr]    Compiling tokio v1.42.0
[INFO] [stderr]    Compiling serde v1.0.216
[INFO] [stderr]    Compiling serde_json v1.0.133
[INFO] [stderr]    Compiling sentc-crypto-common v0.11.0
[INFO] [stderr]    Compiling sentc-crypto-utils v0.15.0
[INFO] [stderr]    Compiling sentc-crypto v0.15.0
[INFO] [stderr]    Compiling sentc v0.3.0 (/opt/rustwide/workdir)
[INFO] [stdout] warning: elided lifetime has a name
[INFO] [stdout]   --> src/lib.rs:37:109
[INFO] [stdout]    |
[INFO] [stdout] 37 | pub fn split_head_and_encrypted_data<'a, T: serde::Deserialize<'a>>(data_with_head: &'a [u8]) -> Result<(T, &[u8]), error::SentcError>
[INFO] [stdout]    |                                      -- lifetime `'a` declared here                                         ^ this elided lifetime gets resolved as `'a`
[INFO] [stdout]    |
[INFO] [stdout]    = note: `#[warn(elided_named_lifetimes)]` on by default
[INFO] [stdout] 
[INFO] [stdout] 
[INFO] [stdout] warning: elided lifetime has a name
[INFO] [stdout]   --> src/lib.rs:37:109
[INFO] [stdout]    |
[INFO] [stdout] 37 | pub fn split_head_and_encrypted_data<'a, T: serde::Deserialize<'a>>(data_with_head: &'a [u8]) -> Result<(T, &[u8]), error::SentcError>
[INFO] [stdout]    |                                      -- lifetime `'a` declared here                                         ^ this elided lifetime gets resolved as `'a`
[INFO] [stdout]    |
[INFO] [stdout]    = note: `#[warn(elided_named_lifetimes)]` on by default
[INFO] [stdout] 
[INFO] [stdout] 
[INFO] [stderr]     Finished `test` profile [unoptimized + debuginfo] target(s) in 17.35s
[INFO] running `Command { std: "docker" "inspect" "cde27734761069a6fd3690113d7616ce5130b0b1018d3b05e0e22ddf3f0cb1fe", kill_on_drop: false }`
[INFO] running `Command { std: "docker" "rm" "-f" "cde27734761069a6fd3690113d7616ce5130b0b1018d3b05e0e22ddf3f0cb1fe", kill_on_drop: false }`
[INFO] [stdout] cde27734761069a6fd3690113d7616ce5130b0b1018d3b05e0e22ddf3f0cb1fe
[INFO] running `Command { std: "docker" "create" "-v" "/var/lib/crater-agent-workspace/builds/worker-1-tc1/target:/opt/rustwide/target:rw,Z" "-v" "/var/lib/crater-agent-workspace/builds/worker-1-tc1/source:/opt/rustwide/workdir:ro,Z" "-v" "/var/lib/crater-agent-workspace/cargo-home:/opt/rustwide/cargo-home:ro,Z" "-v" "/var/lib/crater-agent-workspace/rustup-home:/opt/rustwide/rustup-home:ro,Z" "-e" "SOURCE_DIR=/opt/rustwide/workdir" "-e" "CARGO_TARGET_DIR=/opt/rustwide/target" "-e" "CARGO_INCREMENTAL=0" "-e" "RUST_BACKTRACE=full" "-e" "RUSTFLAGS=--cap-lints=warn" "-e" "RUSTDOCFLAGS=--cap-lints=warn" "-e" "CARGO_HOME=/opt/rustwide/cargo-home" "-e" "RUSTUP_HOME=/opt/rustwide/rustup-home" "-w" "/opt/rustwide/workdir" "-m" "1610612736" "--user" "0:0" "--network" "none" "ghcr.io/rust-lang/crates-build-env/linux@sha256:f3a9d4ad9d972b27faf3965f35b62e55ba32bbce8f20bc8fe909558a86702fde" "/opt/rustwide/cargo-home/bin/cargo" "+1.83.0" "test" "--frozen", kill_on_drop: false }`
[INFO] [stdout] 416fe94f6a78e1cf4a154031f6edcfb50f17c3fb5c252592f2f01e233a330da1
[INFO] running `Command { std: "docker" "start" "-a" "416fe94f6a78e1cf4a154031f6edcfb50f17c3fb5c252592f2f01e233a330da1", kill_on_drop: false }`
[INFO] [stderr] warning: elided lifetime has a name
[INFO] [stderr]   --> src/lib.rs:37:109
[INFO] [stderr]    |
[INFO] [stderr] 37 | pub fn split_head_and_encrypted_data<'a, T: serde::Deserialize<'a>>(data_with_head: &'a [u8]) -> Result<(T, &[u8]), error::SentcError>
[INFO] [stderr]    |                                      -- lifetime `'a` declared here                                         ^ this elided lifetime gets resolved as `'a`
[INFO] [stderr]    |
[INFO] [stderr]    = note: `#[warn(elided_named_lifetimes)]` on by default
[INFO] [stderr] 
[INFO] [stderr] warning: `sentc` (lib) generated 1 warning
[INFO] [stderr] warning: `sentc` (lib test) generated 1 warning (1 duplicate)
[INFO] [stderr]     Finished `test` profile [unoptimized + debuginfo] target(s) in 0.12s
[INFO] [stderr]      Running unittests src/lib.rs (/opt/rustwide/target/debug/deps/sentc-d3a7bd04ad6fda6e)
[INFO] [stdout] 
[INFO] [stderr]    Doc-tests sentc
[INFO] [stdout] running 0 tests
[INFO] [stdout] 
[INFO] [stdout] test result: ok. 0 passed; 0 failed; 0 ignored; 0 measured; 0 filtered out; finished in 0.00s
[INFO] [stdout] 
[INFO] [stdout] 
[INFO] [stdout] running 259 tests
[INFO] [stdout] test src/../README.md - (line 1190) ... FAILED
[INFO] [stdout] test src/../README.md - (line 1019) ... FAILED
[INFO] [stdout] test src/../README.md - (line 1037) ... FAILED
[INFO] [stdout] test src/../README.md - (line 1069) ... FAILED
[INFO] [stdout] test src/../README.md - (line 1107) ... FAILED
[INFO] [stdout] test src/../README.md - (line 1215) ... FAILED
[INFO] [stdout] test src/../README.md - (line 1137) ... FAILED
[INFO] [stdout] test src/../README.md - (line 1163) ... FAILED
[INFO] [stdout] test src/../README.md - (line 1204) ... FAILED
[INFO] [stdout] test src/../README.md - (line 1174) ... FAILED
[INFO] [stdout] test src/../README.md - (line 1148) ... FAILED
[INFO] [stdout] test src/../README.md - (line 1264) ... FAILED
[INFO] [stdout] test src/../README.md - (line 1231) ... FAILED
[INFO] [stdout] test src/../README.md - (line 1248) ... FAILED
[INFO] [stdout] test src/../README.md - (line 1326) ... FAILED
[INFO] [stdout] test src/../README.md - (line 1083) ... FAILED
[INFO] [stdout] test src/../README.md - (line 1277) ... FAILED
[INFO] [stdout] test src/../README.md - (line 1296) ... FAILED
[INFO] [stdout] test src/../README.md - (line 1391) ... FAILED
[INFO] [stdout] test src/../README.md - (line 1336) ... FAILED
[INFO] [stdout] test src/../README.md - (line 1380) ... FAILED
[INFO] [stdout] test src/../README.md - (line 1309) ... FAILED
[INFO] [stdout] test src/../README.md - (line 1363) ... FAILED
[INFO] [stdout] test src/../README.md - (line 1421) ... FAILED
[INFO] [stdout] test src/../README.md - (line 1466) ... FAILED
[INFO] [stdout] test src/../README.md - (line 139) ... FAILED
[INFO] [stdout] test src/../README.md - (line 1441) ... FAILED
[INFO] [stdout] test src/../README.md - (line 1455) ... FAILED
[INFO] [stdout] test src/../README.md - (line 1350) ... FAILED
[INFO] [stdout] test src/../README.md - (line 1410) ... FAILED
[INFO] [stdout] test src/../README.md - (line 1494) ... FAILED
[INFO] [stdout] test src/../README.md - (line 1481) ... FAILED
[INFO] [stdout] test src/../README.md - (line 1121) ... FAILED
[INFO] [stdout] test src/../README.md - (line 1688) ... FAILED
[INFO] [stdout] test src/../README.md - (line 1589) ... FAILED
[INFO] [stdout] test src/../README.md - (line 165) ... FAILED
[INFO] [stdout] test src/../README.md - (line 1774) ... FAILED
[INFO] [stdout] test src/../README.md - (line 1652) ... FAILED
[INFO] [stdout] test src/../README.md - (line 1803) ... FAILED
[INFO] [stdout] test src/../README.md - (line 1816) ... FAILED
[INFO] [stdout] test src/../README.md - (line 180) ... FAILED
[INFO] [stdout] test src/../README.md - (line 1709) ... FAILED
[INFO] [stdout] test src/../README.md - (line 1978) ... FAILED
[INFO] [stdout] test src/../README.md - (line 1556) ... FAILED
[INFO] [stdout] test src/../README.md - (line 2032) ... FAILED
[INFO] [stdout] test src/../README.md - (line 1628) ... FAILED
[INFO] [stdout] test src/../README.md - (line 1735) ... FAILED
[INFO] [stdout] test src/../README.md - (line 1920) ... FAILED
[INFO] [stdout] test src/../README.md - (line 1836) ... FAILED
[INFO] [stdout] test src/../README.md - (line 1787) ... FAILED
[INFO] [stdout] test src/../README.md - (line 1849) ... FAILED
[INFO] [stdout] test src/../README.md - (line 1722) ... FAILED
[INFO] [stdout] test src/../README.md - (line 2065) ... FAILED
[INFO] [stdout] test src/../README.md - (line 2047) ... FAILED
[INFO] [stdout] test src/../README.md - (line 1935) ... FAILED
[INFO] [stdout] test src/../README.md - (line 1909) ... FAILED
[INFO] [stdout] test src/../README.md - (line 2080) ... FAILED
[INFO] [stdout] test src/../README.md - (line 2145) ... FAILED
[INFO] [stdout] test src/../README.md - (line 2123) ... FAILED
[INFO] [stdout] test src/../README.md - (line 2192) ... FAILED
[INFO] [stdout] test src/../README.md - (line 2232) ... FAILED
[INFO] [stdout] test src/../README.md - (line 152) ... ok
[INFO] [stdout] test src/../README.md - (line 209) ... FAILED
[INFO] [stdout] test src/../README.md - (line 2156) ... FAILED
[INFO] [stdout] test src/../README.md - (line 222) ... FAILED
[INFO] [stdout] test src/../README.md - (line 2209) ... FAILED
[INFO] [stdout] test src/../README.md - (line 1965) ... FAILED
[INFO] [stdout] test src/../README.md - (line 2220) ... FAILED
[INFO] [stdout] test src/../README.md - (line 2243) ... FAILED
[INFO] [stdout] test src/../README.md - (line 2134) ... FAILED
[INFO] [stdout] test src/../README.md - (line 2170) ... FAILED
[INFO] [stdout] test src/../README.md - (line 2317) ... FAILED
[INFO] [stdout] test src/../README.md - (line 2258) ... FAILED
[INFO] [stdout] test src/../README.md - (line 3014) ... FAILED
[INFO] [stdout] test src/../README.md - (line 2874) ... FAILED
[INFO] [stdout] test src/../README.md - (line 2832) ... FAILED
[INFO] [stdout] test src/../README.md - (line 279) ... FAILED
[INFO] [stdout] test src/../README.md - (line 2181) ... FAILED
[INFO] [stdout] test src/../README.md - (line 3004) ... FAILED
[INFO] [stdout] test src/../README.md - (line 2901) ... FAILED
[INFO] [stdout] test src/../README.md - (line 2288) ... FAILED
[INFO] [stdout] test src/../README.md - (line 247) ... FAILED
[INFO] [stdout] test src/../README.md - (line 3081) ... FAILED
[INFO] [stdout] test src/../README.md - (line 3033) ... FAILED
[INFO] [stdout] test src/../README.md - (line 3118) ... FAILED
[INFO] [stdout] test src/../README.md - (line 3139) ... FAILED
[INFO] [stdout] test src/../README.md - (line 312) ... FAILED
[INFO] [stdout] test src/../README.md - (line 2947) ... FAILED
[INFO] [stdout] test src/../README.md - (line 349) ... FAILED
[INFO] [stdout] test src/../README.md - (line 375) ... FAILED
[INFO] [stdout] test src/../README.md - (line 424) ... FAILED
[INFO] [stdout] test src/../README.md - (line 439) ... FAILED
[INFO] [stdout] test src/../README.md - (line 401) ... FAILED
[INFO] [stdout] test src/../README.md - (line 474) ... FAILED
[INFO] [stdout] test src/../README.md - (line 454) ... FAILED
[INFO] [stdout] test src/../README.md - (line 488) ... FAILED
[INFO] [stdout] test src/../README.md - (line 534) ... FAILED
[INFO] [stdout] test src/../README.md - (line 505) ... FAILED
[INFO] [stdout] test src/../README.md - (line 521) ... FAILED
[INFO] [stdout] test src/../README.md - (line 580) ... FAILED
[INFO] [stdout] test src/../README.md - (line 596) ... FAILED
[INFO] [stdout] test src/../README.md - (line 609) ... FAILED
[INFO] [stdout] test src/../README.md - (line 556) ... FAILED
[INFO] [stdout] test src/../README.md - (line 64) ... FAILED
[INFO] [stdout] test src/../README.md - (line 696) ... FAILED
[INFO] [stdout] test src/../README.md - (line 623) ... FAILED
[INFO] [stdout] test src/../README.md - (line 636) ... FAILED
[INFO] [stdout] test src/../README.md - (line 667) ... FAILED
[INFO] [stdout] test src/../README.md - (line 680) ... FAILED
[INFO] [stdout] test src/../README.md - (line 724) ... FAILED
[INFO] [stdout] test src/../README.md - (line 777) ... FAILED
[INFO] [stdout] test src/../README.md - (line 649) ... FAILED
[INFO] [stdout] test src/../README.md - (line 708) ... FAILED
[INFO] [stdout] test src/../README.md - (line 3046) ... ok
[INFO] [stdout] test src/../README.md - (line 3092) ... ok
[INFO] [stdout] test src/../README.md - (line 834) ... FAILED
[INFO] [stdout] test src/../README.md - (line 865) ... FAILED
[INFO] [stdout] test src/../README.md - (line 738) ... FAILED
[INFO] [stdout] test src/../README.md - (line 906) ... FAILED
[INFO] [stdout] test src/../README.md - (line 818) ... FAILED
[INFO] [stdout] test src/../README.md - (line 878) ... FAILED
[INFO] [stdout] test src/../README.md - (line 803) ... FAILED
[INFO] [stdout] test src/../README.md - (line 847) ... FAILED
[INFO] [stdout] test src/../README.md - (line 768) ... FAILED
[INFO] [stdout] test src/../README.md - (line 919) ... FAILED
[INFO] [stdout] test src/../README.md - (line 933) ... FAILED
[INFO] [stdout] test src/../README.md - (line 942) ... FAILED
[INFO] [stdout] test src/../README.md - (line 964) ... FAILED
[INFO] [stdout] test src/group/../../doc/group.md - group (line 1093) ... FAILED
[INFO] [stdout] test src/group/../../doc/group.md - group (line 1024) ... FAILED
[INFO] [stdout] test src/group/../../doc/group.md - group (line 1035) ... FAILED
[INFO] [stdout] test src/group/../../doc/group.md - group (line 103) ... FAILED
[INFO] [stdout] test src/group/../../doc/group.md - group (line 1249) ... FAILED
[INFO] [stdout] test src/group/../../doc/group.md - group (line 1162) ... FAILED
[INFO] [stdout] test src/group/../../doc/group.md - group (line 1050) ... FAILED
[INFO] [stdout] test src/../README.md - (line 988) ... FAILED
[INFO] [stdout] test src/group/../../doc/group.md - group (line 1147) ... FAILED
[INFO] [stdout] test src/group/../../doc/group.md - group (line 1080) ... FAILED
[INFO] [stdout] test src/group/../../doc/group.md - group (line 1180) ... FAILED
[INFO] [stdout] test src/group/../../doc/group.md - group (line 1195) ... FAILED
[INFO] [stdout] test src/group/../../doc/group.md - group (line 1271) ... FAILED
[INFO] [stdout] test src/group/../../doc/group.md - group (line 1238) ... FAILED
[INFO] [stdout] test src/group/../../doc/group.md - group (line 1285) ... FAILED
[INFO] [stdout] test src/group/../../doc/group.md - group (line 1432) ... FAILED
[INFO] [stdout] test src/group/../../doc/group.md - group (line 1307) ... FAILED
[INFO] [stdout] test src/group/../../doc/group.md - group (line 1260) ... FAILED
[INFO] [stdout] test src/group/../../doc/group.md - group (line 1335) ... FAILED
[INFO] [stdout] test src/group/../../doc/group.md - group (line 1296) ... FAILED
[INFO] [stdout] test src/group/../../doc/group.md - group (line 1403) ... FAILED
[INFO] [stdout] test src/group/../../doc/group.md - group (line 1373) ... FAILED
[INFO] [stdout] test src/group/../../doc/group.md - group (line 184) ... FAILED
[INFO] [stdout] test src/group/../../doc/group.md - group (line 1347) ... FAILED
[INFO] [stdout] test src/group/../../doc/group.md - group (line 152) ... FAILED
[INFO] [stdout] test src/group/../../doc/group.md - group (line 1358) ... FAILED
[INFO] [stdout] test src/group/../../doc/group.md - group (line 134) ... FAILED
[INFO] [stdout] test src/group/../../doc/group.md - group (line 21) ... FAILED
[INFO] [stdout] test src/group/../../doc/group.md - group (line 198) ... FAILED
[INFO] [stdout] test src/group/../../doc/group.md - group (line 222) ... FAILED
[INFO] [stdout] test src/group/../../doc/group.md - group (line 278) ... FAILED
[INFO] [stdout] test src/group/../../doc/group.md - group (line 236) ... FAILED
[INFO] [stdout] test src/group/../../doc/group.md - group (line 289) ... FAILED
[INFO] [stdout] test src/group/../../doc/group.md - group (line 1324) ... FAILED
[INFO] [stdout] test src/group/../../doc/group.md - group (line 252) ... FAILED
[INFO] [stdout] test src/group/../../doc/group.md - group (line 263) ... FAILED
[INFO] [stdout] test src/group/../../doc/group.md - group (line 346) ... FAILED
[INFO] [stdout] test src/group/../../doc/group.md - group (line 319) ... FAILED
[INFO] [stdout] test src/group/../../doc/group.md - group (line 411) ... FAILED
[INFO] [stdout] test src/group/../../doc/group.md - group (line 330) ... FAILED
[INFO] [stdout] test src/group/../../doc/group.md - group (line 305) ... FAILED
[INFO] [stdout] test src/group/../../doc/group.md - group (line 441) ... FAILED
[INFO] [stdout] test src/group/../../doc/group.md - group (line 363) ... FAILED
[INFO] [stdout] test src/group/../../doc/group.md - group (line 34) ... FAILED
[INFO] [stdout] test src/group/../../doc/group.md - group (line 379) ... FAILED
[INFO] [stdout] test src/group/../../doc/group.md - group (line 506) ... FAILED
[INFO] [stdout] test src/group/../../doc/group.md - group (line 392) ... FAILED
[INFO] [stdout] test src/group/../../doc/group.md - group (line 465) ... FAILED
[INFO] [stdout] test src/group/../../doc/group.md - group (line 451) ... FAILED
[INFO] [stdout] test src/group/../../doc/group.md - group (line 424) ... FAILED
[INFO] [stdout] test src/group/../../doc/group.md - group (line 478) ... FAILED
[INFO] [stdout] test src/group/../../doc/group.md - group (line 48) ... FAILED
[INFO] [stdout] test src/group/../../doc/group.md - group (line 525) ... FAILED
[INFO] [stdout] test src/group/../../doc/group.md - group (line 536) ... FAILED
[INFO] [stdout] test src/group/../../doc/group.md - group (line 570) ... FAILED
[INFO] [stdout] test src/group/../../doc/group.md - group (line 495) ... FAILED
[INFO] [stdout] test src/group/../../doc/group.md - group (line 556) ... FAILED
[INFO] [stdout] test src/group/../../doc/group.md - group (line 57) ... FAILED
[INFO] [stdout] test src/group/../../doc/group.md - group (line 596) ... FAILED
[INFO] [stdout] test src/group/../../doc/group.md - group (line 609) ... FAILED
[INFO] [stdout] test src/group/../../doc/group.md - group (line 581) ... FAILED
[INFO] [stdout] test src/group/../../doc/group.md - group (line 704) ... FAILED
[INFO] [stdout] test src/group/../../doc/group.md - group (line 671) ... FAILED
[INFO] [stdout] test src/group/../../doc/group.md - group (line 889) ... FAILED
[INFO] [stdout] test src/group/../../doc/group.md - group (line 803) ... FAILED
[INFO] [stdout] test src/group/../../doc/group.md - group (line 837) ... FAILED
[INFO] [stdout] test src/group/../../doc/group.md - group (line 918) ... FAILED
[INFO] [stdout] test src/group/../../doc/group.md - group (line 79) ... FAILED
[INFO] [stdout] test src/group/../../doc/group.md - group (line 743) ... FAILED
[INFO] [stdout] test src/user/../../doc/user.md - user (line 1001) ... FAILED
[INFO] [stdout] test src/group/../../doc/group.md - group (line 767) ... FAILED
[INFO] [stdout] test src/group/../../doc/group.md - group (line 824) ... FAILED
[INFO] [stdout] test src/group/../../doc/group.md - group (line 850) ... FAILED
[INFO] [stdout] test src/group/../../doc/group.md - group (line 931) ... FAILED
[INFO] [stdout] test src/group/../../doc/group.md - group (line 902) ... FAILED
[INFO] [stdout] test src/group/../../doc/group.md - group (line 964) ... FAILED
[INFO] [stdout] test src/user/../../doc/user.md - user (line 133) ... FAILED
[INFO] [stdout] test src/user/../../doc/user.md - user (line 108) ... FAILED
[INFO] [stdout] test src/user/../../doc/user.md - user (line 25) ... FAILED
[INFO] [stdout] test src/group/../../doc/group.md - group (line 951) ... FAILED
[INFO] [stdout] test src/user/../../doc/user.md - user (line 165) ... FAILED
[INFO] [stdout] test src/user/../../doc/user.md - user (line 261) ... FAILED
[INFO] [stdout] test src/user/../../doc/user.md - user (line 360) ... FAILED
[INFO] [stdout] test src/user/../../doc/user.md - user (line 198) ... FAILED
[INFO] [stdout] test src/user/../../doc/user.md - user (line 374) ... FAILED
[INFO] [stdout] test src/user/../../doc/user.md - user (line 325) ... FAILED
[INFO] [stdout] test src/user/../../doc/user.md - user (line 287) ... FAILED
[INFO] [stdout] test src/user/../../doc/user.md - user (line 235) ... FAILED
[INFO] [stdout] test src/user/../../doc/user.md - user (line 391) ... FAILED
[INFO] [stdout] test src/user/../../doc/user.md - user (line 310) ... FAILED
[INFO] [stdout] test src/user/../../doc/user.md - user (line 509) ... FAILED
[INFO] [stdout] test src/user/../../doc/user.md - user (line 566) ... FAILED
[INFO] [stdout] test src/user/../../doc/user.md - user (line 340) ... FAILED
[INFO] [stdout] test src/user/../../doc/user.md - user (line 535) ... FAILED
[INFO] [stdout] test src/user/../../doc/user.md - user (line 482) ... FAILED
[INFO] [stdout] test src/user/../../doc/user.md - user (line 51) ... FAILED
[INFO] [stdout] test src/user/../../doc/user.md - user (line 495) ... FAILED
[INFO] [stdout] test src/user/../../doc/user.md - user (line 420) ... FAILED
[INFO] [stdout] test src/user/../../doc/user.md - user (line 466) ... FAILED
[INFO] [stdout] test src/user/../../doc/user.md - user (line 407) ... FAILED
[INFO] [stdout] test src/user/../../doc/user.md - user (line 522) ... FAILED
[INFO] [stdout] test src/user/../../doc/user.md - user (line 442) ... FAILED
[INFO] [stdout] test src/user/../../doc/user.md - user (line 582) ... FAILED
[INFO] [stdout] test src/user/../../doc/user.md - user (line 553) ... FAILED
[INFO] [stdout] test src/user/../../doc/user.md - user (line 594) ... FAILED
[INFO] [stdout] test src/user/../../doc/user.md - user (line 610) ... FAILED
[INFO] [stdout] test src/user/../../doc/user.md - user (line 704) ... FAILED
[INFO] [stdout] test src/user/../../doc/user.md - user (line 689) ... FAILED
[INFO] [stdout] test src/user/../../doc/user.md - user (line 818) ... FAILED
[INFO] [stdout] test src/user/../../doc/user.md - user (line 829) ... FAILED
[INFO] [stdout] test src/user/../../doc/user.md - user (line 720) ... FAILED
[INFO] [stdout] test src/user/../../doc/user.md - user (line 854) ... FAILED
[INFO] [stdout] test src/user/../../doc/user.md - user (line 733) ... FAILED
[INFO] [stdout] test src/user/../../doc/user.md - user (line 764) ... FAILED
[INFO] [stdout] test src/user/../../doc/user.md - user (line 66) ... FAILED
[INFO] [stdout] test src/user/../../doc/user.md - user (line 624) ... FAILED
[INFO] [stdout] test src/user/../../doc/user.md - user (line 876) ... FAILED
[INFO] [stdout] test src/user/../../doc/user.md - user (line 654) ... FAILED
[INFO] [stdout] test src/user/../../doc/user.md - user (line 865) ... FAILED
[INFO] [stdout] test src/user/../../doc/user.md - user (line 751) ... FAILED
[INFO] [stdout] test src/user/../../doc/user.md - user (line 807) ... FAILED
[INFO] [stdout] test src/user/../../doc/user.md - user (line 663) ... FAILED
[INFO] [stdout] test src/user/../../doc/user.md - user (line 840) ... FAILED
[INFO] [stdout] test src/user/../../doc/user.md - user (line 916) ... FAILED
[INFO] [stdout] test src/user/../../doc/user.md - user (line 893) ... FAILED
[INFO] [stdout] test src/user/../../doc/user.md - user (line 904) ... FAILED
[INFO] [stdout] test src/user/../../doc/user.md - user (line 942) ... FAILED
[INFO] [stdout] test src/user/../../doc/user.md - user (line 972) ... FAILED
[INFO] [stdout] test src/user/../../doc/user.md - user (line 927) ... FAILED
[INFO] [stdout] test src/user/../../doc/user.md - user (line 95) ... FAILED
[INFO] [stdout] test src/user/../../doc/user.md - user (line 38) ... ok
[INFO] [stdout] 
[INFO] [stdout] failures:
[INFO] [stdout] 
[INFO] [stdout] ---- src/../README.md - (line 1190) stdout ----
[INFO] [stdout] error[E0432]: unresolved import `sentc::keys::StdGroup`
[INFO] [stdout]  --> src/../README.md:1192:5
[INFO] [stdout]   |
[INFO] [stdout] 5 | use sentc::keys::StdGroup;
[INFO] [stdout]   |     ^^^^^^^^^^^^^^^^^^^^^ no `StdGroup` in `keys`
[INFO] [stdout] 
[INFO] [stdout] error[E0425]: cannot find value `user_key` in this scope
[INFO] [stdout]  --> src/../README.md:1196:43
[INFO] [stdout]   |
[INFO] [stdout] 9 |     group.accept_join_request(jwt_from_user, user_key, "user_id", None).await.unwrap();
[INFO] [stdout]   |                                              ^^^^^^^^ not found in this scope
[INFO] [stdout] 
[INFO] [stdout] error[E0425]: cannot find value `user_key` in this scope
[INFO] [stdout]   --> src/../README.md:1199:43
[INFO] [stdout]    |
[INFO] [stdout] 12 |     group.accept_join_request(jwt_from_user, user_key, "user_id", Some(1)).await.unwrap();
[INFO] [stdout]    |                                              ^^^^^^^^ not found in this scope
[INFO] [stdout] 
[INFO] [stdout] error: aborting due to 3 previous errors
[INFO] [stdout] 
[INFO] [stdout] Some errors have detailed explanations: E0425, E0432.
[INFO] [stdout] For more information about an error, try `rustc --explain E0425`.
[INFO] [stdout] Couldn't compile the test.
[INFO] [stdout] ---- src/../README.md - (line 1019) stdout ----
[INFO] [stdout] error[E0432]: unresolved import `sentc::keys::StdUser`
[INFO] [stdout]  --> src/../README.md:1021:5
[INFO] [stdout]   |
[INFO] [stdout] 5 | use sentc::keys::StdUser;
[INFO] [stdout]   |     ^^^^^^^^^^^^^^^^^^^^ no `StdUser` in `keys`
[INFO] [stdout] 
[INFO] [stdout] error: aborting due to 1 previous error
[INFO] [stdout] 
[INFO] [stdout] For more information about this error, try `rustc --explain E0432`.
[INFO] [stdout] Couldn't compile the test.
[INFO] [stdout] ---- src/../README.md - (line 1037) stdout ----
[INFO] [stdout] error[E0432]: unresolved import `sentc::keys::StdGroup`
[INFO] [stdout]  --> src/../README.md:1039:5
[INFO] [stdout]   |
[INFO] [stdout] 5 | use sentc::keys::StdGroup;
[INFO] [stdout]   |     ^^^^^^^^^^^^^^^^^^^^^ no `StdGroup` in `keys`
[INFO] [stdout] 
[INFO] [stdout] error: aborting due to 1 previous error
[INFO] [stdout] 
[INFO] [stdout] For more information about this error, try `rustc --explain E0432`.
[INFO] [stdout] Couldn't compile the test.
[INFO] [stdout] ---- src/../README.md - (line 1069) stdout ----
[INFO] [stdout] error[E0432]: unresolved import `sentc::keys::StdGroup`
[INFO] [stdout]  --> src/../README.md:1071:5
[INFO] [stdout]   |
[INFO] [stdout] 5 | use sentc::keys::StdGroup;
[INFO] [stdout]   |     ^^^^^^^^^^^^^^^^^^^^^ no `StdGroup` in `keys`
[INFO] [stdout] 
[INFO] [stdout] error[E0425]: cannot find value `rank` in this scope
[INFO] [stdout]  --> src/../README.md:1075:56
[INFO] [stdout]   |
[INFO] [stdout] 9 |     group.update_rank(jwt_from_user, "user_id_to_update", rank).await.unwrap();
[INFO] [stdout]   |                                                           ^^^^ not found in this scope
[INFO] [stdout] 
[INFO] [stdout] error: aborting due to 2 previous errors
[INFO] [stdout] 
[INFO] [stdout] Some errors have detailed explanations: E0425, E0432.
[INFO] [stdout] For more information about an error, try `rustc --explain E0425`.
[INFO] [stdout] Couldn't compile the test.
[INFO] [stdout] ---- src/../README.md - (line 1107) stdout ----
[INFO] [stdout] error[E0432]: unresolved import `sentc::keys::StdGroup`
[INFO] [stdout]  --> src/../README.md:1109:5
[INFO] [stdout]   |
[INFO] [stdout] 5 | use sentc::keys::StdGroup;
[INFO] [stdout]   |     ^^^^^^^^^^^^^^^^^^^^^ no `StdGroup` in `keys`
[INFO] [stdout] 
[INFO] [stdout] error[E0425]: cannot find value `user_public_key` in this scope
[INFO] [stdout]  --> src/../README.md:1113:51
[INFO] [stdout]   |
[INFO] [stdout] 9 |     group.invite(jwt_from_user, "user_id_to_invite", user_public_key, None).await.unwrap();
[INFO] [stdout]   |                                                      ^^^^^^^^^^^^^^^ not found in this scope
[INFO] [stdout] 
[INFO] [stdout] error[E0425]: cannot find value `user_public_key` in this scope
[INFO] [stdout]   --> src/../README.md:1116:51
[INFO] [stdout]    |
[INFO] [stdout] 12 |     group.invite(jwt_from_user, "user_id_to_invite", user_public_key, Some(1)).await.unwrap();
[INFO] [stdout]    |                                                      ^^^^^^^^^^^^^^^ not found in this scope
[INFO] [stdout] 
[INFO] [stdout] error: aborting due to 3 previous errors
[INFO] [stdout] 
[INFO] [stdout] Some errors have detailed explanations: E0425, E0432.
[INFO] [stdout] For more information about an error, try `rustc --explain E0425`.
[INFO] [stdout] Couldn't compile the test.
[INFO] [stdout] ---- src/../README.md - (line 1215) stdout ----
[INFO] [stdout] error[E0432]: unresolved import `sentc::keys::StdUser`
[INFO] [stdout]  --> src/../README.md:1217:5
[INFO] [stdout]   |
[INFO] [stdout] 5 | use sentc::keys::StdUser;
[INFO] [stdout]   |     ^^^^^^^^^^^^^^^^^^^^ no `StdUser` in `keys`
[INFO] [stdout] 
[INFO] [stdout] error: aborting due to 1 previous error
[INFO] [stdout] 
[INFO] [stdout] For more information about this error, try `rustc --explain E0432`.
[INFO] [stdout] Couldn't compile the test.
[INFO] [stdout] ---- src/../README.md - (line 1137) stdout ----
[INFO] [stdout] error[E0432]: unresolved import `sentc::keys::StdUser`
[INFO] [stdout]  --> src/../README.md:1139:5
[INFO] [stdout]   |
[INFO] [stdout] 5 | use sentc::keys::StdUser;
[INFO] [stdout]   |     ^^^^^^^^^^^^^^^^^^^^ no `StdUser` in `keys`
[INFO] [stdout] 
[INFO] [stdout] error: aborting due to 1 previous error
[INFO] [stdout] 
[INFO] [stdout] For more information about this error, try `rustc --explain E0432`.
[INFO] [stdout] Couldn't compile the test.
[INFO] [stdout] ---- src/../README.md - (line 1163) stdout ----
[INFO] [stdout] error[E0432]: unresolved import `sentc::keys::StdUser`
[INFO] [stdout]  --> src/../README.md:1165:5
[INFO] [stdout]   |
[INFO] [stdout] 5 | use sentc::keys::StdUser;
[INFO] [stdout]   |     ^^^^^^^^^^^^^^^^^^^^ no `StdUser` in `keys`
[INFO] [stdout] 
[INFO] [stdout] error: aborting due to 1 previous error
[INFO] [stdout] 
[INFO] [stdout] For more information about this error, try `rustc --explain E0432`.
[INFO] [stdout] Couldn't compile the test.
[INFO] [stdout] ---- src/../README.md - (line 1204) stdout ----
[INFO] [stdout] error[E0432]: unresolved import `sentc::keys::StdGroup`
[INFO] [stdout]  --> src/../README.md:1206:5
[INFO] [stdout]   |
[INFO] [stdout] 5 | use sentc::keys::StdGroup;
[INFO] [stdout]   |     ^^^^^^^^^^^^^^^^^^^^^ no `StdGroup` in `keys`
[INFO] [stdout] 
[INFO] [stdout] error: aborting due to 1 previous error
[INFO] [stdout] 
[INFO] [stdout] For more information about this error, try `rustc --explain E0432`.
[INFO] [stdout] Couldn't compile the test.
[INFO] [stdout] ---- src/../README.md - (line 1174) stdout ----
[INFO] [stdout] error[E0432]: unresolved import `sentc::keys::StdGroup`
[INFO] [stdout]  --> src/../README.md:1176:5
[INFO] [stdout]   |
[INFO] [stdout] 5 | use sentc::keys::StdGroup;
[INFO] [stdout]   |     ^^^^^^^^^^^^^^^^^^^^^ no `StdGroup` in `keys`
[INFO] [stdout] 
[INFO] [stdout] error: aborting due to 1 previous error
[INFO] [stdout] 
[INFO] [stdout] For more information about this error, try `rustc --explain E0432`.
[INFO] [stdout] Couldn't compile the test.
[INFO] [stdout] ---- src/../README.md - (line 1148) stdout ----
[INFO] [stdout] error[E0432]: unresolved import `sentc::keys::StdUser`
[INFO] [stdout]  --> src/../README.md:1150:5
[INFO] [stdout]   |
[INFO] [stdout] 5 | use sentc::keys::StdUser;
[INFO] [stdout]   |     ^^^^^^^^^^^^^^^^^^^^ no `StdUser` in `keys`
[INFO] [stdout] 
[INFO] [stdout] error: aborting due to 1 previous error
[INFO] [stdout] 
[INFO] [stdout] For more information about this error, try `rustc --explain E0432`.
[INFO] [stdout] Couldn't compile the test.
[INFO] [stdout] ---- src/../README.md - (line 1264) stdout ----
[INFO] [stdout] error[E0432]: unresolved import `sentc::keys::StdGroup`
[INFO] [stdout]  --> src/../README.md:1266:5
[INFO] [stdout]   |
[INFO] [stdout] 5 | use sentc::keys::StdGroup;
[INFO] [stdout]   |     ^^^^^^^^^^^^^^^^^^^^^ no `StdGroup` in `keys`
[INFO] [stdout] 
[INFO] [stdout] error: aborting due to 1 previous error
[INFO] [stdout] 
[INFO] [stdout] For more information about this error, try `rustc --explain E0432`.
[INFO] [stdout] Couldn't compile the test.
[INFO] [stdout] ---- src/../README.md - (line 1231) stdout ----
[INFO] [stdout] error[E0432]: unresolved import `sentc::keys::StdUser`
[INFO] [stdout]  --> src/../README.md:1233:5
[INFO] [stdout]   |
[INFO] [stdout] 5 | use sentc::keys::StdUser;
[INFO] [stdout]   |     ^^^^^^^^^^^^^^^^^^^^ no `StdUser` in `keys`
[INFO] [stdout] 
[INFO] [stdout] error: aborting due to 1 previous error
[INFO] [stdout] 
[INFO] [stdout] For more information about this error, try `rustc --explain E0432`.
[INFO] [stdout] Couldn't compile the test.
[INFO] [stdout] ---- src/../README.md - (line 1248) stdout ----
[INFO] [stdout] error[E0432]: unresolved import `sentc::keys::StdGroup`
[INFO] [stdout]  --> src/../README.md:1250:5
[INFO] [stdout]   |
[INFO] [stdout] 5 | use sentc::keys::StdGroup;
[INFO] [stdout]   |     ^^^^^^^^^^^^^^^^^^^^^ no `StdGroup` in `keys`
[INFO] [stdout] 
[INFO] [stdout] error[E0425]: cannot find value `user_key` in this scope
[INFO] [stdout]  --> src/../README.md:1254:46
[INFO] [stdout]   |
[INFO] [stdout] 9 |     group.invite_auto(jwt_from_user, "user_id", user_key, None).await.unwrap()
[INFO] [stdout]   |                                                 ^^^^^^^^ not found in this scope
[INFO] [stdout] 
[INFO] [stdout] error: aborting due to 2 previous errors
[INFO] [stdout] 
[INFO] [stdout] Some errors have detailed explanations: E0425, E0432.
[INFO] [stdout] For more information about an error, try `rustc --explain E0425`.
[INFO] [stdout] Couldn't compile the test.
[INFO] [stdout] ---- src/../README.md - (line 1326) stdout ----
[INFO] [stdout] error: expected `;`, found `child`
[INFO] [stdout]  --> src/../README.md:1327:7
[INFO] [stdout]   |
[INFO] [stdout] 3 | parent
[INFO] [stdout]   |       ^ help: add `;` here
[INFO] [stdout] 4 |     child from parent
[INFO] [stdout]   |     ----- unexpected token
[INFO] [stdout] 
[INFO] [stdout] error: expected one of `!`, `.`, `::`, `;`, `?`, `{`, `}`, or an operator, found `from`
[INFO] [stdout]  --> src/../README.md:1328:11
[INFO] [stdout]   |
[INFO] [stdout] 4 |     child from parent
[INFO] [stdout]   |           ^^^^ expected one of 8 possible tokens
[INFO] [stdout] 
[INFO] [stdout] error: aborting due to 2 previous errors
[INFO] [stdout] 
[INFO] [stdout] Couldn't compile the test.
[INFO] [stdout] ---- src/../README.md - (line 1083) stdout ----
[INFO] [stdout] error[E0432]: unresolved import `sentc::keys::StdGroup`
[INFO] [stdout]  --> src/../README.md:1085:5
[INFO] [stdout]   |
[INFO] [stdout] 5 | use sentc::keys::StdGroup;
[INFO] [stdout]   |     ^^^^^^^^^^^^^^^^^^^^^ no `StdGroup` in `keys`
[INFO] [stdout] 
[INFO] [stdout] error[E0425]: cannot find value `rank` in this scope
[INFO] [stdout]  --> src/../README.md:1089:49
[INFO] [stdout]   |
[INFO] [stdout] 9 |     group.prepare_update_rank("user_id_to_update", rank).unwrap();
[INFO] [stdout]   |                                                    ^^^^ not found in this scope
[INFO] [stdout] 
[INFO] [stdout] error: aborting due to 2 previous errors
[INFO] [stdout] 
[INFO] [stdout] Some errors have detailed explanations: E0425, E0432.
[INFO] [stdout] For more information about an error, try `rustc --explain E0425`.
[INFO] [stdout] Couldn't compile the test.
[INFO] [stdout] ---- src/../README.md - (line 1277) stdout ----
[INFO] [stdout] error[E0432]: unresolved import `sentc::keys::StdGroup`
[INFO] [stdout]  --> src/../README.md:1279:5
[INFO] [stdout]   |
[INFO] [stdout] 5 | use sentc::keys::StdGroup;
[INFO] [stdout]   |     ^^^^^^^^^^^^^^^^^^^^^ no `StdGroup` in `keys`
[INFO] [stdout] 
[INFO] [stdout] error: aborting due to 1 previous error
[INFO] [stdout] 
[INFO] [stdout] For more information about this error, try `rustc --explain E0432`.
[INFO] [stdout] Couldn't compile the test.
[INFO] [stdout] ---- src/../README.md - (line 1296) stdout ----
[INFO] [stdout] error[E0432]: unresolved import `sentc::keys::StdGroup`
[INFO] [stdout]  --> src/../README.md:1298:5
[INFO] [stdout]   |
[INFO] [stdout] 5 | use sentc::keys::StdGroup;
[INFO] [stdout]   |     ^^^^^^^^^^^^^^^^^^^^^ no `StdGroup` in `keys`
[INFO] [stdout] 
[INFO] [stdout] error: aborting due to 1 previous error
[INFO] [stdout] 
[INFO] [stdout] For more information about this error, try `rustc --explain E0432`.
[INFO] [stdout] Couldn't compile the test.
[INFO] [stdout] ---- src/../README.md - (line 1391) stdout ----
[INFO] [stdout] error[E0432]: unresolved import `sentc::keys::StdGroup`
[INFO] [stdout]  --> src/../README.md:1393:5
[INFO] [stdout]   |
[INFO] [stdout] 5 | use sentc::keys::StdGroup;
[INFO] [stdout]   |     ^^^^^^^^^^^^^^^^^^^^^ no `StdGroup` in `keys`
[INFO] [stdout] 
[INFO] [stdout] error[E0425]: cannot find value `user` in this scope
[INFO] [stdout]  --> src/../README.md:1397:89
[INFO] [stdout]   |
[INFO] [stdout] 9 |     let (input, used_key_id) = group.prepare_create_child_group(jwt_from_user, true, Some(&user)).unwrap();
[INFO] [stdout]   |                                                                                            ^^^^ not found in this scope
[INFO] [stdout] 
[INFO] [stdout] error: aborting due to 2 previous errors
[INFO] [stdout] 
[INFO] [stdout] Some errors have detailed explanations: E0425, E0432.
[INFO] [stdout] For more information about an error, try `rustc --explain E0425`.
[INFO] [stdout] Couldn't compile the test.
[INFO] [stdout] ---- src/../README.md - (line 1336) stdout ----
[INFO] [stdout] error[E0432]: unresolved import `sentc::keys::StdGroup`
[INFO] [stdout]  --> src/../README.md:1338:5
[INFO] [stdout]   |
[INFO] [stdout] 5 | use sentc::keys::StdGroup;
[INFO] [stdout]   |     ^^^^^^^^^^^^^^^^^^^^^ no `StdGroup` in `keys`
[INFO] [stdout] 
[INFO] [stdout] error: aborting due to 1 previous error
[INFO] [stdout] 
[INFO] [stdout] For more information about this error, try `rustc --explain E0432`.
[INFO] [stdout] Couldn't compile the test.
[INFO] [stdout] ---- src/../README.md - (line 1380) stdout ----
[INFO] [stdout] error[E0432]: unresolved import `sentc::keys::StdGroup`
[INFO] [stdout]  --> src/../README.md:1382:5
[INFO] [stdout]   |
[INFO] [stdout] 5 | use sentc::keys::StdGroup;
[INFO] [stdout]   |     ^^^^^^^^^^^^^^^^^^^^^ no `StdGroup` in `keys`
[INFO] [stdout] 
[INFO] [stdout] error[E0425]: cannot find value `user` in this scope
[INFO] [stdout]  --> src/../README.md:1386:73
[INFO] [stdout]   |
[INFO] [stdout] 9 |     let group_id = group.create_child_group_with_sign(jwt_from_user, Some(&user)).await.unwrap();
[INFO] [stdout]   |                                                                            ^^^^ not found in this scope
[INFO] [stdout] 
[INFO] [stdout] error: aborting due to 2 previous errors
[INFO] [stdout] 
[INFO] [stdout] Some errors have detailed explanations: E0425, E0432.
[INFO] [stdout] For more information about an error, try `rustc --explain E0425`.
[INFO] [stdout] Couldn't compile the test.
[INFO] [stdout] ---- src/../README.md - (line 1309) stdout ----
[INFO] [stdout] error[E0432]: unresolved import `sentc::keys::StdGroup`
[INFO] [stdout]  --> src/../README.md:1311:5
[INFO] [stdout]   |
[INFO] [stdout] 5 | use sentc::keys::StdGroup;
[INFO] [stdout]   |     ^^^^^^^^^^^^^^^^^^^^^ no `StdGroup` in `keys`
[INFO] [stdout] 
[INFO] [stdout] error: aborting due to 1 previous error
[INFO] [stdout] 
[INFO] [stdout] For more information about this error, try `rustc --explain E0432`.
[INFO] [stdout] Couldn't compile the test.
[INFO] [stdout] ---- src/../README.md - (line 1363) stdout ----
[INFO] [stdout] error[E0432]: unresolved import `sentc::keys::StdGroup`
[INFO] [stdout]  --> src/../README.md:1365:5
[INFO] [stdout]   |
[INFO] [stdout] 5 | use sentc::keys::StdGroup;
[INFO] [stdout]   |     ^^^^^^^^^^^^^^^^^^^^^ no `StdGroup` in `keys`
[INFO] [stdout] 
[INFO] [stdout] error: aborting due to 1 previous error
[INFO] [stdout] 
[INFO] [stdout] For more information about this error, try `rustc --explain E0432`.
[INFO] [stdout] Couldn't compile the test.
[INFO] [stdout] ---- src/../README.md - (line 1421) stdout ----
[INFO] [stdout] error[E0432]: unresolved import `sentc::keys::StdGroup`
[INFO] [stdout]  --> src/../README.md:1423:5
[INFO] [stdout]   |
[INFO] [stdout] 5 | use sentc::keys::StdGroup;
[INFO] [stdout]   |     ^^^^^^^^^^^^^^^^^^^^^ no `StdGroup` in `keys`
[INFO] [stdout] 
[INFO] [stdout] error[E0432]: unresolved import `sentc::group::net`
[INFO] [stdout]   --> src/../README.md:1424:19
[INFO] [stdout]    |
[INFO] [stdout] 6  | use sentc::group::net::GroupFetchResult;
[INFO] [stdout]    |                   ^^^ could not find `net` in `group`
[INFO] [stdout]    |
[INFO] [stdout] note: found an item that was configured out
[INFO] [stdout]   --> /opt/rustwide/workdir/src/group/mod.rs:12:9
[INFO] [stdout]    |
[INFO] [stdout] 12 | pub mod net;
[INFO] [stdout]    |         ^^^
[INFO] [stdout] note: the item is gated behind the `network` feature
[INFO] [stdout]   --> /opt/rustwide/workdir/src/group/mod.rs:11:7
[INFO] [stdout]    |
[INFO] [stdout] 11 | #[cfg(feature = "network")]
[INFO] [stdout]    |       ^^^^^^^^^^^^^^^^^^^
[INFO] [stdout] 
[INFO] [stdout] error: aborting due to 2 previous errors
[INFO] [stdout] 
[INFO] [stdout] For more information about this error, try `rustc --explain E0432`.
[INFO] [stdout] Couldn't compile the test.
[INFO] [stdout] ---- src/../README.md - (line 1466) stdout ----
[INFO] [stdout] error[E0432]: unresolved import `sentc::keys::StdGroup`
[INFO] [stdout]  --> src/../README.md:1468:5
[INFO] [stdout]   |
[INFO] [stdout] 5 | use sentc::keys::StdGroup;
[INFO] [stdout]   |     ^^^^^^^^^^^^^^^^^^^^^ no `StdGroup` in `keys`
[INFO] [stdout] 
[INFO] [stdout] error: aborting due to 1 previous error
[INFO] [stdout] 
[INFO] [stdout] For more information about this error, try `rustc --explain E0432`.
[INFO] [stdout] Couldn't compile the test.
[INFO] [stdout] ---- src/../README.md - (line 139) stdout ----
[INFO] [stdout] error[E0432]: unresolved import `sentc::keys::StdUser`
[INFO] [stdout]  --> src/../README.md:141:5
[INFO] [stdout]   |
[INFO] [stdout] 5 | use sentc::keys::StdUser;
[INFO] [stdout]   |     ^^^^^^^^^^^^^^^^^^^^ no `StdUser` in `keys`
[INFO] [stdout] 
[INFO] [stdout] error: aborting due to 1 previous error
[INFO] [stdout] 
[INFO] [stdout] For more information about this error, try `rustc --explain E0432`.
[INFO] [stdout] Couldn't compile the test.
[INFO] [stdout] ---- src/../README.md - (line 1441) stdout ----
[INFO] [stdout] error[E0432]: unresolved import `sentc::keys::StdGroup`
[INFO] [stdout]  --> src/../README.md:1443:5
[INFO] [stdout]   |
[INFO] [stdout] 5 | use sentc::keys::StdGroup;
[INFO] [stdout]   |     ^^^^^^^^^^^^^^^^^^^^^ no `StdGroup` in `keys`
[INFO] [stdout] 
[INFO] [stdout] error: aborting due to 1 previous error
[INFO] [stdout] 
[INFO] [stdout] For more information about this error, try `rustc --explain E0432`.
[INFO] [stdout] Couldn't compile the test.
[INFO] [stdout] ---- src/../README.md - (line 1455) stdout ----
[INFO] [stdout] error[E0432]: unresolved import `sentc::keys::StdGroup`
[INFO] [stdout]  --> src/../README.md:1457:5
[INFO] [stdout]   |
[INFO] [stdout] 5 | use sentc::keys::StdGroup;
[INFO] [stdout]   |     ^^^^^^^^^^^^^^^^^^^^^ no `StdGroup` in `keys`
[INFO] [stdout] 
[INFO] [stdout] error: aborting due to 1 previous error
[INFO] [stdout] 
[INFO] [stdout] For more information about this error, try `rustc --explain E0432`.
[INFO] [stdout] Couldn't compile the test.
[INFO] [stdout] ---- src/../README.md - (line 1350) stdout ----
[INFO] [stdout] error[E0432]: unresolved import `sentc::keys::StdGroup`
[INFO] [stdout]  --> src/../README.md:1352:5
[INFO] [stdout]   |
[INFO] [stdout] 5 | use sentc::keys::StdGroup;
[INFO] [stdout]   |     ^^^^^^^^^^^^^^^^^^^^^ no `StdGroup` in `keys`
[INFO] [stdout] 
[INFO] [stdout] error: aborting due to 1 previous error
[INFO] [stdout] 
[INFO] [stdout] For more information about this error, try `rustc --explain E0432`.
[INFO] [stdout] Couldn't compile the test.
[INFO] [stdout] ---- src/../README.md - (line 1410) stdout ----
[INFO] [stdout] error[E0432]: unresolved import `sentc::keys::StdGroup`
[INFO] [stdout]  --> src/../README.md:1412:5
[INFO] [stdout]   |
[INFO] [stdout] 5 | use sentc::keys::StdGroup;
[INFO] [stdout]   |     ^^^^^^^^^^^^^^^^^^^^^ no `StdGroup` in `keys`
[INFO] [stdout] 
[INFO] [stdout] error: aborting due to 1 previous error
[INFO] [stdout] 
[INFO] [stdout] For more information about this error, try `rustc --explain E0432`.
[INFO] [stdout] Couldn't compile the test.
[INFO] [stdout] ---- src/../README.md - (line 1494) stdout ----
[INFO] [stdout] error[E0432]: unresolved import `sentc::keys::StdGroup`
[INFO] [stdout]  --> src/../README.md:1496:5
[INFO] [stdout]   |
[INFO] [stdout] 5 | use sentc::keys::StdGroup;
[INFO] [stdout]   |     ^^^^^^^^^^^^^^^^^^^^^ no `StdGroup` in `keys`
[INFO] [stdout] 
[INFO] [stdout] error[E0425]: cannot find value `user` in this scope
[INFO] [stdout]  --> src/../README.md:1500:77
[INFO] [stdout]   |
[INFO] [stdout] 9 |     let group_id = group.create_connected_group_with_sign(jwt_from_user, Some(&user)).await.unwrap();
[INFO] [stdout]   |                                                                                ^^^^ not found in this scope
[INFO] [stdout] 
[INFO] [stdout] error: aborting due to 2 previous errors
[INFO] [stdout] 
[INFO] [stdout] Some errors have detailed explanations: E0425, E0432.
[INFO] [stdout] For more information about an error, try `rustc --explain E0425`.
[INFO] [stdout] Couldn't compile the test.
[INFO] [stdout] ---- src/../README.md - (line 1481) stdout ----
[INFO] [stdout] error[E0432]: unresolved import `sentc::keys::StdGroup`
[INFO] [stdout]  --> src/../README.md:1483:5
[INFO] [stdout]   |
[INFO] [stdout] 5 | use sentc::keys::StdGroup;
[INFO] [stdout]   |     ^^^^^^^^^^^^^^^^^^^^^ no `StdGroup` in `keys`
[INFO] [stdout] 
[INFO] [stdout] error: aborting due to 1 previous error
[INFO] [stdout] 
[INFO] [stdout] For more information about this error, try `rustc --explain E0432`.
[INFO] [stdout] Couldn't compile the test.
[INFO] [stdout] ---- src/../README.md - (line 1121) stdout ----
[INFO] [stdout] error[E0432]: unresolved import `sentc::keys::StdUser`
[INFO] [stdout]  --> src/../README.md:1123:5
[INFO] [stdout]   |
[INFO] [stdout] 5 | use sentc::keys::StdUser;
[INFO] [stdout]   |     ^^^^^^^^^^^^^^^^^^^^ no `StdUser` in `keys`
[INFO] [stdout] 
[INFO] [stdout] error: aborting due to 1 previous error
[INFO] [stdout] 
[INFO] [stdout] For more information about this error, try `rustc --explain E0432`.
[INFO] [stdout] Couldn't compile the test.
[INFO] [stdout] ---- src/../README.md - (line 1688) stdout ----
[INFO] [stdout] error[E0432]: unresolved imports `sentc::keys::StdGroup`, `sentc::keys::StdUser`
[INFO] [stdout]  --> src/../README.md:1690:19
[INFO] [stdout]   |
[INFO] [stdout] 5 | use sentc::keys::{StdGroup, StdUser};
[INFO] [stdout]   |                   ^^^^^^^^  ^^^^^^^ no `StdUser` in `keys`
[INFO] [stdout]   |                   |
[INFO] [stdout]   |                   no `StdGroup` in `keys`
[INFO] [stdout] 
[INFO] [stdout] error: aborting due to 1 previous error
[INFO] [stdout] 
[INFO] [stdout] For more information about this error, try `rustc --explain E0432`.
[INFO] [stdout] Couldn't compile the test.
[INFO] [stdout] ---- src/../README.md - (line 1589) stdout ----
[INFO] [stdout] error[E0432]: unresolved imports `sentc::keys::StdGroup`, `sentc::keys::StdUser`
[INFO] [stdout]  --> src/../README.md:1591:19
[INFO] [stdout]   |
[INFO] [stdout] 5 | use sentc::keys::{StdGroup, StdUser};
[INFO] [stdout]   |                   ^^^^^^^^  ^^^^^^^ no `StdUser` in `keys`
[INFO] [stdout]   |                   |
[INFO] [stdout]   |                   no `StdGroup` in `keys`
[INFO] [stdout] 
[INFO] [stdout] error[E0432]: unresolved import `sentc::group::net`
[INFO] [stdout]   --> src/../README.md:1592:19
[INFO] [stdout]    |
[INFO] [stdout] 6  | use sentc::group::net::{GroupFinishKeyRotation, GroupKeyFetchResult};
[INFO] [stdout]    |                   ^^^ could not find `net` in `group`
[INFO] [stdout]    |
[INFO] [stdout] note: found an item that was configured out
[INFO] [stdout]   --> /opt/rustwide/workdir/src/group/mod.rs:12:9
[INFO] [stdout]    |
[INFO] [stdout] 12 | pub mod net;
[INFO] [stdout]    |         ^^^
[INFO] [stdout] note: the item is gated behind the `network` feature
[INFO] [stdout]   --> /opt/rustwide/workdir/src/group/mod.rs:11:7
[INFO] [stdout]    |
[INFO] [stdout] 11 | #[cfg(feature = "network")]
[INFO] [stdout]    |       ^^^^^^^^^^^^^^^^^^^
[INFO] [stdout] 
[INFO] [stdout] error: aborting due to 2 previous errors
[INFO] [stdout] 
[INFO] [stdout] For more information about this error, try `rustc --explain E0432`.
[INFO] [stdout] Couldn't compile the test.
[INFO] [stdout] ---- src/../README.md - (line 165) stdout ----
[INFO] [stdout] error[E0432]: unresolved import `sentc::user::net`
[INFO] [stdout]   --> src/../README.md:167:18
[INFO] [stdout]    |
[INFO] [stdout] 5  | use sentc::user::net::check_user_name_available;
[INFO] [stdout]    |                  ^^^ could not find `net` in `user`
[INFO] [stdout]    |
[INFO] [stdout] note: found an item that was configured out
[INFO] [stdout]   --> /opt/rustwide/workdir/src/user/mod.rs:10:9
[INFO] [stdout]    |
[INFO] [stdout] 10 | pub mod net;
[INFO] [stdout]    |         ^^^
[INFO] [stdout] note: the item is gated behind the `network` feature
[INFO] [stdout]   --> /opt/rustwide/workdir/src/user/mod.rs:9:7
[INFO] [stdout]    |
[INFO] [stdout] 9  | #[cfg(feature = "network")]
[INFO] [stdout]    |       ^^^^^^^^^^^^^^^^^^^
[INFO] [stdout] 
[INFO] [stdout] error: aborting due to 1 previous error
[INFO] [stdout] 
[INFO] [stdout] For more information about this error, try `rustc --explain E0432`.
[INFO] [stdout] Couldn't compile the test.
[INFO] [stdout] ---- src/../README.md - (line 1774) stdout ----
[INFO] [stdout] error[E0432]: unresolved import `sentc::keys::StdGroup`
[INFO] [stdout]  --> src/../README.md:1776:5
[INFO] [stdout]   |
[INFO] [stdout] 5 | use sentc::keys::StdGroup;
[INFO] [stdout]   |     ^^^^^^^^^^^^^^^^^^^^^ no `StdGroup` in `keys`
[INFO] [stdout] 
[INFO] [stdout] error: aborting due to 1 previous error
[INFO] [stdout] 
[INFO] [stdout] For more information about this error, try `rustc --explain E0432`.
[INFO] [stdout] Couldn't compile the test.
[INFO] [stdout] ---- src/../README.md - (line 1652) stdout ----
[INFO] [stdout] error[E0432]: unresolved imports `sentc::keys::StdGroup`, `sentc::keys::StdUser`
[INFO] [stdout]  --> src/../README.md:1654:19
[INFO] [stdout]   |
[INFO] [stdout] 5 | use sentc::keys::{StdGroup, StdUser};
[INFO] [stdout]   |                   ^^^^^^^^  ^^^^^^^ no `StdUser` in `keys`
[INFO] [stdout]   |                   |
[INFO] [stdout]   |                   no `StdGroup` in `keys`
[INFO] [stdout] 
[INFO] [stdout] error[E0432]: unresolved import `sentc::group::net`
[INFO] [stdout]   --> src/../README.md:1655:19
[INFO] [stdout]    |
[INFO] [stdout] 6  | use sentc::group::net::{GroupFinishKeyRotation, GroupKeyFetchResult};
[INFO] [stdout]    |                   ^^^ could not find `net` in `group`
[INFO] [stdout]    |
[INFO] [stdout] note: found an item that was configured out
[INFO] [stdout]   --> /opt/rustwide/workdir/src/group/mod.rs:12:9
[INFO] [stdout]    |
[INFO] [stdout] 12 | pub mod net;
[INFO] [stdout]    |         ^^^
[INFO] [stdout] note: the item is gated behind the `network` feature
[INFO] [stdout]   --> /opt/rustwide/workdir/src/group/mod.rs:11:7
[INFO] [stdout]    |
[INFO] [stdout] 11 | #[cfg(feature = "network")]
[INFO] [stdout]    |       ^^^^^^^^^^^^^^^^^^^
[INFO] [stdout] 
[INFO] [stdout] error[E0425]: cannot find value `verify_key_of_the_user` in this scope
[INFO] [stdout]   --> src/../README.md:1680:75
[INFO] [stdout]    |
[INFO] [stdout] 31 |         group.done_fetch_group_key_after_rotation(data, Some(user), None, Some(&verify_key_of_the_user)).unwrap();
[INFO] [stdout]    |                                                                                 ^^^^^^^^^^^^^^^^^^^^^^ not found in this scope
[INFO] [stdout] 
[INFO] [stdout] error: aborting due to 3 previous errors
[INFO] [stdout] 
[INFO] [stdout] Some errors have detailed explanations: E0425, E0432.
[INFO] [stdout] For more information about an error, try `rustc --explain E0425`.
[INFO] [stdout] Couldn't compile the test.
[INFO] [stdout] ---- src/../README.md - (line 1803) stdout ----
[INFO] [stdout] error[E0432]: unresolved import `sentc::keys::StdGroup`
[INFO] [stdout]  --> src/../README.md:1805:5
[INFO] [stdout]   |
[INFO] [stdout] 5 | use sentc::keys::StdGroup;
[INFO] [stdout]   |     ^^^^^^^^^^^^^^^^^^^^^ no `StdGroup` in `keys`
[INFO] [stdout] 
[INFO] [stdout] error: aborting due to 1 previous error
[INFO] [stdout] 
[INFO] [stdout] For more information about this error, try `rustc --explain E0432`.
[INFO] [stdout] Couldn't compile the test.
[INFO] [stdout] ---- src/../README.md - (line 1816) stdout ----
[INFO] [stdout] error[E0432]: unresolved import `sentc::keys::StdGroup`
[INFO] [stdout]  --> src/../README.md:1818:5
[INFO] [stdout]   |
[INFO] [stdout] 5 | use sentc::keys::StdGroup;
[INFO] [stdout]   |     ^^^^^^^^^^^^^^^^^^^^^ no `StdGroup` in `keys`
[INFO] [stdout] 
[INFO] [stdout] error: aborting due to 1 previous error
[INFO] [stdout] 
[INFO] [stdout] For more information about this error, try `rustc --explain E0432`.
[INFO] [stdout] Couldn't compile the test.
[INFO] [stdout] ---- src/../README.md - (line 180) stdout ----
[INFO] [stdout] error[E0432]: unresolved import `sentc::keys::StdUser`
[INFO] [stdout]  --> src/../README.md:182:5
[INFO] [stdout]   |
[INFO] [stdout] 5 | use sentc::keys::StdUser;
[INFO] [stdout]   |     ^^^^^^^^^^^^^^^^^^^^ no `StdUser` in `keys`
[INFO] [stdout] 
[INFO] [stdout] error: aborting due to 1 previous error
[INFO] [stdout] 
[INFO] [stdout] For more information about this error, try `rustc --explain E0432`.
[INFO] [stdout] Couldn't compile the test.
[INFO] [stdout] ---- src/../README.md - (line 1709) stdout ----
[INFO] [stdout] error[E0432]: unresolved import `sentc::keys::StdGroup`
[INFO] [stdout]  --> src/../README.md:1711:5
[INFO] [stdout]   |
[INFO] [stdout] 5 | use sentc::keys::StdGroup;
[INFO] [stdout]   |     ^^^^^^^^^^^^^^^^^^^^^ no `StdGroup` in `keys`
[INFO] [stdout] 
[INFO] [stdout] error[E0425]: cannot find value `user_public_key` in this scope
[INFO] [stdout]  --> src/../README.md:1715:34
[INFO] [stdout]   |
[INFO] [stdout] 9 |     group.re_invite_user("user_id", user_public_key).await.unwrap();
[INFO] [stdout]   |                                     ^^^^^^^^^^^^^^^ not found in this scope
[INFO] [stdout] 
[INFO] [stdout] error: aborting due to 2 previous errors
[INFO] [stdout] 
[INFO] [stdout] Some errors have detailed explanations: E0425, E0432.
[INFO] [stdout] For more information about an error, try `rustc --explain E0425`.
[INFO] [stdout] Couldn't compile the test.
[INFO] [stdout] ---- src/../README.md - (line 1978) stdout ----
[INFO] [stdout] error[E0432]: unresolved import `sentc::keys::StdGroup`
[INFO] [stdout]  --> src/../README.md:1980:5
[INFO] [stdout]   |
[INFO] [stdout] 5 | use sentc::keys::StdGroup;
[INFO] [stdout]   |     ^^^^^^^^^^^^^^^^^^^^^ no `StdGroup` in `keys`
[INFO] [stdout] 
[INFO] [stdout] error: aborting due to 1 previous error
[INFO] [stdout] 
[INFO] [stdout] For more information about this error, try `rustc --explain E0432`.
[INFO] [stdout] Couldn't compile the test.
[INFO] [stdout] ---- src/../README.md - (line 1556) stdout ----
[INFO] [stdout] error[E0432]: unresolved imports `sentc::keys::StdGroup`, `sentc::keys::StdUser`
[INFO] [stdout]  --> src/../README.md:1558:19
[INFO] [stdout]   |
[INFO] [stdout] 5 | use sentc::keys::{StdGroup, StdUser};
[INFO] [stdout]   |                   ^^^^^^^^  ^^^^^^^ no `StdUser` in `keys`
[INFO] [stdout]   |                   |
[INFO] [stdout]   |                   no `StdGroup` in `keys`
[INFO] [stdout] 
[INFO] [stdout] error[E0432]: unresolved import `sentc::group::net`
[INFO] [stdout]   --> src/../README.md:1559:19
[INFO] [stdout]    |
[INFO] [stdout] 6  | use sentc::group::net::GroupKeyFetchResult;
[INFO] [stdout]    |                   ^^^ could not find `net` in `group`
[INFO] [stdout]    |
[INFO] [stdout] note: found an item that was configured out
[INFO] [stdout]   --> /opt/rustwide/workdir/src/group/mod.rs:12:9
[INFO] [stdout]    |
[INFO] [stdout] 12 | pub mod net;
[INFO] [stdout]    |         ^^^
[INFO] [stdout] note: the item is gated behind the `network` feature
[INFO] [stdout]   --> /opt/rustwide/workdir/src/group/mod.rs:11:7
[INFO] [stdout]    |
[INFO] [stdout] 11 | #[cfg(feature = "network")]
[INFO] [stdout]    |       ^^^^^^^^^^^^^^^^^^^
[INFO] [stdout] 
[INFO] [stdout] error: aborting due to 2 previous errors
[INFO] [stdout] 
[INFO] [stdout] For more information about this error, try `rustc --explain E0432`.
[INFO] [stdout] Couldn't compile the test.
[INFO] [stdout] ---- src/../README.md - (line 2032) stdout ----
[INFO] [stdout] error[E0432]: unresolved import `sentc::keys::StdGroup`
[INFO] [stdout]  --> src/../README.md:2034:5
[INFO] [stdout]   |
[INFO] [stdout] 5 | use sentc::keys::StdGroup;
[INFO] [stdout]   |     ^^^^^^^^^^^^^^^^^^^^^ no `StdGroup` in `keys`
[INFO] [stdout] 
[INFO] [stdout] error: aborting due to 1 previous error
[INFO] [stdout] 
[INFO] [stdout] For more information about this error, try `rustc --explain E0432`.
[INFO] [stdout] Couldn't compile the test.
[INFO] [stdout] ---- src/../README.md - (line 1628) stdout ----
[INFO] [stdout] error[E0432]: unresolved imports `sentc::keys::StdGroup`, `sentc::keys::StdUser`
[INFO] [stdout]  --> src/../README.md:1630:19
[INFO] [stdout]   |
[INFO] [stdout] 5 | use sentc::keys::{StdGroup, StdUser};
[INFO] [stdout]   |                   ^^^^^^^^  ^^^^^^^ no `StdUser` in `keys`
[INFO] [stdout]   |                   |
[INFO] [stdout]   |                   no `StdGroup` in `keys`
[INFO] [stdout] 
[INFO] [stdout] error[E0432]: unresolved import `sentc::group::net`
[INFO] [stdout]   --> src/../README.md:1631:19
[INFO] [stdout]    |
[INFO] [stdout] 6  | use sentc::group::net::GroupKeyFetchResult;
[INFO] [stdout]    |                   ^^^ could not find `net` in `group`
[INFO] [stdout]    |
[INFO] [stdout] note: found an item that was configured out
[INFO] [stdout]   --> /opt/rustwide/workdir/src/group/mod.rs:12:9
[INFO] [stdout]    |
[INFO] [stdout] 12 | pub mod net;
[INFO] [stdout]    |         ^^^
[INFO] [stdout] note: the item is gated behind the `network` feature
[INFO] [stdout]   --> /opt/rustwide/workdir/src/group/mod.rs:11:7
[INFO] [stdout]    |
[INFO] [stdout] 11 | #[cfg(feature = "network")]
[INFO] [stdout]    |       ^^^^^^^^^^^^^^^^^^^
[INFO] [stdout] 
[INFO] [stdout] error: aborting due to 2 previous errors
[INFO] [stdout] 
[INFO] [stdout] For more information about this error, try `rustc --explain E0432`.
[INFO] [stdout] Couldn't compile the test.
[INFO] [stdout] ---- src/../README.md - (line 1735) stdout ----
[INFO] [stdout] error[E0432]: unresolved import `sentc::keys::StdGroup`
[INFO] [stdout]  --> src/../README.md:1737:5
[INFO] [stdout]   |
[INFO] [stdout] 5 | use sentc::keys::StdGroup;
[INFO] [stdout]   |     ^^^^^^^^^^^^^^^^^^^^^ no `StdGroup` in `keys`
[INFO] [stdout] 
[INFO] [stdout] error: aborting due to 1 previous error
[INFO] [stdout] 
[INFO] [stdout] For more information about this error, try `rustc --explain E0432`.
[INFO] [stdout] Couldn't compile the test.
[INFO] [stdout] ---- src/../README.md - (line 1920) stdout ----
[INFO] [stdout] error[E0432]: unresolved import `sentc::keys::StdGroup`
[INFO] [stdout]  --> src/../README.md:1922:5
[INFO] [stdout]   |
[INFO] [stdout] 5 | use sentc::keys::StdGroup;
[INFO] [stdout]   |     ^^^^^^^^^^^^^^^^^^^^^ no `StdGroup` in `keys`
[INFO] [stdout] 
[INFO] [stdout] error: aborting due to 1 previous error
[INFO] [stdout] 
[INFO] [stdout] For more information about this error, try `rustc --explain E0432`.
[INFO] [stdout] Couldn't compile the test.
[INFO] [stdout] ---- src/../README.md - (line 1836) stdout ----
[INFO] [stdout] error[E0432]: unresolved import `sentc::keys::StdGroup`
[INFO] [stdout]  --> src/../README.md:1838:5
[INFO] [stdout]   |
[INFO] [stdout] 5 | use sentc::keys::StdGroup;
[INFO] [stdout]   |     ^^^^^^^^^^^^^^^^^^^^^ no `StdGroup` in `keys`
[INFO] [stdout] 
[INFO] [stdout] error[E0425]: cannot find value `user_sign_key` in this scope
[INFO] [stdout]  --> src/../README.md:1842:60
[INFO] [stdout]   |
[INFO] [stdout] 9 |     let encrypted = group.encrypt_string_with_sign_sync(data, user_sign_key).unwrap();
[INFO] [stdout]   |                                                               ^^^^^^^^^^^^^ not found in this scope
[INFO] [stdout] 
[INFO] [stdout] error: aborting due to 2 previous errors
[INFO] [stdout] 
[INFO] [stdout] Some errors have detailed explanations: E0425, E0432.
[INFO] [stdout] For more information about an error, try `rustc --explain E0425`.
[INFO] [stdout] Couldn't compile the test.
[INFO] [stdout] ---- src/../README.md - (line 1787) stdout ----
[INFO] [stdout] error[E0432]: unresolved import `sentc::keys::StdGroup`
[INFO] [stdout]  --> src/../README.md:1789:5
[INFO] [stdout]   |
[INFO] [stdout] 5 | use sentc::keys::StdGroup;
[INFO] [stdout]   |     ^^^^^^^^^^^^^^^^^^^^^ no `StdGroup` in `keys`
[INFO] [stdout] 
[INFO] [stdout] error: aborting due to 1 previous error
[INFO] [stdout] 
[INFO] [stdout] For more information about this error, try `rustc --explain E0432`.
[INFO] [stdout] Couldn't compile the test.
[INFO] [stdout] ---- src/../README.md - (line 1849) stdout ----
[INFO] [stdout] error[E0432]: unresolved import `sentc::keys::StdGroup`
[INFO] [stdout]  --> src/../README.md:1851:5
[INFO] [stdout]   |
[INFO] [stdout] 5 | use sentc::keys::StdGroup;
[INFO] [stdout]   |     ^^^^^^^^^^^^^^^^^^^^^ no `StdGroup` in `keys`
[INFO] [stdout] 
[INFO] [stdout] error[E0425]: cannot find value `user_verify_key` in this scope
[INFO] [stdout]  --> src/../README.md:1855:55
[INFO] [stdout]   |
[INFO] [stdout] 9 |     let decrypted = group.decrypt_string_sync(data, Some(user_verify_key)).unwrap();
[INFO] [stdout]   |                                                          ^^^^^^^^^^^^^^^ not found in this scope
[INFO] [stdout] 
[INFO] [stdout] error: aborting due to 2 previous errors
[INFO] [stdout] 
[INFO] [stdout] Some errors have detailed explanations: E0425, E0432.
[INFO] [stdout] For more information about an error, try `rustc --explain E0425`.
[INFO] [stdout] Couldn't compile the test.
[INFO] [stdout] ---- src/../README.md - (line 1722) stdout ----
[INFO] [stdout] error[E0432]: unresolved import `sentc::net_helper`
[INFO] [stdout]   --> src/../README.md:1724:12
[INFO] [stdout]    |
[INFO] [stdout] 5  | use sentc::net_helper::get_group_public_key;
[INFO] [stdout]    |            ^^^^^^^^^^ could not find `net_helper` in `sentc`
[INFO] [stdout]    |
[INFO] [stdout] note: found an item that was configured out
[INFO] [stdout]   --> /opt/rustwide/workdir/src/lib.rs:23:9
[INFO] [stdout]    |
[INFO] [stdout] 23 | pub mod net_helper;
[INFO] [stdout]    |         ^^^^^^^^^^
[INFO] [stdout] note: the item is gated behind the `network` feature
[INFO] [stdout]   --> /opt/rustwide/workdir/src/lib.rs:22:7
[INFO] [stdout]    |
[INFO] [stdout] 22 | #[cfg(feature = "network")]
[INFO] [stdout]    |       ^^^^^^^^^^^^^^^^^^^
[INFO] [stdout] 
[INFO] [stdout] error: aborting due to 1 previous error
[INFO] [stdout] 
[INFO] [stdout] For more information about this error, try `rustc --explain E0432`.
[INFO] [stdout] Couldn't compile the test.
[INFO] [stdout] ---- src/../README.md - (line 2065) stdout ----
[INFO] [stdout] error[E0432]: unresolved import `sentc::keys::StdGroup`
[INFO] [stdout]  --> src/../README.md:2067:5
[INFO] [stdout]   |
[INFO] [stdout] 5 | use sentc::keys::StdGroup;
[INFO] [stdout]   |     ^^^^^^^^^^^^^^^^^^^^^ no `StdGroup` in `keys`
[INFO] [stdout] 
[INFO] [stdout] error: aborting due to 1 previous error
[INFO] [stdout] 
[INFO] [stdout] For more information about this error, try `rustc --explain E0432`.
[INFO] [stdout] Couldn't compile the test.
[INFO] [stdout] ---- src/../README.md - (line 2047) stdout ----
[INFO] [stdout] error[E0432]: unresolved import `sentc::keys::StdGroup`
[INFO] [stdout]  --> src/../README.md:2049:5
[INFO] [stdout]   |
[INFO] [stdout] 5 | use sentc::keys::StdGroup;
[INFO] [stdout]   |     ^^^^^^^^^^^^^^^^^^^^^ no `StdGroup` in `keys`
[INFO] [stdout] 
[INFO] [stdout] error: aborting due to 1 previous error
[INFO] [stdout] 
[INFO] [stdout] For more information about this error, try `rustc --explain E0432`.
[INFO] [stdout] Couldn't compile the test.
[INFO] [stdout] ---- src/../README.md - (line 1935) stdout ----
[INFO] [stdout] error[E0432]: unresolved import `sentc::keys::StdGroup`
[INFO] [stdout]  --> src/../README.md:1937:5
[INFO] [stdout]   |
[INFO] [stdout] 5 | use sentc::keys::StdGroup;
[INFO] [stdout]   |     ^^^^^^^^^^^^^^^^^^^^^ no `StdGroup` in `keys`
[INFO] [stdout] 
[INFO] [stdout] error: aborting due to 1 previous error
[INFO] [stdout] 
[INFO] [stdout] For more information about this error, try `rustc --explain E0432`.
[INFO] [stdout] Couldn't compile the test.
[INFO] [stdout] ---- src/../README.md - (line 1909) stdout ----
[INFO] [stdout] error[E0432]: unresolved import `sentc::keys::StdGroup`
[INFO] [stdout]  --> src/../README.md:1911:5
[INFO] [stdout]   |
[INFO] [stdout] 5 | use sentc::keys::StdGroup;
[INFO] [stdout]   |     ^^^^^^^^^^^^^^^^^^^^^ no `StdGroup` in `keys`
[INFO] [stdout] 
[INFO] [stdout] error: aborting due to 1 previous error
[INFO] [stdout] 
[INFO] [stdout] For more information about this error, try `rustc --explain E0432`.
[INFO] [stdout] Couldn't compile the test.
[INFO] [stdout] ---- src/../README.md - (line 2080) stdout ----
[INFO] [stdout] error[E0432]: unresolved import `sentc::keys::StdGroup`
[INFO] [stdout]  --> src/../README.md:2082:5
[INFO] [stdout]   |
[INFO] [stdout] 5 | use sentc::keys::StdGroup;
[INFO] [stdout]   |     ^^^^^^^^^^^^^^^^^^^^^ no `StdGroup` in `keys`
[INFO] [stdout] 
[INFO] [stdout] error: aborting due to 1 previous error
[INFO] [stdout] 
[INFO] [stdout] For more information about this error, try `rustc --explain E0432`.
[INFO] [stdout] Couldn't compile the test.
[INFO] [stdout] ---- src/../README.md - (line 2145) stdout ----
[INFO] [stdout] error[E0432]: unresolved import `sentc::keys::StdGroup`
[INFO] [stdout]  --> src/../README.md:2147:5
[INFO] [stdout]   |
[INFO] [stdout] 5 | use sentc::keys::StdGroup;
[INFO] [stdout]   |     ^^^^^^^^^^^^^^^^^^^^^ no `StdGroup` in `keys`
[INFO] [stdout] 
[INFO] [stdout] error: aborting due to 1 previous error
[INFO] [stdout] 
[INFO] [stdout] For more information about this error, try `rustc --explain E0432`.
[INFO] [stdout] Couldn't compile the test.
[INFO] [stdout] ---- src/../README.md - (line 2123) stdout ----
[INFO] [stdout] error[E0432]: unresolved import `sentc::keys::StdGroup`
[INFO] [stdout]  --> src/../README.md:2125:5
[INFO] [stdout]   |
[INFO] [stdout] 5 | use sentc::keys::StdGroup;
[INFO] [stdout]   |     ^^^^^^^^^^^^^^^^^^^^^ no `StdGroup` in `keys`
[INFO] [stdout] 
[INFO] [stdout] error[E0412]: cannot find type `File` in this scope
[INFO] [stdout]  --> src/../README.md:2127:53
[INFO] [stdout]   |
[INFO] [stdout] 7 | async fn example(group: &StdGroup, jwt: &str, file: File)
[INFO] [stdout]   |                                                     ^^^^ not found in this scope
[INFO] [stdout]   |
[INFO] [stdout] help: consider importing this struct
[INFO] [stdout]   |
[INFO] [stdout] 2 + use std::fs::File;
[INFO] [stdout]   |
[INFO] [stdout] 
[INFO] [stdout] error: aborting due to 2 previous errors
[INFO] [stdout] 
[INFO] [stdout] Some errors have detailed explanations: E0412, E0432.
[INFO] [stdout] For more information about an error, try `rustc --explain E0412`.
[INFO] [stdout] Couldn't compile the test.
[INFO] [stdout] ---- src/../README.md - (line 2192) stdout ----
[INFO] [stdout] error[E0432]: unresolved import `sentc::keys::StdGroup`
[INFO] [stdout]  --> src/../README.md:2194:5
[INFO] [stdout]   |
[INFO] [stdout] 5 | use sentc::keys::StdGroup;
[INFO] [stdout]   |     ^^^^^^^^^^^^^^^^^^^^^ no `StdGroup` in `keys`
[INFO] [stdout] 
[INFO] [stdout] error[E0412]: cannot find type `File` in this scope
[INFO] [stdout]  --> src/../README.md:2196:53
[INFO] [stdout]   |
[INFO] [stdout] 7 | async fn example(group: &StdGroup, jwt: &str, file: File)
[INFO] [stdout]   |                                                     ^^^^ not found in this scope
[INFO] [stdout]   |
[INFO] [stdout] help: consider importing this struct
[INFO] [stdout]   |
[INFO] [stdout] 2 + use std::fs::File;
[INFO] [stdout]   |
[INFO] [stdout] 
[INFO] [stdout] error: aborting due to 2 previous errors
[INFO] [stdout] 
[INFO] [stdout] Some errors have detailed explanations: E0412, E0432.
[INFO] [stdout] For more information about an error, try `rustc --explain E0412`.
[INFO] [stdout] Couldn't compile the test.
[INFO] [stdout] ---- src/../README.md - (line 2232) stdout ----
[INFO] [stdout] error[E0432]: unresolved import `sentc::keys::StdGroup`
[INFO] [stdout]  --> src/../README.md:2234:5
[INFO] [stdout]   |
[INFO] [stdout] 5 | use sentc::keys::StdGroup;
[INFO] [stdout]   |     ^^^^^^^^^^^^^^^^^^^^^ no `StdGroup` in `keys`
[INFO] [stdout] 
[INFO] [stdout] error[E0412]: cannot find type `File` in this scope
[INFO] [stdout]  --> src/../README.md:2236:53
[INFO] [stdout]   |
[INFO] [stdout] 7 | async fn example(group: &StdGroup, jwt: &str, file: File)
[INFO] [stdout]   |                                                     ^^^^ not found in this scope
[INFO] [stdout]   |
[INFO] [stdout] help: consider importing this struct
[INFO] [stdout]   |
[INFO] [stdout] 2 + use std::fs::File;
[INFO] [stdout]   |
[INFO] [stdout] 
[INFO] [stdout] error[E0425]: cannot find value `verify_key` in this scope
[INFO] [stdout]  --> src/../README.md:2238:62
[INFO] [stdout]   |
[INFO] [stdout] 9 |     let output = group.download_file(jwt, file, "file_id", Some(verify_key), None).await.unwrap();
[INFO] [stdout]   |                                                                 ^^^^^^^^^^ not found in this scope
[INFO] [stdout] 
[INFO] [stdout] error: aborting due to 3 previous errors
[INFO] [stdout] 
[INFO] [stdout] Some errors have detailed explanations: E0412, E0425, E0432.
[INFO] [stdout] For more information about an error, try `rustc --explain E0412`.
[INFO] [stdout] Couldn't compile the test.
[INFO] [stdout] ---- src/../README.md - (line 209) stdout ----
[INFO] [stdout] error[E0432]: unresolved import `sentc::keys::StdUser`
[INFO] [stdout]  --> src/../README.md:211:5
[INFO] [stdout]   |
[INFO] [stdout] 5 | use sentc::keys::StdUser;
[INFO] [stdout]   |     ^^^^^^^^^^^^^^^^^^^^ no `StdUser` in `keys`
[INFO] [stdout] 
[INFO] [stdout] error: aborting due to 1 previous error
[INFO] [stdout] 
[INFO] [stdout] For more information about this error, try `rustc --explain E0432`.
[INFO] [stdout] Couldn't compile the test.
[INFO] [stdout] ---- src/../README.md - (line 2156) stdout ----
[INFO] [stdout] error[E0432]: unresolved import `sentc::keys::StdUser`
[INFO] [stdout]  --> src/../README.md:2158:5
[INFO] [stdout]   |
[INFO] [stdout] 5 | use sentc::keys::StdUser;
[INFO] [stdout]   |     ^^^^^^^^^^^^^^^^^^^^ no `StdUser` in `keys`
[INFO] [stdout] 
[INFO] [stdout] error[E0425]: cannot find value `reply_id` in this scope
[INFO] [stdout]  --> src/../README.md:2162:53
[INFO] [stdout]   |
[INFO] [stdout] 9 |     let output = user.create_file_with_path(path, Some(reply_id), Some(reply_public_key), None, false).await.unwrap();
[INFO] [stdout]   |                                                        ^^^^^^^^ not found in this scope
[INFO] [stdout] 
[INFO] [stdout] error[E0425]: cannot find value `reply_public_key` in this scope
[INFO] [stdout]  --> src/../README.md:2162:69
[INFO] [stdout]   |
[INFO] [stdout] 9 |     let output = user.create_file_with_path(path, Some(reply_id), Some(reply_public_key), None, false).await.unwrap();
[INFO] [stdout]   |                                                                        ^^^^^^^^^^^^^^^^ not found in this scope
[INFO] [stdout] 
[INFO] [stdout] error: aborting due to 3 previous errors
[INFO] [stdout] 
[INFO] [stdout] Some errors have detailed explanations: E0425, E0432.
[INFO] [stdout] For more information about an error, try `rustc --explain E0425`.
[INFO] [stdout] Couldn't compile the test.
[INFO] [stdout] ---- src/../README.md - (line 222) stdout ----
[INFO] [stdout] error[E0432]: unresolved imports `sentc::keys::StdUser`, `sentc::keys::StdUserLoginReturn`
[INFO] [stdout]  --> src/../README.md:224:19
[INFO] [stdout]   |
[INFO] [stdout] 5 | use sentc::keys::{StdUser, StdUserLoginReturn};
[INFO] [stdout]   |                   ^^^^^^^  ^^^^^^^^^^^^^^^^^^ no `StdUserLoginReturn` in `keys`
[INFO] [stdout]   |                   |
[INFO] [stdout]   |                   no `StdUser` in `keys`
[INFO] [stdout] 
[INFO] [stdout] error: aborting due to 1 previous error
[INFO] [stdout] 
[INFO] [stdout] For more information about this error, try `rustc --explain E0432`.
[INFO] [stdout] Couldn't compile the test.
[INFO] [stdout] ---- src/../README.md - (line 2209) stdout ----
[INFO] [stdout] error[E0432]: unresolved import `sentc::keys::StdGroup`
[INFO] [stdout]  --> src/../README.md:2211:5
[INFO] [stdout]   |
[INFO] [stdout] 5 | use sentc::keys::StdGroup;
[INFO] [stdout]   |     ^^^^^^^^^^^^^^^^^^^^^ no `StdGroup` in `keys`
[INFO] [stdout] 
[INFO] [stdout] error[E0412]: cannot find type `File` in this scope
[INFO] [stdout]  --> src/../README.md:2213:53
[INFO] [stdout]   |
[INFO] [stdout] 7 | async fn example(group: &StdGroup, jwt: &str, file: File)
[INFO] [stdout]   |                                                     ^^^^ not found in this scope
[INFO] [stdout]   |
[INFO] [stdout] help: consider importing this struct
[INFO] [stdout]   |
[INFO] [stdout] 2 + use std::fs::File;
[INFO] [stdout]   |
[INFO] [stdout] 
[INFO] [stdout] error: aborting due to 2 previous errors
[INFO] [stdout] 
[INFO] [stdout] Some errors have detailed explanations: E0412, E0432.
[INFO] [stdout] For more information about an error, try `rustc --explain E0412`.
[INFO] [stdout] Couldn't compile the test.
[INFO] [stdout] ---- src/../README.md - (line 1965) stdout ----
[INFO] [stdout] error[E0432]: unresolved import `sentc::keys::StdGroup`
[INFO] [stdout]  --> src/../README.md:1967:5
[INFO] [stdout]   |
[INFO] [stdout] 5 | use sentc::keys::StdGroup;
[INFO] [stdout]   |     ^^^^^^^^^^^^^^^^^^^^^ no `StdGroup` in `keys`
[INFO] [stdout] 
[INFO] [stdout] error: aborting due to 1 previous error
[INFO] [stdout] 
[INFO] [stdout] For more information about this error, try `rustc --explain E0432`.
[INFO] [stdout] Couldn't compile the test.
[INFO] [stdout] ---- src/../README.md - (line 2220) stdout ----
[INFO] [stdout] error[E0432]: unresolved import `sentc::keys::StdUser`
[INFO] [stdout]  --> src/../README.md:2222:5
[INFO] [stdout]   |
[INFO] [stdout] 5 | use sentc::keys::StdUser;
[INFO] [stdout]   |     ^^^^^^^^^^^^^^^^^^^^ no `StdUser` in `keys`
[INFO] [stdout] 
[INFO] [stdout] error[E0412]: cannot find type `File` in this scope
[INFO] [stdout]  --> src/../README.md:2224:40
[INFO] [stdout]   |
[INFO] [stdout] 7 | async fn example(user: &StdUser, file: File)
[INFO] [stdout]   |                                        ^^^^ not found in this scope
[INFO] [stdout]   |
[INFO] [stdout] help: consider importing this struct
[INFO] [stdout]   |
[INFO] [stdout] 2 + use std::fs::File;
[INFO] [stdout]   |
[INFO] [stdout] 
[INFO] [stdout] error: aborting due to 2 previous errors
[INFO] [stdout] 
[INFO] [stdout] Some errors have detailed explanations: E0412, E0432.
[INFO] [stdout] For more information about an error, try `rustc --explain E0412`.
[INFO] [stdout] Couldn't compile the test.
[INFO] [stdout] ---- src/../README.md - (line 2243) stdout ----
[INFO] [stdout] error[E0432]: unresolved import `sentc::keys::StdGroup`
[INFO] [stdout]  --> src/../README.md:2245:5
[INFO] [stdout]   |
[INFO] [stdout] 5 | use sentc::keys::StdGroup;
[INFO] [stdout]   |     ^^^^^^^^^^^^^^^^^^^^^ no `StdGroup` in `keys`
[INFO] [stdout] 
[INFO] [stdout] error[E0412]: cannot find type `File` in this scope
[INFO] [stdout]  --> src/../README.md:2247:53
[INFO] [stdout]   |
[INFO] [stdout] 7 | async fn example(group: &StdGroup, jwt: &str, file: File)
[INFO] [stdout]   |                                                     ^^^^ not found in this scope
[INFO] [stdout]   |
[INFO] [stdout] help: consider importing this struct
[INFO] [stdout]   |
[INFO] [stdout] 2 + use std::fs::File;
[INFO] [stdout]   |
[INFO] [stdout] 
[INFO] [stdout] error: aborting due to 2 previous errors
[INFO] [stdout] 
[INFO] [stdout] Some errors have detailed explanations: E0412, E0432.
[INFO] [stdout] For more information about an error, try `rustc --explain E0412`.
[INFO] [stdout] Couldn't compile the test.
[INFO] [stdout] ---- src/../README.md - (line 2134) stdout ----
[INFO] [stdout] error[E0432]: unresolved import `sentc::keys::StdUser`
[INFO] [stdout]  --> src/../README.md:2136:5
[INFO] [stdout]   |
[INFO] [stdout] 5 | use sentc::keys::StdUser;
[INFO] [stdout]   |     ^^^^^^^^^^^^^^^^^^^^ no `StdUser` in `keys`
[INFO] [stdout] 
[INFO] [stdout] error[E0412]: cannot find type `File` in this scope
[INFO] [stdout]  --> src/../README.md:2138:40
[INFO] [stdout]   |
[INFO] [stdout] 7 | async fn example(user: &StdUser, file: File)
[INFO] [stdout]   |                                        ^^^^ not found in this scope
[INFO] [stdout]   |
[INFO] [stdout] help: consider importing this struct
[INFO] [stdout]   |
[INFO] [stdout] 2 + use std::fs::File;
[INFO] [stdout]   |
[INFO] [stdout] 
[INFO] [stdout] error[E0425]: cannot find value `reply_id` in this scope
[INFO] [stdout]  --> src/../README.md:2140:53
[INFO] [stdout]   |
[INFO] [stdout] 9 |     let output = user.create_file_with_file(file, Some(reply_id), Some(reply_public_key), None, None, false).await.unwrap();
[INFO] [stdout]   |                                                        ^^^^^^^^ not found in this scope
[INFO] [stdout] 
[INFO] [stdout] error[E0425]: cannot find value `reply_public_key` in this scope
[INFO] [stdout]  --> src/../README.md:2140:69
[INFO] [stdout]   |
[INFO] [stdout] 9 |     let output = user.create_file_with_file(file, Some(reply_id), Some(reply_public_key), None, None, false).await.unwrap();
[INFO] [stdout]   |                                                                        ^^^^^^^^^^^^^^^^ not found in this scope
[INFO] [stdout] 
[INFO] [stdout] error: aborting due to 4 previous errors
[INFO] [stdout] 
[INFO] [stdout] Some errors have detailed explanations: E0412, E0425, E0432.
[INFO] [stdout] For more information about an error, try `rustc --explain E0412`.
[INFO] [stdout] Couldn't compile the test.
[INFO] [stdout] ---- src/../README.md - (line 2170) stdout ----
[INFO] [stdout] error[E0432]: unresolved import `sentc::keys::StdGroup`
[INFO] [stdout]  --> src/../README.md:2172:5
[INFO] [stdout]   |
[INFO] [stdout] 5 | use sentc::keys::StdGroup;
[INFO] [stdout]   |     ^^^^^^^^^^^^^^^^^^^^^ no `StdGroup` in `keys`
[INFO] [stdout] 
[INFO] [stdout] error[E0412]: cannot find type `File` in this scope
[INFO] [stdout]  --> src/../README.md:2174:53
[INFO] [stdout]   |
[INFO] [stdout] 7 | async fn example(group: &StdGroup, jwt: &str, file: File)
[INFO] [stdout]   |                                                     ^^^^ not found in this scope
[INFO] [stdout]   |
[INFO] [stdout] help: consider importing this struct
[INFO] [stdout]   |
[INFO] [stdout] 2 + use std::fs::File;
[INFO] [stdout]   |
[INFO] [stdout] 
[INFO] [stdout] error[E0425]: cannot find value `sign_key` in this scope
[INFO] [stdout]  --> src/../README.md:2176:71
[INFO] [stdout]   |
[INFO] [stdout] 9 |     let output = group.create_file_with_file(jwt, file, None, None, Some(sign_key)).await.unwrap();
[INFO] [stdout]   |                                                                          ^^^^^^^^ not found in this scope
[INFO] [stdout] 
[INFO] [stdout] error: aborting due to 3 previous errors
[INFO] [stdout] 
[INFO] [stdout] Some errors have detailed explanations: E0412, E0425, E0432.
[INFO] [stdout] For more information about an error, try `rustc --explain E0412`.
[INFO] [stdout] Couldn't compile the test.
[INFO] [stdout] ---- src/../README.md - (line 2317) stdout ----
[INFO] [stdout] error: expected one of `!`, `.`, `::`, `;`, `?`, `{`, `}`, or an operator, found `name`
[INFO] [stdout]  --> src/../README.md:2319:8
[INFO] [stdout]   |
[INFO] [stdout] 5 | Header name: x-sentc-app-token
[INFO] [stdout]   |        ^^^^ expected one of 8 possible tokens
[INFO] [stdout] 
[INFO] [stdout] error: aborting due to 1 previous error
[INFO] [stdout] 
[INFO] [stdout] Couldn't compile the test.
[INFO] [stdout] ---- src/../README.md - (line 2258) stdout ----
[INFO] [stdout] error[E0432]: unresolved import `sentc::keys::StdGroup`
[INFO] [stdout]  --> src/../README.md:2260:5
[INFO] [stdout]   |
[INFO] [stdout] 5 | use sentc::keys::StdGroup;
[INFO] [stdout]   |     ^^^^^^^^^^^^^^^^^^^^^ no `StdGroup` in `keys`
[INFO] [stdout] 
[INFO] [stdout] error: aborting due to 1 previous error
[INFO] [stdout] 
[INFO] [stdout] For more information about this error, try `rustc --explain E0432`.
[INFO] [stdout] Couldn't compile the test.
[INFO] [stdout] ---- src/../README.md - (line 3014) stdout ----
[INFO] [stdout] error: expected one of `!`, `.`, `::`, `;`, `?`, `{`, `}`, or an operator, found `name`
[INFO] [stdout]  --> src/../README.md:3016:8
[INFO] [stdout]   |
[INFO] [stdout] 5 | Header name: x-sentc-app-token
[INFO] [stdout]   |        ^^^^ expected one of 8 possible tokens
[INFO] [stdout] 
[INFO] [stdout] error: aborting due to 1 previous error
[INFO] [stdout] 
[INFO] [stdout] Couldn't compile the test.
[INFO] [stdout] ---- src/../README.md - (line 2874) stdout ----
[INFO] [stdout] error[E0432]: unresolved import `sentc::keys::StdGroup`
[INFO] [stdout]  --> src/../README.md:2876:5
[INFO] [stdout]   |
[INFO] [stdout] 5 | use sentc::keys::StdGroup;
[INFO] [stdout]   |     ^^^^^^^^^^^^^^^^^^^^^ no `StdGroup` in `keys`
[INFO] [stdout] 
[INFO] [stdout] error: aborting due to 1 previous error
[INFO] [stdout] 
[INFO] [stdout] For more information about this error, try `rustc --explain E0432`.
[INFO] [stdout] Couldn't compile the test.
[INFO] [stdout] ---- src/../README.md - (line 2832) stdout ----
[INFO] [stdout] error[E0432]: unresolved import `sentc::keys::StdGroup`
[INFO] [stdout]  --> src/../README.md:2834:5
[INFO] [stdout]   |
[INFO] [stdout] 5 | use sentc::keys::StdGroup;
[INFO] [stdout]   |     ^^^^^^^^^^^^^^^^^^^^^ no `StdGroup` in `keys`
[INFO] [stdout] 
[INFO] [stdout] error: aborting due to 1 previous error
[INFO] [stdout] 
[INFO] [stdout] For more information about this error, try `rustc --explain E0432`.
[INFO] [stdout] Couldn't compile the test.
[INFO] [stdout] ---- src/../README.md - (line 279) stdout ----
[INFO] [stdout] error[E0432]: unresolved imports `sentc::keys::StdUser`, `sentc::keys::StdPrepareLoginOtpOutput`, `sentc::keys::StdUserLoginReturn`
[INFO] [stdout]  --> src/../README.md:281:19
[INFO] [stdout]   |
[INFO] [stdout] 5 | use sentc::keys::{StdUser, StdPrepareLoginOtpOutput, StdUserLoginReturn};
[INFO] [stdout]   |                   ^^^^^^^  ^^^^^^^^^^^^^^^^^^^^^^^^  ^^^^^^^^^^^^^^^^^^ no `StdUserLoginReturn` in `keys`
[INFO] [stdout]   |                   |        |
[INFO] [stdout]   |                   |        no `StdPrepareLoginOtpOutput` in `keys`
[INFO] [stdout]   |                   no `StdUser` in `keys`
[INFO] [stdout] 
[INFO] [stdout] error: aborting due to 1 previous error
[INFO] [stdout] 
[INFO] [stdout] For more information about this error, try `rustc --explain E0432`.
[INFO] [stdout] Couldn't compile the test.
[INFO] [stdout] ---- src/../README.md - (line 2181) stdout ----
[INFO] [stdout] error[E0432]: unresolved import `sentc::keys::StdUser`
[INFO] [stdout]  --> src/../README.md:2183:5
[INFO] [stdout]   |
[INFO] [stdout] 5 | use sentc::keys::StdUser;
[INFO] [stdout]   |     ^^^^^^^^^^^^^^^^^^^^ no `StdUser` in `keys`
[INFO] [stdout] 
[INFO] [stdout] error[E0412]: cannot find type `File` in this scope
[INFO] [stdout]  --> src/../README.md:2185:40
[INFO] [stdout]   |
[INFO] [stdout] 7 | async fn example(user: &StdUser, file: File)
[INFO] [stdout]   |                                        ^^^^ not found in this scope
[INFO] [stdout]   |
[INFO] [stdout] help: consider importing this struct
[INFO] [stdout]   |
[INFO] [stdout] 2 + use std::fs::File;
[INFO] [stdout]   |
[INFO] [stdout] 
[INFO] [stdout] error[E0425]: cannot find value `reply_id` in this scope
[INFO] [stdout]  --> src/../README.md:2187:53
[INFO] [stdout]   |
[INFO] [stdout] 9 |     let output = user.create_file_with_file(file, Some(reply_id), Some(reply_public_key), None, None, true).await.unwrap();
[INFO] [stdout]   |                                                        ^^^^^^^^ not found in this scope
[INFO] [stdout] 
[INFO] [stdout] error[E0425]: cannot find value `reply_public_key` in this scope
[INFO] [stdout]  --> src/../README.md:2187:69
[INFO] [stdout]   |
[INFO] [stdout] 9 |     let output = user.create_file_with_file(file, Some(reply_id), Some(reply_public_key), None, None, true).await.unwrap();
[INFO] [stdout]   |                                                                        ^^^^^^^^^^^^^^^^ not found in this scope
[INFO] [stdout] 
[INFO] [stdout] error: aborting due to 4 previous errors
[INFO] [stdout] 
[INFO] [stdout] Some errors have detailed explanations: E0412, E0425, E0432.
[INFO] [stdout] For more information about an error, try `rustc --explain E0412`.
[INFO] [stdout] Couldn't compile the test.
[INFO] [stdout] ---- src/../README.md - (line 3004) stdout ----
[INFO] [stdout] error: expected one of `!`, `.`, `::`, `;`, `?`, `{`, `}`, or an operator, found `name`
[INFO] [stdout]  --> src/../README.md:3005:8
[INFO] [stdout]   |
[INFO] [stdout] 3 | Header name: Authorization
[INFO] [stdout]   |        ^^^^ expected one of 8 possible tokens
[INFO] [stdout] 
[INFO] [stdout] error: aborting due to 1 previous error
[INFO] [stdout] 
[INFO] [stdout] Couldn't compile the test.
[INFO] [stdout] ---- src/../README.md - (line 2901) stdout ----
[INFO] [stdout] error[E0432]: unresolved import `sentc::keys::StdGroup`
[INFO] [stdout]  --> src/../README.md:2903:5
[INFO] [stdout]   |
[INFO] [stdout] 5 | use sentc::keys::StdGroup;
[INFO] [stdout]   |     ^^^^^^^^^^^^^^^^^^^^^ no `StdGroup` in `keys`
[INFO] [stdout] 
[INFO] [stdout] error: aborting due to 1 previous error
[INFO] [stdout] 
[INFO] [stdout] For more information about this error, try `rustc --explain E0432`.
[INFO] [stdout] Couldn't compile the test.
[INFO] [stdout] ---- src/../README.md - (line 2288) stdout ----
[INFO] [stdout] error[E0432]: unresolved import `sentc::keys::StdGroup`
[INFO] [stdout]  --> src/../README.md:2290:5
[INFO] [stdout]   |
[INFO] [stdout] 5 | use sentc::keys::StdGroup;
[INFO] [stdout]   |     ^^^^^^^^^^^^^^^^^^^^^ no `StdGroup` in `keys`
[INFO] [stdout] 
[INFO] [stdout] error[E0412]: cannot find type `File` in this scope
[INFO] [stdout]  --> src/../README.md:2292:53
[INFO] [stdout]   |
[INFO] [stdout] 7 | async fn example(group: &StdGroup, jwt: &str, file: File)
[INFO] [stdout]   |                                                     ^^^^ not found in this scope
[INFO] [stdout]   |
[INFO] [stdout] help: consider importing this struct
[INFO] [stdout]   |
[INFO] [stdout] 2 + use std::fs::File;
[INFO] [stdout]   |
[INFO] [stdout] 
[INFO] [stdout] error: aborting due to 2 previous errors
[INFO] [stdout] 
[INFO] [stdout] Some errors have detailed explanations: E0412, E0432.
[INFO] [stdout] For more information about an error, try `rustc --explain E0412`.
[INFO] [stdout] Couldn't compile the test.
[INFO] [stdout] ---- src/../README.md - (line 247) stdout ----
[INFO] [stdout] error[E0432]: unresolved imports `sentc::keys::StdUser`, `sentc::keys::StdPrepareLoginOtpOutput`, `sentc::keys::StdUserLoginReturn`
[INFO] [stdout]  --> src/../README.md:249:19
[INFO] [stdout]   |
[INFO] [stdout] 5 | use sentc::keys::{StdUser, StdPrepareLoginOtpOutput, StdUserLoginReturn};
[INFO] [stdout]   |                   ^^^^^^^  ^^^^^^^^^^^^^^^^^^^^^^^^  ^^^^^^^^^^^^^^^^^^ no `StdUserLoginReturn` in `keys`
[INFO] [stdout]   |                   |        |
[INFO] [stdout]   |                   |        no `StdPrepareLoginOtpOutput` in `keys`
[INFO] [stdout]   |                   no `StdUser` in `keys`
[INFO] [stdout] 
[INFO] [stdout] error: aborting due to 1 previous error
[INFO] [stdout] 
[INFO] [stdout] For more information about this error, try `rustc --explain E0432`.
[INFO] [stdout] Couldn't compile the test.
[INFO] [stdout] ---- src/../README.md - (line 3081) stdout ----
[INFO] [stdout] error[E0432]: unresolved import `sentc::keys::StdUser`
[INFO] [stdout]  --> src/../README.md:3083:5
[INFO] [stdout]   |
[INFO] [stdout] 5 | use sentc::keys::StdUser;
[INFO] [stdout]   |     ^^^^^^^^^^^^^^^^^^^^ no `StdUser` in `keys`
[INFO] [stdout] 
[INFO] [stdout] error: aborting due to 1 previous error
[INFO] [stdout] 
[INFO] [stdout] For more information about this error, try `rustc --explain E0432`.
[INFO] [stdout] Couldn't compile the test.
[INFO] [stdout] ---- src/../README.md - (line 3033) stdout ----
[INFO] [stdout] error[E0432]: unresolved import `sentc::keys::StdUser`
[INFO] [stdout]  --> src/../README.md:3035:5
[INFO] [stdout]   |
[INFO] [stdout] 5 | use sentc::keys::StdUser;
[INFO] [stdout]   |     ^^^^^^^^^^^^^^^^^^^^ no `StdUser` in `keys`
[INFO] [stdout] 
[INFO] [stdout] error: aborting due to 1 previous error
[INFO] [stdout] 
[INFO] [stdout] For more information about this error, try `rustc --explain E0432`.
[INFO] [stdout] Couldn't compile the test.
[INFO] [stdout] ---- src/../README.md - (line 3118) stdout ----
[INFO] [stdout] error[E0432]: unresolved import `sentc::keys::StdUser`
[INFO] [stdout]  --> src/../README.md:3120:5
[INFO] [stdout]   |
[INFO] [stdout] 5 | use sentc::keys::StdUser;
[INFO] [stdout]   |     ^^^^^^^^^^^^^^^^^^^^ no `StdUser` in `keys`
[INFO] [stdout] 
[INFO] [stdout] error: aborting due to 1 previous error
[INFO] [stdout] 
[INFO] [stdout] For more information about this error, try `rustc --explain E0432`.
[INFO] [stdout] Couldn't compile the test.
[INFO] [stdout] ---- src/../README.md - (line 3139) stdout ----
[INFO] [stdout] error: this is a block expression, not an array
[INFO] [stdout]   --> src/../README.md:3140:1
[INFO] [stdout]    |
[INFO] [stdout] 3  | / {
[INFO] [stdout] 4  | |     "group_id",
[INFO] [stdout] 5  | |     "parent_group_id",
[INFO] [stdout] 6  | |     "rank",
[INFO] [stdout] ...  |
[INFO] [stdout] 10 | |     "access_by"
[INFO] [stdout] 11 | | }
[INFO] [stdout]    | |_^
[INFO] [stdout]    |
[INFO] [stdout] help: to make an array, use square brackets instead of curly braces
[INFO] [stdout]    |
[INFO] [stdout] 3  + [
[INFO] [stdout] 4  |     "group_id",
[INFO] [stdout] ...
[INFO] [stdout] 10 |     "access_by"
[INFO] [stdout] 11 + ]
[INFO] [stdout]    |
[INFO] [stdout] 
[INFO] [stdout] error: aborting due to 1 previous error
[INFO] [stdout] 
[INFO] [stdout] Couldn't compile the test.
[INFO] [stdout] ---- src/../README.md - (line 312) stdout ----
[INFO] [stdout] error[E0432]: unresolved import `sentc::keys::StdUser`
[INFO] [stdout]  --> src/../README.md:314:5
[INFO] [stdout]   |
[INFO] [stdout] 5 | use sentc::keys::StdUser;
[INFO] [stdout]   |     ^^^^^^^^^^^^^^^^^^^^ no `StdUser` in `keys`
[INFO] [stdout] 
[INFO] [stdout] error: aborting due to 1 previous error
[INFO] [stdout] 
[INFO] [stdout] For more information about this error, try `rustc --explain E0432`.
[INFO] [stdout] Couldn't compile the test.
[INFO] [stdout] ---- src/../README.md - (line 2947) stdout ----
[INFO] [stdout] error[E0432]: unresolved import `sentc::keys::StdUser`
[INFO] [stdout]  --> src/../README.md:2949:5
[INFO] [stdout]   |
[INFO] [stdout] 5 | use sentc::keys::StdUser;
[INFO] [stdout]   |     ^^^^^^^^^^^^^^^^^^^^ no `StdUser` in `keys`
[INFO] [stdout] 
[INFO] [stdout] error: aborting due to 1 previous error
[INFO] [stdout] 
[INFO] [stdout] For more information about this error, try `rustc --explain E0432`.
[INFO] [stdout] Couldn't compile the test.
[INFO] [stdout] ---- src/../README.md - (line 349) stdout ----
[INFO] [stdout] error[E0432]: unresolved import `sentc::keys::StdUser`
[INFO] [stdout]  --> src/../README.md:351:5
[INFO] [stdout]   |
[INFO] [stdout] 5 | use sentc::keys::StdUser;
[INFO] [stdout]   |     ^^^^^^^^^^^^^^^^^^^^ no `StdUser` in `keys`
[INFO] [stdout] 
[INFO] [stdout] error: aborting due to 1 previous error
[INFO] [stdout] 
[INFO] [stdout] For more information about this error, try `rustc --explain E0432`.
[INFO] [stdout] Couldn't compile the test.
[INFO] [stdout] ---- src/../README.md - (line 375) stdout ----
[INFO] [stdout] error[E0432]: unresolved import `sentc::keys::StdUser`
[INFO] [stdout]  --> src/../README.md:377:5
[INFO] [stdout]   |
[INFO] [stdout] 5 | use sentc::keys::StdUser;
[INFO] [stdout]   |     ^^^^^^^^^^^^^^^^^^^^ no `StdUser` in `keys`
[INFO] [stdout] 
[INFO] [stdout] error: aborting due to 1 previous error
[INFO] [stdout] 
[INFO] [stdout] For more information about this error, try `rustc --explain E0432`.
[INFO] [stdout] Couldn't compile the test.
[INFO] [stdout] ---- src/../README.md - (line 424) stdout ----
[INFO] [stdout] error[E0432]: unresolved import `sentc::keys::StdUser`
[INFO] [stdout]  --> src/../README.md:426:5
[INFO] [stdout]   |
[INFO] [stdout] 5 | use sentc::keys::StdUser;
[INFO] [stdout]   |     ^^^^^^^^^^^^^^^^^^^^ no `StdUser` in `keys`
[INFO] [stdout] 
[INFO] [stdout] error: aborting due to 1 previous error
[INFO] [stdout] 
[INFO] [stdout] For more information about this error, try `rustc --explain E0432`.
[INFO] [stdout] Couldn't compile the test.
[INFO] [stdout] ---- src/../README.md - (line 439) stdout ----
[INFO] [stdout] error[E0432]: unresolved import `sentc::keys::StdUser`
[INFO] [stdout]  --> src/../README.md:441:5
[INFO] [stdout]   |
[INFO] [stdout] 5 | use sentc::keys::StdUser;
[INFO] [stdout]   |     ^^^^^^^^^^^^^^^^^^^^ no `StdUser` in `keys`
[INFO] [stdout] 
[INFO] [stdout] error: aborting due to 1 previous error
[INFO] [stdout] 
[INFO] [stdout] For more information about this error, try `rustc --explain E0432`.
[INFO] [stdout] Couldn't compile the test.
[INFO] [stdout] ---- src/../README.md - (line 401) stdout ----
[INFO] [stdout] error[E0432]: unresolved import `sentc::keys::StdUser`
[INFO] [stdout]  --> src/../README.md:403:5
[INFO] [stdout]   |
[INFO] [stdout] 5 | use sentc::keys::StdUser;
[INFO] [stdout]   |     ^^^^^^^^^^^^^^^^^^^^ no `StdUser` in `keys`
[INFO] [stdout] 
[INFO] [stdout] error: aborting due to 1 previous error
[INFO] [stdout] 
[INFO] [stdout] For more information about this error, try `rustc --explain E0432`.
[INFO] [stdout] Couldn't compile the test.
[INFO] [stdout] ---- src/../README.md - (line 474) stdout ----
[INFO] [stdout] error[E0432]: unresolved import `sentc::keys::StdUser`
[INFO] [stdout]  --> src/../README.md:476:5
[INFO] [stdout]   |
[INFO] [stdout] 5 | use sentc::keys::StdUser;
[INFO] [stdout]   |     ^^^^^^^^^^^^^^^^^^^^ no `StdUser` in `keys`
[INFO] [stdout] 
[INFO] [stdout] error: aborting due to 1 previous error
[INFO] [stdout] 
[INFO] [stdout] For more information about this error, try `rustc --explain E0432`.
[INFO] [stdout] Couldn't compile the test.
[INFO] [stdout] ---- src/../README.md - (line 454) stdout ----
[INFO] [stdout] error[E0432]: unresolved import `sentc::keys::StdUser`
[INFO] [stdout]  --> src/../README.md:456:5
[INFO] [stdout]   |
[INFO] [stdout] 5 | use sentc::keys::StdUser;
[INFO] [stdout]   |     ^^^^^^^^^^^^^^^^^^^^ no `StdUser` in `keys`
[INFO] [stdout] 
[INFO] [stdout] error: aborting due to 1 previous error
[INFO] [stdout] 
[INFO] [stdout] For more information about this error, try `rustc --explain E0432`.
[INFO] [stdout] Couldn't compile the test.
[INFO] [stdout] ---- src/../README.md - (line 488) stdout ----
[INFO] [stdout] error[E0432]: unresolved import `sentc::keys::StdUser`
[INFO] [stdout]  --> src/../README.md:490:5
[INFO] [stdout]   |
[INFO] [stdout] 5 | use sentc::keys::StdUser;
[INFO] [stdout]   |     ^^^^^^^^^^^^^^^^^^^^ no `StdUser` in `keys`
[INFO] [stdout] 
[INFO] [stdout] error: aborting due to 1 previous error
[INFO] [stdout] 
[INFO] [stdout] For more information about this error, try `rustc --explain E0432`.
[INFO] [stdout] Couldn't compile the test.
[INFO] [stdout] ---- src/../README.md - (line 534) stdout ----
[INFO] [stdout] error[E0432]: unresolved import `sentc::keys::StdUser`
[INFO] [stdout]  --> src/../README.md:536:5
[INFO] [stdout]   |
[INFO] [stdout] 5 | use sentc::keys::StdUser;
[INFO] [stdout]   |     ^^^^^^^^^^^^^^^^^^^^ no `StdUser` in `keys`
[INFO] [stdout] 
[INFO] [stdout] error: aborting due to 1 previous error
[INFO] [stdout] 
[INFO] [stdout] For more information about this error, try `rustc --explain E0432`.
[INFO] [stdout] Couldn't compile the test.
[INFO] [stdout] ---- src/../README.md - (line 505) stdout ----
[INFO] [stdout] error[E0432]: unresolved import `sentc::keys::StdUser`
[INFO] [stdout]  --> src/../README.md:507:5
[INFO] [stdout]   |
[INFO] [stdout] 5 | use sentc::keys::StdUser;
[INFO] [stdout]   |     ^^^^^^^^^^^^^^^^^^^^ no `StdUser` in `keys`
[INFO] [stdout] 
[INFO] [stdout] error: aborting due to 1 previous error
[INFO] [stdout] 
[INFO] [stdout] For more information about this error, try `rustc --explain E0432`.
[INFO] [stdout] Couldn't compile the test.
[INFO] [stdout] ---- src/../README.md - (line 521) stdout ----
[INFO] [stdout] error[E0432]: unresolved import `sentc::keys::StdUser`
[INFO] [stdout]  --> src/../README.md:523:5
[INFO] [stdout]   |
[INFO] [stdout] 5 | use sentc::keys::StdUser;
[INFO] [stdout]   |     ^^^^^^^^^^^^^^^^^^^^ no `StdUser` in `keys`
[INFO] [stdout] 
[INFO] [stdout] error: aborting due to 1 previous error
[INFO] [stdout] 
[INFO] [stdout] For more information about this error, try `rustc --explain E0432`.
[INFO] [stdout] Couldn't compile the test.
[INFO] [stdout] ---- src/../README.md - (line 580) stdout ----
[INFO] [stdout] error[E0432]: unresolved import `sentc::keys::StdUser`
[INFO] [stdout]  --> src/../README.md:582:5
[INFO] [stdout]   |
[INFO] [stdout] 5 | use sentc::keys::StdUser;
[INFO] [stdout]   |     ^^^^^^^^^^^^^^^^^^^^ no `StdUser` in `keys`
[INFO] [stdout] 
[INFO] [stdout] error: aborting due to 1 previous error
[INFO] [stdout] 
[INFO] [stdout] For more information about this error, try `rustc --explain E0432`.
[INFO] [stdout] Couldn't compile the test.
[INFO] [stdout] ---- src/../README.md - (line 596) stdout ----
[INFO] [stdout] error[E0432]: unresolved import `sentc::keys::StdUser`
[INFO] [stdout]  --> src/../README.md:598:5
[INFO] [stdout]   |
[INFO] [stdout] 5 | use sentc::keys::StdUser;
[INFO] [stdout]   |     ^^^^^^^^^^^^^^^^^^^^ no `StdUser` in `keys`
[INFO] [stdout] 
[INFO] [stdout] error: aborting due to 1 previous error
[INFO] [stdout] 
[INFO] [stdout] For more information about this error, try `rustc --explain E0432`.
[INFO] [stdout] Couldn't compile the test.
[INFO] [stdout] ---- src/../README.md - (line 609) stdout ----
[INFO] [stdout] error[E0432]: unresolved import `sentc::keys::StdUser`
[INFO] [stdout]  --> src/../README.md:611:5
[INFO] [stdout]   |
[INFO] [stdout] 5 | use sentc::keys::StdUser;
[INFO] [stdout]   |     ^^^^^^^^^^^^^^^^^^^^ no `StdUser` in `keys`
[INFO] [stdout] 
[INFO] [stdout] error: aborting due to 1 previous error
[INFO] [stdout] 
[INFO] [stdout] For more information about this error, try `rustc --explain E0432`.
[INFO] [stdout] Couldn't compile the test.
[INFO] [stdout] ---- src/../README.md - (line 556) stdout ----
[INFO] [stdout] error[E0432]: unresolved import `sentc::keys::StdUser`
[INFO] [stdout]  --> src/../README.md:558:5
[INFO] [stdout]   |
[INFO] [stdout] 5 | use sentc::keys::StdUser;
[INFO] [stdout]   |     ^^^^^^^^^^^^^^^^^^^^ no `StdUser` in `keys`
[INFO] [stdout] 
[INFO] [stdout] error: aborting due to 1 previous error
[INFO] [stdout] 
[INFO] [stdout] For more information about this error, try `rustc --explain E0432`.
[INFO] [stdout] Couldn't compile the test.
[INFO] [stdout] ---- src/../README.md - (line 64) stdout ----
[INFO] [stdout] error[E0432]: unresolved imports `sentc::keys::StdUser`, `sentc::keys::StdGroup`
[INFO] [stdout]  --> src/../README.md:66:19
[INFO] [stdout]   |
[INFO] [stdout] 5 | use sentc::keys::{StdUser, StdGroup};
[INFO] [stdout]   |                   ^^^^^^^  ^^^^^^^^ no `StdGroup` in `keys`
[INFO] [stdout]   |                   |
[INFO] [stdout]   |                   no `StdUser` in `keys`
[INFO] [stdout] 
[INFO] [stdout] error[E0425]: cannot find value `user_public_key` in this scope
[INFO] [stdout]   --> src/../README.md:88:66
[INFO] [stdout]    |
[INFO] [stdout] 27 |     group.invite_auto(user.get_jwt().unwrap(), "user_id_to_invite", user_public_key, None).await.unwrap();
[INFO] [stdout]    |                                                                     ^^^^^^^^^^^^^^^ not found in this scope
[INFO] [stdout] 
[INFO] [stdout] error[E0433]: failed to resolve: use of undeclared type `GroupFetchResult`
[INFO] [stdout]   --> src/../README.md:83:24
[INFO] [stdout]    |
[INFO] [stdout] 22 |     assert!(matches!(res, GroupFetchResult::Ok));
[INFO] [stdout]    |                           ^^^^^^^^^^^^^^^^ use of undeclared type `GroupFetchResult`
[INFO] [stdout] 
[INFO] [stdout] error: aborting due to 3 previous errors
[INFO] [stdout] 
[INFO] [stdout] Some errors have detailed explanations: E0425, E0432, E0433.
[INFO] [stdout] For more information about an error, try `rustc --explain E0425`.
[INFO] [stdout] Couldn't compile the test.
[INFO] [stdout] ---- src/../README.md - (line 696) stdout ----
[INFO] [stdout] error[E0432]: unresolved import `sentc::keys::StdUser`
[INFO] [stdout]  --> src/../README.md:698:5
[INFO] [stdout]   |
[INFO] [stdout] 5 | use sentc::keys::StdUser;
[INFO] [stdout]   |     ^^^^^^^^^^^^^^^^^^^^ no `StdUser` in `keys`
[INFO] [stdout] 
[INFO] [stdout] error: aborting due to 1 previous error
[INFO] [stdout] 
[INFO] [stdout] For more information about this error, try `rustc --explain E0432`.
[INFO] [stdout] Couldn't compile the test.
[INFO] [stdout] ---- src/../README.md - (line 623) stdout ----
[INFO] [stdout] error[E0432]: unresolved import `sentc::keys::StdUser`
[INFO] [stdout]  --> src/../README.md:625:5
[INFO] [stdout]   |
[INFO] [stdout] 5 | use sentc::keys::StdUser;
[INFO] [stdout]   |     ^^^^^^^^^^^^^^^^^^^^ no `StdUser` in `keys`
[INFO] [stdout] 
[INFO] [stdout] error: aborting due to 1 previous error
[INFO] [stdout] 
[INFO] [stdout] For more information about this error, try `rustc --explain E0432`.
[INFO] [stdout] Couldn't compile the test.
[INFO] [stdout] ---- src/../README.md - (line 636) stdout ----
[INFO] [stdout] error[E0432]: unresolved import `sentc::keys::StdUser`
[INFO] [stdout]  --> src/../README.md:638:5
[INFO] [stdout]   |
[INFO] [stdout] 5 | use sentc::keys::StdUser;
[INFO] [stdout]   |     ^^^^^^^^^^^^^^^^^^^^ no `StdUser` in `keys`
[INFO] [stdout] 
[INFO] [stdout] error: aborting due to 1 previous error
[INFO] [stdout] 
[INFO] [stdout] For more information about this error, try `rustc --explain E0432`.
[INFO] [stdout] Couldn't compile the test.
[INFO] [stdout] ---- src/../README.md - (line 667) stdout ----
[INFO] [stdout] error[E0432]: unresolved import `sentc::keys::StdUser`
[INFO] [stdout]  --> src/../README.md:669:5
[INFO] [stdout]   |
[INFO] [stdout] 5 | use sentc::keys::StdUser;
[INFO] [stdout]   |     ^^^^^^^^^^^^^^^^^^^^ no `StdUser` in `keys`
[INFO] [stdout] 
[INFO] [stdout] error: aborting due to 1 previous error
[INFO] [stdout] 
[INFO] [stdout] For more information about this error, try `rustc --explain E0432`.
[INFO] [stdout] Couldn't compile the test.
[INFO] [stdout] ---- src/../README.md - (line 680) stdout ----
[INFO] [stdout] error[E0432]: unresolved import `sentc::keys::StdUser`
[INFO] [stdout]  --> src/../README.md:682:5
[INFO] [stdout]   |
[INFO] [stdout] 5 | use sentc::keys::StdUser;
[INFO] [stdout]   |     ^^^^^^^^^^^^^^^^^^^^ no `StdUser` in `keys`
[INFO] [stdout] 
[INFO] [stdout] error: aborting due to 1 previous error
[INFO] [stdout] 
[INFO] [stdout] For more information about this error, try `rustc --explain E0432`.
[INFO] [stdout] Couldn't compile the test.
[INFO] [stdout] ---- src/../README.md - (line 724) stdout ----
[INFO] [stdout] error[E0432]: unresolved import `sentc::keys::StdUser`
[INFO] [stdout]  --> src/../README.md:726:5
[INFO] [stdout]   |
[INFO] [stdout] 5 | use sentc::keys::StdUser;
[INFO] [stdout]   |     ^^^^^^^^^^^^^^^^^^^^ no `StdUser` in `keys`
[INFO] [stdout] 
[INFO] [stdout] error: aborting due to 1 previous error
[INFO] [stdout] 
[INFO] [stdout] For more information about this error, try `rustc --explain E0432`.
[INFO] [stdout] Couldn't compile the test.
[INFO] [stdout] ---- src/../README.md - (line 777) stdout ----
[INFO] [stdout] error[E0412]: cannot find type `StdUser` in this scope
[INFO] [stdout]  --> src/../README.md:778:37
[INFO] [stdout]   |
[INFO] [stdout] 3 | async fn finish_rotation(user: &mut StdUser)
[INFO] [stdout]   |                                     ^^^^^^^ not found in this scope
[INFO] [stdout] 
[INFO] [stdout] error: aborting due to 1 previous error
[INFO] [stdout] 
[INFO] [stdout] For more information about this error, try `rustc --explain E0412`.
[INFO] [stdout] Couldn't compile the test.
[INFO] [stdout] ---- src/../README.md - (line 649) stdout ----
[INFO] [stdout] error[E0432]: unresolved import `sentc::keys::StdUser`
[INFO] [stdout]  --> src/../README.md:651:5
[INFO] [stdout]   |
[INFO] [stdout] 5 | use sentc::keys::StdUser;
[INFO] [stdout]   |     ^^^^^^^^^^^^^^^^^^^^ no `StdUser` in `keys`
[INFO] [stdout] 
[INFO] [stdout] error: aborting due to 1 previous error
[INFO] [stdout] 
[INFO] [stdout] For more information about this error, try `rustc --explain E0432`.
[INFO] [stdout] Couldn't compile the test.
[INFO] [stdout] ---- src/../README.md - (line 708) stdout ----
[INFO] [stdout] error[E0432]: unresolved import `sentc::keys::StdUser`
[INFO] [stdout]  --> src/../README.md:710:5
[INFO] [stdout]   |
[INFO] [stdout] 5 | use sentc::keys::StdUser;
[INFO] [stdout]   |     ^^^^^^^^^^^^^^^^^^^^ no `StdUser` in `keys`
[INFO] [stdout] 
[INFO] [stdout] error: aborting due to 1 previous error
[INFO] [stdout] 
[INFO] [stdout] For more information about this error, try `rustc --explain E0432`.
[INFO] [stdout] Couldn't compile the test.
[INFO] [stdout] ---- src/../README.md - (line 834) stdout ----
[INFO] [stdout] error[E0432]: unresolved import `sentc::keys::StdUser`
[INFO] [stdout]  --> src/../README.md:836:5
[INFO] [stdout]   |
[INFO] [stdout] 5 | use sentc::keys::StdUser;
[INFO] [stdout]   |     ^^^^^^^^^^^^^^^^^^^^ no `StdUser` in `keys`
[INFO] [stdout] 
[INFO] [stdout] error[E0425]: cannot find value `user_public_key` in this scope
[INFO] [stdout]  --> src/../README.md:840:49
[INFO] [stdout]   |
[INFO] [stdout] 9 |     let encrypted = user.encrypt_string_sync(data, user_public_key, false).unwrap();
[INFO] [stdout]   |                                                    ^^^^^^^^^^^^^^^ not found in this scope
[INFO] [stdout] 
[INFO] [stdout] error: aborting due to 2 previous errors
[INFO] [stdout] 
[INFO] [stdout] Some errors have detailed explanations: E0425, E0432.
[INFO] [stdout] For more information about an error, try `rustc --explain E0425`.
[INFO] [stdout] Couldn't compile the test.
[INFO] [stdout] ---- src/../README.md - (line 865) stdout ----
[INFO] [stdout] error[E0432]: unresolved import `sentc::keys::StdUser`
[INFO] [stdout]  --> src/../README.md:867:5
[INFO] [stdout]   |
[INFO] [stdout] 5 | use sentc::keys::StdUser;
[INFO] [stdout]   |     ^^^^^^^^^^^^^^^^^^^^ no `StdUser` in `keys`
[INFO] [stdout] 
[INFO] [stdout] error[E0425]: cannot find value `user_public_key` in this scope
[INFO] [stdout]  --> src/../README.md:871:49
[INFO] [stdout]   |
[INFO] [stdout] 9 |     let encrypted = user.encrypt_string_sync(data, user_public_key, true).unwrap();
[INFO] [stdout]   |                                                    ^^^^^^^^^^^^^^^ not found in this scope
[INFO] [stdout] 
[INFO] [stdout] error: aborting due to 2 previous errors
[INFO] [stdout] 
[INFO] [stdout] Some errors have detailed explanations: E0425, E0432.
[INFO] [stdout] For more information about an error, try `rustc --explain E0425`.
[INFO] [stdout] Couldn't compile the test.
[INFO] [stdout] ---- src/../README.md - (line 738) stdout ----
[INFO] [stdout] error[E0432]: unresolved import `sentc::keys::StdUser`
[INFO] [stdout]  --> src/../README.md:740:5
[INFO] [stdout]   |
[INFO] [stdout] 5 | use sentc::keys::StdUser;
[INFO] [stdout]   |     ^^^^^^^^^^^^^^^^^^^^ no `StdUser` in `keys`
[INFO] [stdout] 
[INFO] [stdout] error: aborting due to 1 previous error
[INFO] [stdout] 
[INFO] [stdout] For more information about this error, try `rustc --explain E0432`.
[INFO] [stdout] Couldn't compile the test.
[INFO] [stdout] ---- src/../README.md - (line 906) stdout ----
[INFO] [stdout] error[E0432]: unresolved import `sentc::keys::StdUser`
[INFO] [stdout]  --> src/../README.md:908:5
[INFO] [stdout]   |
[INFO] [stdout] 5 | use sentc::keys::StdUser;
[INFO] [stdout]   |     ^^^^^^^^^^^^^^^^^^^^ no `StdUser` in `keys`
[INFO] [stdout] 
[INFO] [stdout] error: aborting due to 1 previous error
[INFO] [stdout] 
[INFO] [stdout] For more information about this error, try `rustc --explain E0432`.
[INFO] [stdout] Couldn't compile the test.
[INFO] [stdout] ---- src/../README.md - (line 818) stdout ----
[INFO] [stdout] error[E0432]: unresolved import `sentc::keys::StdUser`
[INFO] [stdout]  --> src/../README.md:820:5
[INFO] [stdout]   |
[INFO] [stdout] 5 | use sentc::keys::StdUser;
[INFO] [stdout]   |     ^^^^^^^^^^^^^^^^^^^^ no `StdUser` in `keys`
[INFO] [stdout] 
[INFO] [stdout] error: aborting due to 1 previous error
[INFO] [stdout] 
[INFO] [stdout] For more information about this error, try `rustc --explain E0432`.
[INFO] [stdout] Couldn't compile the test.
[INFO] [stdout] ---- src/../README.md - (line 878) stdout ----
[INFO] [stdout] error[E0432]: unresolved import `sentc::keys::StdUser`
[INFO] [stdout]  --> src/../README.md:880:5
[INFO] [stdout]   |
[INFO] [stdout] 5 | use sentc::keys::StdUser;
[INFO] [stdout]   |     ^^^^^^^^^^^^^^^^^^^^ no `StdUser` in `keys`
[INFO] [stdout] 
[INFO] [stdout] error[E0425]: cannot find value `user_verify_key` in this scope
[INFO] [stdout]  --> src/../README.md:884:59
[INFO] [stdout]   |
[INFO] [stdout] 9 |     let decrypted = user.decrypt_string_sync(encrypted, Some(user_verify_key)).unwrap();
[INFO] [stdout]   |                                                              ^^^^^^^^^^^^^^^ not found in this scope
[INFO] [stdout] 
[INFO] [stdout] error: aborting due to 2 previous errors
[INFO] [stdout] 
[INFO] [stdout] Some errors have detailed explanations: E0425, E0432.
[INFO] [stdout] For more information about an error, try `rustc --explain E0425`.
[INFO] [stdout] Couldn't compile the test.
[INFO] [stdout] ---- src/../README.md - (line 803) stdout ----
[INFO] [stdout] error[E0432]: unresolved import `sentc::keys::StdUser`
[INFO] [stdout]  --> src/../README.md:805:5
[INFO] [stdout]   |
[INFO] [stdout] 5 | use sentc::keys::StdUser;
[INFO] [stdout]   |     ^^^^^^^^^^^^^^^^^^^^ no `StdUser` in `keys`
[INFO] [stdout] 
[INFO] [stdout] error[E0425]: cannot find value `user_public_key` in this scope
[INFO] [stdout]  --> src/../README.md:809:42
[INFO] [stdout]   |
[INFO] [stdout] 9 |     let encrypted = user.encrypt_sync(data, user_public_key, false).unwrap();
[INFO] [stdout]   |                                             ^^^^^^^^^^^^^^^ not found in this scope
[INFO] [stdout] 
[INFO] [stdout] error: aborting due to 2 previous errors
[INFO] [stdout] 
[INFO] [stdout] Some errors have detailed explanations: E0425, E0432.
[INFO] [stdout] For more information about an error, try `rustc --explain E0425`.
[INFO] [stdout] Couldn't compile the test.
[INFO] [stdout] ---- src/../README.md - (line 847) stdout ----
[INFO] [stdout] error[E0432]: unresolved import `sentc::keys::StdUser`
[INFO] [stdout]  --> src/../README.md:849:5
[INFO] [stdout]   |
[INFO] [stdout] 5 | use sentc::keys::StdUser;
[INFO] [stdout]   |     ^^^^^^^^^^^^^^^^^^^^ no `StdUser` in `keys`
[INFO] [stdout] 
[INFO] [stdout] error: aborting due to 1 previous error
[INFO] [stdout] 
[INFO] [stdout] For more information about this error, try `rustc --explain E0432`.
[INFO] [stdout] Couldn't compile the test.
[INFO] [stdout] ---- src/../README.md - (line 768) stdout ----
[INFO] [stdout] error[E0412]: cannot find type `StdUser` in this scope
[INFO] [stdout]  --> src/../README.md:769:36
[INFO] [stdout]   |
[INFO] [stdout] 3 | async fn start_rotation(user: &mut StdUser)
[INFO] [stdout]   |                                    ^^^^^^^ not found in this scope
[INFO] [stdout] 
[INFO] [stdout] error: aborting due to 1 previous error
[INFO] [stdout] 
[INFO] [stdout] For more information about this error, try `rustc --explain E0412`.
[INFO] [stdout] Couldn't compile the test.
[INFO] [stdout] ---- src/../README.md - (line 919) stdout ----
[INFO] [stdout] error[E0432]: unresolved import `sentc::keys::StdUser`
[INFO] [stdout]  --> src/../README.md:921:5
[INFO] [stdout]   |
[INFO] [stdout] 5 | use sentc::keys::StdUser;
[INFO] [stdout]   |     ^^^^^^^^^^^^^^^^^^^^ no `StdUser` in `keys`
[INFO] [stdout] 
[INFO] [stdout] error: aborting due to 1 previous error
[INFO] [stdout] 
[INFO] [stdout] For more information about this error, try `rustc --explain E0432`.
[INFO] [stdout] Couldn't compile the test.
[INFO] [stdout] ---- src/../README.md - (line 933) stdout ----
[INFO] [stdout] error[E0432]: unresolved import `sentc::keys::StdUser`
[INFO] [stdout]  --> src/../README.md:935:5
[INFO] [stdout]   |
[INFO] [stdout] 5 | use sentc::keys::StdUser;
[INFO] [stdout]   |     ^^^^^^^^^^^^^^^^^^^^ no `StdUser` in `keys`
[INFO] [stdout] 
[INFO] [stdout] error: aborting due to 1 previous error
[INFO] [stdout] 
[INFO] [stdout] For more information about this error, try `rustc --explain E0432`.
[INFO] [stdout] Couldn't compile the test.
[INFO] [stdout] ---- src/../README.md - (line 942) stdout ----
[INFO] [stdout] error[E0432]: unresolved import `sentc::keys::StdUser`
[INFO] [stdout]  --> src/../README.md:944:5
[INFO] [stdout]   |
[INFO] [stdout] 5 | use sentc::keys::StdUser;
[INFO] [stdout]   |     ^^^^^^^^^^^^^^^^^^^^ no `StdUser` in `keys`
[INFO] [stdout] 
[INFO] [stdout] error: aborting due to 1 previous error
[INFO] [stdout] 
[INFO] [stdout] For more information about this error, try `rustc --explain E0432`.
[INFO] [stdout] Couldn't compile the test.
[INFO] [stdout] ---- src/../README.md - (line 964) stdout ----
[INFO] [stdout] error[E0432]: unresolved import `sentc::keys::StdUser`
[INFO] [stdout]  --> src/../README.md:966:5
[INFO] [stdout]   |
[INFO] [stdout] 5 | use sentc::keys::StdUser;
[INFO] [stdout]   |     ^^^^^^^^^^^^^^^^^^^^ no `StdUser` in `keys`
[INFO] [stdout] 
[INFO] [stdout] error[E0432]: unresolved import `sentc::group::net`
[INFO] [stdout]   --> src/../README.md:967:19
[INFO] [stdout]    |
[INFO] [stdout] 6  | use sentc::group::net::GroupFetchResult;
[INFO] [stdout]    |                   ^^^ could not find `net` in `group`
[INFO] [stdout]    |
[INFO] [stdout] note: found an item that was configured out
[INFO] [stdout]   --> /opt/rustwide/workdir/src/group/mod.rs:12:9
[INFO] [stdout]    |
[INFO] [stdout] 12 | pub mod net;
[INFO] [stdout]    |         ^^^
[INFO] [stdout] note: the item is gated behind the `network` feature
[INFO] [stdout]   --> /opt/rustwide/workdir/src/group/mod.rs:11:7
[INFO] [stdout]    |
[INFO] [stdout] 11 | #[cfg(feature = "network")]
[INFO] [stdout]    |       ^^^^^^^^^^^^^^^^^^^
[INFO] [stdout] 
[INFO] [stdout] error: aborting due to 2 previous errors
[INFO] [stdout] 
[INFO] [stdout] For more information about this error, try `rustc --explain E0432`.
[INFO] [stdout] Couldn't compile the test.
[INFO] [stdout] ---- src/group/../../doc/group.md - group (line 1093) stdout ----
[INFO] [stdout] error[E0432]: unresolved import `sentc::keys::StdGroup`
[INFO] [stdout]  --> src/group/../../doc/group.md:1095:5
[INFO] [stdout]   |
[INFO] [stdout] 5 | use sentc::keys::StdGroup;
[INFO] [stdout]   |     ^^^^^^^^^^^^^^^^^^^^^ no `StdGroup` in `keys`
[INFO] [stdout] 
[INFO] [stdout] error: aborting due to 1 previous error
[INFO] [stdout] 
[INFO] [stdout] For more information about this error, try `rustc --explain E0432`.
[INFO] [stdout] Couldn't compile the test.
[INFO] [stdout] ---- src/group/../../doc/group.md - group (line 1024) stdout ----
[INFO] [stdout] error[E0432]: unresolved import `sentc::keys::StdGroup`
[INFO] [stdout]  --> src/group/../../doc/group.md:1026:5
[INFO] [stdout]   |
[INFO] [stdout] 5 | use sentc::keys::StdGroup;
[INFO] [stdout]   |     ^^^^^^^^^^^^^^^^^^^^^ no `StdGroup` in `keys`
[INFO] [stdout] 
[INFO] [stdout] error: aborting due to 1 previous error
[INFO] [stdout] 
[INFO] [stdout] For more information about this error, try `rustc --explain E0432`.
[INFO] [stdout] Couldn't compile the test.
[INFO] [stdout] ---- src/group/../../doc/group.md - group (line 1035) stdout ----
[INFO] [stdout] error[E0432]: unresolved import `sentc::keys::StdGroup`
[INFO] [stdout]  --> src/group/../../doc/group.md:1037:5
[INFO] [stdout]   |
[INFO] [stdout] 5 | use sentc::keys::StdGroup;
[INFO] [stdout]   |     ^^^^^^^^^^^^^^^^^^^^^ no `StdGroup` in `keys`
[INFO] [stdout] 
[INFO] [stdout] error: aborting due to 1 previous error
[INFO] [stdout] 
[INFO] [stdout] For more information about this error, try `rustc --explain E0432`.
[INFO] [stdout] Couldn't compile the test.
[INFO] [stdout] ---- src/group/../../doc/group.md - group (line 103) stdout ----
[INFO] [stdout] error[E0432]: unresolved import `sentc::keys::StdUser`
[INFO] [stdout]  --> src/group/../../doc/group.md:105:5
[INFO] [stdout]   |
[INFO] [stdout] 5 | use sentc::keys::StdUser;
[INFO] [stdout]   |     ^^^^^^^^^^^^^^^^^^^^ no `StdUser` in `keys`
[INFO] [stdout] 
[INFO] [stdout] error[E0432]: unresolved import `sentc::group::net`
[INFO] [stdout]   --> src/group/../../doc/group.md:106:19
[INFO] [stdout]    |
[INFO] [stdout] 6  | use sentc::group::net::GroupFetchResult;
[INFO] [stdout]    |                   ^^^ could not find `net` in `group`
[INFO] [stdout]    |
[INFO] [stdout] note: found an item that was configured out
[INFO] [stdout]   --> /opt/rustwide/workdir/src/group/mod.rs:12:9
[INFO] [stdout]    |
[INFO] [stdout] 12 | pub mod net;
[INFO] [stdout]    |         ^^^
[INFO] [stdout] note: the item is gated behind the `network` feature
[INFO] [stdout]   --> /opt/rustwide/workdir/src/group/mod.rs:11:7
[INFO] [stdout]    |
[INFO] [stdout] 11 | #[cfg(feature = "network")]
[INFO] [stdout]    |       ^^^^^^^^^^^^^^^^^^^
[INFO] [stdout] 
[INFO] [stdout] error[E0412]: cannot find type `UserVerifyKeyData` in this scope
[INFO] [stdout]   --> src/group/../../doc/group.md:119:20
[INFO] [stdout]    |
[INFO] [stdout] 19 |             let verify_key: UserVerifyKeyData = user.get_user_verify_key_data(user_id, key_id).await.unwrap();
[INFO] [stdout]    |                             ^^^^^^^^^^^^^^^^^ not found in this scope
[INFO] [stdout] 
[INFO] [stdout] error: aborting due to 3 previous errors
[INFO] [stdout] 
[INFO] [stdout] Some errors have detailed explanations: E0412, E0432.
[INFO] [stdout] For more information about an error, try `rustc --explain E0412`.
[INFO] [stdout] Couldn't compile the test.
[INFO] [stdout] ---- src/group/../../doc/group.md - group (line 1249) stdout ----
[INFO] [stdout] error[E0432]: unresolved import `sentc::keys::StdUser`
[INFO] [stdout]  --> src/group/../../doc/group.md:1251:5
[INFO] [stdout]   |
[INFO] [stdout] 5 | use sentc::keys::StdUser;
[INFO] [stdout]   |     ^^^^^^^^^^^^^^^^^^^^ no `StdUser` in `keys`
[INFO] [stdout] 
[INFO] [stdout] error[E0412]: cannot find type `File` in this scope
[INFO] [stdout]  --> src/group/../../doc/group.md:1253:40
[INFO] [stdout]   |
[INFO] [stdout] 7 | async fn example(user: &StdUser, file: File)
[INFO] [stdout]   |                                        ^^^^ not found in this scope
[INFO] [stdout]   |
[INFO] [stdout] help: consider importing this struct
[INFO] [stdout]   |
[INFO] [stdout] 2 + use std::fs::File;
[INFO] [stdout]   |
[INFO] [stdout] 
[INFO] [stdout] error[E0425]: cannot find value `reply_id` in this scope
[INFO] [stdout]  --> src/group/../../doc/group.md:1255:53
[INFO] [stdout]   |
[INFO] [stdout] 9 |     let output = user.create_file_with_file(file, Some(reply_id), Some(reply_public_key), None, None, false).await.unwrap();
[INFO] [stdout]   |                                                        ^^^^^^^^ not found in this scope
[INFO] [stdout] 
[INFO] [stdout] error[E0425]: cannot find value `reply_public_key` in this scope
[INFO] [stdout]  --> src/group/../../doc/group.md:1255:69
[INFO] [stdout]   |
[INFO] [stdout] 9 |     let output = user.create_file_with_file(file, Some(reply_id), Some(reply_public_key), None, None, false).await.unwrap();
[INFO] [stdout]   |                                                                        ^^^^^^^^^^^^^^^^ not found in this scope
[INFO] [stdout] 
[INFO] [stdout] error: aborting due to 4 previous errors
[INFO] [stdout] 
[INFO] [stdout] Some errors have detailed explanations: E0412, E0425, E0432.
[INFO] [stdout] For more information about an error, try `rustc --explain E0412`.
[INFO] [stdout] Couldn't compile the test.
[INFO] [stdout] ---- src/group/../../doc/group.md - group (line 1162) stdout ----
[INFO] [stdout] error[E0432]: unresolved import `sentc::keys::StdGroup`
[INFO] [stdout]  --> src/group/../../doc/group.md:1164:5
[INFO] [stdout]   |
[INFO] [stdout] 5 | use sentc::keys::StdGroup;
[INFO] [stdout]   |     ^^^^^^^^^^^^^^^^^^^^^ no `StdGroup` in `keys`
[INFO] [stdout] 
[INFO] [stdout] error: aborting due to 1 previous error
[INFO] [stdout] 
[INFO] [stdout] For more information about this error, try `rustc --explain E0432`.
[INFO] [stdout] Couldn't compile the test.
[INFO] [stdout] ---- src/group/../../doc/group.md - group (line 1050) stdout ----
[INFO] [stdout] error[E0432]: unresolved import `sentc::keys::StdGroup`
[INFO] [stdout]  --> src/group/../../doc/group.md:1052:5
[INFO] [stdout]   |
[INFO] [stdout] 5 | use sentc::keys::StdGroup;
[INFO] [stdout]   |     ^^^^^^^^^^^^^^^^^^^^^ no `StdGroup` in `keys`
[INFO] [stdout] 
[INFO] [stdout] error: aborting due to 1 previous error
[INFO] [stdout] 
[INFO] [stdout] For more information about this error, try `rustc --explain E0432`.
[INFO] [stdout] Couldn't compile the test.
[INFO] [stdout] ---- src/../README.md - (line 988) stdout ----
[INFO] [stdout] error[E0432]: unresolved import `sentc::keys::StdUser`
[INFO] [stdout]  --> src/../README.md:990:5
[INFO] [stdout]   |
[INFO] [stdout] 5 | use sentc::keys::StdUser;
[INFO] [stdout]   |     ^^^^^^^^^^^^^^^^^^^^ no `StdUser` in `keys`
[INFO] [stdout] 
[INFO] [stdout] error[E0432]: unresolved import `sentc::group::net`
[INFO] [stdout]   --> src/../README.md:991:19
[INFO] [stdout]    |
[INFO] [stdout] 6  | use sentc::group::net::GroupFetchResult;
[INFO] [stdout]    |                   ^^^ could not find `net` in `group`
[INFO] [stdout]    |
[INFO] [stdout] note: found an item that was configured out
[INFO] [stdout]   --> /opt/rustwide/workdir/src/group/mod.rs:12:9
[INFO] [stdout]    |
[INFO] [stdout] 12 | pub mod net;
[INFO] [stdout]    |         ^^^
[INFO] [stdout] note: the item is gated behind the `network` feature
[INFO] [stdout]   --> /opt/rustwide/workdir/src/group/mod.rs:11:7
[INFO] [stdout]    |
[INFO] [stdout] 11 | #[cfg(feature = "network")]
[INFO] [stdout]    |       ^^^^^^^^^^^^^^^^^^^
[INFO] [stdout] 
[INFO] [stdout] error[E0412]: cannot find type `UserVerifyKeyData` in this scope
[INFO] [stdout]   --> src/../README.md:1004:20
[INFO] [stdout]    |
[INFO] [stdout] 19 |             let verify_key: UserVerifyKeyData = user.get_user_verify_key_data(user_id, key_id).await.unwrap();
[INFO] [stdout]    |                             ^^^^^^^^^^^^^^^^^ not found in this scope
[INFO] [stdout] 
[INFO] [stdout] error: aborting due to 3 previous errors
[INFO] [stdout] 
[INFO] [stdout] Some errors have detailed explanations: E0412, E0432.
[INFO] [stdout] For more information about an error, try `rustc --explain E0412`.
[INFO] [stdout] Couldn't compile the test.
[INFO] [stdout] ---- src/group/../../doc/group.md - group (line 1147) stdout ----
[INFO] [stdout] error[E0432]: unresolved import `sentc::keys::StdGroup`
[INFO] [stdout]  --> src/group/../../doc/group.md:1149:5
[INFO] [stdout]   |
[INFO] [stdout] 5 | use sentc::keys::StdGroup;
[INFO] [stdout]   |     ^^^^^^^^^^^^^^^^^^^^^ no `StdGroup` in `keys`
[INFO] [stdout] 
[INFO] [stdout] error: aborting due to 1 previous error
[INFO] [stdout] 
[INFO] [stdout] For more information about this error, try `rustc --explain E0432`.
[INFO] [stdout] Couldn't compile the test.
[INFO] [stdout] ---- src/group/../../doc/group.md - group (line 1080) stdout ----
[INFO] [stdout] error[E0432]: unresolved import `sentc::keys::StdGroup`
[INFO] [stdout]  --> src/group/../../doc/group.md:1082:5
[INFO] [stdout]   |
[INFO] [stdout] 5 | use sentc::keys::StdGroup;
[INFO] [stdout]   |     ^^^^^^^^^^^^^^^^^^^^^ no `StdGroup` in `keys`
[INFO] [stdout] 
[INFO] [stdout] error: aborting due to 1 previous error
[INFO] [stdout] 
[INFO] [stdout] For more information about this error, try `rustc --explain E0432`.
[INFO] [stdout] Couldn't compile the test.
[INFO] [stdout] ---- src/group/../../doc/group.md - group (line 1180) stdout ----
[INFO] [stdout] error[E0432]: unresolved import `sentc::keys::StdGroup`
[INFO] [stdout]  --> src/group/../../doc/group.md:1182:5
[INFO] [stdout]   |
[INFO] [stdout] 5 | use sentc::keys::StdGroup;
[INFO] [stdout]   |     ^^^^^^^^^^^^^^^^^^^^^ no `StdGroup` in `keys`
[INFO] [stdout] 
[INFO] [stdout] error: aborting due to 1 previous error
[INFO] [stdout] 
[INFO] [stdout] For more information about this error, try `rustc --explain E0432`.
[INFO] [stdout] Couldn't compile the test.
[INFO] [stdout] ---- src/group/../../doc/group.md - group (line 1195) stdout ----
[INFO] [stdout] error[E0432]: unresolved import `sentc::keys::StdGroup`
[INFO] [stdout]  --> src/group/../../doc/group.md:1197:5
[INFO] [stdout]   |
[INFO] [stdout] 5 | use sentc::keys::StdGroup;
[INFO] [stdout]   |     ^^^^^^^^^^^^^^^^^^^^^ no `StdGroup` in `keys`
[INFO] [stdout] 
[INFO] [stdout] error: aborting due to 1 previous error
[INFO] [stdout] 
[INFO] [stdout] For more information about this error, try `rustc --explain E0432`.
[INFO] [stdout] Couldn't compile the test.
[INFO] [stdout] ---- src/group/../../doc/group.md - group (line 1271) stdout ----
[INFO] [stdout] error[E0432]: unresolved import `sentc::keys::StdUser`
[INFO] [stdout]  --> src/group/../../doc/group.md:1273:5
[INFO] [stdout]   |
[INFO] [stdout] 5 | use sentc::keys::StdUser;
[INFO] [stdout]   |     ^^^^^^^^^^^^^^^^^^^^ no `StdUser` in `keys`
[INFO] [stdout] 
[INFO] [stdout] error[E0425]: cannot find value `reply_id` in this scope
[INFO] [stdout]  --> src/group/../../doc/group.md:1277:53
[INFO] [stdout]   |
[INFO] [stdout] 9 |     let output = user.create_file_with_path(path, Some(reply_id), Some(reply_public_key), None, false).await.unwrap();
[INFO] [stdout]   |                                                        ^^^^^^^^ not found in this scope
[INFO] [stdout] 
[INFO] [stdout] error[E0425]: cannot find value `reply_public_key` in this scope
[INFO] [stdout]  --> src/group/../../doc/group.md:1277:69
[INFO] [stdout]   |
[INFO] [stdout] 9 |     let output = user.create_file_with_path(path, Some(reply_id), Some(reply_public_key), None, false).await.unwrap();
[INFO] [stdout]   |                                                                        ^^^^^^^^^^^^^^^^ not found in this scope
[INFO] [stdout] 
[INFO] [stdout] error: aborting due to 3 previous errors
[INFO] [stdout] 
[INFO] [stdout] Some errors have detailed explanations: E0425, E0432.
[INFO] [stdout] For more information about an error, try `rustc --explain E0425`.
[INFO] [stdout] Couldn't compile the test.
[INFO] [stdout] ---- src/group/../../doc/group.md - group (line 1238) stdout ----
[INFO] [stdout] error[E0432]: unresolved import `sentc::keys::StdGroup`
[INFO] [stdout]  --> src/group/../../doc/group.md:1240:5
[INFO] [stdout]   |
[INFO] [stdout] 5 | use sentc::keys::StdGroup;
[INFO] [stdout]   |     ^^^^^^^^^^^^^^^^^^^^^ no `StdGroup` in `keys`
[INFO] [stdout] 
[INFO] [stdout] error[E0412]: cannot find type `File` in this scope
[INFO] [stdout]  --> src/group/../../doc/group.md:1242:53
[INFO] [stdout]   |
[INFO] [stdout] 7 | async fn example(group: &StdGroup, jwt: &str, file: File)
[INFO] [stdout]   |                                                     ^^^^ not found in this scope
[INFO] [stdout]   |
[INFO] [stdout] help: consider importing this struct
[INFO] [stdout]   |
[INFO] [stdout] 2 + use std::fs::File;
[INFO] [stdout]   |
[INFO] [stdout] 
[INFO] [stdout] error: aborting due to 2 previous errors
[INFO] [stdout] 
[INFO] [stdout] Some errors have detailed explanations: E0412, E0432.
[INFO] [stdout] For more information about an error, try `rustc --explain E0412`.
[INFO] [stdout] Couldn't compile the test.
[INFO] [stdout] ---- src/group/../../doc/group.md - group (line 1285) stdout ----
[INFO] [stdout] error[E0432]: unresolved import `sentc::keys::StdGroup`
[INFO] [stdout]  --> src/group/../../doc/group.md:1287:5
[INFO] [stdout]   |
[INFO] [stdout] 5 | use sentc::keys::StdGroup;
[INFO] [stdout]   |     ^^^^^^^^^^^^^^^^^^^^^ no `StdGroup` in `keys`
[INFO] [stdout] 
[INFO] [stdout] error[E0412]: cannot find type `File` in this scope
[INFO] [stdout]  --> src/group/../../doc/group.md:1289:53
[INFO] [stdout]   |
[INFO] [stdout] 7 | async fn example(group: &StdGroup, jwt: &str, file: File)
[INFO] [stdout]   |                                                     ^^^^ not found in this scope
[INFO] [stdout]   |
[INFO] [stdout] help: consider importing this struct
[INFO] [stdout]   |
[INFO] [stdout] 2 + use std::fs::File;
[INFO] [stdout]   |
[INFO] [stdout] 
[INFO] [stdout] error[E0425]: cannot find value `sign_key` in this scope
[INFO] [stdout]  --> src/group/../../doc/group.md:1291:71
[INFO] [stdout]   |
[INFO] [stdout] 9 |     let output = group.create_file_with_file(jwt, file, None, None, Some(sign_key)).await.unwrap();
[INFO] [stdout]   |                                                                          ^^^^^^^^ not found in this scope
[INFO] [stdout] 
[INFO] [stdout] error: aborting due to 3 previous errors
[INFO] [stdout] 
[INFO] [stdout] Some errors have detailed explanations: E0412, E0425, E0432.
[INFO] [stdout] For more information about an error, try `rustc --explain E0412`.
[INFO] [stdout] Couldn't compile the test.
[INFO] [stdout] ---- src/group/../../doc/group.md - group (line 1432) stdout ----
[INFO] [stdout] error: expected one of `!`, `.`, `::`, `;`, `?`, `{`, `}`, or an operator, found `name`
[INFO] [stdout]  --> src/group/../../doc/group.md:1434:8
[INFO] [stdout]   |
[INFO] [stdout] 5 | Header name: x-sentc-app-token
[INFO] [stdout]   |        ^^^^ expected one of 8 possible tokens
[INFO] [stdout] 
[INFO] [stdout] error: aborting due to 1 previous error
[INFO] [stdout] 
[INFO] [stdout] Couldn't compile the test.
[INFO] [stdout] ---- src/group/../../doc/group.md - group (line 1307) stdout ----
[INFO] [stdout] error[E0432]: unresolved import `sentc::keys::StdGroup`
[INFO] [stdout]  --> src/group/../../doc/group.md:1309:5
[INFO] [stdout]   |
[INFO] [stdout] 5 | use sentc::keys::StdGroup;
[INFO] [stdout]   |     ^^^^^^^^^^^^^^^^^^^^^ no `StdGroup` in `keys`
[INFO] [stdout] 
[INFO] [stdout] error[E0412]: cannot find type `File` in this scope
[INFO] [stdout]  --> src/group/../../doc/group.md:1311:53
[INFO] [stdout]   |
[INFO] [stdout] 7 | async fn example(group: &StdGroup, jwt: &str, file: File)
[INFO] [stdout]   |                                                     ^^^^ not found in this scope
[INFO] [stdout]   |
[INFO] [stdout] help: consider importing this struct
[INFO] [stdout]   |
[INFO] [stdout] 2 + use std::fs::File;
[INFO] [stdout]   |
[INFO] [stdout] 
[INFO] [stdout] error: aborting due to 2 previous errors
[INFO] [stdout] 
[INFO] [stdout] Some errors have detailed explanations: E0412, E0432.
[INFO] [stdout] For more information about an error, try `rustc --explain E0412`.
[INFO] [stdout] Couldn't compile the test.
[INFO] [stdout] ---- src/group/../../doc/group.md - group (line 1260) stdout ----
[INFO] [stdout] error[E0432]: unresolved import `sentc::keys::StdGroup`
[INFO] [stdout]  --> src/group/../../doc/group.md:1262:5
[INFO] [stdout]   |
[INFO] [stdout] 5 | use sentc::keys::StdGroup;
[INFO] [stdout]   |     ^^^^^^^^^^^^^^^^^^^^^ no `StdGroup` in `keys`
[INFO] [stdout] 
[INFO] [stdout] error: aborting due to 1 previous error
[INFO] [stdout] 
[INFO] [stdout] For more information about this error, try `rustc --explain E0432`.
[INFO] [stdout] Couldn't compile the test.
[INFO] [stdout] ---- src/group/../../doc/group.md - group (line 1335) stdout ----
[INFO] [stdout] error[E0432]: unresolved import `sentc::keys::StdUser`
[INFO] [stdout]  --> src/group/../../doc/group.md:1337:5
[INFO] [stdout]   |
[INFO] [stdout] 5 | use sentc::keys::StdUser;
[INFO] [stdout]   |     ^^^^^^^^^^^^^^^^^^^^ no `StdUser` in `keys`
[INFO] [stdout] 
[INFO] [stdout] error[E0412]: cannot find type `File` in this scope
[INFO] [stdout]  --> src/group/../../doc/group.md:1339:40
[INFO] [stdout]   |
[INFO] [stdout] 7 | async fn example(user: &StdUser, file: File)
[INFO] [stdout]   |                                        ^^^^ not found in this scope
[INFO] [stdout]   |
[INFO] [stdout] help: consider importing this struct
[INFO] [stdout]   |
[INFO] [stdout] 2 + use std::fs::File;
[INFO] [stdout]   |
[INFO] [stdout] 
[INFO] [stdout] error: aborting due to 2 previous errors
[INFO] [stdout] 
[INFO] [stdout] Some errors have detailed explanations: E0412, E0432.
[INFO] [stdout] For more information about an error, try `rustc --explain E0412`.
[INFO] [stdout] Couldn't compile the test.
[INFO] [stdout] ---- src/group/../../doc/group.md - group (line 1296) stdout ----
[INFO] [stdout] error[E0432]: unresolved import `sentc::keys::StdUser`
[INFO] [stdout]  --> src/group/../../doc/group.md:1298:5
[INFO] [stdout]   |
[INFO] [stdout] 5 | use sentc::keys::StdUser;
[INFO] [stdout]   |     ^^^^^^^^^^^^^^^^^^^^ no `StdUser` in `keys`
[INFO] [stdout] 
[INFO] [stdout] error[E0412]: cannot find type `File` in this scope
[INFO] [stdout]  --> src/group/../../doc/group.md:1300:40
[INFO] [stdout]   |
[INFO] [stdout] 7 | async fn example(user: &StdUser, file: File)
[INFO] [stdout]   |                                        ^^^^ not found in this scope
[INFO] [stdout]   |
[INFO] [stdout] help: consider importing this struct
[INFO] [stdout]   |
[INFO] [stdout] 2 + use std::fs::File;
[INFO] [stdout]   |
[INFO] [stdout] 
[INFO] [stdout] error[E0425]: cannot find value `reply_id` in this scope
[INFO] [stdout]  --> src/group/../../doc/group.md:1302:53
[INFO] [stdout]   |
[INFO] [stdout] 9 |     let output = user.create_file_with_file(file, Some(reply_id), Some(reply_public_key), None, None, true).await.unwrap();
[INFO] [stdout]   |                                                        ^^^^^^^^ not found in this scope
[INFO] [stdout] 
[INFO] [stdout] error[E0425]: cannot find value `reply_public_key` in this scope
[INFO] [stdout]  --> src/group/../../doc/group.md:1302:69
[INFO] [stdout]   |
[INFO] [stdout] 9 |     let output = user.create_file_with_file(file, Some(reply_id), Some(reply_public_key), None, None, true).await.unwrap();
[INFO] [stdout]   |                                                                        ^^^^^^^^^^^^^^^^ not found in this scope
[INFO] [stdout] 
[INFO] [stdout] error: aborting due to 4 previous errors
[INFO] [stdout] 
[INFO] [stdout] Some errors have detailed explanations: E0412, E0425, E0432.
[INFO] [stdout] For more information about an error, try `rustc --explain E0412`.
[INFO] [stdout] Couldn't compile the test.
[INFO] [stdout] ---- src/group/../../doc/group.md - group (line 1403) stdout ----
[INFO] [stdout] error[E0432]: unresolved import `sentc::keys::StdGroup`
[INFO] [stdout]  --> src/group/../../doc/group.md:1405:5
[INFO] [stdout]   |
[INFO] [stdout] 5 | use sentc::keys::StdGroup;
[INFO] [stdout]   |     ^^^^^^^^^^^^^^^^^^^^^ no `StdGroup` in `keys`
[INFO] [stdout] 
[INFO] [stdout] error[E0412]: cannot find type `File` in this scope
[INFO] [stdout]  --> src/group/../../doc/group.md:1407:53
[INFO] [stdout]   |
[INFO] [stdout] 7 | async fn example(group: &StdGroup, jwt: &str, file: File)
[INFO] [stdout]   |                                                     ^^^^ not found in this scope
[INFO] [stdout]   |
[INFO] [stdout] help: consider importing this struct
[INFO] [stdout]   |
[INFO] [stdout] 2 + use std::fs::File;
[INFO] [stdout]   |
[INFO] [stdout] 
[INFO] [stdout] error: aborting due to 2 previous errors
[INFO] [stdout] 
[INFO] [stdout] Some errors have detailed explanations: E0412, E0432.
[INFO] [stdout] For more information about an error, try `rustc --explain E0412`.
[INFO] [stdout] Couldn't compile the test.
[INFO] [stdout] ---- src/group/../../doc/group.md - group (line 1373) stdout ----
[INFO] [stdout] error[E0432]: unresolved import `sentc::keys::StdGroup`
[INFO] [stdout]  --> src/group/../../doc/group.md:1375:5
[INFO] [stdout]   |
[INFO] [stdout] 5 | use sentc::keys::StdGroup;
[INFO] [stdout]   |     ^^^^^^^^^^^^^^^^^^^^^ no `StdGroup` in `keys`
[INFO] [stdout] 
[INFO] [stdout] error: aborting due to 1 previous error
[INFO] [stdout] 
[INFO] [stdout] For more information about this error, try `rustc --explain E0432`.
[INFO] [stdout] Couldn't compile the test.
[INFO] [stdout] ---- src/group/../../doc/group.md - group (line 184) stdout ----
[INFO] [stdout] error[E0432]: unresolved import `sentc::keys::StdGroup`
[INFO] [stdout]  --> src/group/../../doc/group.md:186:5
[INFO] [stdout]   |
[INFO] [stdout] 5 | use sentc::keys::StdGroup;
[INFO] [stdout]   |     ^^^^^^^^^^^^^^^^^^^^^ no `StdGroup` in `keys`
[INFO] [stdout] 
[INFO] [stdout] error[E0425]: cannot find value `rank` in this scope
[INFO] [stdout]  --> src/group/../../doc/group.md:190:56
[INFO] [stdout]   |
[INFO] [stdout] 9 |     group.update_rank(jwt_from_user, "user_id_to_update", rank).await.unwrap();
[INFO] [stdout]   |                                                           ^^^^ not found in this scope
[INFO] [stdout] 
[INFO] [stdout] error: aborting due to 2 previous errors
[INFO] [stdout] 
[INFO] [stdout] Some errors have detailed explanations: E0425, E0432.
[INFO] [stdout] For more information about an error, try `rustc --explain E0425`.
[INFO] [stdout] Couldn't compile the test.
[INFO] [stdout] ---- src/group/../../doc/group.md - group (line 1347) stdout ----
[INFO] [stdout] error[E0432]: unresolved import `sentc::keys::StdGroup`
[INFO] [stdout]  --> src/group/../../doc/group.md:1349:5
[INFO] [stdout]   |
[INFO] [stdout] 5 | use sentc::keys::StdGroup;
[INFO] [stdout]   |     ^^^^^^^^^^^^^^^^^^^^^ no `StdGroup` in `keys`
[INFO] [stdout] 
[INFO] [stdout] error[E0412]: cannot find type `File` in this scope
[INFO] [stdout]  --> src/group/../../doc/group.md:1351:53
[INFO] [stdout]   |
[INFO] [stdout] 7 | async fn example(group: &StdGroup, jwt: &str, file: File)
[INFO] [stdout]   |                                                     ^^^^ not found in this scope
[INFO] [stdout]   |
[INFO] [stdout] help: consider importing this struct
[INFO] [stdout]   |
[INFO] [stdout] 2 + use std::fs::File;
[INFO] [stdout]   |
[INFO] [stdout] 
[INFO] [stdout] error[E0425]: cannot find value `verify_key` in this scope
[INFO] [stdout]  --> src/group/../../doc/group.md:1353:62
[INFO] [stdout]   |
[INFO] [stdout] 9 |     let output = group.download_file(jwt, file, "file_id", Some(verify_key), None).await.unwrap();
[INFO] [stdout]   |                                                                 ^^^^^^^^^^ not found in this scope
[INFO] [stdout] 
[INFO] [stdout] error: aborting due to 3 previous errors
[INFO] [stdout] 
[INFO] [stdout] Some errors have detailed explanations: E0412, E0425, E0432.
[INFO] [stdout] For more information about an error, try `rustc --explain E0412`.
[INFO] [stdout] Couldn't compile the test.
[INFO] [stdout] ---- src/group/../../doc/group.md - group (line 152) stdout ----
[INFO] [stdout] error[E0432]: unresolved import `sentc::keys::StdGroup`
[INFO] [stdout]  --> src/group/../../doc/group.md:154:5
[INFO] [stdout]   |
[INFO] [stdout] 5 | use sentc::keys::StdGroup;
[INFO] [stdout]   |     ^^^^^^^^^^^^^^^^^^^^^ no `StdGroup` in `keys`
[INFO] [stdout] 
[INFO] [stdout] error: aborting due to 1 previous error
[INFO] [stdout] 
[INFO] [stdout] For more information about this error, try `rustc --explain E0432`.
[INFO] [stdout] Couldn't compile the test.
[INFO] [stdout] ---- src/group/../../doc/group.md - group (line 1358) stdout ----
[INFO] [stdout] error[E0432]: unresolved import `sentc::keys::StdGroup`
[INFO] [stdout]  --> src/group/../../doc/group.md:1360:5
[INFO] [stdout]   |
[INFO] [stdout] 5 | use sentc::keys::StdGroup;
[INFO] [stdout]   |     ^^^^^^^^^^^^^^^^^^^^^ no `StdGroup` in `keys`
[INFO] [stdout] 
[INFO] [stdout] error[E0412]: cannot find type `File` in this scope
[INFO] [stdout]  --> src/group/../../doc/group.md:1362:53
[INFO] [stdout]   |
[INFO] [stdout] 7 | async fn example(group: &StdGroup, jwt: &str, file: File)
[INFO] [stdout]   |                                                     ^^^^ not found in this scope
[INFO] [stdout]   |
[INFO] [stdout] help: consider importing this struct
[INFO] [stdout]   |
[INFO] [stdout] 2 + use std::fs::File;
[INFO] [stdout]   |
[INFO] [stdout] 
[INFO] [stdout] error: aborting due to 2 previous errors
[INFO] [stdout] 
[INFO] [stdout] Some errors have detailed explanations: E0412, E0432.
[INFO] [stdout] For more information about an error, try `rustc --explain E0412`.
[INFO] [stdout] Couldn't compile the test.
[INFO] [stdout] ---- src/group/../../doc/group.md - group (line 134) stdout ----
[INFO] [stdout] error[E0432]: unresolved import `sentc::keys::StdUser`
[INFO] [stdout]  --> src/group/../../doc/group.md:136:5
[INFO] [stdout]   |
[INFO] [stdout] 5 | use sentc::keys::StdUser;
[INFO] [stdout]   |     ^^^^^^^^^^^^^^^^^^^^ no `StdUser` in `keys`
[INFO] [stdout] 
[INFO] [stdout] error: aborting due to 1 previous error
[INFO] [stdout] 
[INFO] [stdout] For more information about this error, try `rustc --explain E0432`.
[INFO] [stdout] Couldn't compile the test.
[INFO] [stdout] ---- src/group/../../doc/group.md - group (line 21) stdout ----
[INFO] [stdout] error[E0432]: unresolved import `sentc::keys::StdUser`
[INFO] [stdout]  --> src/group/../../doc/group.md:23:5
[INFO] [stdout]   |
[INFO] [stdout] 5 | use sentc::keys::StdUser;
[INFO] [stdout]   |     ^^^^^^^^^^^^^^^^^^^^ no `StdUser` in `keys`
[INFO] [stdout] 
[INFO] [stdout] error: aborting due to 1 previous error
[INFO] [stdout] 
[INFO] [stdout] For more information about this error, try `rustc --explain E0432`.
[INFO] [stdout] Couldn't compile the test.
[INFO] [stdout] ---- src/group/../../doc/group.md - group (line 198) stdout ----
[INFO] [stdout] error[E0432]: unresolved import `sentc::keys::StdGroup`
[INFO] [stdout]  --> src/group/../../doc/group.md:200:5
[INFO] [stdout]   |
[INFO] [stdout] 5 | use sentc::keys::StdGroup;
[INFO] [stdout]   |     ^^^^^^^^^^^^^^^^^^^^^ no `StdGroup` in `keys`
[INFO] [stdout] 
[INFO] [stdout] error[E0425]: cannot find value `rank` in this scope
[INFO] [stdout]  --> src/group/../../doc/group.md:204:49
[INFO] [stdout]   |
[INFO] [stdout] 9 |     group.prepare_update_rank("user_id_to_update", rank).unwrap();
[INFO] [stdout]   |                                                    ^^^^ not found in this scope
[INFO] [stderr] error: doctest failed, to rerun pass `--doc`
[INFO] [stdout] 
[INFO] [stdout] error: aborting due to 2 previous errors
[INFO] [stdout] 
[INFO] [stdout] Some errors have detailed explanations: E0425, E0432.
[INFO] [stdout] For more information about an error, try `rustc --explain E0425`.
[INFO] [stdout] Couldn't compile the test.
[INFO] [stdout] ---- src/group/../../doc/group.md - group (line 222) stdout ----
[INFO] [stdout] error[E0432]: unresolved import `sentc::keys::StdGroup`
[INFO] [stdout]  --> src/group/../../doc/group.md:224:5
[INFO] [stdout]   |
[INFO] [stdout] 5 | use sentc::keys::StdGroup;
[INFO] [stdout]   |     ^^^^^^^^^^^^^^^^^^^^^ no `StdGroup` in `keys`
[INFO] [stdout] 
[INFO] [stdout] error[E0425]: cannot find value `user_public_key` in this scope
[INFO] [stdout]  --> src/group/../../doc/group.md:228:51
[INFO] [stdout]   |
[INFO] [stdout] 9 |     group.invite(jwt_from_user, "user_id_to_invite", user_public_key, None).await.unwrap();
[INFO] [stdout]   |                                                      ^^^^^^^^^^^^^^^ not found in this scope
[INFO] [stdout] 
[INFO] [stdout] error[E0425]: cannot find value `user_public_key` in this scope
[INFO] [stdout]   --> src/group/../../doc/group.md:231:51
[INFO] [stdout]    |
[INFO] [stdout] 12 |     group.invite(jwt_from_user, "user_id_to_invite", user_public_key, Some(1)).await.unwrap();
[INFO] [stdout]    |                                                      ^^^^^^^^^^^^^^^ not found in this scope
[INFO] [stdout] 
[INFO] [stdout] error: aborting due to 3 previous errors
[INFO] [stdout] 
[INFO] [stdout] Some errors have detailed explanations: E0425, E0432.
[INFO] [stdout] For more information about an error, try `rustc --explain E0425`.
[INFO] [stdout] Couldn't compile the test.
[INFO] [stdout] ---- src/group/../../doc/group.md - group (line 278) stdout ----
[INFO] [stdout] error[E0432]: unresolved import `sentc::keys::StdUser`
[INFO] [stdout]  --> src/group/../../doc/group.md:280:5
[INFO] [stdout]   |
[INFO] [stdout] 5 | use sentc::keys::StdUser;
[INFO] [stdout]   |     ^^^^^^^^^^^^^^^^^^^^ no `StdUser` in `keys`
[INFO] [stdout] 
[INFO] [stdout] error: aborting due to 1 previous error
[INFO] [stdout] 
[INFO] [stdout] For more information about this error, try `rustc --explain E0432`.
[INFO] [stdout] Couldn't compile the test.
[INFO] [stdout] ---- src/group/../../doc/group.md - group (line 236) stdout ----
[INFO] [stdout] error[E0432]: unresolved import `sentc::keys::StdUser`
[INFO] [stdout]  --> src/group/../../doc/group.md:238:5
[INFO] [stdout]   |
[INFO] [stdout] 5 | use sentc::keys::StdUser;
[INFO] [stdout]   |     ^^^^^^^^^^^^^^^^^^^^ no `StdUser` in `keys`
[INFO] [stdout] 
[INFO] [stdout] error: aborting due to 1 previous error
[INFO] [stdout] 
[INFO] [stdout] For more information about this error, try `rustc --explain E0432`.
[INFO] [stdout] Couldn't compile the test.
[INFO] [stdout] ---- src/group/../../doc/group.md - group (line 289) stdout ----
[INFO] [stdout] error[E0432]: unresolved import `sentc::keys::StdGroup`
[INFO] [stdout]  --> src/group/../../doc/group.md:291:5
[INFO] [stdout]   |
[INFO] [stdout] 5 | use sentc::keys::StdGroup;
[INFO] [stdout]   |     ^^^^^^^^^^^^^^^^^^^^^ no `StdGroup` in `keys`
[INFO] [stdout] 
[INFO] [stdout] error: aborting due to 1 previous error
[INFO] [stdout] 
[INFO] [stdout] For more information about this error, try `rustc --explain E0432`.
[INFO] [stdout] Couldn't compile the test.
[INFO] [stdout] ---- src/group/../../doc/group.md - group (line 1324) stdout ----
[INFO] [stdout] error[E0432]: unresolved import `sentc::keys::StdGroup`
[INFO] [stdout]  --> src/group/../../doc/group.md:1326:5
[INFO] [stdout]   |
[INFO] [stdout] 5 | use sentc::keys::StdGroup;
[INFO] [stdout]   |     ^^^^^^^^^^^^^^^^^^^^^ no `StdGroup` in `keys`
[INFO] [stdout] 
[INFO] [stdout] error[E0412]: cannot find type `File` in this scope
[INFO] [stdout]  --> src/group/../../doc/group.md:1328:53
[INFO] [stdout]   |
[INFO] [stdout] 7 | async fn example(group: &StdGroup, jwt: &str, file: File)
[INFO] [stdout]   |                                                     ^^^^ not found in this scope
[INFO] [stdout]   |
[INFO] [stdout] help: consider importing this struct
[INFO] [stdout]   |
[INFO] [stdout] 2 + use std::fs::File;
[INFO] [stdout]   |
[INFO] [stdout] 
[INFO] [stdout] error: aborting due to 2 previous errors
[INFO] [stdout] 
[INFO] [stdout] Some errors have detailed explanations: E0412, E0432.
[INFO] [stdout] For more information about an error, try `rustc --explain E0412`.
[INFO] [stdout] Couldn't compile the test.
[INFO] [stdout] ---- src/group/../../doc/group.md - group (line 252) stdout ----
[INFO] [stdout] error[E0432]: unresolved import `sentc::keys::StdUser`
[INFO] [stdout]  --> src/group/../../doc/group.md:254:5
[INFO] [stdout]   |
[INFO] [stdout] 5 | use sentc::keys::StdUser;
[INFO] [stdout]   |     ^^^^^^^^^^^^^^^^^^^^ no `StdUser` in `keys`
[INFO] [stdout] 
[INFO] [stdout] error: aborting due to 1 previous error
[INFO] [stdout] 
[INFO] [stdout] For more information about this error, try `rustc --explain E0432`.
[INFO] [stdout] Couldn't compile the test.
[INFO] [stdout] ---- src/group/../../doc/group.md - group (line 263) stdout ----
[INFO] [stdout] error[E0432]: unresolved import `sentc::keys::StdUser`
[INFO] [stdout]  --> src/group/../../doc/group.md:265:5
[INFO] [stdout]   |
[INFO] [stdout] 5 | use sentc::keys::StdUser;
[INFO] [stdout]   |     ^^^^^^^^^^^^^^^^^^^^ no `StdUser` in `keys`
[INFO] [stdout] 
[INFO] [stdout] error: aborting due to 1 previous error
[INFO] [stdout] 
[INFO] [stdout] For more information about this error, try `rustc --explain E0432`.
[INFO] [stdout] Couldn't compile the test.
[INFO] [stdout] ---- src/group/../../doc/group.md - group (line 346) stdout ----
[INFO] [stdout] error[E0432]: unresolved import `sentc::keys::StdUser`
[INFO] [stdout]  --> src/group/../../doc/group.md:348:5
[INFO] [stdout]   |
[INFO] [stdout] 5 | use sentc::keys::StdUser;
[INFO] [stdout]   |     ^^^^^^^^^^^^^^^^^^^^ no `StdUser` in `keys`
[INFO] [stdout] 
[INFO] [stdout] error: aborting due to 1 previous error
[INFO] [stdout] 
[INFO] [stdout] For more information about this error, try `rustc --explain E0432`.
[INFO] [stdout] Couldn't compile the test.
[INFO] [stdout] ---- src/group/../../doc/group.md - group (line 319) stdout ----
[INFO] [stdout] error[E0432]: unresolved import `sentc::keys::StdGroup`
[INFO] [stdout]  --> src/group/../../doc/group.md:321:5
[INFO] [stdout]   |
[INFO] [stdout] 5 | use sentc::keys::StdGroup;
[INFO] [stdout]   |     ^^^^^^^^^^^^^^^^^^^^^ no `StdGroup` in `keys`
[INFO] [stdout] 
[INFO] [stdout] error: aborting due to 1 previous error
[INFO] [stdout] 
[INFO] [stdout] For more information about this error, try `rustc --explain E0432`.
[INFO] [stdout] Couldn't compile the test.
[INFO] [stdout] ---- src/group/../../doc/group.md - group (line 411) stdout ----
[INFO] [stdout] error[E0432]: unresolved import `sentc::keys::StdGroup`
[INFO] [stdout]  --> src/group/../../doc/group.md:413:5
[INFO] [stdout]   |
[INFO] [stdout] 5 | use sentc::keys::StdGroup;
[INFO] [stdout]   |     ^^^^^^^^^^^^^^^^^^^^^ no `StdGroup` in `keys`
[INFO] [stdout] 
[INFO] [stdout] error: aborting due to 1 previous error
[INFO] [stdout] 
[INFO] [stdout] For more information about this error, try `rustc --explain E0432`.
[INFO] [stdout] Couldn't compile the test.
[INFO] [stdout] ---- src/group/../../doc/group.md - group (line 330) stdout ----
[INFO] [stdout] error[E0432]: unresolved import `sentc::keys::StdUser`
[INFO] [stdout]  --> src/group/../../doc/group.md:332:5
[INFO] [stdout]   |
[INFO] [stdout] 5 | use sentc::keys::StdUser;
[INFO] [stdout]   |     ^^^^^^^^^^^^^^^^^^^^ no `StdUser` in `keys`
[INFO] [stdout] 
[INFO] [stdout] error: aborting due to 1 previous error
[INFO] [stdout] 
[INFO] [stdout] For more information about this error, try `rustc --explain E0432`.
[INFO] [stdout] Couldn't compile the test.
[INFO] [stdout] ---- src/group/../../doc/group.md - group (line 305) stdout ----
[INFO] [stdout] error[E0432]: unresolved import `sentc::keys::StdGroup`
[INFO] [stdout]  --> src/group/../../doc/group.md:307:5
[INFO] [stdout]   |
[INFO] [stdout] 5 | use sentc::keys::StdGroup;
[INFO] [stdout]   |     ^^^^^^^^^^^^^^^^^^^^^ no `StdGroup` in `keys`
[INFO] [stdout] 
[INFO] [stdout] error[E0425]: cannot find value `user_key` in this scope
[INFO] [stdout]  --> src/group/../../doc/group.md:311:43
[INFO] [stdout]   |
[INFO] [stdout] 9 |     group.accept_join_request(jwt_from_user, user_key, "user_id", None).await.unwrap();
[INFO] [stdout]   |                                              ^^^^^^^^ not found in this scope
[INFO] [stdout] 
[INFO] [stdout] error[E0425]: cannot find value `user_key` in this scope
[INFO] [stdout]   --> src/group/../../doc/group.md:314:43
[INFO] [stdout]    |
[INFO] [stdout] 12 |     group.accept_join_request(jwt_from_user, user_key, "user_id", Some(1)).await.unwrap();
[INFO] [stdout]    |                                              ^^^^^^^^ not found in this scope
[INFO] [stdout] 
[INFO] [stdout] error: aborting due to 3 previous errors
[INFO] [stdout] 
[INFO] [stdout] Some errors have detailed explanations: E0425, E0432.
[INFO] [stdout] For more information about an error, try `rustc --explain E0425`.
[INFO] [stdout] Couldn't compile the test.
[INFO] [stdout] ---- src/group/../../doc/group.md - group (line 441) stdout ----
[INFO] [stdout] error: expected `;`, found `child`
[INFO] [stdout]  --> src/group/../../doc/group.md:442:7
[INFO] [stdout]   |
[INFO] [stdout] 3 | parent
[INFO] [stdout]   |       ^ help: add `;` here
[INFO] [stdout] 4 |     child from parent
[INFO] [stdout]   |     ----- unexpected token
[INFO] [stdout] 
[INFO] [stdout] error: expected one of `!`, `.`, `::`, `;`, `?`, `{`, `}`, or an operator, found `from`
[INFO] [stdout]  --> src/group/../../doc/group.md:443:11
[INFO] [stdout]   |
[INFO] [stdout] 4 |     child from parent
[INFO] [stdout]   |           ^^^^ expected one of 8 possible tokens
[INFO] [stdout] 
[INFO] [stdout] error: aborting due to 2 previous errors
[INFO] [stdout] 
[INFO] [stdout] Couldn't compile the test.
[INFO] [stdout] ---- src/group/../../doc/group.md - group (line 363) stdout ----
[INFO] [stdout] error[E0432]: unresolved import `sentc::keys::StdGroup`
[INFO] [stdout]  --> src/group/../../doc/group.md:365:5
[INFO] [stdout]   |
[INFO] [stdout] 5 | use sentc::keys::StdGroup;
[INFO] [stdout]   |     ^^^^^^^^^^^^^^^^^^^^^ no `StdGroup` in `keys`
[INFO] [stdout] 
[INFO] [stdout] error[E0425]: cannot find value `user_key` in this scope
[INFO] [stdout]  --> src/group/../../doc/group.md:369:46
[INFO] [stdout]   |
[INFO] [stdout] 9 |     group.invite_auto(jwt_from_user, "user_id", user_key, None).await.unwrap()
[INFO] [stdout]   |                                                 ^^^^^^^^ not found in this scope
[INFO] [stdout] 
[INFO] [stdout] error: aborting due to 2 previous errors
[INFO] [stdout] 
[INFO] [stdout] Some errors have detailed explanations: E0425, E0432.
[INFO] [stdout] For more information about an error, try `rustc --explain E0425`.
[INFO] [stdout] Couldn't compile the test.
[INFO] [stdout] ---- src/group/../../doc/group.md - group (line 34) stdout ----
[INFO] [stdout] error[E0432]: unresolved import `sentc::keys::StdUser`
[INFO] [stdout]  --> src/group/../../doc/group.md:36:5
[INFO] [stdout]   |
[INFO] [stdout] 5 | use sentc::keys::StdUser;
[INFO] [stdout]   |     ^^^^^^^^^^^^^^^^^^^^ no `StdUser` in `keys`
[INFO] [stdout] 
[INFO] [stdout] error: aborting due to 1 previous error
[INFO] [stdout] 
[INFO] [stdout] For more information about this error, try `rustc --explain E0432`.
[INFO] [stdout] Couldn't compile the test.
[INFO] [stdout] ---- src/group/../../doc/group.md - group (line 379) stdout ----
[INFO] [stdout] error[E0432]: unresolved import `sentc::keys::StdGroup`
[INFO] [stdout]  --> src/group/../../doc/group.md:381:5
[INFO] [stdout]   |
[INFO] [stdout] 5 | use sentc::keys::StdGroup;
[INFO] [stdout]   |     ^^^^^^^^^^^^^^^^^^^^^ no `StdGroup` in `keys`
[INFO] [stdout] 
[INFO] [stdout] error: aborting due to 1 previous error
[INFO] [stdout] 
[INFO] [stdout] For more information about this error, try `rustc --explain E0432`.
[INFO] [stdout] Couldn't compile the test.
[INFO] [stdout] ---- src/group/../../doc/group.md - group (line 506) stdout ----
[INFO] [stdout] error[E0432]: unresolved import `sentc::keys::StdGroup`
[INFO] [stdout]  --> src/group/../../doc/group.md:508:5
[INFO] [stdout]   |
[INFO] [stdout] 5 | use sentc::keys::StdGroup;
[INFO] [stdout]   |     ^^^^^^^^^^^^^^^^^^^^^ no `StdGroup` in `keys`
[INFO] [stdout] 
[INFO] [stdout] error[E0425]: cannot find value `user` in this scope
[INFO] [stdout]  --> src/group/../../doc/group.md:512:89
[INFO] [stdout]   |
[INFO] [stdout] 9 |     let (input, used_key_id) = group.prepare_create_child_group(jwt_from_user, true, Some(&user)).unwrap();
[INFO] [stdout]   |                                                                                            ^^^^ not found in this scope
[INFO] [stdout] 
[INFO] [stdout] error: aborting due to 2 previous errors
[INFO] [stdout] 
[INFO] [stdout] Some errors have detailed explanations: E0425, E0432.
[INFO] [stdout] For more information about an error, try `rustc --explain E0425`.
[INFO] [stdout] Couldn't compile the test.
[INFO] [stdout] ---- src/group/../../doc/group.md - group (line 392) stdout ----
[INFO] [stdout] error[E0432]: unresolved import `sentc::keys::StdGroup`
[INFO] [stdout]  --> src/group/../../doc/group.md:394:5
[INFO] [stdout]   |
[INFO] [stdout] 5 | use sentc::keys::StdGroup;
[INFO] [stdout]   |     ^^^^^^^^^^^^^^^^^^^^^ no `StdGroup` in `keys`
[INFO] [stdout] 
[INFO] [stdout] error: aborting due to 1 previous error
[INFO] [stdout] 
[INFO] [stdout] For more information about this error, try `rustc --explain E0432`.
[INFO] [stdout] Couldn't compile the test.
[INFO] [stdout] ---- src/group/../../doc/group.md - group (line 465) stdout ----
[INFO] [stdout] error[E0432]: unresolved import `sentc::keys::StdGroup`
[INFO] [stdout]  --> src/group/../../doc/group.md:467:5
[INFO] [stdout]   |
[INFO] [stdout] 5 | use sentc::keys::StdGroup;
[INFO] [stdout]   |     ^^^^^^^^^^^^^^^^^^^^^ no `StdGroup` in `keys`
[INFO] [stdout] 
[INFO] [stdout] error: aborting due to 1 previous error
[INFO] [stdout] 
[INFO] [stdout] For more information about this error, try `rustc --explain E0432`.
[INFO] [stdout] Couldn't compile the test.
[INFO] [stdout] ---- src/group/../../doc/group.md - group (line 451) stdout ----
[INFO] [stdout] error[E0432]: unresolved import `sentc::keys::StdGroup`
[INFO] [stdout]  --> src/group/../../doc/group.md:453:5
[INFO] [stdout]   |
[INFO] [stdout] 5 | use sentc::keys::StdGroup;
[INFO] [stdout]   |     ^^^^^^^^^^^^^^^^^^^^^ no `StdGroup` in `keys`
[INFO] [stdout] 
[INFO] [stdout] error: aborting due to 1 previous error
[INFO] [stdout] 
[INFO] [stdout] For more information about this error, try `rustc --explain E0432`.
[INFO] [stdout] Couldn't compile the test.
[INFO] [stdout] ---- src/group/../../doc/group.md - group (line 424) stdout ----
[INFO] [stdout] error[E0432]: unresolved import `sentc::keys::StdGroup`
[INFO] [stdout]  --> src/group/../../doc/group.md:426:5
[INFO] [stdout]   |
[INFO] [stdout] 5 | use sentc::keys::StdGroup;
[INFO] [stdout]   |     ^^^^^^^^^^^^^^^^^^^^^ no `StdGroup` in `keys`
[INFO] [stdout] 
[INFO] [stdout] error: aborting due to 1 previous error
[INFO] [stdout] 
[INFO] [stdout] For more information about this error, try `rustc --explain E0432`.
[INFO] [stdout] Couldn't compile the test.
[INFO] [stdout] ---- src/group/../../doc/group.md - group (line 478) stdout ----
[INFO] [stdout] error[E0432]: unresolved import `sentc::keys::StdGroup`
[INFO] [stdout]  --> src/group/../../doc/group.md:480:5
[INFO] [stdout]   |
[INFO] [stdout] 5 | use sentc::keys::StdGroup;
[INFO] [stdout]   |     ^^^^^^^^^^^^^^^^^^^^^ no `StdGroup` in `keys`
[INFO] [stdout] 
[INFO] [stdout] error: aborting due to 1 previous error
[INFO] [stdout] 
[INFO] [stdout] For more information about this error, try `rustc --explain E0432`.
[INFO] [stdout] Couldn't compile the test.
[INFO] [stdout] ---- src/group/../../doc/group.md - group (line 48) stdout ----
[INFO] [stdout] error[E0432]: unresolved import `sentc::keys::StdUser`
[INFO] [stdout]  --> src/group/../../doc/group.md:50:5
[INFO] [stdout]   |
[INFO] [stdout] 5 | use sentc::keys::StdUser;
[INFO] [stdout]   |     ^^^^^^^^^^^^^^^^^^^^ no `StdUser` in `keys`
[INFO] [stdout] 
[INFO] [stdout] error: aborting due to 1 previous error
[INFO] [stdout] 
[INFO] [stdout] For more information about this error, try `rustc --explain E0432`.
[INFO] [stdout] Couldn't compile the test.
[INFO] [stdout] ---- src/group/../../doc/group.md - group (line 525) stdout ----
[INFO] [stdout] error[E0432]: unresolved import `sentc::keys::StdGroup`
[INFO] [stdout]  --> src/group/../../doc/group.md:527:5
[INFO] [stdout]   |
[INFO] [stdout] 5 | use sentc::keys::StdGroup;
[INFO] [stdout]   |     ^^^^^^^^^^^^^^^^^^^^^ no `StdGroup` in `keys`
[INFO] [stdout] 
[INFO] [stdout] error: aborting due to 1 previous error
[INFO] [stdout] 
[INFO] [stdout] For more information about this error, try `rustc --explain E0432`.
[INFO] [stdout] Couldn't compile the test.
[INFO] [stdout] ---- src/group/../../doc/group.md - group (line 536) stdout ----
[INFO] [stdout] error[E0432]: unresolved import `sentc::keys::StdGroup`
[INFO] [stdout]  --> src/group/../../doc/group.md:538:5
[INFO] [stdout]   |
[INFO] [stdout] 5 | use sentc::keys::StdGroup;
[INFO] [stdout]   |     ^^^^^^^^^^^^^^^^^^^^^ no `StdGroup` in `keys`
[INFO] [stdout] 
[INFO] [stdout] error[E0432]: unresolved import `sentc::group::net`
[INFO] [stdout]   --> src/group/../../doc/group.md:539:19
[INFO] [stdout]    |
[INFO] [stdout] 6  | use sentc::group::net::GroupFetchResult;
[INFO] [stdout]    |                   ^^^ could not find `net` in `group`
[INFO] [stdout]    |
[INFO] [stdout] note: found an item that was configured out
[INFO] [stdout]   --> /opt/rustwide/workdir/src/group/mod.rs:12:9
[INFO] [stdout]    |
[INFO] [stdout] 12 | pub mod net;
[INFO] [stdout]    |         ^^^
[INFO] [stdout] note: the item is gated behind the `network` feature
[INFO] [stdout]   --> /opt/rustwide/workdir/src/group/mod.rs:11:7
[INFO] [stdout]    |
[INFO] [stdout] 11 | #[cfg(feature = "network")]
[INFO] [stdout]    |       ^^^^^^^^^^^^^^^^^^^
[INFO] [stdout] 
[INFO] [stdout] error: aborting due to 2 previous errors
[INFO] [stdout] 
[INFO] [stdout] For more information about this error, try `rustc --explain E0432`.
[INFO] [stdout] Couldn't compile the test.
[INFO] [stdout] ---- src/group/../../doc/group.md - group (line 570) stdout ----
[INFO] [stdout] error[E0432]: unresolved import `sentc::keys::StdGroup`
[INFO] [stdout]  --> src/group/../../doc/group.md:572:5
[INFO] [stdout]   |
[INFO] [stdout] 5 | use sentc::keys::StdGroup;
[INFO] [stdout]   |     ^^^^^^^^^^^^^^^^^^^^^ no `StdGroup` in `keys`
[INFO] [stdout] 
[INFO] [stdout] error: aborting due to 1 previous error
[INFO] [stdout] 
[INFO] [stdout] For more information about this error, try `rustc --explain E0432`.
[INFO] [stdout] Couldn't compile the test.
[INFO] [stdout] ---- src/group/../../doc/group.md - group (line 495) stdout ----
[INFO] [stdout] error[E0432]: unresolved import `sentc::keys::StdGroup`
[INFO] [stdout]  --> src/group/../../doc/group.md:497:5
[INFO] [stdout]   |
[INFO] [stdout] 5 | use sentc::keys::StdGroup;
[INFO] [stdout]   |     ^^^^^^^^^^^^^^^^^^^^^ no `StdGroup` in `keys`
[INFO] [stdout] 
[INFO] [stdout] error[E0425]: cannot find value `user` in this scope
[INFO] [stdout]  --> src/group/../../doc/group.md:501:73
[INFO] [stdout]   |
[INFO] [stdout] 9 |     let group_id = group.create_child_group_with_sign(jwt_from_user, Some(&user)).await.unwrap();
[INFO] [stdout]   |                                                                            ^^^^ not found in this scope
[INFO] [stdout] 
[INFO] [stdout] error: aborting due to 2 previous errors
[INFO] [stdout] 
[INFO] [stdout] Some errors have detailed explanations: E0425, E0432.
[INFO] [stdout] For more information about an error, try `rustc --explain E0425`.
[INFO] [stdout] Couldn't compile the test.
[INFO] [stdout] ---- src/group/../../doc/group.md - group (line 556) stdout ----
[INFO] [stdout] error[E0432]: unresolved import `sentc::keys::StdGroup`
[INFO] [stdout]  --> src/group/../../doc/group.md:558:5
[INFO] [stdout]   |
[INFO] [stdout] 5 | use sentc::keys::StdGroup;
[INFO] [stdout]   |     ^^^^^^^^^^^^^^^^^^^^^ no `StdGroup` in `keys`
[INFO] [stdout] 
[INFO] [stdout] error: aborting due to 1 previous error
[INFO] [stdout] 
[INFO] [stdout] For more information about this error, try `rustc --explain E0432`.
[INFO] [stdout] Couldn't compile the test.
[INFO] [stdout] ---- src/group/../../doc/group.md - group (line 57) stdout ----
[INFO] [stdout] error[E0432]: unresolved import `sentc::keys::StdUser`
[INFO] [stdout]  --> src/group/../../doc/group.md:59:5
[INFO] [stdout]   |
[INFO] [stdout] 5 | use sentc::keys::StdUser;
[INFO] [stdout]   |     ^^^^^^^^^^^^^^^^^^^^ no `StdUser` in `keys`
[INFO] [stdout] 
[INFO] [stdout] error: aborting due to 1 previous error
[INFO] [stdout] 
[INFO] [stdout] For more information about this error, try `rustc --explain E0432`.
[INFO] [stdout] Couldn't compile the test.
[INFO] [stdout] ---- src/group/../../doc/group.md - group (line 596) stdout ----
[INFO] [stdout] error[E0432]: unresolved import `sentc::keys::StdGroup`
[INFO] [stdout]  --> src/group/../../doc/group.md:598:5
[INFO] [stdout]   |
[INFO] [stdout] 5 | use sentc::keys::StdGroup;
[INFO] [stdout]   |     ^^^^^^^^^^^^^^^^^^^^^ no `StdGroup` in `keys`
[INFO] [stdout] 
[INFO] [stdout] error: aborting due to 1 previous error
[INFO] [stdout] 
[INFO] [stdout] For more information about this error, try `rustc --explain E0432`.
[INFO] [stdout] Couldn't compile the test.
[INFO] [stdout] ---- src/group/../../doc/group.md - group (line 609) stdout ----
[INFO] [stdout] error[E0432]: unresolved import `sentc::keys::StdGroup`
[INFO] [stdout]  --> src/group/../../doc/group.md:611:5
[INFO] [stdout]   |
[INFO] [stdout] 5 | use sentc::keys::StdGroup;
[INFO] [stdout]   |     ^^^^^^^^^^^^^^^^^^^^^ no `StdGroup` in `keys`
[INFO] [stdout] 
[INFO] [stdout] error[E0425]: cannot find value `user` in this scope
[INFO] [stdout]  --> src/group/../../doc/group.md:615:77
[INFO] [stdout]   |
[INFO] [stdout] 9 |     let group_id = group.create_connected_group_with_sign(jwt_from_user, Some(&user)).await.unwrap();
[INFO] [stdout]   |                                                                                ^^^^ not found in this scope
[INFO] [stdout] 
[INFO] [stdout] error: aborting due to 2 previous errors
[INFO] [stdout] 
[INFO] [stdout] Some errors have detailed explanations: E0425, E0432.
[INFO] [stdout] For more information about an error, try `rustc --explain E0425`.
[INFO] [stdout] Couldn't compile the test.
[INFO] [stdout] ---- src/group/../../doc/group.md - group (line 581) stdout ----
[INFO] [stdout] error[E0432]: unresolved import `sentc::keys::StdGroup`
[INFO] [stdout]  --> src/group/../../doc/group.md:583:5
[INFO] [stdout]   |
[INFO] [stdout] 5 | use sentc::keys::StdGroup;
[INFO] [stdout]   |     ^^^^^^^^^^^^^^^^^^^^^ no `StdGroup` in `keys`
[INFO] [stdout] 
[INFO] [stdout] error: aborting due to 1 previous error
[INFO] [stdout] 
[INFO] [stdout] For more information about this error, try `rustc --explain E0432`.
[INFO] [stdout] Couldn't compile the test.
[INFO] [stdout] ---- src/group/../../doc/group.md - group (line 704) stdout ----
[INFO] [stdout] error[E0432]: unresolved imports `sentc::keys::StdGroup`, `sentc::keys::StdUser`
[INFO] [stdout]  --> src/group/../../doc/group.md:706:19
[INFO] [stdout]   |
[INFO] [stdout] 5 | use sentc::keys::{StdGroup, StdUser};
[INFO] [stdout]   |                   ^^^^^^^^  ^^^^^^^ no `StdUser` in `keys`
[INFO] [stdout]   |                   |
[INFO] [stdout]   |                   no `StdGroup` in `keys`
[INFO] [stdout] 
[INFO] [stdout] error[E0432]: unresolved import `sentc::group::net`
[INFO] [stdout]   --> src/group/../../doc/group.md:707:19
[INFO] [stdout]    |
[INFO] [stdout] 6  | use sentc::group::net::{GroupFinishKeyRotation, GroupKeyFetchResult};
[INFO] [stdout]    |                   ^^^ could not find `net` in `group`
[INFO] [stdout]    |
[INFO] [stdout] note: found an item that was configured out
[INFO] [stdout]   --> /opt/rustwide/workdir/src/group/mod.rs:12:9
[INFO] [stdout]    |
[INFO] [stdout] 12 | pub mod net;
[INFO] [stdout]    |         ^^^
[INFO] [stdout] note: the item is gated behind the `network` feature
[INFO] [stdout]   --> /opt/rustwide/workdir/src/group/mod.rs:11:7
[INFO] [stdout]    |
[INFO] [stdout] 11 | #[cfg(feature = "network")]
[INFO] [stdout]    |       ^^^^^^^^^^^^^^^^^^^
[INFO] [stdout] 
[INFO] [stdout] error: aborting due to 2 previous errors
[INFO] [stdout] 
[INFO] [stdout] For more information about this error, try `rustc --explain E0432`.
[INFO] [stdout] Couldn't compile the test.
[INFO] [stdout] ---- src/group/../../doc/group.md - group (line 671) stdout ----
[INFO] [stdout] error[E0432]: unresolved imports `sentc::keys::StdGroup`, `sentc::keys::StdUser`
[INFO] [stdout]  --> src/group/../../doc/group.md:673:19
[INFO] [stdout]   |
[INFO] [stdout] 5 | use sentc::keys::{StdGroup, StdUser};
[INFO] [stdout]   |                   ^^^^^^^^  ^^^^^^^ no `StdUser` in `keys`
[INFO] [stdout]   |                   |
[INFO] [stdout]   |                   no `StdGroup` in `keys`
[INFO] [stdout] 
[INFO] [stdout] error[E0432]: unresolved import `sentc::group::net`
[INFO] [stdout]   --> src/group/../../doc/group.md:674:19
[INFO] [stdout]    |
[INFO] [stdout] 6  | use sentc::group::net::GroupKeyFetchResult;
[INFO] [stdout]    |                   ^^^ could not find `net` in `group`
[INFO] [stdout]    |
[INFO] [stdout] note: found an item that was configured out
[INFO] [stdout]   --> /opt/rustwide/workdir/src/group/mod.rs:12:9
[INFO] [stdout]    |
[INFO] [stdout] 12 | pub mod net;
[INFO] [stdout]    |         ^^^
[INFO] [stdout] note: the item is gated behind the `network` feature
[INFO] [stdout]   --> /opt/rustwide/workdir/src/group/mod.rs:11:7
[INFO] [stdout]    |
[INFO] [stdout] 11 | #[cfg(feature = "network")]
[INFO] [stdout]    |       ^^^^^^^^^^^^^^^^^^^
[INFO] [stdout] 
[INFO] [stdout] error: aborting due to 2 previous errors
[INFO] [stdout] 
[INFO] [stdout] For more information about this error, try `rustc --explain E0432`.
[INFO] [stdout] Couldn't compile the test.
[INFO] [stdout] ---- src/group/../../doc/group.md - group (line 889) stdout ----
[INFO] [stdout] error[E0432]: unresolved import `sentc::keys::StdGroup`
[INFO] [stdout]  --> src/group/../../doc/group.md:891:5
[INFO] [stdout]   |
[INFO] [stdout] 5 | use sentc::keys::StdGroup;
[INFO] [stdout]   |     ^^^^^^^^^^^^^^^^^^^^^ no `StdGroup` in `keys`
[INFO] [stdout] 
[INFO] [stdout] error: aborting due to 1 previous error
[INFO] [stdout] 
[INFO] [stdout] For more information about this error, try `rustc --explain E0432`.
[INFO] [stdout] Couldn't compile the test.
[INFO] [stdout] ---- src/group/../../doc/group.md - group (line 803) stdout ----
[INFO] [stdout] error[E0432]: unresolved imports `sentc::keys::StdGroup`, `sentc::keys::StdUser`
[INFO] [stdout]  --> src/group/../../doc/group.md:805:19
[INFO] [stdout]   |
[INFO] [stdout] 5 | use sentc::keys::{StdGroup, StdUser};
[INFO] [stdout]   |                   ^^^^^^^^  ^^^^^^^ no `StdUser` in `keys`
[INFO] [stdout]   |                   |
[INFO] [stdout]   |                   no `StdGroup` in `keys`
[INFO] [stdout] 
[INFO] [stdout] error: aborting due to 1 previous error
[INFO] [stdout] 
[INFO] [stdout] For more information about this error, try `rustc --explain E0432`.
[INFO] [stdout] Couldn't compile the test.
[INFO] [stdout] ---- src/group/../../doc/group.md - group (line 837) stdout ----
[INFO] [stdout] error[E0432]: unresolved import `sentc::net_helper`
[INFO] [stdout]   --> src/group/../../doc/group.md:839:12
[INFO] [stdout]    |
[INFO] [stdout] 5  | use sentc::net_helper::get_group_public_key;
[INFO] [stdout]    |            ^^^^^^^^^^ could not find `net_helper` in `sentc`
[INFO] [stdout]    |
[INFO] [stdout] note: found an item that was configured out
[INFO] [stdout]   --> /opt/rustwide/workdir/src/lib.rs:23:9
[INFO] [stdout]    |
[INFO] [stdout] 23 | pub mod net_helper;
[INFO] [stdout]    |         ^^^^^^^^^^
[INFO] [stdout] note: the item is gated behind the `network` feature
[INFO] [stdout]   --> /opt/rustwide/workdir/src/lib.rs:22:7
[INFO] [stdout]    |
[INFO] [stdout] 22 | #[cfg(feature = "network")]
[INFO] [stdout]    |       ^^^^^^^^^^^^^^^^^^^
[INFO] [stdout] 
[INFO] [stdout] error: aborting due to 1 previous error
[INFO] [stdout] 
[INFO] [stdout] For more information about this error, try `rustc --explain E0432`.
[INFO] [stdout] Couldn't compile the test.
[INFO] [stdout] ---- src/group/../../doc/group.md - group (line 918) stdout ----
[INFO] [stdout] error[E0432]: unresolved import `sentc::keys::StdGroup`
[INFO] [stdout]  --> src/group/../../doc/group.md:920:5
[INFO] [stdout]   |
[INFO] [stdout] 5 | use sentc::keys::StdGroup;
[INFO] [stdout]   |     ^^^^^^^^^^^^^^^^^^^^^ no `StdGroup` in `keys`
[INFO] [stdout] 
[INFO] [stdout] error: aborting due to 1 previous error
[INFO] [stdout] 
[INFO] [stdout] For more information about this error, try `rustc --explain E0432`.
[INFO] [stdout] Couldn't compile the test.
[INFO] [stdout] ---- src/group/../../doc/group.md - group (line 79) stdout ----
[INFO] [stdout] error[E0432]: unresolved import `sentc::keys::StdUser`
[INFO] [stdout]  --> src/group/../../doc/group.md:81:5
[INFO] [stdout]   |
[INFO] [stdout] 5 | use sentc::keys::StdUser;
[INFO] [stdout]   |     ^^^^^^^^^^^^^^^^^^^^ no `StdUser` in `keys`
[INFO] [stdout] 
[INFO] [stdout] error[E0432]: unresolved import `sentc::group::net`
[INFO] [stdout]   --> src/group/../../doc/group.md:82:19
[INFO] [stdout]    |
[INFO] [stdout] 6  | use sentc::group::net::GroupFetchResult;
[INFO] [stdout]    |                   ^^^ could not find `net` in `group`
[INFO] [stdout]    |
[INFO] [stdout] note: found an item that was configured out
[INFO] [stdout]   --> /opt/rustwide/workdir/src/group/mod.rs:12:9
[INFO] [stdout]    |
[INFO] [stdout] 12 | pub mod net;
[INFO] [stdout]    |         ^^^
[INFO] [stdout] note: the item is gated behind the `network` feature
[INFO] [stdout]   --> /opt/rustwide/workdir/src/group/mod.rs:11:7
[INFO] [stdout]    |
[INFO] [stdout] 11 | #[cfg(feature = "network")]
[INFO] [stdout]    |       ^^^^^^^^^^^^^^^^^^^
[INFO] [stdout] 
[INFO] [stdout] error: aborting due to 2 previous errors
[INFO] [stdout] 
[INFO] [stdout] For more information about this error, try `rustc --explain E0432`.
[INFO] [stdout] Couldn't compile the test.
[INFO] [stdout] ---- src/group/../../doc/group.md - group (line 743) stdout ----
[INFO] [stdout] error[E0432]: unresolved imports `sentc::keys::StdGroup`, `sentc::keys::StdUser`
[INFO] [stdout]  --> src/group/../../doc/group.md:745:19
[INFO] [stdout]   |
[INFO] [stdout] 5 | use sentc::keys::{StdGroup, StdUser};
[INFO] [stdout]   |                   ^^^^^^^^  ^^^^^^^ no `StdUser` in `keys`
[INFO] [stdout]   |                   |
[INFO] [stdout]   |                   no `StdGroup` in `keys`
[INFO] [stdout] 
[INFO] [stdout] error[E0432]: unresolved import `sentc::group::net`
[INFO] [stdout]   --> src/group/../../doc/group.md:746:19
[INFO] [stdout]    |
[INFO] [stdout] 6  | use sentc::group::net::GroupKeyFetchResult;
[INFO] [stdout]    |                   ^^^ could not find `net` in `group`
[INFO] [stdout]    |
[INFO] [stdout] note: found an item that was configured out
[INFO] [stdout]   --> /opt/rustwide/workdir/src/group/mod.rs:12:9
[INFO] [stdout]    |
[INFO] [stdout] 12 | pub mod net;
[INFO] [stdout]    |         ^^^
[INFO] [stdout] note: the item is gated behind the `network` feature
[INFO] [stdout]   --> /opt/rustwide/workdir/src/group/mod.rs:11:7
[INFO] [stdout]    |
[INFO] [stdout] 11 | #[cfg(feature = "network")]
[INFO] [stdout]    |       ^^^^^^^^^^^^^^^^^^^
[INFO] [stdout] 
[INFO] [stdout] error: aborting due to 2 previous errors
[INFO] [stdout] 
[INFO] [stdout] For more information about this error, try `rustc --explain E0432`.
[INFO] [stdout] Couldn't compile the test.
[INFO] [stdout] ---- src/user/../../doc/user.md - user (line 1001) stdout ----
[INFO] [stdout] error: expected one of `!`, `.`, `::`, `;`, `?`, `{`, `}`, or an operator, found `name`
[INFO] [stdout]  --> src/user/../../doc/user.md:1003:8
[INFO] [stdout]   |
[INFO] [stdout] 5 | Header name: x-sentc-app-token
[INFO] [stdout]   |        ^^^^ expected one of 8 possible tokens
[INFO] [stdout] 
[INFO] [stdout] error: aborting due to 1 previous error
[INFO] [stdout] 
[INFO] [stdout] Couldn't compile the test.
[INFO] [stdout] ---- src/group/../../doc/group.md - group (line 767) stdout ----
[INFO] [stdout] error[E0432]: unresolved imports `sentc::keys::StdGroup`, `sentc::keys::StdUser`
[INFO] [stdout]  --> src/group/../../doc/group.md:769:19
[INFO] [stdout]   |
[INFO] [stdout] 5 | use sentc::keys::{StdGroup, StdUser};
[INFO] [stdout]   |                   ^^^^^^^^  ^^^^^^^ no `StdUser` in `keys`
[INFO] [stdout]   |                   |
[INFO] [stdout]   |                   no `StdGroup` in `keys`
[INFO] [stdout] 
[INFO] [stdout] error[E0432]: unresolved import `sentc::group::net`
[INFO] [stdout]   --> src/group/../../doc/group.md:770:19
[INFO] [stdout]    |
[INFO] [stdout] 6  | use sentc::group::net::{GroupFinishKeyRotation, GroupKeyFetchResult};
[INFO] [stdout]    |                   ^^^ could not find `net` in `group`
[INFO] [stdout]    |
[INFO] [stdout] note: found an item that was configured out
[INFO] [stdout]   --> /opt/rustwide/workdir/src/group/mod.rs:12:9
[INFO] [stdout]    |
[INFO] [stdout] 12 | pub mod net;
[INFO] [stdout]    |         ^^^
[INFO] [stdout] note: the item is gated behind the `network` feature
[INFO] [stdout]   --> /opt/rustwide/workdir/src/group/mod.rs:11:7
[INFO] [stdout]    |
[INFO] [stdout] 11 | #[cfg(feature = "network")]
[INFO] [stdout]    |       ^^^^^^^^^^^^^^^^^^^
[INFO] [stdout] 
[INFO] [stdout] error[E0425]: cannot find value `verify_key_of_the_user` in this scope
[INFO] [stdout]   --> src/group/../../doc/group.md:795:75
[INFO] [stdout]    |
[INFO] [stdout] 31 |         group.done_fetch_group_key_after_rotation(data, Some(user), None, Some(&verify_key_of_the_user)).unwrap();
[INFO] [stdout]    |                                                                                 ^^^^^^^^^^^^^^^^^^^^^^ not found in this scope
[INFO] [stdout] 
[INFO] [stdout] error: aborting due to 3 previous errors
[INFO] [stdout] 
[INFO] [stdout] Some errors have detailed explanations: E0425, E0432.
[INFO] [stdout] For more information about an error, try `rustc --explain E0425`.
[INFO] [stdout] Couldn't compile the test.
[INFO] [stdout] ---- src/group/../../doc/group.md - group (line 824) stdout ----
[INFO] [stdout] error[E0432]: unresolved import `sentc::keys::StdGroup`
[INFO] [stdout]  --> src/group/../../doc/group.md:826:5
[INFO] [stdout]   |
[INFO] [stdout] 5 | use sentc::keys::StdGroup;
[INFO] [stdout]   |     ^^^^^^^^^^^^^^^^^^^^^ no `StdGroup` in `keys`
[INFO] [stdout] 
[INFO] [stdout] error[E0425]: cannot find value `user_public_key` in this scope
[INFO] [stdout]  --> src/group/../../doc/group.md:830:34
[INFO] [stdout]   |
[INFO] [stdout] 9 |     group.re_invite_user("user_id", user_public_key).await.unwrap();
[INFO] [stdout]   |                                     ^^^^^^^^^^^^^^^ not found in this scope
[INFO] [stdout] 
[INFO] [stdout] error: aborting due to 2 previous errors
[INFO] [stdout] 
[INFO] [stdout] Some errors have detailed explanations: E0425, E0432.
[INFO] [stdout] For more information about an error, try `rustc --explain E0425`.
[INFO] [stdout] Couldn't compile the test.
[INFO] [stdout] ---- src/group/../../doc/group.md - group (line 850) stdout ----
[INFO] [stdout] error[E0432]: unresolved import `sentc::keys::StdGroup`
[INFO] [stdout]  --> src/group/../../doc/group.md:852:5
[INFO] [stdout]   |
[INFO] [stdout] 5 | use sentc::keys::StdGroup;
[INFO] [stdout]   |     ^^^^^^^^^^^^^^^^^^^^^ no `StdGroup` in `keys`
[INFO] [stdout] 
[INFO] [stdout] error: aborting due to 1 previous error
[INFO] [stdout] 
[INFO] [stdout] For more information about this error, try `rustc --explain E0432`.
[INFO] [stdout] Couldn't compile the test.
[INFO] [stdout] ---- src/group/../../doc/group.md - group (line 931) stdout ----
[INFO] [stdout] error[E0432]: unresolved import `sentc::keys::StdGroup`
[INFO] [stdout]  --> src/group/../../doc/group.md:933:5
[INFO] [stdout]   |
[INFO] [stdout] 5 | use sentc::keys::StdGroup;
[INFO] [stdout]   |     ^^^^^^^^^^^^^^^^^^^^^ no `StdGroup` in `keys`
[INFO] [stdout] 
[INFO] [stdout] error: aborting due to 1 previous error
[INFO] [stdout] 
[INFO] [stdout] For more information about this error, try `rustc --explain E0432`.
[INFO] [stdout] Couldn't compile the test.
[INFO] [stdout] ---- src/group/../../doc/group.md - group (line 902) stdout ----
[INFO] [stdout] error[E0432]: unresolved import `sentc::keys::StdGroup`
[INFO] [stdout]  --> src/group/../../doc/group.md:904:5
[INFO] [stdout]   |
[INFO] [stdout] 5 | use sentc::keys::StdGroup;
[INFO] [stdout]   |     ^^^^^^^^^^^^^^^^^^^^^ no `StdGroup` in `keys`
[INFO] [stdout] 
[INFO] [stdout] error: aborting due to 1 previous error
[INFO] [stdout] 
[INFO] [stdout] For more information about this error, try `rustc --explain E0432`.
[INFO] [stdout] Couldn't compile the test.
[INFO] [stdout] ---- src/group/../../doc/group.md - group (line 964) stdout ----
[INFO] [stdout] error[E0432]: unresolved import `sentc::keys::StdGroup`
[INFO] [stdout]  --> src/group/../../doc/group.md:966:5
[INFO] [stdout]   |
[INFO] [stdout] 5 | use sentc::keys::StdGroup;
[INFO] [stdout]   |     ^^^^^^^^^^^^^^^^^^^^^ no `StdGroup` in `keys`
[INFO] [stdout] 
[INFO] [stdout] error[E0425]: cannot find value `user_verify_key` in this scope
[INFO] [stdout]  --> src/group/../../doc/group.md:970:55
[INFO] [stdout]   |
[INFO] [stdout] 9 |     let decrypted = group.decrypt_string_sync(data, Some(user_verify_key)).unwrap();
[INFO] [stdout]   |                                                          ^^^^^^^^^^^^^^^ not found in this scope
[INFO] [stdout] 
[INFO] [stdout] error: aborting due to 2 previous errors
[INFO] [stdout] 
[INFO] [stdout] Some errors have detailed explanations: E0425, E0432.
[INFO] [stdout] For more information about an error, try `rustc --explain E0425`.
[INFO] [stdout] Couldn't compile the test.
[INFO] [stdout] ---- src/user/../../doc/user.md - user (line 133) stdout ----
[INFO] [stdout] error[E0432]: unresolved imports `sentc::keys::StdUser`, `sentc::keys::StdPrepareLoginOtpOutput`, `sentc::keys::StdUserLoginReturn`
[INFO] [stdout]  --> src/user/../../doc/user.md:135:19
[INFO] [stdout]   |
[INFO] [stdout] 5 | use sentc::keys::{StdUser, StdPrepareLoginOtpOutput, StdUserLoginReturn};
[INFO] [stdout]   |                   ^^^^^^^  ^^^^^^^^^^^^^^^^^^^^^^^^  ^^^^^^^^^^^^^^^^^^ no `StdUserLoginReturn` in `keys`
[INFO] [stdout]   |                   |        |
[INFO] [stdout]   |                   |        no `StdPrepareLoginOtpOutput` in `keys`
[INFO] [stdout]   |                   no `StdUser` in `keys`
[INFO] [stdout] 
[INFO] [stdout] error: aborting due to 1 previous error
[INFO] [stdout] 
[INFO] [stdout] For more information about this error, try `rustc --explain E0432`.
[INFO] [stdout] Couldn't compile the test.
[INFO] [stdout] ---- src/user/../../doc/user.md - user (line 108) stdout ----
[INFO] [stdout] error[E0432]: unresolved imports `sentc::keys::StdUser`, `sentc::keys::StdUserLoginReturn`
[INFO] [stdout]  --> src/user/../../doc/user.md:110:19
[INFO] [stdout]   |
[INFO] [stdout] 5 | use sentc::keys::{StdUser, StdUserLoginReturn};
[INFO] [stdout]   |                   ^^^^^^^  ^^^^^^^^^^^^^^^^^^ no `StdUserLoginReturn` in `keys`
[INFO] [stdout]   |                   |
[INFO] [stdout]   |                   no `StdUser` in `keys`
[INFO] [stdout] 
[INFO] [stdout] error: aborting due to 1 previous error
[INFO] [stdout] 
[INFO] [stdout] For more information about this error, try `rustc --explain E0432`.
[INFO] [stdout] Couldn't compile the test.
[INFO] [stdout] ---- src/user/../../doc/user.md - user (line 25) stdout ----
[INFO] [stdout] error[E0432]: unresolved import `sentc::keys::StdUser`
[INFO] [stdout]  --> src/user/../../doc/user.md:27:5
[INFO] [stdout]   |
[INFO] [stdout] 5 | use sentc::keys::StdUser;
[INFO] [stdout]   |     ^^^^^^^^^^^^^^^^^^^^ no `StdUser` in `keys`
[INFO] [stdout] 
[INFO] [stdout] error: aborting due to 1 previous error
[INFO] [stdout] 
[INFO] [stdout] For more information about this error, try `rustc --explain E0432`.
[INFO] [stdout] Couldn't compile the test.
[INFO] [stdout] ---- src/group/../../doc/group.md - group (line 951) stdout ----
[INFO] [stdout] error[E0432]: unresolved import `sentc::keys::StdGroup`
[INFO] [stdout]  --> src/group/../../doc/group.md:953:5
[INFO] [stdout]   |
[INFO] [stdout] 5 | use sentc::keys::StdGroup;
[INFO] [stdout]   |     ^^^^^^^^^^^^^^^^^^^^^ no `StdGroup` in `keys`
[INFO] [stdout] 
[INFO] [stdout] error[E0425]: cannot find value `user_sign_key` in this scope
[INFO] [stdout]  --> src/group/../../doc/group.md:957:60
[INFO] [stdout]   |
[INFO] [stdout] 9 |     let encrypted = group.encrypt_string_with_sign_sync(data, user_sign_key).unwrap();
[INFO] [stdout]   |                                                               ^^^^^^^^^^^^^ not found in this scope
[INFO] [stdout] 
[INFO] [stdout] error: aborting due to 2 previous errors
[INFO] [stdout] 
[INFO] [stdout] Some errors have detailed explanations: E0425, E0432.
[INFO] [stdout] For more information about an error, try `rustc --explain E0425`.
[INFO] [stdout] Couldn't compile the test.
[INFO] [stdout] ---- src/user/../../doc/user.md - user (line 165) stdout ----
[INFO] [stdout] error[E0432]: unresolved imports `sentc::keys::StdUser`, `sentc::keys::StdPrepareLoginOtpOutput`, `sentc::keys::StdUserLoginReturn`
[INFO] [stdout]  --> src/user/../../doc/user.md:167:19
[INFO] [stdout]   |
[INFO] [stdout] 5 | use sentc::keys::{StdUser, StdPrepareLoginOtpOutput, StdUserLoginReturn};
[INFO] [stdout]   |                   ^^^^^^^  ^^^^^^^^^^^^^^^^^^^^^^^^  ^^^^^^^^^^^^^^^^^^ no `StdUserLoginReturn` in `keys`
[INFO] [stdout]   |                   |        |
[INFO] [stdout]   |                   |        no `StdPrepareLoginOtpOutput` in `keys`
[INFO] [stdout]   |                   no `StdUser` in `keys`
[INFO] [stdout] 
[INFO] [stdout] error: aborting due to 1 previous error
[INFO] [stdout] 
[INFO] [stdout] For more information about this error, try `rustc --explain E0432`.
[INFO] [stdout] Couldn't compile the test.
[INFO] [stdout] ---- src/user/../../doc/user.md - user (line 261) stdout ----
[INFO] [stdout] error[E0432]: unresolved import `sentc::keys::StdUser`
[INFO] [stdout]  --> src/user/../../doc/user.md:263:5
[INFO] [stdout]   |
[INFO] [stdout] 5 | use sentc::keys::StdUser;
[INFO] [stdout]   |     ^^^^^^^^^^^^^^^^^^^^ no `StdUser` in `keys`
[INFO] [stdout] 
[INFO] [stdout] error: aborting due to 1 previous error
[INFO] [stdout] 
[INFO] [stdout] For more information about this error, try `rustc --explain E0432`.
[INFO] [stdout] Couldn't compile the test.
[INFO] [stdout] ---- src/user/../../doc/user.md - user (line 360) stdout ----
[INFO] [stdout] error[E0432]: unresolved import `sentc::keys::StdUser`
[INFO] [stdout]  --> src/user/../../doc/user.md:362:5
[INFO] [stdout]   |
[INFO] [stdout] 5 | use sentc::keys::StdUser;
[INFO] [stdout]   |     ^^^^^^^^^^^^^^^^^^^^ no `StdUser` in `keys`
[INFO] [stdout] 
[INFO] [stdout] error: aborting due to 1 previous error
[INFO] [stdout] 
[INFO] [stdout] For more information about this error, try `rustc --explain E0432`.
[INFO] [stdout] Couldn't compile the test.
[INFO] [stdout] ---- src/user/../../doc/user.md - user (line 198) stdout ----
[INFO] [stdout] error[E0432]: unresolved import `sentc::keys::StdUser`
[INFO] [stdout]  --> src/user/../../doc/user.md:200:5
[INFO] [stdout]   |
[INFO] [stdout] 5 | use sentc::keys::StdUser;
[INFO] [stdout]   |     ^^^^^^^^^^^^^^^^^^^^ no `StdUser` in `keys`
[INFO] [stdout] 
[INFO] [stdout] error: aborting due to 1 previous error
[INFO] [stdout] 
[INFO] [stdout] For more information about this error, try `rustc --explain E0432`.
[INFO] [stdout] Couldn't compile the test.
[INFO] [stdout] ---- src/user/../../doc/user.md - user (line 374) stdout ----
[INFO] [stdout] error[E0432]: unresolved import `sentc::keys::StdUser`
[INFO] [stdout]  --> src/user/../../doc/user.md:376:5
[INFO] [stdout]   |
[INFO] [stdout] 5 | use sentc::keys::StdUser;
[INFO] [stdout]   |     ^^^^^^^^^^^^^^^^^^^^ no `StdUser` in `keys`
[INFO] [stdout] 
[INFO] [stdout] error: aborting due to 1 previous error
[INFO] [stdout] 
[INFO] [stdout] For more information about this error, try `rustc --explain E0432`.
[INFO] [stdout] Couldn't compile the test.
[INFO] [stdout] ---- src/user/../../doc/user.md - user (line 325) stdout ----
[INFO] [stdout] error[E0432]: unresolved import `sentc::keys::StdUser`
[INFO] [stdout]  --> src/user/../../doc/user.md:327:5
[INFO] [stdout]   |
[INFO] [stdout] 5 | use sentc::keys::StdUser;
[INFO] [stdout]   |     ^^^^^^^^^^^^^^^^^^^^ no `StdUser` in `keys`
[INFO] [stdout] 
[INFO] [stdout] error: aborting due to 1 previous error
[INFO] [stdout] 
[INFO] [stdout] For more information about this error, try `rustc --explain E0432`.
[INFO] [stdout] Couldn't compile the test.
[INFO] [stdout] ---- src/user/../../doc/user.md - user (line 287) stdout ----
[INFO] [stdout] error[E0432]: unresolved import `sentc::keys::StdUser`
[INFO] [stdout]  --> src/user/../../doc/user.md:289:5
[INFO] [stdout]   |
[INFO] [stdout] 5 | use sentc::keys::StdUser;
[INFO] [stdout]   |     ^^^^^^^^^^^^^^^^^^^^ no `StdUser` in `keys`
[INFO] [stdout] 
[INFO] [stdout] error: aborting due to 1 previous error
[INFO] [stdout] 
[INFO] [stdout] For more information about this error, try `rustc --explain E0432`.
[INFO] [stdout] Couldn't compile the test.
[INFO] [stdout] ---- src/user/../../doc/user.md - user (line 235) stdout ----
[INFO] [stdout] error[E0432]: unresolved import `sentc::keys::StdUser`
[INFO] [stdout]  --> src/user/../../doc/user.md:237:5
[INFO] [stdout]   |
[INFO] [stdout] 5 | use sentc::keys::StdUser;
[INFO] [stdout]   |     ^^^^^^^^^^^^^^^^^^^^ no `StdUser` in `keys`
[INFO] [stdout] 
[INFO] [stdout] error: aborting due to 1 previous error
[INFO] [stdout] 
[INFO] [stdout] For more information about this error, try `rustc --explain E0432`.
[INFO] [stdout] Couldn't compile the test.
[INFO] [stdout] ---- src/user/../../doc/user.md - user (line 391) stdout ----
[INFO] [stdout] error[E0432]: unresolved import `sentc::keys::StdUser`
[INFO] [stdout]  --> src/user/../../doc/user.md:393:5
[INFO] [stdout]   |
[INFO] [stdout] 5 | use sentc::keys::StdUser;
[INFO] [stdout]   |     ^^^^^^^^^^^^^^^^^^^^ no `StdUser` in `keys`
[INFO] [stdout] 
[INFO] [stdout] error: aborting due to 1 previous error
[INFO] [stdout] 
[INFO] [stdout] For more information about this error, try `rustc --explain E0432`.
[INFO] [stdout] Couldn't compile the test.
[INFO] [stdout] ---- src/user/../../doc/user.md - user (line 310) stdout ----
[INFO] [stdout] error[E0432]: unresolved import `sentc::keys::StdUser`
[INFO] [stdout]  --> src/user/../../doc/user.md:312:5
[INFO] [stdout]   |
[INFO] [stdout] 5 | use sentc::keys::StdUser;
[INFO] [stdout]   |     ^^^^^^^^^^^^^^^^^^^^ no `StdUser` in `keys`
[INFO] [stdout] 
[INFO] [stdout] error: aborting due to 1 previous error
[INFO] [stdout] 
[INFO] [stdout] For more information about this error, try `rustc --explain E0432`.
[INFO] [stdout] Couldn't compile the test.
[INFO] [stdout] ---- src/user/../../doc/user.md - user (line 509) stdout ----
[INFO] [stdout] error[E0432]: unresolved import `sentc::keys::StdUser`
[INFO] [stdout]  --> src/user/../../doc/user.md:511:5
[INFO] [stdout]   |
[INFO] [stdout] 5 | use sentc::keys::StdUser;
[INFO] [stdout]   |     ^^^^^^^^^^^^^^^^^^^^ no `StdUser` in `keys`
[INFO] [stdout] 
[INFO] [stdout] error: aborting due to 1 previous error
[INFO] [stdout] 
[INFO] [stdout] For more information about this error, try `rustc --explain E0432`.
[INFO] [stdout] Couldn't compile the test.
[INFO] [stdout] ---- src/user/../../doc/user.md - user (line 566) stdout ----
[INFO] [stdout] error[E0432]: unresolved import `sentc::keys::StdUser`
[INFO] [stdout]  --> src/user/../../doc/user.md:568:5
[INFO] [stdout]   |
[INFO] [stdout] 5 | use sentc::keys::StdUser;
[INFO] [stdout]   |     ^^^^^^^^^^^^^^^^^^^^ no `StdUser` in `keys`
[INFO] [stdout] 
[INFO] [stdout] error: aborting due to 1 previous error
[INFO] [stdout] 
[INFO] [stdout] For more information about this error, try `rustc --explain E0432`.
[INFO] [stdout] Couldn't compile the test.
[INFO] [stdout] ---- src/user/../../doc/user.md - user (line 340) stdout ----
[INFO] [stdout] error[E0432]: unresolved import `sentc::keys::StdUser`
[INFO] [stdout]  --> src/user/../../doc/user.md:342:5
[INFO] [stdout]   |
[INFO] [stdout] 5 | use sentc::keys::StdUser;
[INFO] [stdout]   |     ^^^^^^^^^^^^^^^^^^^^ no `StdUser` in `keys`
[INFO] [stdout] 
[INFO] [stdout] error: aborting due to 1 previous error
[INFO] [stdout] 
[INFO] [stdout] For more information about this error, try `rustc --explain E0432`.
[INFO] [stdout] Couldn't compile the test.
[INFO] [stdout] ---- src/user/../../doc/user.md - user (line 535) stdout ----
[INFO] [stdout] error[E0432]: unresolved import `sentc::keys::StdUser`
[INFO] [stdout]  --> src/user/../../doc/user.md:537:5
[INFO] [stdout]   |
[INFO] [stdout] 5 | use sentc::keys::StdUser;
[INFO] [stdout]   |     ^^^^^^^^^^^^^^^^^^^^ no `StdUser` in `keys`
[INFO] [stdout] 
[INFO] [stdout] error: aborting due to 1 previous error
[INFO] [stdout] 
[INFO] [stdout] For more information about this error, try `rustc --explain E0432`.
[INFO] [stdout] Couldn't compile the test.
[INFO] [stdout] ---- src/user/../../doc/user.md - user (line 482) stdout ----
[INFO] [stdout] error[E0432]: unresolved import `sentc::keys::StdUser`
[INFO] [stdout]  --> src/user/../../doc/user.md:484:5
[INFO] [stdout]   |
[INFO] [stdout] 5 | use sentc::keys::StdUser;
[INFO] [stdout]   |     ^^^^^^^^^^^^^^^^^^^^ no `StdUser` in `keys`
[INFO] [stdout] 
[INFO] [stdout] error: aborting due to 1 previous error
[INFO] [stdout] 
[INFO] [stdout] For more information about this error, try `rustc --explain E0432`.
[INFO] [stdout] Couldn't compile the test.
[INFO] [stdout] ---- src/user/../../doc/user.md - user (line 51) stdout ----
[INFO] [stdout] error[E0432]: unresolved import `sentc::user::net`
[INFO] [stdout]   --> src/user/../../doc/user.md:53:18
[INFO] [stdout]    |
[INFO] [stdout] 5  | use sentc::user::net::check_user_name_available;
[INFO] [stdout]    |                  ^^^ could not find `net` in `user`
[INFO] [stdout]    |
[INFO] [stdout] note: found an item that was configured out
[INFO] [stdout]   --> /opt/rustwide/workdir/src/user/mod.rs:10:9
[INFO] [stdout]    |
[INFO] [stdout] 10 | pub mod net;
[INFO] [stdout]    |         ^^^
[INFO] [stdout] note: the item is gated behind the `network` feature
[INFO] [stdout]   --> /opt/rustwide/workdir/src/user/mod.rs:9:7
[INFO] [stdout]    |
[INFO] [stdout] 9  | #[cfg(feature = "network")]
[INFO] [stdout]    |       ^^^^^^^^^^^^^^^^^^^
[INFO] [stdout] 
[INFO] [stdout] error: aborting due to 1 previous error
[INFO] [stdout] 
[INFO] [stdout] For more information about this error, try `rustc --explain E0432`.
[INFO] [stdout] Couldn't compile the test.
[INFO] [stdout] ---- src/user/../../doc/user.md - user (line 495) stdout ----
[INFO] [stdout] error[E0432]: unresolved import `sentc::keys::StdUser`
[INFO] [stdout]  --> src/user/../../doc/user.md:497:5
[INFO] [stdout]   |
[INFO] [stdout] 5 | use sentc::keys::StdUser;
[INFO] [stdout]   |     ^^^^^^^^^^^^^^^^^^^^ no `StdUser` in `keys`
[INFO] [stdout] 
[INFO] [stdout] error: aborting due to 1 previous error
[INFO] [stdout] 
[INFO] [stdout] For more information about this error, try `rustc --explain E0432`.
[INFO] [stdout] Couldn't compile the test.
[INFO] [stdout] ---- src/user/../../doc/user.md - user (line 420) stdout ----
[INFO] [stdout] error[E0432]: unresolved import `sentc::keys::StdUser`
[INFO] [stdout]  --> src/user/../../doc/user.md:422:5
[INFO] [stdout]   |
[INFO] [stdout] 5 | use sentc::keys::StdUser;
[INFO] [stdout]   |     ^^^^^^^^^^^^^^^^^^^^ no `StdUser` in `keys`
[INFO] [stdout] 
[INFO] [stdout] error: aborting due to 1 previous error
[INFO] [stdout] 
[INFO] [stdout] For more information about this error, try `rustc --explain E0432`.
[INFO] [stdout] Couldn't compile the test.
[INFO] [stdout] ---- src/user/../../doc/user.md - user (line 466) stdout ----
[INFO] [stdout] error[E0432]: unresolved import `sentc::keys::StdUser`
[INFO] [stdout]  --> src/user/../../doc/user.md:468:5
[INFO] [stdout]   |
[INFO] [stdout] 5 | use sentc::keys::StdUser;
[INFO] [stdout]   |     ^^^^^^^^^^^^^^^^^^^^ no `StdUser` in `keys`
[INFO] [stdout] 
[INFO] [stdout] error: aborting due to 1 previous error
[INFO] [stdout] 
[INFO] [stdout] For more information about this error, try `rustc --explain E0432`.
[INFO] [stdout] Couldn't compile the test.
[INFO] [stdout] ---- src/user/../../doc/user.md - user (line 407) stdout ----
[INFO] [stdout] error[E0432]: unresolved import `sentc::keys::StdUser`
[INFO] [stdout]  --> src/user/../../doc/user.md:409:5
[INFO] [stdout]   |
[INFO] [stdout] 5 | use sentc::keys::StdUser;
[INFO] [stdout]   |     ^^^^^^^^^^^^^^^^^^^^ no `StdUser` in `keys`
[INFO] [stdout] 
[INFO] [stdout] error: aborting due to 1 previous error
[INFO] [stdout] 
[INFO] [stdout] For more information about this error, try `rustc --explain E0432`.
[INFO] [stdout] Couldn't compile the test.
[INFO] [stdout] ---- src/user/../../doc/user.md - user (line 522) stdout ----
[INFO] [stdout] error[E0432]: unresolved import `sentc::keys::StdUser`
[INFO] [stdout]  --> src/user/../../doc/user.md:524:5
[INFO] [stdout]   |
[INFO] [stdout] 5 | use sentc::keys::StdUser;
[INFO] [stdout]   |     ^^^^^^^^^^^^^^^^^^^^ no `StdUser` in `keys`
[INFO] [stdout] 
[INFO] [stdout] error: aborting due to 1 previous error
[INFO] [stdout] 
[INFO] [stdout] For more information about this error, try `rustc --explain E0432`.
[INFO] [stdout] Couldn't compile the test.
[INFO] [stdout] ---- src/user/../../doc/user.md - user (line 442) stdout ----
[INFO] [stdout] error[E0432]: unresolved import `sentc::keys::StdUser`
[INFO] [stdout]  --> src/user/../../doc/user.md:444:5
[INFO] [stdout]   |
[INFO] [stdout] 5 | use sentc::keys::StdUser;
[INFO] [stdout]   |     ^^^^^^^^^^^^^^^^^^^^ no `StdUser` in `keys`
[INFO] [stdout] 
[INFO] [stdout] error: aborting due to 1 previous error
[INFO] [stdout] 
[INFO] [stdout] For more information about this error, try `rustc --explain E0432`.
[INFO] [stdout] Couldn't compile the test.
[INFO] [stdout] ---- src/user/../../doc/user.md - user (line 582) stdout ----
[INFO] [stdout] error[E0432]: unresolved import `sentc::keys::StdUser`
[INFO] [stdout]  --> src/user/../../doc/user.md:584:5
[INFO] [stdout]   |
[INFO] [stdout] 5 | use sentc::keys::StdUser;
[INFO] [stdout]   |     ^^^^^^^^^^^^^^^^^^^^ no `StdUser` in `keys`
[INFO] [stdout] 
[INFO] [stdout] error: aborting due to 1 previous error
[INFO] [stdout] 
[INFO] [stdout] For more information about this error, try `rustc --explain E0432`.
[INFO] [stdout] Couldn't compile the test.
[INFO] [stdout] ---- src/user/../../doc/user.md - user (line 553) stdout ----
[INFO] [stdout] error[E0432]: unresolved import `sentc::keys::StdUser`
[INFO] [stdout]  --> src/user/../../doc/user.md:555:5
[INFO] [stdout]   |
[INFO] [stdout] 5 | use sentc::keys::StdUser;
[INFO] [stdout]   |     ^^^^^^^^^^^^^^^^^^^^ no `StdUser` in `keys`
[INFO] [stdout] 
[INFO] [stdout] error: aborting due to 1 previous error
[INFO] [stdout] 
[INFO] [stdout] For more information about this error, try `rustc --explain E0432`.
[INFO] [stdout] Couldn't compile the test.
[INFO] [stdout] ---- src/user/../../doc/user.md - user (line 594) stdout ----
[INFO] [stdout] error[E0432]: unresolved import `sentc::keys::StdUser`
[INFO] [stdout]  --> src/user/../../doc/user.md:596:5
[INFO] [stdout]   |
[INFO] [stdout] 5 | use sentc::keys::StdUser;
[INFO] [stdout]   |     ^^^^^^^^^^^^^^^^^^^^ no `StdUser` in `keys`
[INFO] [stdout] 
[INFO] [stdout] error: aborting due to 1 previous error
[INFO] [stdout] 
[INFO] [stdout] For more information about this error, try `rustc --explain E0432`.
[INFO] [stdout] Couldn't compile the test.
[INFO] [stdout] ---- src/user/../../doc/user.md - user (line 610) stdout ----
[INFO] [stdout] error[E0432]: unresolved import `sentc::keys::StdUser`
[INFO] [stdout]  --> src/user/../../doc/user.md:612:5
[INFO] [stdout]   |
[INFO] [stdout] 5 | use sentc::keys::StdUser;
[INFO] [stdout]   |     ^^^^^^^^^^^^^^^^^^^^ no `StdUser` in `keys`
[INFO] [stdout] 
[INFO] [stdout] error: aborting due to 1 previous error
[INFO] [stdout] 
[INFO] [stdout] For more information about this error, try `rustc --explain E0432`.
[INFO] [stdout] Couldn't compile the test.
[INFO] [stdout] ---- src/user/../../doc/user.md - user (line 704) stdout ----
[INFO] [stdout] error[E0432]: unresolved import `sentc::keys::StdUser`
[INFO] [stdout]  --> src/user/../../doc/user.md:706:5
[INFO] [stdout]   |
[INFO] [stdout] 5 | use sentc::keys::StdUser;
[INFO] [stdout]   |     ^^^^^^^^^^^^^^^^^^^^ no `StdUser` in `keys`
[INFO] [stdout] 
[INFO] [stdout] error: aborting due to 1 previous error
[INFO] [stdout] 
[INFO] [stdout] For more information about this error, try `rustc --explain E0432`.
[INFO] [stdout] Couldn't compile the test.
[INFO] [stdout] ---- src/user/../../doc/user.md - user (line 689) stdout ----
[INFO] [stdout] error[E0432]: unresolved import `sentc::keys::StdUser`
[INFO] [stdout]  --> src/user/../../doc/user.md:691:5
[INFO] [stdout]   |
[INFO] [stdout] 5 | use sentc::keys::StdUser;
[INFO] [stdout]   |     ^^^^^^^^^^^^^^^^^^^^ no `StdUser` in `keys`
[INFO] [stdout] 
[INFO] [stdout] error[E0425]: cannot find value `user_public_key` in this scope
[INFO] [stdout]  --> src/user/../../doc/user.md:695:42
[INFO] [stdout]   |
[INFO] [stdout] 9 |     let encrypted = user.encrypt_sync(data, user_public_key, false).unwrap();
[INFO] [stdout]   |                                             ^^^^^^^^^^^^^^^ not found in this scope
[INFO] [stdout] 
[INFO] [stdout] error: aborting due to 2 previous errors
[INFO] [stdout] 
[INFO] [stdout] Some errors have detailed explanations: E0425, E0432.
[INFO] [stdout] For more information about an error, try `rustc --explain E0425`.
[INFO] [stdout] Couldn't compile the test.
[INFO] [stdout] ---- src/user/../../doc/user.md - user (line 818) stdout ----
[INFO] [stdout] error[E0432]: unresolved import `sentc::keys::StdUser`
[INFO] [stdout]  --> src/user/../../doc/user.md:820:5
[INFO] [stdout]   |
[INFO] [stdout] 5 | use sentc::keys::StdUser;
[INFO] [stdout]   |     ^^^^^^^^^^^^^^^^^^^^ no `StdUser` in `keys`
[INFO] [stdout] 
[INFO] [stdout] error[E0412]: cannot find type `File` in this scope
[INFO] [stdout]  --> src/user/../../doc/user.md:822:40
[INFO] [stdout]   |
[INFO] [stdout] 7 | async fn example(user: &StdUser, file: File)
[INFO] [stdout]   |                                        ^^^^ not found in this scope
[INFO] [stdout]   |
[INFO] [stdout] help: consider importing this struct
[INFO] [stdout]   |
[INFO] [stdout] 2 + use std::fs::File;
[INFO] [stdout]   |
[INFO] [stdout] 
[INFO] [stdout] error[E0425]: cannot find value `reply_id` in this scope
[INFO] [stdout]  --> src/user/../../doc/user.md:824:53
[INFO] [stdout]   |
[INFO] [stdout] 9 |     let output = user.create_file_with_file(file, Some(reply_id), Some(reply_public_key), None, None, false).await.unwrap();
[INFO] [stdout]   |                                                        ^^^^^^^^ not found in this scope
[INFO] [stdout] 
[INFO] [stdout] error[E0425]: cannot find value `reply_public_key` in this scope
[INFO] [stdout]  --> src/user/../../doc/user.md:824:69
[INFO] [stdout]   |
[INFO] [stdout] 9 |     let output = user.create_file_with_file(file, Some(reply_id), Some(reply_public_key), None, None, false).await.unwrap();
[INFO] [stdout]   |                                                                        ^^^^^^^^^^^^^^^^ not found in this scope
[INFO] [stdout] 
[INFO] [stdout] error: aborting due to 4 previous errors
[INFO] [stdout] 
[INFO] [stdout] Some errors have detailed explanations: E0412, E0425, E0432.
[INFO] [stdout] For more information about an error, try `rustc --explain E0412`.
[INFO] [stdout] Couldn't compile the test.
[INFO] [stdout] ---- src/user/../../doc/user.md - user (line 829) stdout ----
[INFO] [stdout] error[E0432]: unresolved import `sentc::keys::StdGroup`
[INFO] [stdout]  --> src/user/../../doc/user.md:831:5
[INFO] [stdout]   |
[INFO] [stdout] 5 | use sentc::keys::StdGroup;
[INFO] [stdout]   |     ^^^^^^^^^^^^^^^^^^^^^ no `StdGroup` in `keys`
[INFO] [stdout] 
[INFO] [stdout] error: aborting due to 1 previous error
[INFO] [stdout] 
[INFO] [stdout] For more information about this error, try `rustc --explain E0432`.
[INFO] [stdout] Couldn't compile the test.
[INFO] [stdout] ---- src/user/../../doc/user.md - user (line 720) stdout ----
[INFO] [stdout] error[E0432]: unresolved import `sentc::keys::StdUser`
[INFO] [stdout]  --> src/user/../../doc/user.md:722:5
[INFO] [stdout]   |
[INFO] [stdout] 5 | use sentc::keys::StdUser;
[INFO] [stdout]   |     ^^^^^^^^^^^^^^^^^^^^ no `StdUser` in `keys`
[INFO] [stdout] 
[INFO] [stdout] error[E0425]: cannot find value `user_public_key` in this scope
[INFO] [stdout]  --> src/user/../../doc/user.md:726:49
[INFO] [stdout]   |
[INFO] [stdout] 9 |     let encrypted = user.encrypt_string_sync(data, user_public_key, false).unwrap();
[INFO] [stdout]   |                                                    ^^^^^^^^^^^^^^^ not found in this scope
[INFO] [stdout] 
[INFO] [stdout] error: aborting due to 2 previous errors
[INFO] [stdout] 
[INFO] [stdout] Some errors have detailed explanations: E0425, E0432.
[INFO] [stdout] For more information about an error, try `rustc --explain E0425`.
[INFO] [stdout] Couldn't compile the test.
[INFO] [stdout] ---- src/user/../../doc/user.md - user (line 854) stdout ----
[INFO] [stdout] error[E0432]: unresolved import `sentc::keys::StdGroup`
[INFO] [stdout]  --> src/user/../../doc/user.md:856:5
[INFO] [stdout]   |
[INFO] [stdout] 5 | use sentc::keys::StdGroup;
[INFO] [stdout]   |     ^^^^^^^^^^^^^^^^^^^^^ no `StdGroup` in `keys`
[INFO] [stdout] 
[INFO] [stdout] error[E0412]: cannot find type `File` in this scope
[INFO] [stdout]  --> src/user/../../doc/user.md:858:53
[INFO] [stdout]   |
[INFO] [stdout] 7 | async fn example(group: &StdGroup, jwt: &str, file: File)
[INFO] [stdout]   |                                                     ^^^^ not found in this scope
[INFO] [stdout]   |
[INFO] [stdout] help: consider importing this struct
[INFO] [stdout]   |
[INFO] [stdout] 2 + use std::fs::File;
[INFO] [stdout]   |
[INFO] [stdout] 
[INFO] [stdout] error[E0425]: cannot find value `sign_key` in this scope
[INFO] [stdout]  --> src/user/../../doc/user.md:860:71
[INFO] [stdout]   |
[INFO] [stdout] 9 |     let output = group.create_file_with_file(jwt, file, None, None, Some(sign_key)).await.unwrap();
[INFO] [stdout]   |                                                                          ^^^^^^^^ not found in this scope
[INFO] [stdout] 
[INFO] [stdout] error: aborting due to 3 previous errors
[INFO] [stdout] 
[INFO] [stdout] Some errors have detailed explanations: E0412, E0425, E0432.
[INFO] [stdout] For more information about an error, try `rustc --explain E0412`.
[INFO] [stdout] Couldn't compile the test.
[INFO] [stdout] ---- src/user/../../doc/user.md - user (line 733) stdout ----
[INFO] [stdout] error[E0432]: unresolved import `sentc::keys::StdUser`
[INFO] [stdout]  --> src/user/../../doc/user.md:735:5
[INFO] [stdout]   |
[INFO] [stdout] 5 | use sentc::keys::StdUser;
[INFO] [stdout]   |     ^^^^^^^^^^^^^^^^^^^^ no `StdUser` in `keys`
[INFO] [stdout] 
[INFO] [stdout] error: aborting due to 1 previous error
[INFO] [stdout] 
[INFO] [stdout] For more information about this error, try `rustc --explain E0432`.
[INFO] [stdout] Couldn't compile the test.
[INFO] [stdout] ---- src/user/../../doc/user.md - user (line 764) stdout ----
[INFO] [stdout] error[E0432]: unresolved import `sentc::keys::StdUser`
[INFO] [stdout]  --> src/user/../../doc/user.md:766:5
[INFO] [stdout]   |
[INFO] [stdout] 5 | use sentc::keys::StdUser;
[INFO] [stdout]   |     ^^^^^^^^^^^^^^^^^^^^ no `StdUser` in `keys`
[INFO] [stdout] 
[INFO] [stdout] error[E0425]: cannot find value `user_verify_key` in this scope
[INFO] [stdout]  --> src/user/../../doc/user.md:770:59
[INFO] [stdout]   |
[INFO] [stdout] 9 |     let decrypted = user.decrypt_string_sync(encrypted, Some(user_verify_key)).unwrap();
[INFO] [stdout]   |                                                              ^^^^^^^^^^^^^^^ not found in this scope
[INFO] [stdout] 
[INFO] [stdout] error: aborting due to 2 previous errors
[INFO] [stdout] 
[INFO] [stdout] Some errors have detailed explanations: E0425, E0432.
[INFO] [stdout] For more information about an error, try `rustc --explain E0425`.
[INFO] [stdout] Couldn't compile the test.
[INFO] [stdout] ---- src/user/../../doc/user.md - user (line 66) stdout ----
[INFO] [stdout] error[E0432]: unresolved import `sentc::keys::StdUser`
[INFO] [stdout]  --> src/user/../../doc/user.md:68:5
[INFO] [stdout]   |
[INFO] [stdout] 5 | use sentc::keys::StdUser;
[INFO] [stdout]   |     ^^^^^^^^^^^^^^^^^^^^ no `StdUser` in `keys`
[INFO] [stdout] 
[INFO] [stdout] error: aborting due to 1 previous error
[INFO] [stdout] 
[INFO] [stdout] For more information about this error, try `rustc --explain E0432`.
[INFO] [stdout] Couldn't compile the test.
[INFO] [stdout] ---- src/user/../../doc/user.md - user (line 624) stdout ----
[INFO] [stdout] error[E0432]: unresolved import `sentc::keys::StdUser`
[INFO] [stdout]  --> src/user/../../doc/user.md:626:5
[INFO] [stdout]   |
[INFO] [stdout] 5 | use sentc::keys::StdUser;
[INFO] [stdout]   |     ^^^^^^^^^^^^^^^^^^^^ no `StdUser` in `keys`
[INFO] [stdout] 
[INFO] [stdout] error: aborting due to 1 previous error
[INFO] [stdout] 
[INFO] [stdout] For more information about this error, try `rustc --explain E0432`.
[INFO] [stdout] Couldn't compile the test.
[INFO] [stdout] ---- src/user/../../doc/user.md - user (line 876) stdout ----
[INFO] [stdout] error[E0432]: unresolved import `sentc::keys::StdGroup`
[INFO] [stdout]  --> src/user/../../doc/user.md:878:5
[INFO] [stdout]   |
[INFO] [stdout] 5 | use sentc::keys::StdGroup;
[INFO] [stdout]   |     ^^^^^^^^^^^^^^^^^^^^^ no `StdGroup` in `keys`
[INFO] [stdout] 
[INFO] [stdout] error[E0412]: cannot find type `File` in this scope
[INFO] [stdout]  --> src/user/../../doc/user.md:880:53
[INFO] [stdout]   |
[INFO] [stdout] 7 | async fn example(group: &StdGroup, jwt: &str, file: File)
[INFO] [stdout]   |                                                     ^^^^ not found in this scope
[INFO] [stdout]   |
[INFO] [stdout] help: consider importing this struct
[INFO] [stdout]   |
[INFO] [stdout] 2 + use std::fs::File;
[INFO] [stdout]   |
[INFO] [stdout] 
[INFO] [stdout] error: aborting due to 2 previous errors
[INFO] [stdout] 
[INFO] [stdout] Some errors have detailed explanations: E0412, E0432.
[INFO] [stdout] For more information about an error, try `rustc --explain E0412`.
[INFO] [stdout] Couldn't compile the test.
[INFO] [stdout] ---- src/user/../../doc/user.md - user (line 654) stdout ----
[INFO] [stdout] error[E0412]: cannot find type `StdUser` in this scope
[INFO] [stdout]  --> src/user/../../doc/user.md:655:36
[INFO] [stdout]   |
[INFO] [stdout] 3 | async fn start_rotation(user: &mut StdUser)
[INFO] [stdout]   |                                    ^^^^^^^ not found in this scope
[INFO] [stdout] 
[INFO] [stdout] error: aborting due to 1 previous error
[INFO] [stdout] 
[INFO] [stdout] For more information about this error, try `rustc --explain E0412`.
[INFO] [stdout] Couldn't compile the test.
[INFO] [stdout] ---- src/user/../../doc/user.md - user (line 865) stdout ----
[INFO] [stdout] error[E0432]: unresolved import `sentc::keys::StdUser`
[INFO] [stdout]  --> src/user/../../doc/user.md:867:5
[INFO] [stdout]   |
[INFO] [stdout] 5 | use sentc::keys::StdUser;
[INFO] [stdout]   |     ^^^^^^^^^^^^^^^^^^^^ no `StdUser` in `keys`
[INFO] [stdout] 
[INFO] [stdout] error[E0412]: cannot find type `File` in this scope
[INFO] [stdout]  --> src/user/../../doc/user.md:869:40
[INFO] [stdout]   |
[INFO] [stdout] 7 | async fn example(user: &StdUser, file: File)
[INFO] [stdout]   |                                        ^^^^ not found in this scope
[INFO] [stdout]   |
[INFO] [stdout] help: consider importing this struct
[INFO] [stdout]   |
[INFO] [stdout] 2 + use std::fs::File;
[INFO] [stdout]   |
[INFO] [stdout] 
[INFO] [stdout] error[E0425]: cannot find value `reply_id` in this scope
[INFO] [stdout]  --> src/user/../../doc/user.md:871:53
[INFO] [stdout]   |
[INFO] [stdout] 9 |     let output = user.create_file_with_file(file, Some(reply_id), Some(reply_public_key), None, None, true).await.unwrap();
[INFO] [stdout]   |                                                        ^^^^^^^^ not found in this scope
[INFO] [stdout] 
[INFO] [stdout] error[E0425]: cannot find value `reply_public_key` in this scope
[INFO] [stdout]  --> src/user/../../doc/user.md:871:69
[INFO] [stdout]   |
[INFO] [stdout] 9 |     let output = user.create_file_with_file(file, Some(reply_id), Some(reply_public_key), None, None, true).await.unwrap();
[INFO] [stdout]   |                                                                        ^^^^^^^^^^^^^^^^ not found in this scope
[INFO] [stdout] 
[INFO] [stdout] error: aborting due to 4 previous errors
[INFO] [stdout] 
[INFO] [stdout] Some errors have detailed explanations: E0412, E0425, E0432.
[INFO] [stdout] For more information about an error, try `rustc --explain E0412`.
[INFO] [stdout] Couldn't compile the test.
[INFO] [stdout] ---- src/user/../../doc/user.md - user (line 751) stdout ----
[INFO] [stdout] error[E0432]: unresolved import `sentc::keys::StdUser`
[INFO] [stdout]  --> src/user/../../doc/user.md:753:5
[INFO] [stdout]   |
[INFO] [stdout] 5 | use sentc::keys::StdUser;
[INFO] [stdout]   |     ^^^^^^^^^^^^^^^^^^^^ no `StdUser` in `keys`
[INFO] [stdout] 
[INFO] [stdout] error[E0425]: cannot find value `user_public_key` in this scope
[INFO] [stdout]  --> src/user/../../doc/user.md:757:49
[INFO] [stdout]   |
[INFO] [stdout] 9 |     let encrypted = user.encrypt_string_sync(data, user_public_key, true).unwrap();
[INFO] [stdout]   |                                                    ^^^^^^^^^^^^^^^ not found in this scope
[INFO] [stdout] 
[INFO] [stdout] error: aborting due to 2 previous errors
[INFO] [stdout] 
[INFO] [stdout] Some errors have detailed explanations: E0425, E0432.
[INFO] [stdout] For more information about an error, try `rustc --explain E0425`.
[INFO] [stdout] Couldn't compile the test.
[INFO] [stdout] ---- src/user/../../doc/user.md - user (line 807) stdout ----
[INFO] [stdout] error[E0432]: unresolved import `sentc::keys::StdGroup`
[INFO] [stdout]  --> src/user/../../doc/user.md:809:5
[INFO] [stdout]   |
[INFO] [stdout] 5 | use sentc::keys::StdGroup;
[INFO] [stdout]   |     ^^^^^^^^^^^^^^^^^^^^^ no `StdGroup` in `keys`
[INFO] [stdout] 
[INFO] [stdout] error[E0412]: cannot find type `File` in this scope
[INFO] [stdout]  --> src/user/../../doc/user.md:811:53
[INFO] [stdout]   |
[INFO] [stdout] 7 | async fn example(group: &StdGroup, jwt: &str, file: File)
[INFO] [stdout]   |                                                     ^^^^ not found in this scope
[INFO] [stdout]   |
[INFO] [stdout] help: consider importing this struct
[INFO] [stdout]   |
[INFO] [stdout] 2 + use std::fs::File;
[INFO] [stdout]   |
[INFO] [stdout] 
[INFO] [stdout] error: aborting due to 2 previous errors
[INFO] [stdout] 
[INFO] [stdout] Some errors have detailed explanations: E0412, E0432.
[INFO] [stdout] For more information about an error, try `rustc --explain E0412`.
[INFO] [stdout] Couldn't compile the test.
[INFO] [stdout] ---- src/user/../../doc/user.md - user (line 663) stdout ----
[INFO] [stdout] error[E0412]: cannot find type `StdUser` in this scope
[INFO] [stdout]  --> src/user/../../doc/user.md:664:37
[INFO] [stdout]   |
[INFO] [stdout] 3 | async fn finish_rotation(user: &mut StdUser)
[INFO] [stdout]   |                                     ^^^^^^^ not found in this scope
[INFO] [stdout] 
[INFO] [stdout] error: aborting due to 1 previous error
[INFO] [stdout] 
[INFO] [stdout] For more information about this error, try `rustc --explain E0412`.
[INFO] [stdout] Couldn't compile the test.
[INFO] [stdout] ---- src/user/../../doc/user.md - user (line 840) stdout ----
[INFO] [stdout] error[E0432]: unresolved import `sentc::keys::StdUser`
[INFO] [stdout]  --> src/user/../../doc/user.md:842:5
[INFO] [stdout]   |
[INFO] [stdout] 5 | use sentc::keys::StdUser;
[INFO] [stdout]   |     ^^^^^^^^^^^^^^^^^^^^ no `StdUser` in `keys`
[INFO] [stdout] 
[INFO] [stdout] error[E0425]: cannot find value `reply_id` in this scope
[INFO] [stdout]  --> src/user/../../doc/user.md:846:53
[INFO] [stdout]   |
[INFO] [stdout] 9 |     let output = user.create_file_with_path(path, Some(reply_id), Some(reply_public_key), None, false).await.unwrap();
[INFO] [stdout]   |                                                        ^^^^^^^^ not found in this scope
[INFO] [stdout] 
[INFO] [stdout] error[E0425]: cannot find value `reply_public_key` in this scope
[INFO] [stdout]  --> src/user/../../doc/user.md:846:69
[INFO] [stdout]   |
[INFO] [stdout] 9 |     let output = user.create_file_with_path(path, Some(reply_id), Some(reply_public_key), None, false).await.unwrap();
[INFO] [stdout]   |                                                                        ^^^^^^^^^^^^^^^^ not found in this scope
[INFO] [stdout] 
[INFO] [stdout] error: aborting due to 3 previous errors
[INFO] [stdout] 
[INFO] [stdout] Some errors have detailed explanations: E0425, E0432.
[INFO] [stdout] For more information about an error, try `rustc --explain E0425`.
[INFO] [stdout] Couldn't compile the test.
[INFO] [stdout] ---- src/user/../../doc/user.md - user (line 916) stdout ----
[INFO] [stdout] error[E0432]: unresolved import `sentc::keys::StdGroup`
[INFO] [stdout]  --> src/user/../../doc/user.md:918:5
[INFO] [stdout]   |
[INFO] [stdout] 5 | use sentc::keys::StdGroup;
[INFO] [stdout]   |     ^^^^^^^^^^^^^^^^^^^^^ no `StdGroup` in `keys`
[INFO] [stdout] 
[INFO] [stdout] error[E0412]: cannot find type `File` in this scope
[INFO] [stdout]  --> src/user/../../doc/user.md:920:53
[INFO] [stdout]   |
[INFO] [stdout] 7 | async fn example(group: &StdGroup, jwt: &str, file: File)
[INFO] [stdout]   |                                                     ^^^^ not found in this scope
[INFO] [stdout]   |
[INFO] [stdout] help: consider importing this struct
[INFO] [stdout]   |
[INFO] [stdout] 2 + use std::fs::File;
[INFO] [stdout]   |
[INFO] [stdout] 
[INFO] [stdout] error[E0425]: cannot find value `verify_key` in this scope
[INFO] [stdout]  --> src/user/../../doc/user.md:922:62
[INFO] [stdout]   |
[INFO] [stdout] 9 |     let output = group.download_file(jwt, file, "file_id", Some(verify_key), None).await.unwrap();
[INFO] [stdout]   |                                                                 ^^^^^^^^^^ not found in this scope
[INFO] [stdout] 
[INFO] [stdout] error: aborting due to 3 previous errors
[INFO] [stdout] 
[INFO] [stdout] Some errors have detailed explanations: E0412, E0425, E0432.
[INFO] [stdout] For more information about an error, try `rustc --explain E0412`.
[INFO] [stdout] Couldn't compile the test.
[INFO] [stdout] ---- src/user/../../doc/user.md - user (line 893) stdout ----
[INFO] [stdout] error[E0432]: unresolved import `sentc::keys::StdGroup`
[INFO] [stdout]  --> src/user/../../doc/user.md:895:5
[INFO] [stdout]   |
[INFO] [stdout] 5 | use sentc::keys::StdGroup;
[INFO] [stdout]   |     ^^^^^^^^^^^^^^^^^^^^^ no `StdGroup` in `keys`
[INFO] [stdout] 
[INFO] [stdout] error[E0412]: cannot find type `File` in this scope
[INFO] [stdout]  --> src/user/../../doc/user.md:897:53
[INFO] [stdout]   |
[INFO] [stdout] 7 | async fn example(group: &StdGroup, jwt: &str, file: File)
[INFO] [stdout]   |                                                     ^^^^ not found in this scope
[INFO] [stdout]   |
[INFO] [stdout] help: consider importing this struct
[INFO] [stdout]   |
[INFO] [stdout] 2 + use std::fs::File;
[INFO] [stdout]   |
[INFO] [stdout] 
[INFO] [stdout] error: aborting due to 2 previous errors
[INFO] [stdout] 
[INFO] [stdout] Some errors have detailed explanations: E0412, E0432.
[INFO] [stdout] For more information about an error, try `rustc --explain E0412`.
[INFO] [stdout] Couldn't compile the test.
[INFO] [stdout] ---- src/user/../../doc/user.md - user (line 904) stdout ----
[INFO] [stdout] error[E0432]: unresolved import `sentc::keys::StdUser`
[INFO] [stdout]  --> src/user/../../doc/user.md:906:5
[INFO] [stdout]   |
[INFO] [stdout] 5 | use sentc::keys::StdUser;
[INFO] [stdout]   |     ^^^^^^^^^^^^^^^^^^^^ no `StdUser` in `keys`
[INFO] [stdout] 
[INFO] [stdout] error[E0412]: cannot find type `File` in this scope
[INFO] [stdout]  --> src/user/../../doc/user.md:908:40
[INFO] [stdout]   |
[INFO] [stdout] 7 | async fn example(user: &StdUser, file: File)
[INFO] [stdout]   |                                        ^^^^ not found in this scope
[INFO] [stdout]   |
[INFO] [stdout] help: consider importing this struct
[INFO] [stdout]   |
[INFO] [stdout] 2 + use std::fs::File;
[INFO] [stdout]   |
[INFO] [stdout] 
[INFO] [stdout] error: aborting due to 2 previous errors
[INFO] [stdout] 
[INFO] [stdout] Some errors have detailed explanations: E0412, E0432.
[INFO] [stdout] For more information about an error, try `rustc --explain E0412`.
[INFO] [stdout] Couldn't compile the test.
[INFO] [stdout] ---- src/user/../../doc/user.md - user (line 942) stdout ----
[INFO] [stdout] error[E0432]: unresolved import `sentc::keys::StdGroup`
[INFO] [stdout]  --> src/user/../../doc/user.md:944:5
[INFO] [stdout]   |
[INFO] [stdout] 5 | use sentc::keys::StdGroup;
[INFO] [stdout]   |     ^^^^^^^^^^^^^^^^^^^^^ no `StdGroup` in `keys`
[INFO] [stdout] 
[INFO] [stdout] error: aborting due to 1 previous error
[INFO] [stdout] 
[INFO] [stdout] For more information about this error, try `rustc --explain E0432`.
[INFO] [stdout] Couldn't compile the test.
[INFO] [stdout] ---- src/user/../../doc/user.md - user (line 972) stdout ----
[INFO] [stdout] error[E0432]: unresolved import `sentc::keys::StdGroup`
[INFO] [stdout]  --> src/user/../../doc/user.md:974:5
[INFO] [stdout]   |
[INFO] [stdout] 5 | use sentc::keys::StdGroup;
[INFO] [stdout]   |     ^^^^^^^^^^^^^^^^^^^^^ no `StdGroup` in `keys`
[INFO] [stdout] 
[INFO] [stdout] error[E0412]: cannot find type `File` in this scope
[INFO] [stdout]  --> src/user/../../doc/user.md:976:53
[INFO] [stdout]   |
[INFO] [stdout] 7 | async fn example(group: &StdGroup, jwt: &str, file: File)
[INFO] [stdout]   |                                                     ^^^^ not found in this scope
[INFO] [stdout]   |
[INFO] [stdout] help: consider importing this struct
[INFO] [stdout]   |
[INFO] [stdout] 2 + use std::fs::File;
[INFO] [stdout]   |
[INFO] [stdout] 
[INFO] [stdout] error: aborting due to 2 previous errors
[INFO] [stdout] 
[INFO] [stdout] Some errors have detailed explanations: E0412, E0432.
[INFO] [stdout] For more information about an error, try `rustc --explain E0412`.
[INFO] [stdout] Couldn't compile the test.
[INFO] [stdout] ---- src/user/../../doc/user.md - user (line 927) stdout ----
[INFO] [stdout] error[E0432]: unresolved import `sentc::keys::StdGroup`
[INFO] [stdout]  --> src/user/../../doc/user.md:929:5
[INFO] [stdout]   |
[INFO] [stdout] 5 | use sentc::keys::StdGroup;
[INFO] [stdout]   |     ^^^^^^^^^^^^^^^^^^^^^ no `StdGroup` in `keys`
[INFO] [stdout] 
[INFO] [stdout] error[E0412]: cannot find type `File` in this scope
[INFO] [stdout]  --> src/user/../../doc/user.md:931:53
[INFO] [stdout]   |
[INFO] [stdout] 7 | async fn example(group: &StdGroup, jwt: &str, file: File)
[INFO] [stdout]   |                                                     ^^^^ not found in this scope
[INFO] [stdout]   |
[INFO] [stdout] help: consider importing this struct
[INFO] [stdout]   |
[INFO] [stdout] 2 + use std::fs::File;
[INFO] [stdout]   |
[INFO] [stdout] 
[INFO] [stdout] error: aborting due to 2 previous errors
[INFO] [stdout] 
[INFO] [stdout] Some errors have detailed explanations: E0412, E0432.
[INFO] [stdout] For more information about an error, try `rustc --explain E0412`.
[INFO] [stdout] Couldn't compile the test.
[INFO] [stdout] ---- src/user/../../doc/user.md - user (line 95) stdout ----
[INFO] [stdout] error[E0432]: unresolved import `sentc::keys::StdUser`
[INFO] [stdout]  --> src/user/../../doc/user.md:97:5
[INFO] [stdout]   |
[INFO] [stdout] 5 | use sentc::keys::StdUser;
[INFO] [stdout]   |     ^^^^^^^^^^^^^^^^^^^^ no `StdUser` in `keys`
[INFO] [stdout] 
[INFO] [stdout] error: aborting due to 1 previous error
[INFO] [stdout] 
[INFO] [stdout] For more information about this error, try `rustc --explain E0432`.
[INFO] [stdout] Couldn't compile the test.
[INFO] [stdout] 
[INFO] [stdout] failures:
[INFO] [stdout]     src/../README.md - (line 1019)
[INFO] [stdout]     src/../README.md - (line 1037)
[INFO] [stdout]     src/../README.md - (line 1069)
[INFO] [stdout]     src/../README.md - (line 1083)
[INFO] [stdout]     src/../README.md - (line 1107)
[INFO] [stdout]     src/../README.md - (line 1121)
[INFO] [stdout]     src/../README.md - (line 1137)
[INFO] [stdout]     src/../README.md - (line 1148)
[INFO] [stdout]     src/../README.md - (line 1163)
[INFO] [stdout]     src/../README.md - (line 1174)
[INFO] [stdout]     src/../README.md - (line 1190)
[INFO] [stdout]     src/../README.md - (line 1204)
[INFO] [stdout]     src/../README.md - (line 1215)
[INFO] [stdout]     src/../README.md - (line 1231)
[INFO] [stdout]     src/../README.md - (line 1248)
[INFO] [stdout]     src/../README.md - (line 1264)
[INFO] [stdout]     src/../README.md - (line 1277)
[INFO] [stdout]     src/../README.md - (line 1296)
[INFO] [stdout]     src/../README.md - (line 1309)
[INFO] [stdout]     src/../README.md - (line 1326)
[INFO] [stdout]     src/../README.md - (line 1336)
[INFO] [stdout]     src/../README.md - (line 1350)
[INFO] [stdout]     src/../README.md - (line 1363)
[INFO] [stdout]     src/../README.md - (line 1380)
[INFO] [stdout]     src/../README.md - (line 139)
[INFO] [stdout]     src/../README.md - (line 1391)
[INFO] [stdout]     src/../README.md - (line 1410)
[INFO] [stdout]     src/../README.md - (line 1421)
[INFO] [stdout]     src/../README.md - (line 1441)
[INFO] [stdout]     src/../README.md - (line 1455)
[INFO] [stdout]     src/../README.md - (line 1466)
[INFO] [stdout]     src/../README.md - (line 1481)
[INFO] [stdout]     src/../README.md - (line 1494)
[INFO] [stdout]     src/../README.md - (line 1556)
[INFO] [stdout]     src/../README.md - (line 1589)
[INFO] [stdout]     src/../README.md - (line 1628)
[INFO] [stdout]     src/../README.md - (line 165)
[INFO] [stdout]     src/../README.md - (line 1652)
[INFO] [stdout]     src/../README.md - (line 1688)
[INFO] [stdout]     src/../README.md - (line 1709)
[INFO] [stdout]     src/../README.md - (line 1722)
[INFO] [stdout]     src/../README.md - (line 1735)
[INFO] [stdout]     src/../README.md - (line 1774)
[INFO] [stdout]     src/../README.md - (line 1787)
[INFO] [stdout]     src/../README.md - (line 180)
[INFO] [stdout]     src/../README.md - (line 1803)
[INFO] [stdout]     src/../README.md - (line 1816)
[INFO] [stdout]     src/../README.md - (line 1836)
[INFO] [stdout]     src/../README.md - (line 1849)
[INFO] [stdout]     src/../README.md - (line 1909)
[INFO] [stdout]     src/../README.md - (line 1920)
[INFO] [stdout]     src/../README.md - (line 1935)
[INFO] [stdout]     src/../README.md - (line 1965)
[INFO] [stdout]     src/../README.md - (line 1978)
[INFO] [stdout]     src/../README.md - (line 2032)
[INFO] [stdout]     src/../README.md - (line 2047)
[INFO] [stdout]     src/../README.md - (line 2065)
[INFO] [stdout]     src/../README.md - (line 2080)
[INFO] [stdout]     src/../README.md - (line 209)
[INFO] [stdout]     src/../README.md - (line 2123)
[INFO] [stdout]     src/../README.md - (line 2134)
[INFO] [stdout]     src/../README.md - (line 2145)
[INFO] [stdout]     src/../README.md - (line 2156)
[INFO] [stdout]     src/../README.md - (line 2170)
[INFO] [stdout]     src/../README.md - (line 2181)
[INFO] [stdout]     src/../README.md - (line 2192)
[INFO] [stdout]     src/../README.md - (line 2209)
[INFO] [stdout]     src/../README.md - (line 222)
[INFO] [stdout]     src/../README.md - (line 2220)
[INFO] [stdout]     src/../README.md - (line 2232)
[INFO] [stdout]     src/../README.md - (line 2243)
[INFO] [stdout]     src/../README.md - (line 2258)
[INFO] [stdout]     src/../README.md - (line 2288)
[INFO] [stdout]     src/../README.md - (line 2317)
[INFO] [stdout]     src/../README.md - (line 247)
[INFO] [stdout]     src/../README.md - (line 279)
[INFO] [stdout]     src/../README.md - (line 2832)
[INFO] [stdout]     src/../README.md - (line 2874)
[INFO] [stdout]     src/../README.md - (line 2901)
[INFO] [stdout]     src/../README.md - (line 2947)
[INFO] [stdout]     src/../README.md - (line 3004)
[INFO] [stdout]     src/../README.md - (line 3014)
[INFO] [stdout]     src/../README.md - (line 3033)
[INFO] [stdout]     src/../README.md - (line 3081)
[INFO] [stdout]     src/../README.md - (line 3118)
[INFO] [stdout]     src/../README.md - (line 312)
[INFO] [stdout]     src/../README.md - (line 3139)
[INFO] [stdout]     src/../README.md - (line 349)
[INFO] [stdout]     src/../README.md - (line 375)
[INFO] [stdout]     src/../README.md - (line 401)
[INFO] [stdout]     src/../README.md - (line 424)
[INFO] [stdout]     src/../README.md - (line 439)
[INFO] [stdout]     src/../README.md - (line 454)
[INFO] [stdout]     src/../README.md - (line 474)
[INFO] [stdout]     src/../README.md - (line 488)
[INFO] [stdout]     src/../README.md - (line 505)
[INFO] [stdout]     src/../README.md - (line 521)
[INFO] [stdout]     src/../README.md - (line 534)
[INFO] [stdout]     src/../README.md - (line 556)
[INFO] [stdout]     src/../README.md - (line 580)
[INFO] [stdout]     src/../README.md - (line 596)
[INFO] [stdout]     src/../README.md - (line 609)
[INFO] [stdout]     src/../README.md - (line 623)
[INFO] [stdout]     src/../README.md - (line 636)
[INFO] [stdout]     src/../README.md - (line 64)
[INFO] [stdout]     src/../README.md - (line 649)
[INFO] [stdout]     src/../README.md - (line 667)
[INFO] [stdout]     src/../README.md - (line 680)
[INFO] [stdout]     src/../README.md - (line 696)
[INFO] [stdout]     src/../README.md - (line 708)
[INFO] [stdout]     src/../README.md - (line 724)
[INFO] [stdout]     src/../README.md - (line 738)
[INFO] [stdout]     src/../README.md - (line 768)
[INFO] [stdout]     src/../README.md - (line 777)
[INFO] [stdout]     src/../README.md - (line 803)
[INFO] [stdout]     src/../README.md - (line 818)
[INFO] [stdout]     src/../README.md - (line 834)
[INFO] [stdout]     src/../README.md - (line 847)
[INFO] [stdout]     src/../README.md - (line 865)
[INFO] [stdout]     src/../README.md - (line 878)
[INFO] [stdout]     src/../README.md - (line 906)
[INFO] [stdout]     src/../README.md - (line 919)
[INFO] [stdout]     src/../README.md - (line 933)
[INFO] [stdout]     src/../README.md - (line 942)
[INFO] [stdout]     src/../README.md - (line 964)
[INFO] [stdout]     src/../README.md - (line 988)
[INFO] [stdout]     src/group/../../doc/group.md - group (line 1024)
[INFO] [stdout]     src/group/../../doc/group.md - group (line 103)
[INFO] [stdout]     src/group/../../doc/group.md - group (line 1035)
[INFO] [stdout]     src/group/../../doc/group.md - group (line 1050)
[INFO] [stdout]     src/group/../../doc/group.md - group (line 1080)
[INFO] [stdout]     src/group/../../doc/group.md - group (line 1093)
[INFO] [stdout]     src/group/../../doc/group.md - group (line 1147)
[INFO] [stdout]     src/group/../../doc/group.md - group (line 1162)
[INFO] [stdout]     src/group/../../doc/group.md - group (line 1180)
[INFO] [stdout]     src/group/../../doc/group.md - group (line 1195)
[INFO] [stdout]     src/group/../../doc/group.md - group (line 1238)
[INFO] [stdout]     src/group/../../doc/group.md - group (line 1249)
[INFO] [stdout]     src/group/../../doc/group.md - group (line 1260)
[INFO] [stdout]     src/group/../../doc/group.md - group (line 1271)
[INFO] [stdout]     src/group/../../doc/group.md - group (line 1285)
[INFO] [stdout]     src/group/../../doc/group.md - group (line 1296)
[INFO] [stdout]     src/group/../../doc/group.md - group (line 1307)
[INFO] [stdout]     src/group/../../doc/group.md - group (line 1324)
[INFO] [stdout]     src/group/../../doc/group.md - group (line 1335)
[INFO] [stdout]     src/group/../../doc/group.md - group (line 134)
[INFO] [stdout]     src/group/../../doc/group.md - group (line 1347)
[INFO] [stdout]     src/group/../../doc/group.md - group (line 1358)
[INFO] [stdout]     src/group/../../doc/group.md - group (line 1373)
[INFO] [stdout]     src/group/../../doc/group.md - group (line 1403)
[INFO] [stdout]     src/group/../../doc/group.md - group (line 1432)
[INFO] [stdout]     src/group/../../doc/group.md - group (line 152)
[INFO] [stdout]     src/group/../../doc/group.md - group (line 184)
[INFO] [stdout]     src/group/../../doc/group.md - group (line 198)
[INFO] [stdout]     src/group/../../doc/group.md - group (line 21)
[INFO] [stdout]     src/group/../../doc/group.md - group (line 222)
[INFO] [stdout]     src/group/../../doc/group.md - group (line 236)
[INFO] [stdout]     src/group/../../doc/group.md - group (line 252)
[INFO] [stdout]     src/group/../../doc/group.md - group (line 263)
[INFO] [stdout]     src/group/../../doc/group.md - group (line 278)
[INFO] [stdout]     src/group/../../doc/group.md - group (line 289)
[INFO] [stdout]     src/group/../../doc/group.md - group (line 305)
[INFO] [stdout]     src/group/../../doc/group.md - group (line 319)
[INFO] [stdout]     src/group/../../doc/group.md - group (line 330)
[INFO] [stdout]     src/group/../../doc/group.md - group (line 34)
[INFO] [stdout]     src/group/../../doc/group.md - group (line 346)
[INFO] [stdout]     src/group/../../doc/group.md - group (line 363)
[INFO] [stdout]     src/group/../../doc/group.md - group (line 379)
[INFO] [stdout]     src/group/../../doc/group.md - group (line 392)
[INFO] [stdout]     src/group/../../doc/group.md - group (line 411)
[INFO] [stdout]     src/group/../../doc/group.md - group (line 424)
[INFO] [stdout]     src/group/../../doc/group.md - group (line 441)
[INFO] [stdout]     src/group/../../doc/group.md - group (line 451)
[INFO] [stdout]     src/group/../../doc/group.md - group (line 465)
[INFO] [stdout]     src/group/../../doc/group.md - group (line 478)
[INFO] [stdout]     src/group/../../doc/group.md - group (line 48)
[INFO] [stdout]     src/group/../../doc/group.md - group (line 495)
[INFO] [stdout]     src/group/../../doc/group.md - group (line 506)
[INFO] [stdout]     src/group/../../doc/group.md - group (line 525)
[INFO] [stdout]     src/group/../../doc/group.md - group (line 536)
[INFO] [stdout]     src/group/../../doc/group.md - group (line 556)
[INFO] [stdout]     src/group/../../doc/group.md - group (line 57)
[INFO] [stdout]     src/group/../../doc/group.md - group (line 570)
[INFO] [stdout]     src/group/../../doc/group.md - group (line 581)
[INFO] [stdout]     src/group/../../doc/group.md - group (line 596)
[INFO] [stdout]     src/group/../../doc/group.md - group (line 609)
[INFO] [stdout]     src/group/../../doc/group.md - group (line 671)
[INFO] [stdout]     src/group/../../doc/group.md - group (line 704)
[INFO] [stdout]     src/group/../../doc/group.md - group (line 743)
[INFO] [stdout]     src/group/../../doc/group.md - group (line 767)
[INFO] [stdout]     src/group/../../doc/group.md - group (line 79)
[INFO] [stdout]     src/group/../../doc/group.md - group (line 803)
[INFO] [stdout]     src/group/../../doc/group.md - group (line 824)
[INFO] [stdout]     src/group/../../doc/group.md - group (line 837)
[INFO] [stdout]     src/group/../../doc/group.md - group (line 850)
[INFO] [stdout]     src/group/../../doc/group.md - group (line 889)
[INFO] [stdout]     src/group/../../doc/group.md - group (line 902)
[INFO] [stdout]     src/group/../../doc/group.md - group (line 918)
[INFO] [stdout]     src/group/../../doc/group.md - group (line 931)
[INFO] [stdout]     src/group/../../doc/group.md - group (line 951)
[INFO] [stdout]     src/group/../../doc/group.md - group (line 964)
[INFO] [stdout]     src/user/../../doc/user.md - user (line 1001)
[INFO] [stdout]     src/user/../../doc/user.md - user (line 108)
[INFO] [stdout]     src/user/../../doc/user.md - user (line 133)
[INFO] [stdout]     src/user/../../doc/user.md - user (line 165)
[INFO] [stdout]     src/user/../../doc/user.md - user (line 198)
[INFO] [stdout]     src/user/../../doc/user.md - user (line 235)
[INFO] [stdout]     src/user/../../doc/user.md - user (line 25)
[INFO] [stdout]     src/user/../../doc/user.md - user (line 261)
[INFO] [stdout]     src/user/../../doc/user.md - user (line 287)
[INFO] [stdout]     src/user/../../doc/user.md - user (line 310)
[INFO] [stdout]     src/user/../../doc/user.md - user (line 325)
[INFO] [stdout]     src/user/../../doc/user.md - user (line 340)
[INFO] [stdout]     src/user/../../doc/user.md - user (line 360)
[INFO] [stdout]     src/user/../../doc/user.md - user (line 374)
[INFO] [stdout]     src/user/../../doc/user.md - user (line 391)
[INFO] [stdout]     src/user/../../doc/user.md - user (line 407)
[INFO] [stdout]     src/user/../../doc/user.md - user (line 420)
[INFO] [stdout]     src/user/../../doc/user.md - user (line 442)
[INFO] [stdout]     src/user/../../doc/user.md - user (line 466)
[INFO] [stdout]     src/user/../../doc/user.md - user (line 482)
[INFO] [stdout]     src/user/../../doc/user.md - user (line 495)
[INFO] [stdout]     src/user/../../doc/user.md - user (line 509)
[INFO] [stdout]     src/user/../../doc/user.md - user (line 51)
[INFO] [stdout]     src/user/../../doc/user.md - user (line 522)
[INFO] [stdout]     src/user/../../doc/user.md - user (line 535)
[INFO] [stdout]     src/user/../../doc/user.md - user (line 553)
[INFO] [stdout]     src/user/../../doc/user.md - user (line 566)
[INFO] [stdout]     src/user/../../doc/user.md - user (line 582)
[INFO] [stdout]     src/user/../../doc/user.md - user (line 594)
[INFO] [stdout]     src/user/../../doc/user.md - user (line 610)
[INFO] [stdout]     src/user/../../doc/user.md - user (line 624)
[INFO] [stdout]     src/user/../../doc/user.md - user (line 654)
[INFO] [stdout]     src/user/../../doc/user.md - user (line 66)
[INFO] [stdout]     src/user/../../doc/user.md - user (line 663)
[INFO] [stdout]     src/user/../../doc/user.md - user (line 689)
[INFO] [stdout]     src/user/../../doc/user.md - user (line 704)
[INFO] [stdout]     src/user/../../doc/user.md - user (line 720)
[INFO] [stdout]     src/user/../../doc/user.md - user (line 733)
[INFO] [stdout]     src/user/../../doc/user.md - user (line 751)
[INFO] [stdout]     src/user/../../doc/user.md - user (line 764)
[INFO] [stdout]     src/user/../../doc/user.md - user (line 807)
[INFO] [stdout]     src/user/../../doc/user.md - user (line 818)
[INFO] [stdout]     src/user/../../doc/user.md - user (line 829)
[INFO] [stdout]     src/user/../../doc/user.md - user (line 840)
[INFO] [stdout]     src/user/../../doc/user.md - user (line 854)
[INFO] [stdout]     src/user/../../doc/user.md - user (line 865)
[INFO] [stdout]     src/user/../../doc/user.md - user (line 876)
[INFO] [stdout]     src/user/../../doc/user.md - user (line 893)
[INFO] [stdout]     src/user/../../doc/user.md - user (line 904)
[INFO] [stdout]     src/user/../../doc/user.md - user (line 916)
[INFO] [stdout]     src/user/../../doc/user.md - user (line 927)
[INFO] [stdout]     src/user/../../doc/user.md - user (line 942)
[INFO] [stdout]     src/user/../../doc/user.md - user (line 95)
[INFO] [stdout]     src/user/../../doc/user.md - user (line 972)
[INFO] [stdout] 
[INFO] [stdout] test result: FAILED. 4 passed; 255 failed; 0 ignored; 0 measured; 0 filtered out; finished in 2.22s
[INFO] [stdout] 
[INFO] running `Command { std: "docker" "inspect" "416fe94f6a78e1cf4a154031f6edcfb50f17c3fb5c252592f2f01e233a330da1", kill_on_drop: false }`
[INFO] running `Command { std: "docker" "rm" "-f" "416fe94f6a78e1cf4a154031f6edcfb50f17c3fb5c252592f2f01e233a330da1", kill_on_drop: false }`
[INFO] [stdout] 416fe94f6a78e1cf4a154031f6edcfb50f17c3fb5c252592f2f01e233a330da1
