[INFO] fetching crate selfie 0.0.3...
[INFO] testing selfie-0.0.3 against beta-2024-12-08 for beta-1.84.0-4-retry
[INFO] extracting crate selfie 0.0.3 into /workspace/builds/worker-5-tc2/source
[INFO] validating manifest of crates.io crate selfie 0.0.3 on toolchain beta-2024-12-08
[INFO] running `Command { std: CARGO_HOME="/workspace/cargo-home" RUSTUP_HOME="/workspace/rustup-home" "/workspace/cargo-home/bin/cargo" "+beta-2024-12-08" "metadata" "--manifest-path" "Cargo.toml" "--no-deps", kill_on_drop: false }`
[INFO] started tweaking crates.io crate selfie 0.0.3
[INFO] finished tweaking crates.io crate selfie 0.0.3
[INFO] tweaked toml for crates.io crate selfie 0.0.3 written to /workspace/builds/worker-5-tc2/source/Cargo.toml
[INFO] running `Command { std: CARGO_HOME="/workspace/cargo-home" RUSTUP_HOME="/workspace/rustup-home" "/workspace/cargo-home/bin/cargo" "+beta-2024-12-08" "generate-lockfile" "--manifest-path" "Cargo.toml", kill_on_drop: false }`
[INFO] [stderr]     Updating crates.io index
[INFO] [stderr]      Locking 27 packages to latest compatible versions
[INFO] [stderr]       Adding trybuild v1.0.63 (available: v1.0.101)
[INFO] running `Command { std: CARGO_HOME="/workspace/cargo-home" RUSTUP_HOME="/workspace/rustup-home" "/workspace/cargo-home/bin/cargo" "+beta-2024-12-08" "fetch" "--manifest-path" "Cargo.toml", kill_on_drop: false }`
[INFO] running `Command { std: "docker" "create" "-v" "/var/lib/crater-agent-workspace/builds/worker-5-tc2/target:/opt/rustwide/target:rw,Z" "-v" "/var/lib/crater-agent-workspace/builds/worker-5-tc2/source:/opt/rustwide/workdir:ro,Z" "-v" "/var/lib/crater-agent-workspace/cargo-home:/opt/rustwide/cargo-home:ro,Z" "-v" "/var/lib/crater-agent-workspace/rustup-home:/opt/rustwide/rustup-home:ro,Z" "-e" "SOURCE_DIR=/opt/rustwide/workdir" "-e" "CARGO_TARGET_DIR=/opt/rustwide/target" "-e" "CARGO_HOME=/opt/rustwide/cargo-home" "-e" "RUSTUP_HOME=/opt/rustwide/rustup-home" "-w" "/opt/rustwide/workdir" "-m" "1610612736" "--user" "0:0" "--network" "none" "ghcr.io/rust-lang/crates-build-env/linux@sha256:f3a9d4ad9d972b27faf3965f35b62e55ba32bbce8f20bc8fe909558a86702fde" "/opt/rustwide/cargo-home/bin/cargo" "+beta-2024-12-08" "metadata" "--no-deps" "--format-version=1", kill_on_drop: false }`
[INFO] [stdout] e5abfe4966fe8293143681b79dae0c1b9a8c8bfaca05c2256dace40826d4c1c2
[INFO] running `Command { std: "docker" "start" "-a" "e5abfe4966fe8293143681b79dae0c1b9a8c8bfaca05c2256dace40826d4c1c2", kill_on_drop: false }`
[INFO] running `Command { std: "docker" "inspect" "e5abfe4966fe8293143681b79dae0c1b9a8c8bfaca05c2256dace40826d4c1c2", kill_on_drop: false }`
[INFO] running `Command { std: "docker" "rm" "-f" "e5abfe4966fe8293143681b79dae0c1b9a8c8bfaca05c2256dace40826d4c1c2", kill_on_drop: false }`
[INFO] [stdout] e5abfe4966fe8293143681b79dae0c1b9a8c8bfaca05c2256dace40826d4c1c2
[INFO] running `Command { std: "docker" "create" "-v" "/var/lib/crater-agent-workspace/builds/worker-5-tc2/target:/opt/rustwide/target:rw,Z" "-v" "/var/lib/crater-agent-workspace/builds/worker-5-tc2/source:/opt/rustwide/workdir:ro,Z" "-v" "/var/lib/crater-agent-workspace/cargo-home:/opt/rustwide/cargo-home:ro,Z" "-v" "/var/lib/crater-agent-workspace/rustup-home:/opt/rustwide/rustup-home:ro,Z" "-e" "SOURCE_DIR=/opt/rustwide/workdir" "-e" "CARGO_TARGET_DIR=/opt/rustwide/target" "-e" "CARGO_INCREMENTAL=0" "-e" "RUST_BACKTRACE=full" "-e" "RUSTFLAGS=--cap-lints=warn" "-e" "RUSTDOCFLAGS=--cap-lints=warn" "-e" "CARGO_HOME=/opt/rustwide/cargo-home" "-e" "RUSTUP_HOME=/opt/rustwide/rustup-home" "-w" "/opt/rustwide/workdir" "-m" "1610612736" "--user" "0:0" "--network" "none" "ghcr.io/rust-lang/crates-build-env/linux@sha256:f3a9d4ad9d972b27faf3965f35b62e55ba32bbce8f20bc8fe909558a86702fde" "/opt/rustwide/cargo-home/bin/cargo" "+beta-2024-12-08" "build" "--frozen" "--message-format=json", kill_on_drop: false }`
[INFO] [stdout] 95dec6defbe2d5c0437da3058457910c901abbb5e0e6781527db84f4a8d44acf
[INFO] running `Command { std: "docker" "start" "-a" "95dec6defbe2d5c0437da3058457910c901abbb5e0e6781527db84f4a8d44acf", kill_on_drop: false }`
[INFO] [stderr]    Compiling stable_deref_trait v1.2.0
[INFO] [stderr]    Compiling selfie v0.0.3 (/opt/rustwide/workdir)
[INFO] [stderr]     Finished `dev` profile [unoptimized + debuginfo] target(s) in 0.29s
[INFO] running `Command { std: "docker" "inspect" "95dec6defbe2d5c0437da3058457910c901abbb5e0e6781527db84f4a8d44acf", kill_on_drop: false }`
[INFO] running `Command { std: "docker" "rm" "-f" "95dec6defbe2d5c0437da3058457910c901abbb5e0e6781527db84f4a8d44acf", kill_on_drop: false }`
[INFO] [stdout] 95dec6defbe2d5c0437da3058457910c901abbb5e0e6781527db84f4a8d44acf
[INFO] running `Command { std: "docker" "create" "-v" "/var/lib/crater-agent-workspace/builds/worker-5-tc2/target:/opt/rustwide/target:rw,Z" "-v" "/var/lib/crater-agent-workspace/builds/worker-5-tc2/source:/opt/rustwide/workdir:ro,Z" "-v" "/var/lib/crater-agent-workspace/cargo-home:/opt/rustwide/cargo-home:ro,Z" "-v" "/var/lib/crater-agent-workspace/rustup-home:/opt/rustwide/rustup-home:ro,Z" "-e" "SOURCE_DIR=/opt/rustwide/workdir" "-e" "CARGO_TARGET_DIR=/opt/rustwide/target" "-e" "CARGO_INCREMENTAL=0" "-e" "RUST_BACKTRACE=full" "-e" "RUSTFLAGS=--cap-lints=warn" "-e" "RUSTDOCFLAGS=--cap-lints=warn" "-e" "CARGO_HOME=/opt/rustwide/cargo-home" "-e" "RUSTUP_HOME=/opt/rustwide/rustup-home" "-w" "/opt/rustwide/workdir" "-m" "1610612736" "--user" "0:0" "--network" "none" "ghcr.io/rust-lang/crates-build-env/linux@sha256:f3a9d4ad9d972b27faf3965f35b62e55ba32bbce8f20bc8fe909558a86702fde" "/opt/rustwide/cargo-home/bin/cargo" "+beta-2024-12-08" "test" "--frozen" "--no-run" "--message-format=json", kill_on_drop: false }`
[INFO] [stdout] 59483d286569e335d86919ff3e6d06b5c93892402a78fa4b53981e0a6241b88a
[INFO] running `Command { std: "docker" "start" "-a" "59483d286569e335d86919ff3e6d06b5c93892402a78fa4b53981e0a6241b88a", kill_on_drop: false }`
[INFO] [stderr]    Compiling proc-macro2 v1.0.92
[INFO] [stderr]    Compiling serde v1.0.216
[INFO] [stderr]    Compiling unicode-ident v1.0.14
[INFO] [stderr]    Compiling serde_json v1.0.133
[INFO] [stderr]    Compiling memchr v2.7.4
[INFO] [stderr]    Compiling itoa v1.0.14
[INFO] [stderr]    Compiling trybuild v1.0.63
[INFO] [stderr]    Compiling ryu v1.0.18
[INFO] [stderr]    Compiling glob v0.3.1
[INFO] [stderr]    Compiling once_cell v1.20.2
[INFO] [stderr]    Compiling termcolor v1.4.1
[INFO] [stderr]    Compiling quote v1.0.37
[INFO] [stderr]    Compiling syn v2.0.90
[INFO] [stderr]    Compiling serde_derive v1.0.216
[INFO] [stderr]    Compiling toml v0.5.11
[INFO] [stderr]    Compiling selfie v0.0.3 (/opt/rustwide/workdir)
[INFO] [stderr]     Finished `test` profile [unoptimized + debuginfo] target(s) in 14.06s
[INFO] running `Command { std: "docker" "inspect" "59483d286569e335d86919ff3e6d06b5c93892402a78fa4b53981e0a6241b88a", kill_on_drop: false }`
[INFO] running `Command { std: "docker" "rm" "-f" "59483d286569e335d86919ff3e6d06b5c93892402a78fa4b53981e0a6241b88a", kill_on_drop: false }`
[INFO] [stdout] 59483d286569e335d86919ff3e6d06b5c93892402a78fa4b53981e0a6241b88a
[INFO] running `Command { std: "docker" "create" "-v" "/var/lib/crater-agent-workspace/builds/worker-5-tc2/target:/opt/rustwide/target:rw,Z" "-v" "/var/lib/crater-agent-workspace/builds/worker-5-tc2/source:/opt/rustwide/workdir:ro,Z" "-v" "/var/lib/crater-agent-workspace/cargo-home:/opt/rustwide/cargo-home:ro,Z" "-v" "/var/lib/crater-agent-workspace/rustup-home:/opt/rustwide/rustup-home:ro,Z" "-e" "SOURCE_DIR=/opt/rustwide/workdir" "-e" "CARGO_TARGET_DIR=/opt/rustwide/target" "-e" "CARGO_INCREMENTAL=0" "-e" "RUST_BACKTRACE=full" "-e" "RUSTFLAGS=--cap-lints=warn" "-e" "RUSTDOCFLAGS=--cap-lints=warn" "-e" "CARGO_HOME=/opt/rustwide/cargo-home" "-e" "RUSTUP_HOME=/opt/rustwide/rustup-home" "-w" "/opt/rustwide/workdir" "-m" "1610612736" "--user" "0:0" "--network" "none" "ghcr.io/rust-lang/crates-build-env/linux@sha256:f3a9d4ad9d972b27faf3965f35b62e55ba32bbce8f20bc8fe909558a86702fde" "/opt/rustwide/cargo-home/bin/cargo" "+beta-2024-12-08" "test" "--frozen", kill_on_drop: false }`
[INFO] [stdout] 200cbd0ebf587eb2c6488dedcb1bbc0239ac81b7c1564b63ad383d2b164eddff
[INFO] running `Command { std: "docker" "start" "-a" "200cbd0ebf587eb2c6488dedcb1bbc0239ac81b7c1564b63ad383d2b164eddff", kill_on_drop: false }`
[INFO] [stderr]     Finished `test` profile [unoptimized + debuginfo] target(s) in 0.03s
[INFO] [stdout] 
[INFO] [stderr]      Running unittests src/lib.rs (/opt/rustwide/target/debug/deps/selfie-f1557cf27fd4efbd)
[INFO] [stdout] running 0 tests
[INFO] [stderr]      Running tests/cascading.rs (/opt/rustwide/target/debug/deps/cascading-c21fd007a94d0e76)
[INFO] [stdout] 
[INFO] [stdout] test result: ok. 0 passed; 0 failed; 0 ignored; 0 measured; 0 filtered out; finished in 0.00s
[INFO] [stdout] 
[INFO] [stdout] 
[INFO] [stdout] running 3 tests
[INFO] [stdout] test cascading ... ok
[INFO] [stdout] test more_cascading ... ok
[INFO] [stdout] test cascading_mut ... ok
[INFO] [stdout] 
[INFO] [stdout] test result: ok. 3 passed; 0 failed; 0 ignored; 0 measured; 0 filtered out; finished in 0.00s
[INFO] [stdout] 
[INFO] [stderr]      Running tests/compile_fail.rs (/opt/rustwide/target/debug/deps/compile_fail-937b3f0aa7bf0b9e)
[INFO] [stdout] 
[INFO] [stdout] running 1 test
[INFO] [stderr] warning: `/opt/rustwide/target/tests/selfie/.cargo/config` is deprecated in favor of `config.toml`
[INFO] [stderr] note: if you need to support cargo 1.38 or earlier, you can symlink `config` to `config.toml`
[INFO] [stderr]     Checking stable_deref_trait v1.2.0
[INFO] [stderr]     Checking selfie v0.0.3 (/opt/rustwide/workdir)
[INFO] [stderr]     Checking selfie-tests v0.0.0 (/opt/rustwide/target/tests/selfie)
[INFO] [stderr]     Finished `dev` profile [unoptimized + debuginfo] target(s) in 0.38s
[INFO] [stderr] 
[INFO] [stderr] 
[INFO] [stderr] test tests/compile_fail/circular.rs ... mismatch
[INFO] [stderr] 
[INFO] [stderr] EXPECTED:
[INFO] [stderr] ┈┈┈┈┈┈┈┈┈┈┈┈┈┈┈┈┈┈┈┈┈┈┈┈┈┈┈┈┈┈┈┈┈┈┈┈┈┈┈┈┈┈┈┈┈┈┈┈┈┈┈┈┈┈┈┈┈┈┈┈
[INFO] [stderr] error[E0495]: cannot infer an appropriate lifetime due to conflicting requirements
[INFO] [stderr]   --> tests/compile_fail/circular.rs:21:40
[INFO] [stderr]    |
[INFO] [stderr] 21 |         referential.0.borrow_mut().0 = Some(selfie.with_referential(|r| r));
[INFO] [stderr]    |                                        ^^^^^^^^^^^^^^^^^^^^^^^^^^^^^^^^^^^^
[INFO] [stderr]    |
[INFO] [stderr] note: first, the lifetime cannot outlive the anonymous lifetime #1 defined here...
[INFO] [stderr]   --> tests/compile_fail/circular.rs:21:69
[INFO] [stderr]    |
[INFO] [stderr] 21 |         referential.0.borrow_mut().0 = Some(selfie.with_referential(|r| r));
[INFO] [stderr]    |                                                                     ^^^^^
[INFO] [stderr] note: ...so that the type `Bar<'_>` is not borrowed for too long
[INFO] [stderr]   --> tests/compile_fail/circular.rs:21:45
[INFO] [stderr]    |
[INFO] [stderr] 21 |         referential.0.borrow_mut().0 = Some(selfie.with_referential(|r| r));
[INFO] [stderr]    |                                             ^^^^^^^^^^^^^^^^^^^^^^^^^^^^^^
[INFO] [stderr] note: but, the lifetime must be valid for the anonymous lifetime #1 defined here...
[INFO] [stderr]   --> tests/compile_fail/circular.rs:20:29
[INFO] [stderr]    |
[INFO] [stderr] 20 |       selfie.with_referential(|referential| {
[INFO] [stderr]    |  _____________________________^
[INFO] [stderr] 21 | |         referential.0.borrow_mut().0 = Some(selfie.with_referential(|r| r));
[INFO] [stderr] 22 | |     });
[INFO] [stderr]    | |_____^
[INFO] [stderr] note: ...so that the expression is assignable
[INFO] [stderr]   --> tests/compile_fail/circular.rs:21:40
[INFO] [stderr]    |
[INFO] [stderr] 21 |         referential.0.borrow_mut().0 = Some(selfie.with_referential(|r| r));
[INFO] [stderr]    |                                        ^^^^^^^^^^^^^^^^^^^^^^^^^^^^^^^^^^^^
[INFO] [stderr]    = note: expected `Option<&Bar<'_>>`
[INFO] [stderr]               found `Option<&Bar<'_>>`
[INFO] [stderr] 
[INFO] [stderr] error[E0308]: mismatched types
[INFO] [stderr]   --> tests/compile_fail/circular.rs:21:45
[INFO] [stderr]    |
[INFO] [stderr] 21 |         referential.0.borrow_mut().0 = Some(selfie.with_referential(|r| r));
[INFO] [stderr]    |                                             ^^^^^^^^^^^^^^^^^^^^^^^^^^^^^^ lifetime mismatch
[INFO] [stderr]    |
[INFO] [stderr]    = note: expected reference `&Bar<'_>`
[INFO] [stderr]               found reference `&Bar<'_>`
[INFO] [stderr] note: the anonymous lifetime #1 defined here...
[INFO] [stderr]   --> tests/compile_fail/circular.rs:21:69
[INFO] [stderr]    |
[INFO] [stderr] 21 |         referential.0.borrow_mut().0 = Some(selfie.with_referential(|r| r));
[INFO] [stderr]    |                                                                     ^^^^^
[INFO] [stderr] note: ...does not necessarily outlive the anonymous lifetime #1 defined here
[INFO] [stderr]   --> tests/compile_fail/circular.rs:20:29
[INFO] [stderr]    |
[INFO] [stderr] 20 |       selfie.with_referential(|referential| {
[INFO] [stderr]    |  _____________________________^
[INFO] [stderr] 21 | |         referential.0.borrow_mut().0 = Some(selfie.with_referential(|r| r));
[INFO] [stderr] 22 | |     });
[INFO] [stderr]    | |_____^
[INFO] [stderr] 
[INFO] [stderr] error[E0308]: mismatched types
[INFO] [stderr]   --> tests/compile_fail/circular.rs:21:45
[INFO] [stderr]    |
[INFO] [stderr] 21 |         referential.0.borrow_mut().0 = Some(selfie.with_referential(|r| r));
[INFO] [stderr]    |                                             ^^^^^^^^^^^^^^^^^^^^^^^^^^^^^^ lifetime mismatch
[INFO] [stderr]    |
[INFO] [stderr]    = note: expected reference `&Bar<'_>`
[INFO] [stderr]               found reference `&Bar<'_>`
[INFO] [stderr] note: the anonymous lifetime #1 defined here...
[INFO] [stderr]   --> tests/compile_fail/circular.rs:20:29
[INFO] [stderr]    |
[INFO] [stderr] 20 |       selfie.with_referential(|referential| {
[INFO] [stderr]    |  _____________________________^
[INFO] [stderr] 21 | |         referential.0.borrow_mut().0 = Some(selfie.with_referential(|r| r));
[INFO] [stderr] 22 | |     });
[INFO] [stderr]    | |_____^
[INFO] [stderr] note: ...does not necessarily outlive the anonymous lifetime #1 defined here
[INFO] [stderr]   --> tests/compile_fail/circular.rs:21:69
[INFO] [stderr]    |
[INFO] [stderr] 21 |         referential.0.borrow_mut().0 = Some(selfie.with_referential(|r| r));
[INFO] [stderr]    |                                                                     ^^^^^
[INFO] [stderr] ┈┈┈┈┈┈┈┈┈┈┈┈┈┈┈┈┈┈┈┈┈┈┈┈┈┈┈┈┈┈┈┈┈┈┈┈┈┈┈┈┈┈┈┈┈┈┈┈┈┈┈┈┈┈┈┈┈┈┈┈
[INFO] [stderr] 
[INFO] [stderr] ACTUAL OUTPUT:
[INFO] [stderr] ┈┈┈┈┈┈┈┈┈┈┈┈┈┈┈┈┈┈┈┈┈┈┈┈┈┈┈┈┈┈┈┈┈┈┈┈┈┈┈┈┈┈┈┈┈┈┈┈┈┈┈┈┈┈┈┈┈┈┈┈
[INFO] [stderr] error[E0597]: `selfie` does not live long enough
[INFO] [stderr]   --> tests/compile_fail/circular.rs:20:5
[INFO] [stderr]    |
[INFO] [stderr] 17 |     let mut selfie: Selfie<Box<()>, BarRef> =
[INFO] [stderr]    |         ---------- binding `selfie` declared here
[INFO] [stderr] ...
[INFO] [stderr] 20 |     selfie.with_referential(|referential| {
[INFO] [stderr]    |     ^^^^^^ borrowed value does not live long enough
[INFO] [stderr] 21 |         referential.0.borrow_mut().0 = Some(selfie.with_referential(|r| r));
[INFO] [stderr]    |                                                                         - returning this value requires that `selfie` is borrowed for `'static`
[INFO] [stderr] ...
[INFO] [stderr] 35 | }
[INFO] [stderr]    | - `selfie` dropped here while still borrowed
[INFO] [stderr] 
[INFO] [stderr] error[E0597]: `selfie` does not live long enough
[INFO] [stderr]   --> tests/compile_fail/circular.rs:21:45
[INFO] [stderr]    |
[INFO] [stderr] 17 |     let mut selfie: Selfie<Box<()>, BarRef> =
[INFO] [stderr]    |         ---------- binding `selfie` declared here
[INFO] [stderr] ...
[INFO] [stderr] 20 |     selfie.with_referential(|referential| {
[INFO] [stderr]    |                             ------------- value captured here
[INFO] [stderr] 21 |         referential.0.borrow_mut().0 = Some(selfie.with_referential(|r| r));
[INFO] [stderr]    |                                             ^^^^^^                      - returning this value requires that `selfie` is borrowed for `'static`
[INFO] [stderr]    |                                             |
[INFO] [stderr]    |                                             borrowed value does not live long enough
[INFO] [stderr] ...
[INFO] [stderr] 35 | }
[INFO] [stderr]    | - `selfie` dropped here while still borrowed
[INFO] [stderr] 
[INFO] [stderr] error[E0502]: cannot borrow `selfie` as mutable because it is also borrowed as immutable
[INFO] [stderr]   --> tests/compile_fail/circular.rs:24:5
[INFO] [stderr]    |
[INFO] [stderr] 20 |       selfie.with_referential(|referential| {
[INFO] [stderr]    |       ------ immutable borrow occurs here
[INFO] [stderr] 21 |           referential.0.borrow_mut().0 = Some(selfie.with_referential(|r| r));
[INFO] [stderr]    |                                                                           - returning this value requires that `selfie` is borrowed for `'static`
[INFO] [stderr] ...
[INFO] [stderr] 24 | /     selfie.with_referential_mut(|dep| {
[INFO] [stderr] 25 | |         let r1 = dep.0.get_mut();
[INFO] [stderr] 26 | |         let string_ref_1 = &mut r1.1;
[INFO] [stderr] 27 | |         let mut r2 = r1.0.unwrap().0.borrow_mut();
[INFO] [stderr] ...  |
[INFO] [stderr] 33 | |         println!("{}", s); // prints garbage
[INFO] [stderr] 34 | |     });
[INFO] [stderr]    | |______^ mutable borrow occurs here
[INFO] [stderr] ┈┈┈┈┈┈┈┈┈┈┈┈┈┈┈┈┈┈┈┈┈┈┈┈┈┈┈┈┈┈┈┈┈┈┈┈┈┈┈┈┈┈┈┈┈┈┈┈┈┈┈┈┈┈┈┈┈┈┈┈
[INFO] [stderr] note: If the actual output is the correct output you can bless it by rerunning
[INFO] [stderr]       your test with the environment variable TRYBUILD=overwrite
[INFO] [stderr] 
[INFO] [stderr] test tests/compile_fail/clone.rs ... mismatch
[INFO] [stderr] 
[INFO] [stderr] EXPECTED:
[INFO] [stderr] ┈┈┈┈┈┈┈┈┈┈┈┈┈┈┈┈┈┈┈┈┈┈┈┈┈┈┈┈┈┈┈┈┈┈┈┈┈┈┈┈┈┈┈┈┈┈┈┈┈┈┈┈┈┈┈┈┈┈┈┈
[INFO] [stderr] error[E0505]: cannot move out of `selfie` because it is borrowed
[INFO] [stderr]   --> tests/compile_fail/clone.rs:21:10
[INFO] [stderr]    |
[INFO] [stderr] 20 |     let cloned = selfie.with_referential(|r| r.clone());
[INFO] [stderr]    |                  -------------------------------------- borrow of `selfie` occurs here
[INFO] [stderr] 21 |     drop(selfie); // Drops both data and selfie
[INFO] [stderr]    |          ^^^^^^ move out of `selfie` occurs here
[INFO] [stderr] 22 |     println!("{}", cloned.inner); // Boom
[INFO] [stderr]    |                    ------------ borrow later used here
[INFO] [stderr] ┈┈┈┈┈┈┈┈┈┈┈┈┈┈┈┈┈┈┈┈┈┈┈┈┈┈┈┈┈┈┈┈┈┈┈┈┈┈┈┈┈┈┈┈┈┈┈┈┈┈┈┈┈┈┈┈┈┈┈┈
[INFO] [stderr] 
[INFO] [stderr] ACTUAL OUTPUT:
[INFO] [stderr] ┈┈┈┈┈┈┈┈┈┈┈┈┈┈┈┈┈┈┈┈┈┈┈┈┈┈┈┈┈┈┈┈┈┈┈┈┈┈┈┈┈┈┈┈┈┈┈┈┈┈┈┈┈┈┈┈┈┈┈┈
[INFO] [stderr] error[E0505]: cannot move out of `selfie` because it is borrowed
[INFO] [stderr]   --> tests/compile_fail/clone.rs:21:10
[INFO] [stderr]    |
[INFO] [stderr] 18 |     let selfie: Selfie<String, StrRefType> = Selfie::new(data, |inner| StrRef { inner });
[INFO] [stderr]    |         ------ binding `selfie` declared here
[INFO] [stderr] 19 |
[INFO] [stderr] 20 |     let cloned = selfie.with_referential(|r| r.clone());
[INFO] [stderr]    |                  ------ borrow of `selfie` occurs here
[INFO] [stderr] 21 |     drop(selfie); // Drops both data and selfie
[INFO] [stderr]    |          ^^^^^^ move out of `selfie` occurs here
[INFO] [stderr] 22 |     println!("{}", cloned.inner); // Boom
[INFO] [stderr]    |                    ------------ borrow later used here
[INFO] [stderr] ┈┈┈┈┈┈┈┈┈┈┈┈┈┈┈┈┈┈┈┈┈┈┈┈┈┈┈┈┈┈┈┈┈┈┈┈┈┈┈┈┈┈┈┈┈┈┈┈┈┈┈┈┈┈┈┈┈┈┈┈
[INFO] [stderr] note: If the actual output is the correct output you can bless it by rerunning
[INFO] [stderr]       your test with the environment variable TRYBUILD=overwrite
[INFO] [stderr] 
[INFO] [stderr] test tests/compile_fail/with_referential_mut_from_outer.rs ... mismatch
[INFO] [stderr] 
[INFO] [stderr] EXPECTED:
[INFO] [stderr] ┈┈┈┈┈┈┈┈┈┈┈┈┈┈┈┈┈┈┈┈┈┈┈┈┈┈┈┈┈┈┈┈┈┈┈┈┈┈┈┈┈┈┈┈┈┈┈┈┈┈┈┈┈┈┈┈┈┈┈┈
[INFO] [stderr] error[E0597]: `new_string` does not live long enough
[INFO] [stderr]   --> tests/compile_fail/with_referential_mut_from_outer.rs:13:47
[INFO] [stderr]    |
[INFO] [stderr] 13 |         selfie.with_referential_mut(|s| *s = &new_string);
[INFO] [stderr]    |                                     --- ------^^^^^^^^^^
[INFO] [stderr]    |                                     |   |     |
[INFO] [stderr]    |                                     |   |     borrowed value does not live long enough
[INFO] [stderr]    |                                     |   assignment requires that `new_string` is borrowed for `'static`
[INFO] [stderr]    |                                     value captured here
[INFO] [stderr] 14 |     }
[INFO] [stderr]    |     - `new_string` dropped here while still borrowed
[INFO] [stderr] ┈┈┈┈┈┈┈┈┈┈┈┈┈┈┈┈┈┈┈┈┈┈┈┈┈┈┈┈┈┈┈┈┈┈┈┈┈┈┈┈┈┈┈┈┈┈┈┈┈┈┈┈┈┈┈┈┈┈┈┈
[INFO] [stderr] 
[INFO] [stderr] ACTUAL OUTPUT:
[INFO] [stderr] ┈┈┈┈┈┈┈┈┈┈┈┈┈┈┈┈┈┈┈┈┈┈┈┈┈┈┈┈┈┈┈┈┈┈┈┈┈┈┈┈┈┈┈┈┈┈┈┈┈┈┈┈┈┈┈┈┈┈┈┈
[INFO] [stderr] error[E0597]: `new_string` does not live long enough
[INFO] [stderr]   --> tests/compile_fail/with_referential_mut_from_outer.rs:13:47
[INFO] [stderr]    |
[INFO] [stderr] 12 |         let new_string = String::from("foo");
[INFO] [stderr]    |             ---------- binding `new_string` declared here
[INFO] [stderr] 13 |         selfie.with_referential_mut(|s| *s = &new_string);
[INFO] [stderr]    |                                     --- ------^^^^^^^^^^
[INFO] [stderr]    |                                     |   |     |
[INFO] [stderr]    |                                     |   |     borrowed value does not live long enough
[INFO] [stderr]    |                                     |   assignment requires that `new_string` is borrowed for `'static`
[INFO] [stderr]    |                                     value captured here
[INFO] [stderr] 14 |     }
[INFO] [stderr]    |     - `new_string` dropped here while still borrowed
[INFO] [stderr] ┈┈┈┈┈┈┈┈┈┈┈┈┈┈┈┈┈┈┈┈┈┈┈┈┈┈┈┈┈┈┈┈┈┈┈┈┈┈┈┈┈┈┈┈┈┈┈┈┈┈┈┈┈┈┈┈┈┈┈┈
[INFO] [stderr] note: If the actual output is the correct output you can bless it by rerunning
[INFO] [stderr]       your test with the environment variable TRYBUILD=overwrite
[INFO] [stderr] 
[INFO] [stderr] 
[INFO] [stderr] 
[INFO] [stdout] test ui ... FAILED
[INFO] [stdout] 
[INFO] [stdout] failures:
[INFO] [stdout] 
[INFO] [stdout] ---- ui stdout ----
[INFO] [stdout] thread 'ui' panicked at /opt/rustwide/cargo-home/registry/src/index.crates.io-6f17d22bba15001f/trybuild-1.0.63/src/run.rs:101:13:
[INFO] [stdout] 3 of 3 tests failed
[INFO] [stdout] stack backtrace:
[INFO] [stdout]    0:     0x56fc127a4d2a - std::backtrace_rs::backtrace::libunwind::trace::h8810477743020387
[INFO] [stdout]                                at /rustc/202008a1b8de96d2e5b6bc02d379db03a877d34d/library/std/src/../../backtrace/src/backtrace/libunwind.rs:116:5
[INFO] [stdout]    1:     0x56fc127a4d2a - std::backtrace_rs::backtrace::trace_unsynchronized::h3aa55355dd6c54a6
[INFO] [stdout]                                at /rustc/202008a1b8de96d2e5b6bc02d379db03a877d34d/library/std/src/../../backtrace/src/backtrace/mod.rs:66:5
[INFO] [stdout]    2:     0x56fc127a4d2a - std::sys::backtrace::_print_fmt::h8588b0f62410823f
[INFO] [stdout]                                at /rustc/202008a1b8de96d2e5b6bc02d379db03a877d34d/library/std/src/sys/backtrace.rs:66:9
[INFO] [stdout]    3:     0x56fc127a4d2a - <std::sys::backtrace::BacktraceLock::print::DisplayBacktrace as core::fmt::Display>::fmt::h98c26ac25ffe89bb
[INFO] [stdout]                                at /rustc/202008a1b8de96d2e5b6bc02d379db03a877d34d/library/std/src/sys/backtrace.rs:39:26
[INFO] [stdout]    4:     0x56fc127cd2c3 - core::fmt::rt::Argument::fmt::hf95377f4aebd453b
[INFO] [stdout]                                at /rustc/202008a1b8de96d2e5b6bc02d379db03a877d34d/library/core/src/fmt/rt.rs:177:76
[INFO] [stdout]    5:     0x56fc127cd2c3 - core::fmt::write::h0dd5f6e2238c7982
[INFO] [stdout]                                at /rustc/202008a1b8de96d2e5b6bc02d379db03a877d34d/library/core/src/fmt/mod.rs:1189:21
[INFO] [stdout]    6:     0x56fc127a13d3 - std::io::Write::write_fmt::h03bb0ca26e6faf8c
[INFO] [stdout]                                at /rustc/202008a1b8de96d2e5b6bc02d379db03a877d34d/library/std/src/io/mod.rs:1884:15
[INFO] [stdout]    7:     0x56fc127a4b72 - std::sys::backtrace::BacktraceLock::print::h5c19c1c038ee186d
[INFO] [stdout]                                at /rustc/202008a1b8de96d2e5b6bc02d379db03a877d34d/library/std/src/sys/backtrace.rs:42:9
[INFO] [stdout]    8:     0x56fc127a61ad - std::panicking::default_hook::{{closure}}::h77172f079a1fcb13
[INFO] [stdout]                                at /rustc/202008a1b8de96d2e5b6bc02d379db03a877d34d/library/std/src/panicking.rs:268:22
[INFO] [stdout]    9:     0x56fc127a5fb7 - std::panicking::default_hook::he5f8e3b203ccddba
[INFO] [stdout]                                at /rustc/202008a1b8de96d2e5b6bc02d379db03a877d34d/library/std/src/panicking.rs:292:9
[INFO] [stdout]   10:     0x56fc1276d837 - <alloc::boxed::Box<F,A> as core::ops::function::Fn<Args>>::call::h7a3c7b4a1ae77f2f
[INFO] [stdout]                                at /rustc/202008a1b8de96d2e5b6bc02d379db03a877d34d/library/alloc/src/boxed.rs:1986:9
[INFO] [stdout]   11:     0x56fc1276d837 - test::test_main::{{closure}}::hf0d3b69ae9b353d1
[INFO] [stdout]                                at /rustc/202008a1b8de96d2e5b6bc02d379db03a877d34d/library/test/src/lib.rs:134:21
[INFO] [stdout]   12:     0x56fc127a6858 - <alloc::boxed::Box<F,A> as core::ops::function::Fn<Args>>::call::h6332e82e7b189abd
[INFO] [stdout]                                at /rustc/202008a1b8de96d2e5b6bc02d379db03a877d34d/library/alloc/src/boxed.rs:1986:9
[INFO] [stdout]   13:     0x56fc127a6858 - std::panicking::rust_panic_with_hook::h53863d4e9018df39
[INFO] [stdout]                                at /rustc/202008a1b8de96d2e5b6bc02d379db03a877d34d/library/std/src/panicking.rs:809:13
[INFO] [stdout]   14:     0x56fc127a661a - std::panicking::begin_panic_handler::{{closure}}::h67280e6fa0757873
[INFO] [stdout]                                at /rustc/202008a1b8de96d2e5b6bc02d379db03a877d34d/library/std/src/panicking.rs:674:13
[INFO] [stdout]   15:     0x56fc127a5209 - std::sys::backtrace::__rust_end_short_backtrace::h1dac3f54d6fbbeb2
[INFO] [stdout]                                at /rustc/202008a1b8de96d2e5b6bc02d379db03a877d34d/library/std/src/sys/backtrace.rs:170:18
[INFO] [stdout]   16:     0x56fc127a62ac - rust_begin_unwind
[INFO] [stdout]                                at /rustc/202008a1b8de96d2e5b6bc02d379db03a877d34d/library/std/src/panicking.rs:665:5
[INFO] [stdout]   17:     0x56fc1254a260 - core::panicking::panic_fmt::h6792bd1b2bf01041
[INFO] [stdout]                                at /rustc/202008a1b8de96d2e5b6bc02d379db03a877d34d/library/core/src/panicking.rs:76:14
[INFO] [stdout]   18:     0x56fc125557d9 - trybuild::run::<impl trybuild::Runner>::run::h48100c097bb46b37
[INFO] [stdout]                                at /opt/rustwide/cargo-home/registry/src/index.crates.io-6f17d22bba15001f/trybuild-1.0.63/src/run.rs:101:13
[INFO] [stdout]   19:     0x56fc1255a2f8 - <trybuild::TestCases as core::ops::drop::Drop>::drop::h19083cbe73e6186f
[INFO] [stdout]                                at /opt/rustwide/cargo-home/registry/src/index.crates.io-6f17d22bba15001f/trybuild-1.0.63/src/lib.rs:310:13
[INFO] [stdout]   20:     0x56fc1254ad47 - core::ptr::drop_in_place<trybuild::TestCases>::hb67c52b6f2f2d9c7
[INFO] [stdout]                                at /rustc/202008a1b8de96d2e5b6bc02d379db03a877d34d/library/core/src/ptr/mod.rs:521:1
[INFO] [stdout]   21:     0x56fc1254b4c3 - compile_fail::ui::hf10cc3db96973b90
[INFO] [stdout]                                at /opt/rustwide/workdir/tests/compile_fail.rs:8:1
[INFO] [stdout]   22:     0x56fc1254b427 - compile_fail::ui::{{closure}}::h5693bd91e97a1fa7
[INFO] [stdout]                                at /opt/rustwide/workdir/tests/compile_fail.rs:3:8
[INFO] [stdout]   23:     0x56fc1254acf6 - core::ops::function::FnOnce::call_once::h37c52ba44d5241da
[INFO] [stdout]                                at /rustc/202008a1b8de96d2e5b6bc02d379db03a877d34d/library/core/src/ops/function.rs:250:5
[INFO] [stdout]   24:     0x56fc1277235b - core::ops::function::FnOnce::call_once::h871bf86719ec9aa4
[INFO] [stdout]                                at /rustc/202008a1b8de96d2e5b6bc02d379db03a877d34d/library/core/src/ops/function.rs:250:5
[INFO] [stdout]   25:     0x56fc1277235b - test::__rust_begin_short_backtrace::h2167df1e2b7d76fd
[INFO] [stdout]                                at /rustc/202008a1b8de96d2e5b6bc02d379db03a877d34d/library/test/src/lib.rs:632:18
[INFO] [stdout]   26:     0x56fc12771d48 - test::run_test_in_process::{{closure}}::h15d92f75a3adfb79
[INFO] [stdout]                                at /rustc/202008a1b8de96d2e5b6bc02d379db03a877d34d/library/test/src/lib.rs:655:60
[INFO] [stdout]   27:     0x56fc12771d48 - <core::panic::unwind_safe::AssertUnwindSafe<F> as core::ops::function::FnOnce<()>>::call_once::hb6c8955835a8dbbb
[INFO] [stdout]                                at /rustc/202008a1b8de96d2e5b6bc02d379db03a877d34d/library/core/src/panic/unwind_safe.rs:272:9
[INFO] [stdout]   28:     0x56fc12771d48 - std::panicking::try::do_call::hc79d0fc888a0bd30
[INFO] [stdout]                                at /rustc/202008a1b8de96d2e5b6bc02d379db03a877d34d/library/std/src/panicking.rs:557:40
[INFO] [stdout]   29:     0x56fc12771d48 - std::panicking::try::hb8a7878e3a8589d6
[INFO] [stdout]                                at /rustc/202008a1b8de96d2e5b6bc02d379db03a877d34d/library/std/src/panicking.rs:520:19
[INFO] [stdout]   30:     0x56fc12771d48 - std::panic::catch_unwind::hb8e4600ff0ff5cfa
[INFO] [stdout]                                at /rustc/202008a1b8de96d2e5b6bc02d379db03a877d34d/library/std/src/panic.rs:358:14
[INFO] [stdout]   31:     0x56fc12771d48 - test::run_test_in_process::hc2900b0b18688dd6
[INFO] [stdout]                                at /rustc/202008a1b8de96d2e5b6bc02d379db03a877d34d/library/test/src/lib.rs:655:27
[INFO] [stdout]   32:     0x56fc12771d48 - test::run_test::{{closure}}::hac2a9cb07be3d48d
[INFO] [stdout]                                at /rustc/202008a1b8de96d2e5b6bc02d379db03a877d34d/library/test/src/lib.rs:576:43
[INFO] [stdout]   33:     0x56fc127357ea - test::run_test::{{closure}}::h4a5b729e66a38cd8
[INFO] [stdout]                                at /rustc/202008a1b8de96d2e5b6bc02d379db03a877d34d/library/test/src/lib.rs:606:41
[INFO] [stdout]   34:     0x56fc127357ea - std::sys::backtrace::__rust_begin_short_backtrace::h0496fb742492f573
[INFO] [stdout]                                at /rustc/202008a1b8de96d2e5b6bc02d379db03a877d34d/library/std/src/sys/backtrace.rs:154:18
[INFO] [stdout]   35:     0x56fc12739164 - std::thread::Builder::spawn_unchecked_::{{closure}}::{{closure}}::hbb6d257c550a54bd
[INFO] [stdout]                                at /rustc/202008a1b8de96d2e5b6bc02d379db03a877d34d/library/std/src/thread/mod.rs:561:17
[INFO] [stdout]   36:     0x56fc12739164 - <core::panic::unwind_safe::AssertUnwindSafe<F> as core::ops::function::FnOnce<()>>::call_once::h46696fe4a6832328
[INFO] [stdout]                                at /rustc/202008a1b8de96d2e5b6bc02d379db03a877d34d/library/core/src/panic/unwind_safe.rs:272:9
[INFO] [stdout]   37:     0x56fc12739164 - std::panicking::try::do_call::h2625a51b667bfb64
[INFO] [stdout]                                at /rustc/202008a1b8de96d2e5b6bc02d379db03a877d34d/library/std/src/panicking.rs:557:40
[INFO] [stdout]   38:     0x56fc12739164 - std::panicking::try::hb956a59a1973aa4c
[INFO] [stdout]                                at /rustc/202008a1b8de96d2e5b6bc02d379db03a877d34d/library/std/src/panicking.rs:520:19
[INFO] [stdout]   39:     0x56fc12739164 - std::panic::catch_unwind::h64f3b9d1067ef6a0
[INFO] [stdout]                                at /rustc/202008a1b8de96d2e5b6bc02d379db03a877d34d/library/std/src/panic.rs:358:14
[INFO] [stdout]   40:     0x56fc12739164 - std::thread::Builder::spawn_unchecked_::{{closure}}::h42b2841295b6c0b2
[INFO] [stdout]                                at /rustc/202008a1b8de96d2e5b6bc02d379db03a877d34d/library/std/src/thread/mod.rs:559:30
[INFO] [stdout]   41:     0x56fc12739164 - core::ops::function::FnOnce::call_once{{vtable.shim}}::h6127de71b8124639
[INFO] [stdout]                                at /rustc/202008a1b8de96d2e5b6bc02d379db03a877d34d/library/core/src/ops/function.rs:250:5
[INFO] [stdout]   42:     0x56fc127ab76b - <alloc::boxed::Box<F,A> as core::ops::function::FnOnce<Args>>::call_once::h42f0ba71002a1b2c
[INFO] [stdout]                                at /rustc/202008a1b8de96d2e5b6bc02d379db03a877d34d/library/alloc/src/boxed.rs:1972:9
[INFO] [stdout]   43:     0x56fc127ab76b - <alloc::boxed::Box<F,A> as core::ops::function::FnOnce<Args>>::call_once::had9e47d7a3dcecb8
[INFO] [stdout]                                at /rustc/202008a1b8de96d2e5b6bc02d379db03a877d34d/library/alloc/src/boxed.rs:1972:9
[INFO] [stdout]   44:     0x56fc127ab76b - std::sys::pal::unix::thread::Thread::new::thread_start::h48cf765408f6f5f2
[INFO] [stdout]                                at /rustc/202008a1b8de96d2e5b6bc02d379db03a877d34d/library/std/src/sys/pal/unix/thread.rs:105:17
[INFO] [stdout]   45:     0x77f41d483ac3 - <unknown>
[INFO] [stdout]   46:     0x77f41d514a04 - clone
[INFO] [stdout]   47:                0x0 - <unknown>
[INFO] [stdout] 
[INFO] [stdout] 
[INFO] [stdout] failures:
[INFO] [stdout]     ui
[INFO] [stdout] 
[INFO] [stdout] test result: FAILED. 0 passed; 1 failed; 0 ignored; 0 measured; 0 filtered out; finished in 0.97s
[INFO] [stdout] 
[INFO] [stderr] error: test failed, to rerun pass `--test compile_fail`
[INFO] running `Command { std: "docker" "inspect" "200cbd0ebf587eb2c6488dedcb1bbc0239ac81b7c1564b63ad383d2b164eddff", kill_on_drop: false }`
[INFO] running `Command { std: "docker" "rm" "-f" "200cbd0ebf587eb2c6488dedcb1bbc0239ac81b7c1564b63ad383d2b164eddff", kill_on_drop: false }`
[INFO] [stdout] 200cbd0ebf587eb2c6488dedcb1bbc0239ac81b7c1564b63ad383d2b164eddff
