[INFO] fetching crate scratchstack-aspen 0.3.1...
[INFO] testing scratchstack-aspen-0.3.1 against beta-2024-12-08 for beta-1.84.0-4-retry
[INFO] extracting crate scratchstack-aspen 0.3.1 into /workspace/builds/worker-0-tc2/source
[INFO] validating manifest of crates.io crate scratchstack-aspen 0.3.1 on toolchain beta-2024-12-08
[INFO] running `Command { std: CARGO_HOME="/workspace/cargo-home" RUSTUP_HOME="/workspace/rustup-home" "/workspace/cargo-home/bin/cargo" "+beta-2024-12-08" "metadata" "--manifest-path" "Cargo.toml" "--no-deps", kill_on_drop: false }`
[INFO] started tweaking crates.io crate scratchstack-aspen 0.3.1
[INFO] finished tweaking crates.io crate scratchstack-aspen 0.3.1
[INFO] tweaked toml for crates.io crate scratchstack-aspen 0.3.1 written to /workspace/builds/worker-0-tc2/source/Cargo.toml
[INFO] running `Command { std: CARGO_HOME="/workspace/cargo-home" RUSTUP_HOME="/workspace/rustup-home" "/workspace/cargo-home/bin/cargo" "+beta-2024-12-08" "generate-lockfile" "--manifest-path" "Cargo.toml", kill_on_drop: false }`
[INFO] [stderr]     Updating crates.io index
[INFO] [stderr]     Blocking waiting for file lock on package cache
[INFO] [stderr]      Locking 85 packages to latest compatible versions
[INFO] [stderr]       Adding base64 v0.13.1 (available: v0.22.1)
[INFO] [stderr]       Adding derive_builder v0.11.2 (available: v0.20.2)
[INFO] [stderr]       Adding env_logger v0.8.4 (available: v0.11.5)
[INFO] [stderr]       Adding indoc v1.0.9 (available: v2.0.5)
[INFO] running `Command { std: CARGO_HOME="/workspace/cargo-home" RUSTUP_HOME="/workspace/rustup-home" "/workspace/cargo-home/bin/cargo" "+beta-2024-12-08" "fetch" "--manifest-path" "Cargo.toml", kill_on_drop: false }`
[INFO] [stderr]     Blocking waiting for file lock on package cache
[INFO] running `Command { std: "docker" "create" "-v" "/var/lib/crater-agent-workspace/builds/worker-0-tc2/target:/opt/rustwide/target:rw,Z" "-v" "/var/lib/crater-agent-workspace/builds/worker-0-tc2/source:/opt/rustwide/workdir:ro,Z" "-v" "/var/lib/crater-agent-workspace/cargo-home:/opt/rustwide/cargo-home:ro,Z" "-v" "/var/lib/crater-agent-workspace/rustup-home:/opt/rustwide/rustup-home:ro,Z" "-e" "SOURCE_DIR=/opt/rustwide/workdir" "-e" "CARGO_TARGET_DIR=/opt/rustwide/target" "-e" "CARGO_HOME=/opt/rustwide/cargo-home" "-e" "RUSTUP_HOME=/opt/rustwide/rustup-home" "-w" "/opt/rustwide/workdir" "-m" "1610612736" "--user" "0:0" "--network" "none" "ghcr.io/rust-lang/crates-build-env/linux@sha256:f3a9d4ad9d972b27faf3965f35b62e55ba32bbce8f20bc8fe909558a86702fde" "/opt/rustwide/cargo-home/bin/cargo" "+beta-2024-12-08" "metadata" "--no-deps" "--format-version=1", kill_on_drop: false }`
[INFO] [stdout] 990b0e8f2d4982c270c67784591a028a6edc3a1cf61a3a0a4aed9023daec6e75
[INFO] running `Command { std: "docker" "start" "-a" "990b0e8f2d4982c270c67784591a028a6edc3a1cf61a3a0a4aed9023daec6e75", kill_on_drop: false }`
[INFO] running `Command { std: "docker" "inspect" "990b0e8f2d4982c270c67784591a028a6edc3a1cf61a3a0a4aed9023daec6e75", kill_on_drop: false }`
[INFO] running `Command { std: "docker" "rm" "-f" "990b0e8f2d4982c270c67784591a028a6edc3a1cf61a3a0a4aed9023daec6e75", kill_on_drop: false }`
[INFO] [stdout] 990b0e8f2d4982c270c67784591a028a6edc3a1cf61a3a0a4aed9023daec6e75
[INFO] running `Command { std: "docker" "create" "-v" "/var/lib/crater-agent-workspace/builds/worker-0-tc2/target:/opt/rustwide/target:rw,Z" "-v" "/var/lib/crater-agent-workspace/builds/worker-0-tc2/source:/opt/rustwide/workdir:ro,Z" "-v" "/var/lib/crater-agent-workspace/cargo-home:/opt/rustwide/cargo-home:ro,Z" "-v" "/var/lib/crater-agent-workspace/rustup-home:/opt/rustwide/rustup-home:ro,Z" "-e" "SOURCE_DIR=/opt/rustwide/workdir" "-e" "CARGO_TARGET_DIR=/opt/rustwide/target" "-e" "CARGO_INCREMENTAL=0" "-e" "RUST_BACKTRACE=full" "-e" "RUSTFLAGS=--cap-lints=warn" "-e" "RUSTDOCFLAGS=--cap-lints=warn" "-e" "CARGO_HOME=/opt/rustwide/cargo-home" "-e" "RUSTUP_HOME=/opt/rustwide/rustup-home" "-w" "/opt/rustwide/workdir" "-m" "1610612736" "--user" "0:0" "--network" "none" "ghcr.io/rust-lang/crates-build-env/linux@sha256:f3a9d4ad9d972b27faf3965f35b62e55ba32bbce8f20bc8fe909558a86702fde" "/opt/rustwide/cargo-home/bin/cargo" "+beta-2024-12-08" "build" "--frozen" "--message-format=json", kill_on_drop: false }`
[INFO] [stdout] fe76f6b1b32a7818e457f59b4b3674e3ee88fd23023b3a3f93155b377b74b88b
[INFO] running `Command { std: "docker" "start" "-a" "fe76f6b1b32a7818e457f59b4b3674e3ee88fd23023b3a3f93155b377b74b88b", kill_on_drop: false }`
[INFO] [stderr]    Compiling syn v1.0.109
[INFO] [stderr]    Compiling fnv v1.0.7
[INFO] [stderr]    Compiling strsim v0.10.0
[INFO] [stderr]    Compiling ident_case v1.0.1
[INFO] [stderr]    Compiling serde v1.0.216
[INFO] [stderr]    Compiling serde_json v1.0.133
[INFO] [stderr]    Compiling base64 v0.22.1
[INFO] [stderr]    Compiling num-traits v0.2.19
[INFO] [stderr]    Compiling base64 v0.13.1
[INFO] [stderr]    Compiling lazy_static v1.5.0
[INFO] [stderr]    Compiling ipnet v2.10.1
[INFO] [stderr]    Compiling log v0.4.22
[INFO] [stderr]    Compiling syn v2.0.90
[INFO] [stderr]    Compiling chrono v0.4.39
[INFO] [stderr]    Compiling serde_derive v1.0.216
[INFO] [stderr]    Compiling darling_core v0.14.4
[INFO] [stderr]    Compiling darling_macro v0.14.4
[INFO] [stderr]    Compiling darling v0.14.4
[INFO] [stderr]    Compiling derive_builder_core v0.11.2
[INFO] [stderr]    Compiling derive_builder_macro v0.11.2
[INFO] [stderr]    Compiling derive_builder v0.11.2
[INFO] [stderr]    Compiling scratchstack-arn v0.4.9
[INFO] [stderr]    Compiling scratchstack-aws-principal v0.4.9
[INFO] [stderr]    Compiling scratchstack-aspen v0.3.1 (/opt/rustwide/workdir)
[INFO] [stdout] warning: use of deprecated associated function `chrono::DateTime::<Tz>::from_utc`: Use TimeZone::from_utc_datetime() or DateTime::from_naive_utc_and_offset instead
[INFO] [stdout]   --> src/condition/date.rs:88:43
[INFO] [stdout]    |
[INFO] [stdout] 88 |             Ok(allowed) => Some(DateTime::from_utc(allowed.naive_utc(), Utc)),
[INFO] [stdout]    |                                           ^^^^^^^^
[INFO] [stdout]    |
[INFO] [stdout]    = note: `#[warn(deprecated)]` on by default
[INFO] [stdout] 
[INFO] [stdout] 
[INFO] [stdout] warning: use of deprecated associated function `chrono::NaiveDateTime::from_timestamp_opt`: use `DateTime::from_timestamp` instead
[INFO] [stdout]   --> src/condition/date.rs:91:36
[INFO] [stdout]    |
[INFO] [stdout] 91 |                     NaiveDateTime::from_timestamp_opt(unix_seconds, 0).map(|ndt| DateTime::from_utc(ndt, Utc))
[INFO] [stdout]    |                                    ^^^^^^^^^^^^^^^^^^
[INFO] [stdout] 
[INFO] [stdout] 
[INFO] [stdout] warning: use of deprecated associated function `chrono::DateTime::<Tz>::from_utc`: Use TimeZone::from_utc_datetime() or DateTime::from_naive_utc_and_offset instead
[INFO] [stdout]   --> src/condition/date.rs:91:92
[INFO] [stdout]    |
[INFO] [stdout] 91 |                     NaiveDateTime::from_timestamp_opt(unix_seconds, 0).map(|ndt| DateTime::from_utc(ndt, Utc))
[INFO] [stdout]    |                                                                                            ^^^^^^^^
[INFO] [stdout] 
[INFO] [stdout] 
[INFO] [stderr]     Finished `dev` profile [unoptimized + debuginfo] target(s) in 15.59s
[INFO] running `Command { std: "docker" "inspect" "fe76f6b1b32a7818e457f59b4b3674e3ee88fd23023b3a3f93155b377b74b88b", kill_on_drop: false }`
[INFO] running `Command { std: "docker" "rm" "-f" "fe76f6b1b32a7818e457f59b4b3674e3ee88fd23023b3a3f93155b377b74b88b", kill_on_drop: false }`
[INFO] [stdout] fe76f6b1b32a7818e457f59b4b3674e3ee88fd23023b3a3f93155b377b74b88b
[INFO] running `Command { std: "docker" "create" "-v" "/var/lib/crater-agent-workspace/builds/worker-0-tc2/target:/opt/rustwide/target:rw,Z" "-v" "/var/lib/crater-agent-workspace/builds/worker-0-tc2/source:/opt/rustwide/workdir:ro,Z" "-v" "/var/lib/crater-agent-workspace/cargo-home:/opt/rustwide/cargo-home:ro,Z" "-v" "/var/lib/crater-agent-workspace/rustup-home:/opt/rustwide/rustup-home:ro,Z" "-e" "SOURCE_DIR=/opt/rustwide/workdir" "-e" "CARGO_TARGET_DIR=/opt/rustwide/target" "-e" "CARGO_INCREMENTAL=0" "-e" "RUST_BACKTRACE=full" "-e" "RUSTFLAGS=--cap-lints=warn" "-e" "RUSTDOCFLAGS=--cap-lints=warn" "-e" "CARGO_HOME=/opt/rustwide/cargo-home" "-e" "RUSTUP_HOME=/opt/rustwide/rustup-home" "-w" "/opt/rustwide/workdir" "-m" "1610612736" "--user" "0:0" "--network" "none" "ghcr.io/rust-lang/crates-build-env/linux@sha256:f3a9d4ad9d972b27faf3965f35b62e55ba32bbce8f20bc8fe909558a86702fde" "/opt/rustwide/cargo-home/bin/cargo" "+beta-2024-12-08" "test" "--frozen" "--no-run" "--message-format=json", kill_on_drop: false }`
[INFO] [stdout] 562400defc29fe67bee468e53381270b0e64bcc5ab867ef4304a911dbcae4382
[INFO] running `Command { std: "docker" "start" "-a" "562400defc29fe67bee468e53381270b0e64bcc5ab867ef4304a911dbcae4382", kill_on_drop: false }`
[INFO] [stderr]    Compiling syn v2.0.90
[INFO] [stderr]    Compiling log v0.4.22
[INFO] [stderr]    Compiling utf8parse v0.2.2
[INFO] [stderr]    Compiling anstyle v1.0.10
[INFO] [stderr]    Compiling colorchoice v1.0.3
[INFO] [stderr]    Compiling anstyle-query v1.1.2
[INFO] [stderr]    Compiling is_terminal_polyfill v1.70.1
[INFO] [stderr]    Compiling yansi v1.0.1
[INFO] [stderr]    Compiling termcolor v1.4.1
[INFO] [stderr]    Compiling diff v0.1.13
[INFO] [stderr]    Compiling atty v0.2.14
[INFO] [stderr]    Compiling humantime v2.1.0
[INFO] [stderr]    Compiling indoc v1.0.9
[INFO] [stderr]    Compiling anstyle-parse v0.2.6
[INFO] [stderr]    Compiling env_filter v0.1.2
[INFO] [stderr]    Compiling anstream v0.6.18
[INFO] [stderr]    Compiling pretty_assertions v1.4.1
[INFO] [stderr]    Compiling env_logger v0.8.4
[INFO] [stderr]    Compiling env_logger v0.11.5
[INFO] [stderr]    Compiling serde_derive v1.0.216
[INFO] [stderr]    Compiling test-log-macros v0.2.16
[INFO] [stderr]    Compiling test-log v0.2.16
[INFO] [stderr]    Compiling serde v1.0.216
[INFO] [stderr]    Compiling scratchstack-arn v0.4.9
[INFO] [stderr]    Compiling serde_json v1.0.133
[INFO] [stderr]    Compiling scratchstack-aws-principal v0.4.9
[INFO] [stderr]    Compiling scratchstack-aspen v0.3.1 (/opt/rustwide/workdir)
[INFO] [stdout] warning: use of deprecated associated function `chrono::DateTime::<Tz>::from_utc`: Use TimeZone::from_utc_datetime() or DateTime::from_naive_utc_and_offset instead
[INFO] [stdout]   --> src/condition/date.rs:88:43
[INFO] [stdout]    |
[INFO] [stdout] 88 |             Ok(allowed) => Some(DateTime::from_utc(allowed.naive_utc(), Utc)),
[INFO] [stdout]    |                                           ^^^^^^^^
[INFO] [stdout]    |
[INFO] [stdout]    = note: `#[warn(deprecated)]` on by default
[INFO] [stdout] 
[INFO] [stdout] 
[INFO] [stdout] warning: use of deprecated associated function `chrono::NaiveDateTime::from_timestamp_opt`: use `DateTime::from_timestamp` instead
[INFO] [stdout]   --> src/condition/date.rs:91:36
[INFO] [stdout]    |
[INFO] [stdout] 91 |                     NaiveDateTime::from_timestamp_opt(unix_seconds, 0).map(|ndt| DateTime::from_utc(ndt, Utc))
[INFO] [stdout]    |                                    ^^^^^^^^^^^^^^^^^^
[INFO] [stdout] 
[INFO] [stdout] 
[INFO] [stdout] warning: use of deprecated associated function `chrono::DateTime::<Tz>::from_utc`: Use TimeZone::from_utc_datetime() or DateTime::from_naive_utc_and_offset instead
[INFO] [stdout]   --> src/condition/date.rs:91:92
[INFO] [stdout]    |
[INFO] [stdout] 91 |                     NaiveDateTime::from_timestamp_opt(unix_seconds, 0).map(|ndt| DateTime::from_utc(ndt, Utc))
[INFO] [stdout]    |                                                                                            ^^^^^^^^
[INFO] [stdout] 
[INFO] [stdout] 
[INFO] [stdout] warning: use of deprecated associated function `chrono::DateTime::<Tz>::from_utc`: Use TimeZone::from_utc_datetime() or DateTime::from_naive_utc_and_offset instead
[INFO] [stdout]   --> src/condition/date.rs:88:43
[INFO] [stdout]    |
[INFO] [stdout] 88 |             Ok(allowed) => Some(DateTime::from_utc(allowed.naive_utc(), Utc)),
[INFO] [stdout]    |                                           ^^^^^^^^
[INFO] [stdout]    |
[INFO] [stdout]    = note: `#[warn(deprecated)]` on by default
[INFO] [stdout] 
[INFO] [stdout] 
[INFO] [stdout] warning: use of deprecated associated function `chrono::NaiveDateTime::from_timestamp_opt`: use `DateTime::from_timestamp` instead
[INFO] [stdout]   --> src/condition/date.rs:91:36
[INFO] [stdout]    |
[INFO] [stdout] 91 |                     NaiveDateTime::from_timestamp_opt(unix_seconds, 0).map(|ndt| DateTime::from_utc(ndt, Utc))
[INFO] [stdout]    |                                    ^^^^^^^^^^^^^^^^^^
[INFO] [stdout] 
[INFO] [stdout] 
[INFO] [stdout] warning: use of deprecated associated function `chrono::DateTime::<Tz>::from_utc`: Use TimeZone::from_utc_datetime() or DateTime::from_naive_utc_and_offset instead
[INFO] [stdout]   --> src/condition/date.rs:91:92
[INFO] [stdout]    |
[INFO] [stdout] 91 |                     NaiveDateTime::from_timestamp_opt(unix_seconds, 0).map(|ndt| DateTime::from_utc(ndt, Utc))
[INFO] [stdout]    |                                                                                            ^^^^^^^^
[INFO] [stdout] 
[INFO] [stdout] 
[INFO] [stderr]     Finished `test` profile [unoptimized + debuginfo] target(s) in 21.42s
[INFO] running `Command { std: "docker" "inspect" "562400defc29fe67bee468e53381270b0e64bcc5ab867ef4304a911dbcae4382", kill_on_drop: false }`
[INFO] running `Command { std: "docker" "rm" "-f" "562400defc29fe67bee468e53381270b0e64bcc5ab867ef4304a911dbcae4382", kill_on_drop: false }`
[INFO] [stdout] 562400defc29fe67bee468e53381270b0e64bcc5ab867ef4304a911dbcae4382
[INFO] running `Command { std: "docker" "create" "-v" "/var/lib/crater-agent-workspace/builds/worker-0-tc2/target:/opt/rustwide/target:rw,Z" "-v" "/var/lib/crater-agent-workspace/builds/worker-0-tc2/source:/opt/rustwide/workdir:ro,Z" "-v" "/var/lib/crater-agent-workspace/cargo-home:/opt/rustwide/cargo-home:ro,Z" "-v" "/var/lib/crater-agent-workspace/rustup-home:/opt/rustwide/rustup-home:ro,Z" "-e" "SOURCE_DIR=/opt/rustwide/workdir" "-e" "CARGO_TARGET_DIR=/opt/rustwide/target" "-e" "CARGO_INCREMENTAL=0" "-e" "RUST_BACKTRACE=full" "-e" "RUSTFLAGS=--cap-lints=warn" "-e" "RUSTDOCFLAGS=--cap-lints=warn" "-e" "CARGO_HOME=/opt/rustwide/cargo-home" "-e" "RUSTUP_HOME=/opt/rustwide/rustup-home" "-w" "/opt/rustwide/workdir" "-m" "1610612736" "--user" "0:0" "--network" "none" "ghcr.io/rust-lang/crates-build-env/linux@sha256:f3a9d4ad9d972b27faf3965f35b62e55ba32bbce8f20bc8fe909558a86702fde" "/opt/rustwide/cargo-home/bin/cargo" "+beta-2024-12-08" "test" "--frozen", kill_on_drop: false }`
[INFO] [stdout] 93154ee74c4f94a6381f82162bd5e71ce142c6778e6d8abb04234328e1cdc25b
[INFO] running `Command { std: "docker" "start" "-a" "93154ee74c4f94a6381f82162bd5e71ce142c6778e6d8abb04234328e1cdc25b", kill_on_drop: false }`
[INFO] [stderr] warning: use of deprecated associated function `chrono::DateTime::<Tz>::from_utc`: Use TimeZone::from_utc_datetime() or DateTime::from_naive_utc_and_offset instead
[INFO] [stderr]   --> src/condition/date.rs:88:43
[INFO] [stderr]    |
[INFO] [stderr] 88 |             Ok(allowed) => Some(DateTime::from_utc(allowed.naive_utc(), Utc)),
[INFO] [stderr]    |                                           ^^^^^^^^
[INFO] [stderr]    |
[INFO] [stderr]    = note: `#[warn(deprecated)]` on by default
[INFO] [stderr] 
[INFO] [stderr] warning: use of deprecated associated function `chrono::NaiveDateTime::from_timestamp_opt`: use `DateTime::from_timestamp` instead
[INFO] [stderr]   --> src/condition/date.rs:91:36
[INFO] [stderr]    |
[INFO] [stderr] 91 |                     NaiveDateTime::from_timestamp_opt(unix_seconds, 0).map(|ndt| DateTime::from_utc(ndt, Utc))
[INFO] [stderr]    |                                    ^^^^^^^^^^^^^^^^^^
[INFO] [stderr] 
[INFO] [stderr] warning: use of deprecated associated function `chrono::DateTime::<Tz>::from_utc`: Use TimeZone::from_utc_datetime() or DateTime::from_naive_utc_and_offset instead
[INFO] [stderr]   --> src/condition/date.rs:91:92
[INFO] [stderr]    |
[INFO] [stderr] 91 |                     NaiveDateTime::from_timestamp_opt(unix_seconds, 0).map(|ndt| DateTime::from_utc(ndt, Utc))
[INFO] [stderr]    |                                                                                            ^^^^^^^^
[INFO] [stderr] 
[INFO] [stderr] warning: `scratchstack-aspen` (lib) generated 3 warnings
[INFO] [stderr] warning: `scratchstack-aspen` (lib test) generated 3 warnings (3 duplicates)
[INFO] [stderr]     Finished `test` profile [unoptimized + debuginfo] target(s) in 0.12s
[INFO] [stderr]      Running unittests src/lib.rs (/opt/rustwide/target/debug/deps/scratchstack_aspen-ca130d6d32506e87)
[INFO] [stdout] 
[INFO] [stdout] running 99 tests
[INFO] [stdout] test action::tests::test_bad_strings ... ok
[INFO] [stdout] test action::tests::test_eq ... ok
[INFO] [stdout] test condition::numeric::tests::test_clone ... ok
[INFO] [stdout] test condition::arn::tests::test_clone ... ok
[INFO] [stdout] test condition::date::tests::test_clone ... ok
[INFO] [stdout] test condition::op::tests::test_deserialize_bad_type ... ok
[INFO] [stdout] test condition::op::tests::test_derived ... ok
[INFO] [stdout] test condition::op::tests::test_display ... ok
[INFO] [stdout] test condition::op_tests::test_binary ... ok
[INFO] [stdout] test condition::op_tests::test_bool ... ok
[INFO] [stdout] test condition::op_tests::test_bool_bad_variable ... ok
[INFO] [stdout] test condition::op_tests::test_date_equals ... ok
[INFO] [stdout] test condition::op_tests::test_date_bad_variable ... ok
[INFO] [stdout] test condition::op_tests::test_date_less_than_equals ... ok
[INFO] [stdout] test condition::op_tests::test_date_not_equals ... ok
[INFO] [stdout] test condition::op_tests::test_date_variable ... ok
[INFO] [stdout] test condition::op_tests::test_ip_address_bad_variable ... ok
[INFO] [stdout] test condition::op_tests::test_ip_address_variable ... ok
[INFO] [stdout] test condition::op_tests::test_null_bad_variable ... ok
[INFO] [stdout] test condition::op_tests::test_bool_variable ... ok
[INFO] [stdout] test condition::op_tests::test_date_greater_than_equals ... ok
[INFO] [stdout] test condition::op_tests::test_arn_equals_bad_variables ... ok
[INFO] [stdout] test condition::op_tests::test_date_less_than ... ok
[INFO] [stdout] test condition::op_tests::test_not_ip_address ... ok
[INFO] [stdout] test condition::op_tests::test_date_greater_than ... ok
[INFO] [stdout] test condition::op_tests::test_null_variable ... ok
[INFO] [stdout] test condition::op_tests::test_null ... ok
[INFO] [stdout] test condition::op_tests::test_ip_address ... ok
[INFO] [stdout] test condition::op_tests::test_numeric_bad_variable ... ok
[INFO] [stdout] test condition::op_tests::test_numeric_equals ... ok
[INFO] [stdout] test condition::op_tests::test_numeric_greater_than ... ok
[INFO] [stdout] test condition::op_tests::test_numeric_greater_than_equals ... ok
[INFO] [stdout] test condition::op_tests::test_numeric_less_than_equals ... ok
[INFO] [stdout] test condition::op_tests::test_numeric_less_than ... ok
[INFO] [stdout] test condition::op_tests::test_string_equals ... ok
[INFO] [stdout] test condition::op_tests::test_string_equals_bad_variables ... ok
[INFO] [stdout] test condition::op_tests::test_string_equals_ignore_case ... ok
[INFO] [stdout] test condition::op_tests::test_string_equals_ignore_case_bad_variables ... ok
[INFO] [stdout] test condition::op_tests::test_numeric_equals_variable ... ok
[INFO] [stdout] test condition::op_tests::test_string_not_equals ... ok
[INFO] [stdout] test condition::test::test_map_ops ... ok
[INFO] [stdout] test effect::tests::test_hash ... ok
[INFO] [stdout] test condition::op_tests::test_string_like_bad_variables ... ok
[INFO] [stdout] test effect::tests::test_display ... ok
[INFO] [stdout] test error::tests::test_eq ... ok
[INFO] [stdout] test eval::test::test_context_derived ... ok
[INFO] [stdout] test eval::test::test_decision_debug_display ... ok
[INFO] [stdout] test policy::tests::test_bad_from_str ... ok
[INFO] [stdout] test policy::tests::test_bad_condition_variable ... ok
[INFO] [stdout] test policy::tests::test_bad_types ... ok
[INFO] [stdout] test condition::op_tests::test_string_like_variables ... ok
[INFO] [stdout] test condition::op_tests::test_numeric_not_equals ... ok
[INFO] [stdout] test error::tests::test_display ... ok
[INFO] [stdout] test condition::string::tests::test_clone ... ok
[INFO] [stdout] test policy::tests::test_policy_version ... ok
[INFO] [stdout] test condition::variant::tests::test_clone ... ok
[INFO] [stdout] test policy::tests::test_duplicate_fields ... ok
[INFO] [stdout] test policy::tests::test_ec2_describe_bug ... ok
[INFO] [stdout] test policy::tests::test_not_action ... ok
[INFO] [stdout] test policy::tests::test_unknown_field ... ok
[INFO] [stdout] test policy::tests::test_builder ... ok
[INFO] [stdout] test policy::tests::test_principals ... ok
[INFO] [stdout] test policyset::tests::test_policy_source_derived ... ok
[INFO] [stdout] test policy::tests::test_conflicting_blocks ... ok
[INFO] [stdout] test policy::tests::test_typical_policy_import ... ok
[INFO] [stdout] test policy::tests::test_serialization ... ok
[INFO] [stdout] test principal::specified::tests::test_matches ... ok
[INFO] [stdout] test policy::tests::test_bad_field_types ... ok
[INFO] [stdout] test principal::aws::tests::test_derived ... ok
[INFO] [stdout] test principal::specified::tests::test_deserialize_basic1 ... ok
[INFO] [stdout] test principal::aws::tests::test_matches ... ok
[INFO] [stdout] test resource::arn::tests::check_arn_pattern_components ... ok
[INFO] [stdout] test resource::arn::tests::check_arn_pattern_derived ... ok
[INFO] [stdout] test principal::tests::test_formatting ... ok
[INFO] [stdout] test principal::tests::test_any ... ok
[INFO] [stdout] test resource::tests::check_bad ... ok
[INFO] [stdout] test resource::tests::deserialize_resource_list_star ... ok
[INFO] [stdout] test serutil::tests::test_list_kind ... ok
[INFO] [stdout] test statement::tests::test_bad_actions ... ok
[INFO] [stdout] test statement::tests::test_bad_principals ... ok
[INFO] [stdout] test statement::tests::test_bad_resources ... ok
[INFO] [stdout] test statement::tests::test_blank_policy_import ... ok
[INFO] [stdout] test statement::tests::test_builder ... ok
[INFO] [stdout] test statement::tests::test_context_without_resources ... ok
[INFO] [stdout] test serutil::tests::test_simple_type_name ... ok
[INFO] [stdout] test resource::tests::check_derived ... ok
[INFO] [stdout] test resource::arn::tests::check_malformed_patterns ... ok
[INFO] [stdout] test condition::op_tests::test_string_not_like ... ok
[INFO] [stdout] test condition::op_tests::test_arn_equals_variables ... ok
[INFO] [stdout] test action::tests::test_from ... ok
[INFO] [stdout] test condition::variant::tests::test_variant_values ... ok
[INFO] [stdout] test serutil::tests::test_ser_fail ... ok
[INFO] [stdout] test serutil::tests::test_basic_ops ... ok
[INFO] [stdout] test resource::tests::check_from ... ok
[INFO] [stdout] test policyset::tests::test_eval ... ok
[INFO] [stdout] test condition::op_tests::test_arn_not_equals ... ok
[INFO] [stdout] test condition::op_tests::test_arn_equals ... ok
[INFO] [stdout] test policy::tests::test_not_resource ... ok
[INFO] [stdout] test condition::op_tests::test_string_like ... ok
[INFO] [stdout] 
[INFO] [stdout] test result: ok. 99 passed; 0 failed; 0 ignored; 0 measured; 0 filtered out; finished in 0.29s
[INFO] [stdout] 
[INFO] [stderr]    Doc-tests scratchstack_aspen
[INFO] [stdout] 
[INFO] [stdout] running 28 tests
[INFO] [stdout] test src/condition/mod.rs - condition::Condition::range (line 454) ... FAILED
[INFO] [stdout] test src/condition/mod.rs - condition::Condition::iter (line 340) ... FAILED
[INFO] [stdout] test src/condition/mod.rs - condition::Condition::get_key_value (line 198) ... FAILED
[INFO] [stdout] test src/condition/mod.rs - condition::Condition::range_mut (line 496) ... FAILED
[INFO] [stdout] test src/condition/mod.rs - condition::Condition::into_values (line 296) ... FAILED
[INFO] [stdout] test src/condition/mod.rs - condition::Condition::contains_key (line 126) ... FAILED
[INFO] [stdout] test src/condition/mod.rs - condition::Condition::remove (line 532) ... FAILED
[INFO] [stdout] test src/condition/mod.rs - condition::Condition::split_off (line 616) ... FAILED
[INFO] [stdout] test src/condition/mod.rs - condition::Condition::retain (line 587) ... FAILED
[INFO] [stdout] test src/condition/mod.rs - condition::Condition::remove_entry (line 559) ... FAILED
[INFO] [stdout] test src/condition/mod.rs - condition::Condition::into_keys (line 274) ... FAILED
[INFO] [stdout] test src/condition/mod.rs - condition::Condition::values (line 653) ... FAILED
[INFO] [stdout] test src/resource/arn.rs - resource::arn::ResourceArn::matches (line 92) ... FAILED
[INFO] [stdout] test src/condition/mod.rs - condition::Condition::len (line 424) ... FAILED
[INFO] [stdout] test src/statement.rs - statement::Statement::evaluate (line 130) ... FAILED
[INFO] [stdout] test src/condition/mod.rs - condition::Condition::entry (line 149) ... FAILED
[INFO] [stdout] test src/condition/mod.rs - condition::Condition::get_mut (line 222) ... FAILED
[INFO] [stdout] test src/policyset.rs - policyset::PolicySet::add_policy (line 241) ... FAILED
[INFO] [stdout] test src/condition/mod.rs - condition::Condition::iter_mut (line 367) ... ok
[INFO] [stdout] test src/condition/mod.rs - condition::Condition::keys (line 398) ... ok
[INFO] [stdout] test src/condition/mod.rs - condition::Condition::clear (line 107) ... ok
[INFO] [stdout] test src/condition/mod.rs - condition::Condition::insert (line 255) ... ok
[INFO] [stdout] test src/condition/mod.rs - condition::Condition::append (line 82) ... ok
[INFO] [stdout] test src/condition/mod.rs - condition::Condition::get (line 175) ... ok
[INFO] [stdout] test src/condition/mod.rs - condition::Condition::values_mut (line 679) ... ok
[INFO] [stdout] test src/condition/mod.rs - condition::Condition::is_empty (line 319) ... ok
[INFO] [stdout] test src/resource/mod.rs - resource::Resource::matches (line 39) ... ok
[INFO] [stdout] test src/policy.rs - policy::Policy::evaluate (line 142) ... ok
[INFO] [stdout] 
[INFO] [stdout] failures:
[INFO] [stdout] 
[INFO] [stdout] ---- src/condition/mod.rs - condition::Condition::range (line 454) stdout ----
[INFO] [stdout] Couldn't compile the test.
[INFO] [stdout] ---- src/condition/mod.rs - condition::Condition::iter (line 340) stdout ----
[INFO] [stdout] Couldn't compile the test.
[INFO] [stdout] ---- src/condition/mod.rs - condition::Condition::get_key_value (line 198) stdout ----
[INFO] [stdout] Couldn't compile the test.
[INFO] [stdout] ---- src/condition/mod.rs - condition::Condition::range_mut (line 496) stdout ----
[INFO] [stdout] Couldn't compile the test.
[INFO] [stdout] ---- src/condition/mod.rs - condition::Condition::into_values (line 296) stdout ----
[INFO] [stdout] error: linking with `cc` failed: exit status: 1
[INFO] [stdout]   |
[INFO] [stdout]   = note: LC_ALL="C" PATH="/opt/rustwide/rustup-home/toolchains/beta-2024-12-08-x86_64-unknown-linux-gnu/lib/rustlib/x86_64-unknown-linux-gnu/bin:/opt/rustwide/cargo-home/bin:/usr/local/sbin:/usr/local/bin:/usr/sbin:/usr/bin:/sbin:/bin" VSLANG="1033" "cc" "-m64" "/tmp/rustcgS77iX/symbols.o" "/tmp/rustdoctestpr3H4Q/rust_out.rust_out.9242fac72db2cd11-cgu.0.rcgu.o" "/tmp/rustdoctestpr3H4Q/rust_out.2hl2tb9xdtge7mguxzn2q1kvi.rcgu.o" "-Wl,--as-needed" "-Wl,-Bstatic" "/opt/rustwide/target/debug/deps/libscratchstack_aspen-399e44612d434c58.rlib" "/opt/rustwide/target/debug/deps/libserde_json-0e00b9045407cddd.rlib" "/opt/rustwide/target/debug/deps/libitoa-87633a66effadcdd.rlib" "/opt/rustwide/target/debug/deps/libryu-6e02dac7c3b6be75.rlib" "/opt/rustwide/target/debug/deps/libbase64-fca76a9e376e88b4.rlib" "/opt/rustwide/target/debug/deps/liblazy_static-34736fcc74b41a53.rlib" "/opt/rustwide/target/debug/deps/libregex-486b40b910e3c086.rlib" "/opt/rustwide/target/debug/deps/libregex_automata-22a108d746f540fd.rlib" "/opt/rustwide/target/debug/deps/libaho_corasick-5a18c24d288bad01.rlib" "/opt/rustwide/target/debug/deps/libmemchr-d6cb21f6c03ed32f.rlib" "/opt/rustwide/target/debug/deps/libregex_syntax-68a2118807cc42f7.rlib" "/opt/rustwide/target/debug/deps/libderive_builder-f7ae7fc71284bb62.rlib" "/opt/rustwide/target/debug/deps/libipnet-b41a9adca91d2813.rlib" "/opt/rustwide/target/debug/deps/libscratchstack_aws_principal-f7c843e38155ad44.rlib" "/opt/rustwide/target/debug/deps/libchrono-5a9ae30626c40314.rlib" "/opt/rustwide/target/debug/deps/libnum_traits-979fb6df5b693003.rlib" "/opt/rustwide/target/debug/deps/libbase64-1e2a536fab485f9b.rlib" "/opt/rustwide/target/debug/deps/libscratchstack_arn-0d111e6c5bd63e62.rlib" "/opt/rustwide/target/debug/deps/libserde-b0b2e3ff3bcffa4f.rlib" "/opt/rustwide/target/debug/deps/liblog-e73d77c4679bb236.rlib" "/opt/rustwide/rustup-home/toolchains/beta-2024-12-08-x86_64-unknown-linux-gnu/lib/rustlib/x86_64-unknown-linux-gnu/lib/libstd-02dc84f49135b6b8.rlib" "/opt/rustwide/rustup-home/toolchains/beta-2024-12-08-x86_64-unknown-linux-gnu/lib/rustlib/x86_64-unknown-linux-gnu/lib/libpanic_unwind-a8f45b397fae3f81.rlib" "/opt/rustwide/rustup-home/toolchains/beta-2024-12-08-x86_64-unknown-linux-gnu/lib/rustlib/x86_64-unknown-linux-gnu/lib/libobject-089607133c180609.rlib" "/opt/rustwide/rustup-home/toolchains/beta-2024-12-08-x86_64-unknown-linux-gnu/lib/rustlib/x86_64-unknown-linux-gnu/lib/libmemchr-fc89f091bcd86cbb.rlib" "/opt/rustwide/rustup-home/toolchains/beta-2024-12-08-x86_64-unknown-linux-gnu/lib/rustlib/x86_64-unknown-linux-gnu/lib/libaddr2line-5a60949f01c7340c.rlib" "/opt/rustwide/rustup-home/toolchains/beta-2024-12-08-x86_64-unknown-linux-gnu/lib/rustlib/x86_64-unknown-linux-gnu/lib/libgimli-d29e6a55ca253c8c.rlib" "/opt/rustwide/rustup-home/toolchains/beta-2024-12-08-x86_64-unknown-linux-gnu/lib/rustlib/x86_64-unknown-linux-gnu/lib/librustc_demangle-273c078d5f65de7a.rlib" "/opt/rustwide/rustup-home/toolchains/beta-2024-12-08-x86_64-unknown-linux-gnu/lib/rustlib/x86_64-unknown-linux-gnu/lib/libstd_detect-413c950ffbdd4454.rlib" "/opt/rustwide/rustup-home/toolchains/beta-2024-12-08-x86_64-unknown-linux-gnu/lib/rustlib/x86_64-unknown-linux-gnu/lib/libhashbrown-1853c0976a1d88a6.rlib" "/opt/rustwide/rustup-home/toolchains/beta-2024-12-08-x86_64-unknown-linux-gnu/lib/rustlib/x86_64-unknown-linux-gnu/lib/librustc_std_workspace_alloc-ccb3384ddacb0f9e.rlib" "/opt/rustwide/rustup-home/toolchains/beta-2024-12-08-x86_64-unknown-linux-gnu/lib/rustlib/x86_64-unknown-linux-gnu/lib/libminiz_oxide-0b901dfb0ca849e0.rlib" "/opt/rustwide/rustup-home/toolchains/beta-2024-12-08-x86_64-unknown-linux-gnu/lib/rustlib/x86_64-unknown-linux-gnu/lib/libadler-eebeb8d7c64543ad.rlib" "/opt/rustwide/rustup-home/toolchains/beta-2024-12-08-x86_64-unknown-linux-gnu/lib/rustlib/x86_64-unknown-linux-gnu/lib/libunwind-4723ef81d6079867.rlib" "/opt/rustwide/rustup-home/toolchains/beta-2024-12-08-x86_64-unknown-linux-gnu/lib/rustlib/x86_64-unknown-linux-gnu/lib/libcfg_if-54442f8b422f5a54.rlib" "/opt/rustwide/rustup-home/toolchains/beta-2024-12-08-x86_64-unknown-linux-gnu/lib/rustlib/x86_64-unknown-linux-gnu/lib/liblibc-e0bbe034b5282553.rlib" "/opt/rustwide/rustup-home/toolchains/beta-2024-12-08-x86_64-unknown-linux-gnu/lib/rustlib/x86_64-unknown-linux-gnu/lib/liballoc-d0febb68c1c37b90.rlib" "/opt/rustwide/rustup-home/toolchains/beta-2024-12-08-x86_64-unknown-linux-gnu/lib/rustlib/x86_64-unknown-linux-gnu/lib/librustc_std_workspace_core-4cf833632aafa84c.rlib" "/opt/rustwide/rustup-home/toolchains/beta-2024-12-08-x86_64-unknown-linux-gnu/lib/rustlib/x86_64-unknown-linux-gnu/lib/libcore-65c2c6d2d6ae570b.rlib" "/opt/rustwide/rustup-home/toolchains/beta-2024-12-08-x86_64-unknown-linux-gnu/lib/rustlib/x86_64-unknown-linux-gnu/lib/libcompiler_builtins-97929cee0dcfe424.rlib" "-Wl,-Bdynamic" "-lgcc_s" "-lutil" "-lrt" "-lpthread" "-lm" "-ldl" "-lc" "-Wl,--eh-frame-hdr" "-Wl,-z,noexecstack" "-L" "/opt/rustwide/rustup-home/toolchains/beta-2024-12-08-x86_64-unknown-linux-gnu/lib/rustlib/x86_64-unknown-linux-gnu/lib" "-o" "/tmp/rustdoctestpr3H4Q/rust_out" "-Wl,--gc-sections" "-pie" "-Wl,-z,relro,-z,now" "-nodefaultlibs"
[INFO] [stdout]   = note: collect2: fatal error: ld terminated with signal 9 [Killed]
[INFO] [stdout]           compilation terminated.
[INFO] [stdout]           
[INFO] [stdout] 
[INFO] [stdout] error: aborting due to 1 previous error
[INFO] [stdout] 
[INFO] [stdout] Couldn't compile the test.
[INFO] [stdout] ---- src/condition/mod.rs - condition::Condition::contains_key (line 126) stdout ----
[INFO] [stdout] error: linking with `cc` failed: exit status: 1
[INFO] [stdout]   |
[INFO] [stdout]   = note: LC_ALL="C" PATH="/opt/rustwide/rustup-home/toolchains/beta-2024-12-08-x86_64-unknown-linux-gnu/lib/rustlib/x86_64-unknown-linux-gnu/bin:/opt/rustwide/cargo-home/bin:/usr/local/sbin:/usr/local/bin:/usr/sbin:/usr/bin:/sbin:/bin" VSLANG="1033" "cc" "-m64" "/tmp/rustct7IylH/symbols.o" "/tmp/rustdoctestlPeDRJ/rust_out.rust_out.9242fac72db2cd11-cgu.0.rcgu.o" "/tmp/rustdoctestlPeDRJ/rust_out.2hl2tb9xdtge7mguxzn2q1kvi.rcgu.o" "-Wl,--as-needed" "-Wl,-Bstatic" "/opt/rustwide/target/debug/deps/libscratchstack_aspen-399e44612d434c58.rlib" "/opt/rustwide/target/debug/deps/libserde_json-0e00b9045407cddd.rlib" "/opt/rustwide/target/debug/deps/libitoa-87633a66effadcdd.rlib" "/opt/rustwide/target/debug/deps/libryu-6e02dac7c3b6be75.rlib" "/opt/rustwide/target/debug/deps/libbase64-fca76a9e376e88b4.rlib" "/opt/rustwide/target/debug/deps/liblazy_static-34736fcc74b41a53.rlib" "/opt/rustwide/target/debug/deps/libregex-486b40b910e3c086.rlib" "/opt/rustwide/target/debug/deps/libregex_automata-22a108d746f540fd.rlib" "/opt/rustwide/target/debug/deps/libaho_corasick-5a18c24d288bad01.rlib" "/opt/rustwide/target/debug/deps/libmemchr-d6cb21f6c03ed32f.rlib" "/opt/rustwide/target/debug/deps/libregex_syntax-68a2118807cc42f7.rlib" "/opt/rustwide/target/debug/deps/libderive_builder-f7ae7fc71284bb62.rlib" "/opt/rustwide/target/debug/deps/libipnet-b41a9adca91d2813.rlib" "/opt/rustwide/target/debug/deps/libscratchstack_aws_principal-f7c843e38155ad44.rlib" "/opt/rustwide/target/debug/deps/libchrono-5a9ae30626c40314.rlib" "/opt/rustwide/target/debug/deps/libnum_traits-979fb6df5b693003.rlib" "/opt/rustwide/target/debug/deps/libbase64-1e2a536fab485f9b.rlib" "/opt/rustwide/target/debug/deps/libscratchstack_arn-0d111e6c5bd63e62.rlib" "/opt/rustwide/target/debug/deps/libserde-b0b2e3ff3bcffa4f.rlib" "/opt/rustwide/target/debug/deps/liblog-e73d77c4679bb236.rlib" "/opt/rustwide/rustup-home/toolchains/beta-2024-12-08-x86_64-unknown-linux-gnu/lib/rustlib/x86_64-unknown-linux-gnu/lib/libstd-02dc84f49135b6b8.rlib" "/opt/rustwide/rustup-home/toolchains/beta-2024-12-08-x86_64-unknown-linux-gnu/lib/rustlib/x86_64-unknown-linux-gnu/lib/libpanic_unwind-a8f45b397fae3f81.rlib" "/opt/rustwide/rustup-home/toolchains/beta-2024-12-08-x86_64-unknown-linux-gnu/lib/rustlib/x86_64-unknown-linux-gnu/lib/libobject-089607133c180609.rlib" "/opt/rustwide/rustup-home/toolchains/beta-2024-12-08-x86_64-unknown-linux-gnu/lib/rustlib/x86_64-unknown-linux-gnu/lib/libmemchr-fc89f091bcd86cbb.rlib" "/opt/rustwide/rustup-home/toolchains/beta-2024-12-08-x86_64-unknown-linux-gnu/lib/rustlib/x86_64-unknown-linux-gnu/lib/libaddr2line-5a60949f01c7340c.rlib" "/opt/rustwide/rustup-home/toolchains/beta-2024-12-08-x86_64-unknown-linux-gnu/lib/rustlib/x86_64-unknown-linux-gnu/lib/libgimli-d29e6a55ca253c8c.rlib" "/opt/rustwide/rustup-home/toolchains/beta-2024-12-08-x86_64-unknown-linux-gnu/lib/rustlib/x86_64-unknown-linux-gnu/lib/librustc_demangle-273c078d5f65de7a.rlib" "/opt/rustwide/rustup-home/toolchains/beta-2024-12-08-x86_64-unknown-linux-gnu/lib/rustlib/x86_64-unknown-linux-gnu/lib/libstd_detect-413c950ffbdd4454.rlib" "/opt/rustwide/rustup-home/toolchains/beta-2024-12-08-x86_64-unknown-linux-gnu/lib/rustlib/x86_64-unknown-linux-gnu/lib/libhashbrown-1853c0976a1d88a6.rlib" "/opt/rustwide/rustup-home/toolchains/beta-2024-12-08-x86_64-unknown-linux-gnu/lib/rustlib/x86_64-unknown-linux-gnu/lib/librustc_std_workspace_alloc-ccb3384ddacb0f9e.rlib" "/opt/rustwide/rustup-home/toolchains/beta-2024-12-08-x86_64-unknown-linux-gnu/lib/rustlib/x86_64-unknown-linux-gnu/lib/libminiz_oxide-0b901dfb0ca849e0.rlib" "/opt/rustwide/rustup-home/toolchains/beta-2024-12-08-x86_64-unknown-linux-gnu/lib/rustlib/x86_64-unknown-linux-gnu/lib/libadler-eebeb8d7c64543ad.rlib" "/opt/rustwide/rustup-home/toolchains/beta-2024-12-08-x86_64-unknown-linux-gnu/lib/rustlib/x86_64-unknown-linux-gnu/lib/libunwind-4723ef81d6079867.rlib" "/opt/rustwide/rustup-home/toolchains/beta-2024-12-08-x86_64-unknown-linux-gnu/lib/rustlib/x86_64-unknown-linux-gnu/lib/libcfg_if-54442f8b422f5a54.rlib" "/opt/rustwide/rustup-home/toolchains/beta-2024-12-08-x86_64-unknown-linux-gnu/lib/rustlib/x86_64-unknown-linux-gnu/lib/liblibc-e0bbe034b5282553.rlib" "/opt/rustwide/rustup-home/toolchains/beta-2024-12-08-x86_64-unknown-linux-gnu/lib/rustlib/x86_64-unknown-linux-gnu/lib/liballoc-d0febb68c1c37b90.rlib" "/opt/rustwide/rustup-home/toolchains/beta-2024-12-08-x86_64-unknown-linux-gnu/lib/rustlib/x86_64-unknown-linux-gnu/lib/librustc_std_workspace_core-4cf833632aafa84c.rlib" "/opt/rustwide/rustup-home/toolchains/beta-2024-12-08-x86_64-unknown-linux-gnu/lib/rustlib/x86_64-unknown-linux-gnu/lib/libcore-65c2c6d2d6ae570b.rlib" "/opt/rustwide/rustup-home/toolchains/beta-2024-12-08-x86_64-unknown-linux-gnu/lib/rustlib/x86_64-unknown-linux-gnu/lib/libcompiler_builtins-97929cee0dcfe424.rlib" "-Wl,-Bdynamic" "-lgcc_s" "-lutil" "-lrt" "-lpthread" "-lm" "-ldl" "-lc" "-Wl,--eh-frame-hdr" "-Wl,-z,noexecstack" "-L" "/opt/rustwide/rustup-home/toolchains/beta-2024-12-08-x86_64-unknown-linux-gnu/lib/rustlib/x86_64-unknown-linux-gnu/lib" "-o" "/tmp/rustdoctestlPeDRJ/rust_out" "-Wl,--gc-sections" "-pie" "-Wl,-z,relro,-z,now" "-nodefaultlibs"
[INFO] [stdout]   = note: collect2: fatal error: ld terminated with signal 9 [Killed]
[INFO] [stdout]           compilation terminated.
[INFO] [stdout]           
[INFO] [stdout] 
[INFO] [stdout] error: aborting due to 1 previous error
[INFO] [stdout] 
[INFO] [stdout] Couldn't compile the test.
[INFO] [stdout] ---- src/condition/mod.rs - condition::Condition::remove (line 532) stdout ----
[INFO] [stdout] Couldn't compile the test.
[INFO] [stdout] ---- src/condition/mod.rs - condition::Condition::split_off (line 616) stdout ----
[INFO] [stdout] Couldn't compile the test.
[INFO] [stdout] ---- src/condition/mod.rs - condition::Condition::retain (line 587) stdout ----
[INFO] [stdout] Couldn't compile the test.
[INFO] [stdout] ---- src/condition/mod.rs - condition::Condition::remove_entry (line 559) stdout ----
[INFO] [stdout] Couldn't compile the test.
[INFO] [stdout] ---- src/condition/mod.rs - condition::Condition::into_keys (line 274) stdout ----
[INFO] [stdout] error: linking with `cc` failed: exit status: 1
[INFO] [stdout]   |
[INFO] [stdout]   = note: LC_ALL="C" PATH="/opt/rustwide/rustup-home/toolchains/beta-2024-12-08-x86_64-unknown-linux-gnu/lib/rustlib/x86_64-unknown-linux-gnu/bin:/opt/rustwide/cargo-home/bin:/usr/local/sbin:/usr/local/bin:/usr/sbin:/usr/bin:/sbin:/bin" VSLANG="1033" "cc" "-m64" "/tmp/rustcG7fish/symbols.o" "/tmp/rustdoctestEmfxdt/rust_out.rust_out.9242fac72db2cd11-cgu.0.rcgu.o" "/tmp/rustdoctestEmfxdt/rust_out.2hl2tb9xdtge7mguxzn2q1kvi.rcgu.o" "-Wl,--as-needed" "-Wl,-Bstatic" "/opt/rustwide/target/debug/deps/libscratchstack_aspen-399e44612d434c58.rlib" "/opt/rustwide/target/debug/deps/libserde_json-0e00b9045407cddd.rlib" "/opt/rustwide/target/debug/deps/libitoa-87633a66effadcdd.rlib" "/opt/rustwide/target/debug/deps/libryu-6e02dac7c3b6be75.rlib" "/opt/rustwide/target/debug/deps/libbase64-fca76a9e376e88b4.rlib" "/opt/rustwide/target/debug/deps/liblazy_static-34736fcc74b41a53.rlib" "/opt/rustwide/target/debug/deps/libregex-486b40b910e3c086.rlib" "/opt/rustwide/target/debug/deps/libregex_automata-22a108d746f540fd.rlib" "/opt/rustwide/target/debug/deps/libaho_corasick-5a18c24d288bad01.rlib" "/opt/rustwide/target/debug/deps/libmemchr-d6cb21f6c03ed32f.rlib" "/opt/rustwide/target/debug/deps/libregex_syntax-68a2118807cc42f7.rlib" "/opt/rustwide/target/debug/deps/libderive_builder-f7ae7fc71284bb62.rlib" "/opt/rustwide/target/debug/deps/libipnet-b41a9adca91d2813.rlib" "/opt/rustwide/target/debug/deps/libscratchstack_aws_principal-f7c843e38155ad44.rlib" "/opt/rustwide/target/debug/deps/libchrono-5a9ae30626c40314.rlib" "/opt/rustwide/target/debug/deps/libnum_traits-979fb6df5b693003.rlib" "/opt/rustwide/target/debug/deps/libbase64-1e2a536fab485f9b.rlib" "/opt/rustwide/target/debug/deps/libscratchstack_arn-0d111e6c5bd63e62.rlib" "/opt/rustwide/target/debug/deps/libserde-b0b2e3ff3bcffa4f.rlib" "/opt/rustwide/target/debug/deps/liblog-e73d77c4679bb236.rlib" "/opt/rustwide/rustup-home/toolchains/beta-2024-12-08-x86_64-unknown-linux-gnu/lib/rustlib/x86_64-unknown-linux-gnu/lib/libstd-02dc84f49135b6b8.rlib" "/opt/rustwide/rustup-home/toolchains/beta-2024-12-08-x86_64-unknown-linux-gnu/lib/rustlib/x86_64-unknown-linux-gnu/lib/libpanic_unwind-a8f45b397fae3f81.rlib" "/opt/rustwide/rustup-home/toolchains/beta-2024-12-08-x86_64-unknown-linux-gnu/lib/rustlib/x86_64-unknown-linux-gnu/lib/libobject-089607133c180609.rlib" "/opt/rustwide/rustup-home/toolchains/beta-2024-12-08-x86_64-unknown-linux-gnu/lib/rustlib/x86_64-unknown-linux-gnu/lib/libmemchr-fc89f091bcd86cbb.rlib" "/opt/rustwide/rustup-home/toolchains/beta-2024-12-08-x86_64-unknown-linux-gnu/lib/rustlib/x86_64-unknown-linux-gnu/lib/libaddr2line-5a60949f01c7340c.rlib" "/opt/rustwide/rustup-home/toolchains/beta-2024-12-08-x86_64-unknown-linux-gnu/lib/rustlib/x86_64-unknown-linux-gnu/lib/libgimli-d29e6a55ca253c8c.rlib" "/opt/rustwide/rustup-home/toolchains/beta-2024-12-08-x86_64-unknown-linux-gnu/lib/rustlib/x86_64-unknown-linux-gnu/lib/librustc_demangle-273c078d5f65de7a.rlib" "/opt/rustwide/rustup-home/toolchains/beta-2024-12-08-x86_64-unknown-linux-gnu/lib/rustlib/x86_64-unknown-linux-gnu/lib/libstd_detect-413c950ffbdd4454.rlib" "/opt/rustwide/rustup-home/toolchains/beta-2024-12-08-x86_64-unknown-linux-gnu/lib/rustlib/x86_64-unknown-linux-gnu/lib/libhashbrown-1853c0976a1d88a6.rlib" "/opt/rustwide/rustup-home/toolchains/beta-2024-12-08-x86_64-unknown-linux-gnu/lib/rustlib/x86_64-unknown-linux-gnu/lib/librustc_std_workspace_alloc-ccb3384ddacb0f9e.rlib" "/opt/rustwide/rustup-home/toolchains/beta-2024-12-08-x86_64-unknown-linux-gnu/lib/rustlib/x86_64-unknown-linux-gnu/lib/libminiz_oxide-0b901dfb0ca849e0.rlib" "/opt/rustwide/rustup-home/toolchains/beta-2024-12-08-x86_64-unknown-linux-gnu/lib/rustlib/x86_64-unknown-linux-gnu/lib/libadler-eebeb8d7c64543ad.rlib" "/opt/rustwide/rustup-home/toolchains/beta-2024-12-08-x86_64-unknown-linux-gnu/lib/rustlib/x86_64-unknown-linux-gnu/lib/libunwind-4723ef81d6079867.rlib" "/opt/rustwide/rustup-home/toolchains/beta-2024-12-08-x86_64-unknown-linux-gnu/lib/rustlib/x86_64-unknown-linux-gnu/lib/libcfg_if-54442f8b422f5a54.rlib" "/opt/rustwide/rustup-home/toolchains/beta-2024-12-08-x86_64-unknown-linux-gnu/lib/rustlib/x86_64-unknown-linux-gnu/lib/liblibc-e0bbe034b5282553.rlib" "/opt/rustwide/rustup-home/toolchains/beta-2024-12-08-x86_64-unknown-linux-gnu/lib/rustlib/x86_64-unknown-linux-gnu/lib/liballoc-d0febb68c1c37b90.rlib" "/opt/rustwide/rustup-home/toolchains/beta-2024-12-08-x86_64-unknown-linux-gnu/lib/rustlib/x86_64-unknown-linux-gnu/lib/librustc_std_workspace_core-4cf833632aafa84c.rlib" "/opt/rustwide/rustup-home/toolchains/beta-2024-12-08-x86_64-unknown-linux-gnu/lib/rustlib/x86_64-unknown-linux-gnu/lib/libcore-65c2c6d2d6ae570b.rlib" "/opt/rustwide/rustup-home/toolchains/beta-2024-12-08-x86_64-unknown-linux-gnu/lib/rustlib/x86_64-unknown-linux-gnu/lib/libcompiler_builtins-97929cee0dcfe424.rlib" "-Wl,-Bdynamic" "-lgcc_s" "-lutil" "-lrt" "-lpthread" "-lm" "-ldl" "-lc" "-Wl,--eh-frame-hdr" "-Wl,-z,noexecstack" "-L" "/opt/rustwide/rustup-home/toolchains/beta-2024-12-08-x86_64-unknown-linux-gnu/lib/rustlib/x86_64-unknown-linux-gnu/lib" "-o" "/tmp/rustdoctestEmfxdt/rust_out" "-Wl,--gc-sections" "-pie" "-Wl,-z,relro,-z,now" "-nodefaultlibs"
[INFO] [stdout]   = note: collect2: fatal error: ld terminated with signal 9 [Killed]
[INFO] [stdout]           compilation terminated.
[INFO] [stdout]           
[INFO] [stdout] 
[INFO] [stdout] error: aborting due to 1 previous error
[INFO] [stdout] 
[INFO] [stdout] Couldn't compile the test.
[INFO] [stdout] ---- src/condition/mod.rs - condition::Condition::values (line 653) stdout ----
[INFO] [stdout] Couldn't compile the test.
[INFO] [stdout] ---- src/resource/arn.rs - resource::arn::ResourceArn::matches (line 92) stdout ----
[INFO] [stdout] Couldn't compile the test.
[INFO] [stdout] ---- src/condition/mod.rs - condition::Condition::len (line 424) stdout ----
[INFO] [stdout] error: linking with `cc` failed: exit status: 1
[INFO] [stdout]   |
[INFO] [stdout]   = note: LC_ALL="C" PATH="/opt/rustwide/rustup-home/toolchains/beta-2024-12-08-x86_64-unknown-linux-gnu/lib/rustlib/x86_64-unknown-linux-gnu/bin:/opt/rustwide/cargo-home/bin:/usr/local/sbin:/usr/local/bin:/usr/sbin:/usr/bin:/sbin:/bin" VSLANG="1033" "cc" "-m64" "/tmp/rustc9MuJYB/symbols.o" "/tmp/rustdoctestkcmUza/rust_out.rust_out.9242fac72db2cd11-cgu.0.rcgu.o" "/tmp/rustdoctestkcmUza/rust_out.2hl2tb9xdtge7mguxzn2q1kvi.rcgu.o" "-Wl,--as-needed" "-Wl,-Bstatic" "/opt/rustwide/target/debug/deps/libscratchstack_aspen-399e44612d434c58.rlib" "/opt/rustwide/target/debug/deps/libserde_json-0e00b9045407cddd.rlib" "/opt/rustwide/target/debug/deps/libitoa-87633a66effadcdd.rlib" "/opt/rustwide/target/debug/deps/libryu-6e02dac7c3b6be75.rlib" "/opt/rustwide/target/debug/deps/libbase64-fca76a9e376e88b4.rlib" "/opt/rustwide/target/debug/deps/liblazy_static-34736fcc74b41a53.rlib" "/opt/rustwide/target/debug/deps/libregex-486b40b910e3c086.rlib" "/opt/rustwide/target/debug/deps/libregex_automata-22a108d746f540fd.rlib" "/opt/rustwide/target/debug/deps/libaho_corasick-5a18c24d288bad01.rlib" "/opt/rustwide/target/debug/deps/libmemchr-d6cb21f6c03ed32f.rlib" "/opt/rustwide/target/debug/deps/libregex_syntax-68a2118807cc42f7.rlib" "/opt/rustwide/target/debug/deps/libderive_builder-f7ae7fc71284bb62.rlib" "/opt/rustwide/target/debug/deps/libipnet-b41a9adca91d2813.rlib" "/opt/rustwide/target/debug/deps/libscratchstack_aws_principal-f7c843e38155ad44.rlib" "/opt/rustwide/target/debug/deps/libchrono-5a9ae30626c40314.rlib" "/opt/rustwide/target/debug/deps/libnum_traits-979fb6df5b693003.rlib" "/opt/rustwide/target/debug/deps/libbase64-1e2a536fab485f9b.rlib" "/opt/rustwide/target/debug/deps/libscratchstack_arn-0d111e6c5bd63e62.rlib" "/opt/rustwide/target/debug/deps/libserde-b0b2e3ff3bcffa4f.rlib" "/opt/rustwide/target/debug/deps/liblog-e73d77c4679bb236.rlib" "/opt/rustwide/rustup-home/toolchains/beta-2024-12-08-x86_64-unknown-linux-gnu/lib/rustlib/x86_64-unknown-linux-gnu/lib/libstd-02dc84f49135b6b8.rlib" "/opt/rustwide/rustup-home/toolchains/beta-2024-12-08-x86_64-unknown-linux-gnu/lib/rustlib/x86_64-unknown-linux-gnu/lib/libpanic_unwind-a8f45b397fae3f81.rlib" "/opt/rustwide/rustup-home/toolchains/beta-2024-12-08-x86_64-unknown-linux-gnu/lib/rustlib/x86_64-unknown-linux-gnu/lib/libobject-089607133c180609.rlib" "/opt/rustwide/rustup-home/toolchains/beta-2024-12-08-x86_64-unknown-linux-gnu/lib/rustlib/x86_64-unknown-linux-gnu/lib/libmemchr-fc89f091bcd86cbb.rlib" "/opt/rustwide/rustup-home/toolchains/beta-2024-12-08-x86_64-unknown-linux-gnu/lib/rustlib/x86_64-unknown-linux-gnu/lib/libaddr2line-5a60949f01c7340c.rlib" "/opt/rustwide/rustup-home/toolchains/beta-2024-12-08-x86_64-unknown-linux-gnu/lib/rustlib/x86_64-unknown-linux-gnu/lib/libgimli-d29e6a55ca253c8c.rlib" "/opt/rustwide/rustup-home/toolchains/beta-2024-12-08-x86_64-unknown-linux-gnu/lib/rustlib/x86_64-unknown-linux-gnu/lib/librustc_demangle-273c078d5f65de7a.rlib" "/opt/rustwide/rustup-home/toolchains/beta-2024-12-08-x86_64-unknown-linux-gnu/lib/rustlib/x86_64-unknown-linux-gnu/lib/libstd_detect-413c950ffbdd4454.rlib" "/opt/rustwide/rustup-home/toolchains/beta-2024-12-08-x86_64-unknown-linux-gnu/lib/rustlib/x86_64-unknown-linux-gnu/lib/libhashbrown-1853c0976a1d88a6.rlib" "/opt/rustwide/rustup-home/toolchains/beta-2024-12-08-x86_64-unknown-linux-gnu/lib/rustlib/x86_64-unknown-linux-gnu/lib/librustc_std_workspace_alloc-ccb3384ddacb0f9e.rlib" "/opt/rustwide/rustup-home/toolchains/beta-2024-12-08-x86_64-unknown-linux-gnu/lib/rustlib/x86_64-unknown-linux-gnu/lib/libminiz_oxide-0b901dfb0ca849e0.rlib" "/opt/rustwide/rustup-home/toolchains/beta-2024-12-08-x86_64-unknown-linux-gnu/lib/rustlib/x86_64-unknown-linux-gnu/lib/libadler-eebeb8d7c64543ad.rlib" "/opt/rustwide/rustup-home/toolchains/beta-2024-12-08-x86_64-unknown-linux-gnu/lib/rustlib/x86_64-unknown-linux-gnu/lib/libunwind-4723ef81d6079867.rlib" "/opt/rustwide/rustup-home/toolchains/beta-2024-12-08-x86_64-unknown-linux-gnu/lib/rustlib/x86_64-unknown-linux-gnu/lib/libcfg_if-54442f8b422f5a54.rlib" "/opt/rustwide/rustup-home/toolchains/beta-2024-12-08-x86_64-unknown-linux-gnu/lib/rustlib/x86_64-unknown-linux-gnu/lib/liblibc-e0bbe034b5282553.rlib" "/opt/rustwide/rustup-home/toolchains/beta-2024-12-08-x86_64-unknown-linux-gnu/lib/rustlib/x86_64-unknown-linux-gnu/lib/liballoc-d0febb68c1c37b90.rlib" "/opt/rustwide/rustup-home/toolchains/beta-2024-12-08-x86_64-unknown-linux-gnu/lib/rustlib/x86_64-unknown-linux-gnu/lib/librustc_std_workspace_core-4cf833632aafa84c.rlib" "/opt/rustwide/rustup-home/toolchains/beta-2024-12-08-x86_64-unknown-linux-gnu/lib/rustlib/x86_64-unknown-linux-gnu/lib/libcore-65c2c6d2d6ae570b.rlib" "/opt/rustwide/rustup-home/toolchains/beta-2024-12-08-x86_64-unknown-linux-gnu/lib/rustlib/x86_64-unknown-linux-gnu/lib/libcompiler_builtins-97929cee0dcfe424.rlib" "-Wl,-Bdynamic" "-lgcc_s" "-lutil" "-lrt" "-lpthread" "-lm" "-ldl" "-lc" "-Wl,--eh-frame-hdr" "-Wl,-z,noexecstack" "-L" "/opt/rustwide/rustup-home/toolchains/beta-2024-12-08-x86_64-unknown-linux-gnu/lib/rustlib/x86_64-unknown-linux-gnu/lib" "-o" "/tmp/rustdoctestkcmUza/rust_out" "-Wl,--gc-sections" "-pie" "-Wl,-z,relro,-z,now" "-nodefaultlibs"
[INFO] [stdout]   = note: collect2: fatal error: ld terminated with signal 9 [Killed]
[INFO] [stdout]           compilation terminated.
[INFO] [stdout]           
[INFO] [stdout] 
[INFO] [stdout] error: aborting due to 1 previous error
[INFO] [stdout] 
[INFO] [stdout] Couldn't compile the test.
[INFO] [stdout] ---- src/statement.rs - statement::Statement::evaluate (line 130) stdout ----
[INFO] [stdout] Couldn't compile the test.
[INFO] [stdout] ---- src/condition/mod.rs - condition::Condition::entry (line 149) stdout ----
[INFO] [stdout] error: linking with `cc` failed: exit status: 1
[INFO] [stdout]   |
[INFO] [stdout]   = note: LC_ALL="C" PATH="/opt/rustwide/rustup-home/toolchains/beta-2024-12-08-x86_64-unknown-linux-gnu/lib/rustlib/x86_64-unknown-linux-gnu/bin:/opt/rustwide/cargo-home/bin:/usr/local/sbin:/usr/local/bin:/usr/sbin:/usr/bin:/sbin:/bin" VSLANG="1033" "cc" "-m64" "/tmp/rustcTGQnsM/symbols.o" "/tmp/rustdoctestW0kTrt/rust_out.rust_out.9242fac72db2cd11-cgu.0.rcgu.o" "/tmp/rustdoctestW0kTrt/rust_out.2hl2tb9xdtge7mguxzn2q1kvi.rcgu.o" "-Wl,--as-needed" "-Wl,-Bstatic" "/opt/rustwide/target/debug/deps/libscratchstack_aspen-399e44612d434c58.rlib" "/opt/rustwide/target/debug/deps/libserde_json-0e00b9045407cddd.rlib" "/opt/rustwide/target/debug/deps/libitoa-87633a66effadcdd.rlib" "/opt/rustwide/target/debug/deps/libryu-6e02dac7c3b6be75.rlib" "/opt/rustwide/target/debug/deps/libbase64-fca76a9e376e88b4.rlib" "/opt/rustwide/target/debug/deps/liblazy_static-34736fcc74b41a53.rlib" "/opt/rustwide/target/debug/deps/libregex-486b40b910e3c086.rlib" "/opt/rustwide/target/debug/deps/libregex_automata-22a108d746f540fd.rlib" "/opt/rustwide/target/debug/deps/libaho_corasick-5a18c24d288bad01.rlib" "/opt/rustwide/target/debug/deps/libmemchr-d6cb21f6c03ed32f.rlib" "/opt/rustwide/target/debug/deps/libregex_syntax-68a2118807cc42f7.rlib" "/opt/rustwide/target/debug/deps/libderive_builder-f7ae7fc71284bb62.rlib" "/opt/rustwide/target/debug/deps/libipnet-b41a9adca91d2813.rlib" "/opt/rustwide/target/debug/deps/libscratchstack_aws_principal-f7c843e38155ad44.rlib" "/opt/rustwide/target/debug/deps/libchrono-5a9ae30626c40314.rlib" "/opt/rustwide/target/debug/deps/libnum_traits-979fb6df5b693003.rlib" "/opt/rustwide/target/debug/deps/libbase64-1e2a536fab485f9b.rlib" "/opt/rustwide/target/debug/deps/libscratchstack_arn-0d111e6c5bd63e62.rlib" "/opt/rustwide/target/debug/deps/libserde-b0b2e3ff3bcffa4f.rlib" "/opt/rustwide/target/debug/deps/liblog-e73d77c4679bb236.rlib" "/opt/rustwide/rustup-home/toolchains/beta-2024-12-08-x86_64-unknown-linux-gnu/lib/rustlib/x86_64-unknown-linux-gnu/lib/libstd-02dc84f49135b6b8.rlib" "/opt/rustwide/rustup-home/toolchains/beta-2024-12-08-x86_64-unknown-linux-gnu/lib/rustlib/x86_64-unknown-linux-gnu/lib/libpanic_unwind-a8f45b397fae3f81.rlib" "/opt/rustwide/rustup-home/toolchains/beta-2024-12-08-x86_64-unknown-linux-gnu/lib/rustlib/x86_64-unknown-linux-gnu/lib/libobject-089607133c180609.rlib" "/opt/rustwide/rustup-home/toolchains/beta-2024-12-08-x86_64-unknown-linux-gnu/lib/rustlib/x86_64-unknown-linux-gnu/lib/libmemchr-fc89f091bcd86cbb.rlib" "/opt/rustwide/rustup-home/toolchains/beta-2024-12-08-x86_64-unknown-linux-gnu/lib/rustlib/x86_64-unknown-linux-gnu/lib/libaddr2line-5a60949f01c7340c.rlib" "/opt/rustwide/rustup-home/toolchains/beta-2024-12-08-x86_64-unknown-linux-gnu/lib/rustlib/x86_64-unknown-linux-gnu/lib/libgimli-d29e6a55ca253c8c.rlib" "/opt/rustwide/rustup-home/toolchains/beta-2024-12-08-x86_64-unknown-linux-gnu/lib/rustlib/x86_64-unknown-linux-gnu/lib/librustc_demangle-273c078d5f65de7a.rlib" "/opt/rustwide/rustup-home/toolchains/beta-2024-12-08-x86_64-unknown-linux-gnu/lib/rustlib/x86_64-unknown-linux-gnu/lib/libstd_detect-413c950ffbdd4454.rlib" "/opt/rustwide/rustup-home/toolchains/beta-2024-12-08-x86_64-unknown-linux-gnu/lib/rustlib/x86_64-unknown-linux-gnu/lib/libhashbrown-1853c0976a1d88a6.rlib" "/opt/rustwide/rustup-home/toolchains/beta-2024-12-08-x86_64-unknown-linux-gnu/lib/rustlib/x86_64-unknown-linux-gnu/lib/librustc_std_workspace_alloc-ccb3384ddacb0f9e.rlib" "/opt/rustwide/rustup-home/toolchains/beta-2024-12-08-x86_64-unknown-linux-gnu/lib/rustlib/x86_64-unknown-linux-gnu/lib/libminiz_oxide-0b901dfb0ca849e0.rlib" "/opt/rustwide/rustup-home/toolchains/beta-2024-12-08-x86_64-unknown-linux-gnu/lib/rustlib/x86_64-unknown-linux-gnu/lib/libadler-eebeb8d7c64543ad.rlib" "/opt/rustwide/rustup-home/toolchains/beta-2024-12-08-x86_64-unknown-linux-gnu/lib/rustlib/x86_64-unknown-linux-gnu/lib/libunwind-4723ef81d6079867.rlib" "/opt/rustwide/rustup-home/toolchains/beta-2024-12-08-x86_64-unknown-linux-gnu/lib/rustlib/x86_64-unknown-linux-gnu/lib/libcfg_if-54442f8b422f5a54.rlib" "/opt/rustwide/rustup-home/toolchains/beta-2024-12-08-x86_64-unknown-linux-gnu/lib/rustlib/x86_64-unknown-linux-gnu/lib/liblibc-e0bbe034b5282553.rlib" "/opt/rustwide/rustup-home/toolchains/beta-2024-12-08-x86_64-unknown-linux-gnu/lib/rustlib/x86_64-unknown-linux-gnu/lib/liballoc-d0febb68c1c37b90.rlib" "/opt/rustwide/rustup-home/toolchains/beta-2024-12-08-x86_64-unknown-linux-gnu/lib/rustlib/x86_64-unknown-linux-gnu/lib/librustc_std_workspace_core-4cf833632aafa84c.rlib" "/opt/rustwide/rustup-home/toolchains/beta-2024-12-08-x86_64-unknown-linux-gnu/lib/rustlib/x86_64-unknown-linux-gnu/lib/libcore-65c2c6d2d6ae570b.rlib" "/opt/rustwide/rustup-home/toolchains/beta-2024-12-08-x86_64-unknown-linux-gnu/lib/rustlib/x86_64-unknown-linux-gnu/lib/libcompiler_builtins-97929cee0dcfe424.rlib" "-Wl,-Bdynamic" "-lgcc_s" "-lutil" "-lrt" "-lpthread" "-lm" "-ldl" "-lc" "-Wl,--eh-frame-hdr" "-Wl,-z,noexecstack" "-L" "/opt/rustwide/rustup-home/toolchains/beta-2024-12-08-x86_64-unknown-linux-gnu/lib/rustlib/x86_64-unknown-linux-gnu/lib" "-o" "/tmp/rustdoctestW0kTrt/rust_out" "-Wl,--gc-sections" "-pie" "-Wl,-z,relro,-z,now" "-nodefaultlibs"
[INFO] [stdout]   = note: collect2: fatal error: ld terminated with signal 9 [Killed]
[INFO] [stdout]           compilation terminated.
[INFO] [stdout]           
[INFO] [stdout] 
[INFO] [stdout] error: aborting due to 1 previous error
[INFO] [stdout] 
[INFO] [stdout] Couldn't compile the test.
[INFO] [stdout] ---- src/condition/mod.rs - condition::Condition::get_mut (line 222) stdout ----
[INFO] [stdout] error: linking with `cc` failed: exit status: 1
[INFO] [stdout]   |
[INFO] [stdout]   = note: LC_ALL="C" PATH="/opt/rustwide/rustup-home/toolchains/beta-2024-12-08-x86_64-unknown-linux-gnu/lib/rustlib/x86_64-unknown-linux-gnu/bin:/opt/rustwide/cargo-home/bin:/usr/local/sbin:/usr/local/bin:/usr/sbin:/usr/bin:/sbin:/bin" VSLANG="1033" "cc" "-m64" "/tmp/rustcOA4ZDO/symbols.o" "/tmp/rustdoctesthbGRAv/rust_out.rust_out.9242fac72db2cd11-cgu.0.rcgu.o" "/tmp/rustdoctesthbGRAv/rust_out.2hl2tb9xdtge7mguxzn2q1kvi.rcgu.o" "-Wl,--as-needed" "-Wl,-Bstatic" "/opt/rustwide/target/debug/deps/libscratchstack_aspen-399e44612d434c58.rlib" "/opt/rustwide/target/debug/deps/libserde_json-0e00b9045407cddd.rlib" "/opt/rustwide/target/debug/deps/libitoa-87633a66effadcdd.rlib" "/opt/rustwide/target/debug/deps/libryu-6e02dac7c3b6be75.rlib" "/opt/rustwide/target/debug/deps/libbase64-fca76a9e376e88b4.rlib" "/opt/rustwide/target/debug/deps/liblazy_static-34736fcc74b41a53.rlib" "/opt/rustwide/target/debug/deps/libregex-486b40b910e3c086.rlib" "/opt/rustwide/target/debug/deps/libregex_automata-22a108d746f540fd.rlib" "/opt/rustwide/target/debug/deps/libaho_corasick-5a18c24d288bad01.rlib" "/opt/rustwide/target/debug/deps/libmemchr-d6cb21f6c03ed32f.rlib" "/opt/rustwide/target/debug/deps/libregex_syntax-68a2118807cc42f7.rlib" "/opt/rustwide/target/debug/deps/libderive_builder-f7ae7fc71284bb62.rlib" "/opt/rustwide/target/debug/deps/libipnet-b41a9adca91d2813.rlib" "/opt/rustwide/target/debug/deps/libscratchstack_aws_principal-f7c843e38155ad44.rlib" "/opt/rustwide/target/debug/deps/libchrono-5a9ae30626c40314.rlib" "/opt/rustwide/target/debug/deps/libnum_traits-979fb6df5b693003.rlib" "/opt/rustwide/target/debug/deps/libbase64-1e2a536fab485f9b.rlib" "/opt/rustwide/target/debug/deps/libscratchstack_arn-0d111e6c5bd63e62.rlib" "/opt/rustwide/target/debug/deps/libserde-b0b2e3ff3bcffa4f.rlib" "/opt/rustwide/target/debug/deps/liblog-e73d77c4679bb236.rlib" "/opt/rustwide/rustup-home/toolchains/beta-2024-12-08-x86_64-unknown-linux-gnu/lib/rustlib/x86_64-unknown-linux-gnu/lib/libstd-02dc84f49135b6b8.rlib" "/opt/rustwide/rustup-home/toolchains/beta-2024-12-08-x86_64-unknown-linux-gnu/lib/rustlib/x86_64-unknown-linux-gnu/lib/libpanic_unwind-a8f45b397fae3f81.rlib" "/opt/rustwide/rustup-home/toolchains/beta-2024-12-08-x86_64-unknown-linux-gnu/lib/rustlib/x86_64-unknown-linux-gnu/lib/libobject-089607133c180609.rlib" "/opt/rustwide/rustup-home/toolchains/beta-2024-12-08-x86_64-unknown-linux-gnu/lib/rustlib/x86_64-unknown-linux-gnu/lib/libmemchr-fc89f091bcd86cbb.rlib" "/opt/rustwide/rustup-home/toolchains/beta-2024-12-08-x86_64-unknown-linux-gnu/lib/rustlib/x86_64-unknown-linux-gnu/lib/libaddr2line-5a60949f01c7340c.rlib" "/opt/rustwide/rustup-home/toolchains/beta-2024-12-08-x86_64-unknown-linux-gnu/lib/rustlib/x86_64-unknown-linux-gnu/lib/libgimli-d29e6a55ca253c8c.rlib" "/opt/rustwide/rustup-home/toolchains/beta-2024-12-08-x86_64-unknown-linux-gnu/lib/rustlib/x86_64-unknown-linux-gnu/lib/librustc_demangle-273c078d5f65de7a.rlib" "/opt/rustwide/rustup-home/toolchains/beta-2024-12-08-x86_64-unknown-linux-gnu/lib/rustlib/x86_64-unknown-linux-gnu/lib/libstd_detect-413c950ffbdd4454.rlib" "/opt/rustwide/rustup-home/toolchains/beta-2024-12-08-x86_64-unknown-linux-gnu/lib/rustlib/x86_64-unknown-linux-gnu/lib/libhashbrown-1853c0976a1d88a6.rlib" "/opt/rustwide/rustup-home/toolchains/beta-2024-12-08-x86_64-unknown-linux-gnu/lib/rustlib/x86_64-unknown-linux-gnu/lib/librustc_std_workspace_alloc-ccb3384ddacb0f9e.rlib" "/opt/rustwide/rustup-home/toolchains/beta-2024-12-08-x86_64-unknown-linux-gnu/lib/rustlib/x86_64-unknown-linux-gnu/lib/libminiz_oxide-0b901dfb0ca849e0.rlib" "/opt/rustwide/rustup-home/toolchains/beta-2024-12-08-x86_64-unknown-linux-gnu/lib/rustlib/x86_64-unknown-linux-gnu/lib/libadler-eebeb8d7c64543ad.rlib" "/opt/rustwide/rustup-home/toolchains/beta-2024-12-08-x86_64-unknown-linux-gnu/lib/rustlib/x86_64-unknown-linux-gnu/lib/libunwind-4723ef81d6079867.rlib" "/opt/rustwide/rustup-home/toolchains/beta-2024-12-08-x86_64-unknown-linux-gnu/lib/rustlib/x86_64-unknown-linux-gnu/lib/libcfg_if-54442f8b422f5a54.rlib" "/opt/rustwide/rustup-home/toolchains/beta-2024-12-08-x86_64-unknown-linux-gnu/lib/rustlib/x86_64-unknown-linux-gnu/lib/liblibc-e0bbe034b5282553.rlib" "/opt/rustwide/rustup-home/toolchains/beta-2024-12-08-x86_64-unknown-linux-gnu/lib/rustlib/x86_64-unknown-linux-gnu/lib/liballoc-d0febb68c1c37b90.rlib" "/opt/rustwide/rustup-home/toolchains/beta-2024-12-08-x86_64-unknown-linux-gnu/lib/rustlib/x86_64-unknown-linux-gnu/lib/librustc_std_workspace_core-4cf833632aafa84c.rlib" "/opt/rustwide/rustup-home/toolchains/beta-2024-12-08-x86_64-unknown-linux-gnu/lib/rustlib/x86_64-unknown-linux-gnu/lib/libcore-65c2c6d2d6ae570b.rlib" "/opt/rustwide/rustup-home/toolchains/beta-2024-12-08-x86_64-unknown-linux-gnu/lib/rustlib/x86_64-unknown-linux-gnu/lib/libcompiler_builtins-97929cee0dcfe424.rlib" "-Wl,-Bdynamic" "-lgcc_s" "-lutil" "-lrt" "-lpthread" "-lm" "-ldl" "-lc" "-Wl,--eh-frame-hdr" "-Wl,-z,noexecstack" "-L" "/opt/rustwide/rustup-home/toolchains/beta-2024-12-08-x86_64-unknown-linux-gnu/lib/rustlib/x86_64-unknown-linux-gnu/lib" "-o" "/tmp/rustdoctesthbGRAv/rust_out" "-Wl,--gc-sections" "-pie" "-Wl,-z,relro,-z,now" "-nodefaultlibs"
[INFO] [stdout]   = note: collect2: fatal error: ld terminated with signal 9 [Killed]
[INFO] [stdout]           compilation terminated.
[INFO] [stdout]           
[INFO] [stdout] 
[INFO] [stdout] error: aborting due to 1 previous error
[INFO] [stdout] 
[INFO] [stdout] Couldn't compile the test.
[INFO] [stdout] ---- src/policyset.rs - policyset::PolicySet::add_policy (line 241) stdout ----
[INFO] [stdout] error: linking with `cc` failed: exit status: 1
[INFO] [stdout]   |
[INFO] [stdout]   = note: LC_ALL="C" PATH="/opt/rustwide/rustup-home/toolchains/beta-2024-12-08-x86_64-unknown-linux-gnu/lib/rustlib/x86_64-unknown-linux-gnu/bin:/opt/rustwide/cargo-home/bin:/usr/local/sbin:/usr/local/bin:/usr/sbin:/usr/bin:/sbin:/bin" VSLANG="1033" "cc" "-m64" "/tmp/rustcLqlLah/symbols.o" "/tmp/rustdoctestl5602u/rust_out.rust_out.9242fac72db2cd11-cgu.0.rcgu.o" "/tmp/rustdoctestl5602u/rust_out.2hl2tb9xdtge7mguxzn2q1kvi.rcgu.o" "-Wl,--as-needed" "-Wl,-Bstatic" "/opt/rustwide/target/debug/deps/libscratchstack_aspen-399e44612d434c58.rlib" "/opt/rustwide/target/debug/deps/libserde_json-0e00b9045407cddd.rlib" "/opt/rustwide/target/debug/deps/libitoa-87633a66effadcdd.rlib" "/opt/rustwide/target/debug/deps/libryu-6e02dac7c3b6be75.rlib" "/opt/rustwide/target/debug/deps/libbase64-fca76a9e376e88b4.rlib" "/opt/rustwide/target/debug/deps/liblazy_static-34736fcc74b41a53.rlib" "/opt/rustwide/target/debug/deps/libregex-486b40b910e3c086.rlib" "/opt/rustwide/target/debug/deps/libregex_automata-22a108d746f540fd.rlib" "/opt/rustwide/target/debug/deps/libaho_corasick-5a18c24d288bad01.rlib" "/opt/rustwide/target/debug/deps/libmemchr-d6cb21f6c03ed32f.rlib" "/opt/rustwide/target/debug/deps/libregex_syntax-68a2118807cc42f7.rlib" "/opt/rustwide/target/debug/deps/libderive_builder-f7ae7fc71284bb62.rlib" "/opt/rustwide/target/debug/deps/libipnet-b41a9adca91d2813.rlib" "/opt/rustwide/target/debug/deps/libscratchstack_aws_principal-f7c843e38155ad44.rlib" "/opt/rustwide/target/debug/deps/libchrono-5a9ae30626c40314.rlib" "/opt/rustwide/target/debug/deps/libnum_traits-979fb6df5b693003.rlib" "/opt/rustwide/target/debug/deps/libbase64-1e2a536fab485f9b.rlib" "/opt/rustwide/target/debug/deps/libscratchstack_arn-0d111e6c5bd63e62.rlib" "/opt/rustwide/target/debug/deps/libserde-b0b2e3ff3bcffa4f.rlib" "/opt/rustwide/target/debug/deps/liblog-e73d77c4679bb236.rlib" "/opt/rustwide/rustup-home/toolchains/beta-2024-12-08-x86_64-unknown-linux-gnu/lib/rustlib/x86_64-unknown-linux-gnu/lib/libstd-02dc84f49135b6b8.rlib" "/opt/rustwide/rustup-home/toolchains/beta-2024-12-08-x86_64-unknown-linux-gnu/lib/rustlib/x86_64-unknown-linux-gnu/lib/libpanic_unwind-a8f45b397fae3f81.rlib" "/opt/rustwide/rustup-home/toolchains/beta-2024-12-08-x86_64-unknown-linux-gnu/lib/rustlib/x86_64-unknown-linux-gnu/lib/libobject-089607133c180609.rlib" "/opt/rustwide/rustup-home/toolchains/beta-2024-12-08-x86_64-unknown-linux-gnu/lib/rustlib/x86_64-unknown-linux-gnu/lib/libmemchr-fc89f091bcd86cbb.rlib" "/opt/rustwide/rustup-home/toolchains/beta-2024-12-08-x86_64-unknown-linux-gnu/lib/rustlib/x86_64-unknown-linux-gnu/lib/libaddr2line-5a60949f01c7340c.rlib" "/opt/rustwide/rustup-home/toolchains/beta-2024-12-08-x86_64-unknown-linux-gnu/lib/rustlib/x86_64-unknown-linux-gnu/lib/libgimli-d29e6a55ca253c8c.rlib" "/opt/rustwide/rustup-home/toolchains/beta-2024-12-08-x86_64-unknown-linux-gnu/lib/rustlib/x86_64-unknown-linux-gnu/lib/librustc_demangle-273c078d5f65de7a.rlib" "/opt/rustwide/rustup-home/toolchains/beta-2024-12-08-x86_64-unknown-linux-gnu/lib/rustlib/x86_64-unknown-linux-gnu/lib/libstd_detect-413c950ffbdd4454.rlib" "/opt/rustwide/rustup-home/toolchains/beta-2024-12-08-x86_64-unknown-linux-gnu/lib/rustlib/x86_64-unknown-linux-gnu/lib/libhashbrown-1853c0976a1d88a6.rlib" "/opt/rustwide/rustup-home/toolchains/beta-2024-12-08-x86_64-unknown-linux-gnu/lib/rustlib/x86_64-unknown-linux-gnu/lib/librustc_std_workspace_alloc-ccb3384ddacb0f9e.rlib" "/opt/rustwide/rustup-home/toolchains/beta-2024-12-08-x86_64-unknown-linux-gnu/lib/rustlib/x86_64-unknown-linux-gnu/lib/libminiz_oxide-0b901dfb0ca849e0.rlib" "/opt/rustwide/rustup-home/toolchains/beta-2024-12-08-x86_64-unknown-linux-gnu/lib/rustlib/x86_64-unknown-linux-gnu/lib/libadler-eebeb8d7c64543ad.rlib" "/opt/rustwide/rustup-home/toolchains/beta-2024-12-08-x86_64-unknown-linux-gnu/lib/rustlib/x86_64-unknown-linux-gnu/lib/libunwind-4723ef81d6079867.rlib" "/opt/rustwide/rustup-home/toolchains/beta-2024-12-08-x86_64-unknown-linux-gnu/lib/rustlib/x86_64-unknown-linux-gnu/lib/libcfg_if-54442f8b422f5a54.rlib" "/opt/rustwide/rustup-home/toolchains/beta-2024-12-08-x86_64-unknown-linux-gnu/lib/rustlib/x86_64-unknown-linux-gnu/lib/liblibc-e0bbe034b5282553.rlib" "/opt/rustwide/rustup-home/toolchains/beta-2024-12-08-x86_64-unknown-linux-gnu/lib/rustlib/x86_64-unknown-linux-gnu/lib/liballoc-d0febb68c1c37b90.rlib" "/opt/rustwide/rustup-home/toolchains/beta-2024-12-08-x86_64-unknown-linux-gnu/lib/rustlib/x86_64-unknown-linux-gnu/lib/librustc_std_workspace_core-4cf833632aafa84c.rlib" "/opt/rustwide/rustup-home/toolchains/beta-2024-12-08-x86_64-unknown-linux-gnu/lib/rustlib/x86_64-unknown-linux-gnu/lib/libcore-65c2c6d2d6ae570b.rlib" "/opt/rustwide/rustup-home/toolchains/beta-2024-12-08-x86_64-unknown-linux-gnu/lib/rustlib/x86_64-unknown-linux-gnu/lib/libcompiler_builtins-97929cee0dcfe424.rlib" "-Wl,-Bdynamic" "-lgcc_s" "-lutil" "-lrt" "-lpthread" "-lm" "-ldl" "-lc" "-Wl,--eh-frame-hdr" "-Wl,-z,noexecstack" "-L" "/opt/rustwide/rustup-home/toolchains/beta-2024-12-08-x86_64-unknown-linux-gnu/lib/rustlib/x86_64-unknown-linux-gnu/lib" "-o" "/tmp/rustdoctestl5602u/rust_out" "-Wl,--gc-sections" "-pie" "-Wl,-z,relro,-z,now" "-nodefaultlibs"
[INFO] [stdout]   = note: collect2: fatal error: ld terminated with signal 9 [Killed]
[INFO] [stdout]           compilation terminated.
[INFO] [stdout]           
[INFO] [stdout] 
[INFO] [stdout] error: aborting due to 1 previous error
[INFO] [stdout] 
[INFO] [stderr] error: doctest failed, to rerun pass `--doc`
[INFO] [stdout] Couldn't compile the test.
[INFO] [stdout] 
[INFO] [stdout] failures:
[INFO] [stdout]     src/condition/mod.rs - condition::Condition::contains_key (line 126)
[INFO] [stdout]     src/condition/mod.rs - condition::Condition::entry (line 149)
[INFO] [stdout]     src/condition/mod.rs - condition::Condition::get_key_value (line 198)
[INFO] [stdout]     src/condition/mod.rs - condition::Condition::get_mut (line 222)
[INFO] [stdout]     src/condition/mod.rs - condition::Condition::into_keys (line 274)
[INFO] [stdout]     src/condition/mod.rs - condition::Condition::into_values (line 296)
[INFO] [stdout]     src/condition/mod.rs - condition::Condition::iter (line 340)
[INFO] [stdout]     src/condition/mod.rs - condition::Condition::len (line 424)
[INFO] [stdout]     src/condition/mod.rs - condition::Condition::range (line 454)
[INFO] [stdout]     src/condition/mod.rs - condition::Condition::range_mut (line 496)
[INFO] [stdout]     src/condition/mod.rs - condition::Condition::remove (line 532)
[INFO] [stdout]     src/condition/mod.rs - condition::Condition::remove_entry (line 559)
[INFO] [stdout]     src/condition/mod.rs - condition::Condition::retain (line 587)
[INFO] [stdout]     src/condition/mod.rs - condition::Condition::split_off (line 616)
[INFO] [stdout]     src/condition/mod.rs - condition::Condition::values (line 653)
[INFO] [stdout]     src/policyset.rs - policyset::PolicySet::add_policy (line 241)
[INFO] [stdout]     src/resource/arn.rs - resource::arn::ResourceArn::matches (line 92)
[INFO] [stdout]     src/statement.rs - statement::Statement::evaluate (line 130)
[INFO] [stdout] 
[INFO] [stdout] test result: FAILED. 10 passed; 18 failed; 0 ignored; 0 measured; 0 filtered out; finished in 10.93s
[INFO] [stdout] 
[INFO] running `Command { std: "docker" "inspect" "93154ee74c4f94a6381f82162bd5e71ce142c6778e6d8abb04234328e1cdc25b", kill_on_drop: false }`
[INFO] running `Command { std: "docker" "rm" "-f" "93154ee74c4f94a6381f82162bd5e71ce142c6778e6d8abb04234328e1cdc25b", kill_on_drop: false }`
[INFO] [stdout] 93154ee74c4f94a6381f82162bd5e71ce142c6778e6d8abb04234328e1cdc25b
