[INFO] fetching crate safety-postgres 0.1.0...
[INFO] testing safety-postgres-0.1.0 against beta-2024-12-08 for beta-1.84.0-4-retry
[INFO] extracting crate safety-postgres 0.1.0 into /workspace/builds/worker-1-tc2/source
[INFO] validating manifest of crates.io crate safety-postgres 0.1.0 on toolchain beta-2024-12-08
[INFO] running `Command { std: CARGO_HOME="/workspace/cargo-home" RUSTUP_HOME="/workspace/rustup-home" "/workspace/cargo-home/bin/cargo" "+beta-2024-12-08" "metadata" "--manifest-path" "Cargo.toml" "--no-deps", kill_on_drop: false }`
[INFO] started tweaking crates.io crate safety-postgres 0.1.0
[INFO] finished tweaking crates.io crate safety-postgres 0.1.0
[INFO] tweaked toml for crates.io crate safety-postgres 0.1.0 written to /workspace/builds/worker-1-tc2/source/Cargo.toml
[INFO] running `Command { std: CARGO_HOME="/workspace/cargo-home" RUSTUP_HOME="/workspace/rustup-home" "/workspace/cargo-home/bin/cargo" "+beta-2024-12-08" "generate-lockfile" "--manifest-path" "Cargo.toml", kill_on_drop: false }`
[INFO] [stderr]     Updating crates.io index
[INFO] [stderr]      Locking 126 packages to latest compatible versions
[INFO] [stderr]       Adding bollard-stubs v1.42.0-rc.3 (available: v1.42.0-rc.8)
[INFO] [stderr]       Adding testcontainers v0.15.0 (available: v0.23.1)
[INFO] running `Command { std: CARGO_HOME="/workspace/cargo-home" RUSTUP_HOME="/workspace/rustup-home" "/workspace/cargo-home/bin/cargo" "+beta-2024-12-08" "fetch" "--manifest-path" "Cargo.toml", kill_on_drop: false }`
[INFO] running `Command { std: "docker" "create" "-v" "/var/lib/crater-agent-workspace/builds/worker-1-tc2/target:/opt/rustwide/target:rw,Z" "-v" "/var/lib/crater-agent-workspace/builds/worker-1-tc2/source:/opt/rustwide/workdir:ro,Z" "-v" "/var/lib/crater-agent-workspace/cargo-home:/opt/rustwide/cargo-home:ro,Z" "-v" "/var/lib/crater-agent-workspace/rustup-home:/opt/rustwide/rustup-home:ro,Z" "-e" "SOURCE_DIR=/opt/rustwide/workdir" "-e" "CARGO_TARGET_DIR=/opt/rustwide/target" "-e" "CARGO_HOME=/opt/rustwide/cargo-home" "-e" "RUSTUP_HOME=/opt/rustwide/rustup-home" "-w" "/opt/rustwide/workdir" "-m" "1610612736" "--user" "0:0" "--network" "none" "ghcr.io/rust-lang/crates-build-env/linux@sha256:f3a9d4ad9d972b27faf3965f35b62e55ba32bbce8f20bc8fe909558a86702fde" "/opt/rustwide/cargo-home/bin/cargo" "+beta-2024-12-08" "metadata" "--no-deps" "--format-version=1", kill_on_drop: false }`
[INFO] [stdout] 9a63c96fe9f7e1a20dc9859cf9c09481d05d666c6432fb6eec51df83329929d2
[INFO] running `Command { std: "docker" "start" "-a" "9a63c96fe9f7e1a20dc9859cf9c09481d05d666c6432fb6eec51df83329929d2", kill_on_drop: false }`
[INFO] running `Command { std: "docker" "inspect" "9a63c96fe9f7e1a20dc9859cf9c09481d05d666c6432fb6eec51df83329929d2", kill_on_drop: false }`
[INFO] running `Command { std: "docker" "rm" "-f" "9a63c96fe9f7e1a20dc9859cf9c09481d05d666c6432fb6eec51df83329929d2", kill_on_drop: false }`
[INFO] [stdout] 9a63c96fe9f7e1a20dc9859cf9c09481d05d666c6432fb6eec51df83329929d2
[INFO] running `Command { std: "docker" "create" "-v" "/var/lib/crater-agent-workspace/builds/worker-1-tc2/target:/opt/rustwide/target:rw,Z" "-v" "/var/lib/crater-agent-workspace/builds/worker-1-tc2/source:/opt/rustwide/workdir:ro,Z" "-v" "/var/lib/crater-agent-workspace/cargo-home:/opt/rustwide/cargo-home:ro,Z" "-v" "/var/lib/crater-agent-workspace/rustup-home:/opt/rustwide/rustup-home:ro,Z" "-e" "SOURCE_DIR=/opt/rustwide/workdir" "-e" "CARGO_TARGET_DIR=/opt/rustwide/target" "-e" "CARGO_INCREMENTAL=0" "-e" "RUST_BACKTRACE=full" "-e" "RUSTFLAGS=--cap-lints=warn" "-e" "RUSTDOCFLAGS=--cap-lints=warn" "-e" "CARGO_HOME=/opt/rustwide/cargo-home" "-e" "RUSTUP_HOME=/opt/rustwide/rustup-home" "-w" "/opt/rustwide/workdir" "-m" "1610612736" "--user" "0:0" "--network" "none" "ghcr.io/rust-lang/crates-build-env/linux@sha256:f3a9d4ad9d972b27faf3965f35b62e55ba32bbce8f20bc8fe909558a86702fde" "/opt/rustwide/cargo-home/bin/cargo" "+beta-2024-12-08" "build" "--frozen" "--message-format=json", kill_on_drop: false }`
[INFO] [stdout] c3e1388cb2fa6c765b4a89ea514e77f31cbe7845b279d226e86baf966aa9181f
[INFO] running `Command { std: "docker" "start" "-a" "c3e1388cb2fa6c765b4a89ea514e77f31cbe7845b279d226e86baf966aa9181f", kill_on_drop: false }`
[INFO] [stderr]    Compiling proc-macro2 v1.0.92
[INFO] [stderr]    Compiling unicode-ident v1.0.14
[INFO] [stderr]    Compiling libc v0.2.168
[INFO] [stderr]    Compiling autocfg v1.4.0
[INFO] [stderr]    Compiling cfg-if v1.0.0
[INFO] [stderr]    Compiling version_check v0.9.5
[INFO] [stderr]    Compiling typenum v1.17.0
[INFO] [stderr]    Compiling byteorder v1.5.0
[INFO] [stderr]    Compiling subtle v2.6.1
[INFO] [stderr]    Compiling tinyvec_macros v0.1.1
[INFO] [stderr]    Compiling parking_lot_core v0.9.10
[INFO] [stderr]    Compiling smallvec v1.13.2
[INFO] [stderr]    Compiling bytes v1.9.0
[INFO] [stderr]    Compiling scopeguard v1.2.0
[INFO] [stderr]    Compiling unicode-properties v0.1.3
[INFO] [stderr]    Compiling unicode-bidi v0.3.17
[INFO] [stderr]    Compiling futures-sink v0.3.31
[INFO] [stderr]    Compiling tinyvec v1.8.0
[INFO] [stderr]    Compiling cpufeatures v0.2.16
[INFO] [stderr]    Compiling pin-project-lite v0.2.15
[INFO] [stderr]    Compiling futures-core v0.3.31
[INFO] [stderr]    Compiling memchr v2.7.4
[INFO] [stderr]    Compiling fallible-iterator v0.2.0
[INFO] [stderr]    Compiling iana-time-zone v0.1.61
[INFO] [stderr]    Compiling serde v1.0.216
[INFO] [stderr]    Compiling siphasher v0.3.11
[INFO] [stderr]    Compiling generic-array v0.14.7
[INFO] [stderr]    Compiling base64 v0.22.1
[INFO] [stderr]    Compiling serde_json v1.0.133
[INFO] [stderr]    Compiling pin-utils v0.1.0
[INFO] [stderr]    Compiling futures-task v0.3.31
[INFO] [stderr]    Compiling lock_api v0.4.12
[INFO] [stderr]    Compiling num-traits v0.2.19
[INFO] [stderr]    Compiling slab v0.4.9
[INFO] [stderr]    Compiling phf_shared v0.11.2
[INFO] [stderr]    Compiling futures-channel v0.3.31
[INFO] [stderr]    Compiling log v0.4.22
[INFO] [stderr]    Compiling percent-encoding v2.3.1
[INFO] [stderr]    Compiling itoa v1.0.14
[INFO] [stderr]    Compiling phf v0.11.2
[INFO] [stderr]    Compiling ryu v1.0.18
[INFO] [stderr]    Compiling whoami v1.5.2
[INFO] [stderr]    Compiling unicode-normalization v0.1.24
[INFO] [stderr]    Compiling quote v1.0.37
[INFO] [stderr]    Compiling getrandom v0.2.15
[INFO] [stderr]    Compiling mio v1.0.3
[INFO] [stderr]    Compiling socket2 v0.5.8
[INFO] [stderr]    Compiling signal-hook-registry v1.4.2
[INFO] [stderr]    Compiling rand_core v0.6.4
[INFO] [stderr]    Compiling parking_lot v0.12.3
[INFO] [stderr]    Compiling syn v2.0.90
[INFO] [stderr]    Compiling chrono v0.4.39
[INFO] [stderr]    Compiling stringprep v0.1.5
[INFO] [stderr]    Compiling block-buffer v0.10.4
[INFO] [stderr]    Compiling crypto-common v0.1.6
[INFO] [stderr]    Compiling digest v0.10.7
[INFO] [stderr]    Compiling sha2 v0.10.8
[INFO] [stderr]    Compiling md-5 v0.10.6
[INFO] [stderr]    Compiling hmac v0.12.1
[INFO] [stderr]    Compiling zerocopy-derive v0.7.35
[INFO] [stderr]    Compiling tokio-macros v2.4.0
[INFO] [stderr]    Compiling futures-macro v0.3.31
[INFO] [stderr]    Compiling serde_derive v1.0.216
[INFO] [stderr]    Compiling async-trait v0.1.83
[INFO] [stderr]    Compiling tokio v1.42.0
[INFO] [stderr]    Compiling zerocopy v0.7.35
[INFO] [stderr]    Compiling futures-util v0.3.31
[INFO] [stderr]    Compiling ppv-lite86 v0.2.20
[INFO] [stderr]    Compiling rand_chacha v0.3.1
[INFO] [stderr]    Compiling rand v0.8.5
[INFO] [stderr]    Compiling postgres-protocol v0.6.7
[INFO] [stderr]    Compiling postgres-types v0.2.8
[INFO] [stderr]    Compiling tokio-util v0.7.13
[INFO] [stderr]    Compiling tokio-postgres v0.7.12
[INFO] [stderr]    Compiling safety-postgres v0.1.0 (/opt/rustwide/workdir)
[INFO] [stdout] warning: this function depends on never type fallback being `()`
[INFO] [stdout]    --> src/access/sql_base.rs:378:5
[INFO] [stdout]     |
[INFO] [stdout] 378 |     pub fn add_record(&mut self, record: &[&str]) -> Result<&mut Self, InsertValueError> {
[INFO] [stdout]     |     ^^^^^^^^^^^^^^^^^^^^^^^^^^^^^^^^^^^^^^^^^^^^^^^^^^^^^^^^^^^^^^^^^^^^^^^^^^^^^^^^^^^^
[INFO] [stdout]     |
[INFO] [stdout]     = warning: this was previously accepted by the compiler but is being phased out; it will become a hard error in Rust 2024 and in a future release in all editions!
[INFO] [stdout]     = note: for more information, see issue #123748 <https://github.com/rust-lang/rust/issues/123748>
[INFO] [stdout]     = help: specify the types explicitly
[INFO] [stdout] note: in edition 2024, the requirement `!: FromIterator<()>` will fail
[INFO] [stdout]    --> src/access/sql_base.rs:380:120
[INFO] [stdout]     |
[INFO] [stdout] 380 | ...), "columns", &InsertValueErrorGenerator)).collect::<Result<_, InsertValueError>>()?;
[INFO] [stdout]     |                                                         ^^^^^^^^^^^^^^^^^^^^^^^^^^^
[INFO] [stdout]     = note: `#[warn(dependency_on_unit_never_type_fallback)]` on by default
[INFO] [stdout] help: use `()` annotations to avoid fallback changes
[INFO] [stdout]     |
[INFO] [stdout] 380 |             self.keys.iter().map(|key| validate_string(key.as_str(), "columns", &InsertValueErrorGenerator)).collect::<Result<(), InsertValueError>>()?;
[INFO] [stdout]     |                                                                                                                               ~~
[INFO] [stdout] 
[INFO] [stdout] 
[INFO] [stderr]     Finished `dev` profile [unoptimized + debuginfo] target(s) in 32.17s
[INFO] running `Command { std: "docker" "inspect" "c3e1388cb2fa6c765b4a89ea514e77f31cbe7845b279d226e86baf966aa9181f", kill_on_drop: false }`
[INFO] running `Command { std: "docker" "rm" "-f" "c3e1388cb2fa6c765b4a89ea514e77f31cbe7845b279d226e86baf966aa9181f", kill_on_drop: false }`
[INFO] [stdout] c3e1388cb2fa6c765b4a89ea514e77f31cbe7845b279d226e86baf966aa9181f
[INFO] running `Command { std: "docker" "create" "-v" "/var/lib/crater-agent-workspace/builds/worker-1-tc2/target:/opt/rustwide/target:rw,Z" "-v" "/var/lib/crater-agent-workspace/builds/worker-1-tc2/source:/opt/rustwide/workdir:ro,Z" "-v" "/var/lib/crater-agent-workspace/cargo-home:/opt/rustwide/cargo-home:ro,Z" "-v" "/var/lib/crater-agent-workspace/rustup-home:/opt/rustwide/rustup-home:ro,Z" "-e" "SOURCE_DIR=/opt/rustwide/workdir" "-e" "CARGO_TARGET_DIR=/opt/rustwide/target" "-e" "CARGO_INCREMENTAL=0" "-e" "RUST_BACKTRACE=full" "-e" "RUSTFLAGS=--cap-lints=warn" "-e" "RUSTDOCFLAGS=--cap-lints=warn" "-e" "CARGO_HOME=/opt/rustwide/cargo-home" "-e" "RUSTUP_HOME=/opt/rustwide/rustup-home" "-w" "/opt/rustwide/workdir" "-m" "1610612736" "--user" "0:0" "--network" "none" "ghcr.io/rust-lang/crates-build-env/linux@sha256:f3a9d4ad9d972b27faf3965f35b62e55ba32bbce8f20bc8fe909558a86702fde" "/opt/rustwide/cargo-home/bin/cargo" "+beta-2024-12-08" "test" "--frozen" "--no-run" "--message-format=json", kill_on_drop: false }`
[INFO] [stdout] 7dd457244a4226ec4c1d5761da8ebd871d35545c8f448b927baa82051abcdc78
[INFO] running `Command { std: "docker" "start" "-a" "7dd457244a4226ec4c1d5761da8ebd871d35545c8f448b927baa82051abcdc78", kill_on_drop: false }`
[INFO] [stderr]    Compiling syn v1.0.109
[INFO] [stderr]    Compiling ident_case v1.0.1
[INFO] [stderr]    Compiling strsim v0.10.0
[INFO] [stderr]    Compiling fnv v1.0.7
[INFO] [stderr]    Compiling futures-io v0.3.31
[INFO] [stderr]    Compiling hex v0.4.3
[INFO] [stderr]    Compiling futures-util v0.3.31
[INFO] [stderr]    Compiling futures-executor v0.3.31
[INFO] [stderr]    Compiling tokio-postgres v0.7.12
[INFO] [stderr]    Compiling futures v0.3.31
[INFO] [stderr]    Compiling darling_core v0.13.4
[INFO] [stderr]    Compiling darling_macro v0.13.4
[INFO] [stderr]    Compiling safety-postgres v0.1.0 (/opt/rustwide/workdir)
[INFO] [stdout] warning: this function depends on never type fallback being `()`
[INFO] [stdout]    --> src/access/sql_base.rs:378:5
[INFO] [stdout]     |
[INFO] [stdout] 378 |     pub fn add_record(&mut self, record: &[&str]) -> Result<&mut Self, InsertValueError> {
[INFO] [stdout]     |     ^^^^^^^^^^^^^^^^^^^^^^^^^^^^^^^^^^^^^^^^^^^^^^^^^^^^^^^^^^^^^^^^^^^^^^^^^^^^^^^^^^^^
[INFO] [stdout]     |
[INFO] [stdout]     = warning: this was previously accepted by the compiler but is being phased out; it will become a hard error in Rust 2024 and in a future release in all editions!
[INFO] [stdout]     = note: for more information, see issue #123748 <https://github.com/rust-lang/rust/issues/123748>
[INFO] [stdout]     = help: specify the types explicitly
[INFO] [stdout] note: in edition 2024, the requirement `!: FromIterator<()>` will fail
[INFO] [stdout]    --> src/access/sql_base.rs:380:120
[INFO] [stdout]     |
[INFO] [stdout] 380 | ...), "columns", &InsertValueErrorGenerator)).collect::<Result<_, InsertValueError>>()?;
[INFO] [stdout]     |                                                         ^^^^^^^^^^^^^^^^^^^^^^^^^^^
[INFO] [stdout]     = note: `#[warn(dependency_on_unit_never_type_fallback)]` on by default
[INFO] [stdout] help: use `()` annotations to avoid fallback changes
[INFO] [stdout]     |
[INFO] [stdout] 380 |             self.keys.iter().map(|key| validate_string(key.as_str(), "columns", &InsertValueErrorGenerator)).collect::<Result<(), InsertValueError>>()?;
[INFO] [stdout]     |                                                                                                                               ~~
[INFO] [stdout] 
[INFO] [stdout] 
[INFO] [stderr]    Compiling darling v0.13.4
[INFO] [stderr]    Compiling serde_with_macros v1.5.2
[INFO] [stderr]    Compiling serde_with v1.14.0
[INFO] [stderr]    Compiling bollard-stubs v1.42.0-rc.3
[INFO] [stderr]    Compiling testcontainers v0.15.0
[INFO] [stdout] warning: this function depends on never type fallback being `()`
[INFO] [stdout]    --> src/access/sql_base.rs:378:5
[INFO] [stdout]     |
[INFO] [stdout] 378 |     pub fn add_record(&mut self, record: &[&str]) -> Result<&mut Self, InsertValueError> {
[INFO] [stdout]     |     ^^^^^^^^^^^^^^^^^^^^^^^^^^^^^^^^^^^^^^^^^^^^^^^^^^^^^^^^^^^^^^^^^^^^^^^^^^^^^^^^^^^^
[INFO] [stdout]     |
[INFO] [stdout]     = warning: this was previously accepted by the compiler but is being phased out; it will become a hard error in Rust 2024 and in a future release in all editions!
[INFO] [stdout]     = note: for more information, see issue #123748 <https://github.com/rust-lang/rust/issues/123748>
[INFO] [stdout]     = help: specify the types explicitly
[INFO] [stdout] note: in edition 2024, the requirement `!: FromIterator<()>` will fail
[INFO] [stdout]    --> src/access/sql_base.rs:380:120
[INFO] [stdout]     |
[INFO] [stdout] 380 | ...), "columns", &InsertValueErrorGenerator)).collect::<Result<_, InsertValueError>>()?;
[INFO] [stdout]     |                                                         ^^^^^^^^^^^^^^^^^^^^^^^^^^^
[INFO] [stdout]     = note: `#[warn(dependency_on_unit_never_type_fallback)]` on by default
[INFO] [stdout] help: use `()` annotations to avoid fallback changes
[INFO] [stdout]     |
[INFO] [stdout] 380 |             self.keys.iter().map(|key| validate_string(key.as_str(), "columns", &InsertValueErrorGenerator)).collect::<Result<(), InsertValueError>>()?;
[INFO] [stdout]     |                                                                                                                               ~~
[INFO] [stdout] 
[INFO] [stdout] 
[INFO] [stderr]     Finished `test` profile [unoptimized + debuginfo] target(s) in 28.70s
[INFO] running `Command { std: "docker" "inspect" "7dd457244a4226ec4c1d5761da8ebd871d35545c8f448b927baa82051abcdc78", kill_on_drop: false }`
[INFO] running `Command { std: "docker" "rm" "-f" "7dd457244a4226ec4c1d5761da8ebd871d35545c8f448b927baa82051abcdc78", kill_on_drop: false }`
[INFO] [stdout] 7dd457244a4226ec4c1d5761da8ebd871d35545c8f448b927baa82051abcdc78
[INFO] running `Command { std: "docker" "create" "-v" "/var/lib/crater-agent-workspace/builds/worker-1-tc2/target:/opt/rustwide/target:rw,Z" "-v" "/var/lib/crater-agent-workspace/builds/worker-1-tc2/source:/opt/rustwide/workdir:ro,Z" "-v" "/var/lib/crater-agent-workspace/cargo-home:/opt/rustwide/cargo-home:ro,Z" "-v" "/var/lib/crater-agent-workspace/rustup-home:/opt/rustwide/rustup-home:ro,Z" "-e" "SOURCE_DIR=/opt/rustwide/workdir" "-e" "CARGO_TARGET_DIR=/opt/rustwide/target" "-e" "CARGO_INCREMENTAL=0" "-e" "RUST_BACKTRACE=full" "-e" "RUSTFLAGS=--cap-lints=warn" "-e" "RUSTDOCFLAGS=--cap-lints=warn" "-e" "CARGO_HOME=/opt/rustwide/cargo-home" "-e" "RUSTUP_HOME=/opt/rustwide/rustup-home" "-w" "/opt/rustwide/workdir" "-m" "1610612736" "--user" "0:0" "--network" "none" "ghcr.io/rust-lang/crates-build-env/linux@sha256:f3a9d4ad9d972b27faf3965f35b62e55ba32bbce8f20bc8fe909558a86702fde" "/opt/rustwide/cargo-home/bin/cargo" "+beta-2024-12-08" "test" "--frozen", kill_on_drop: false }`
[INFO] [stdout] d844df8e138e6a35b8d507a35c7d49df6c4c14c2553e38868e3c3d80050e2595
[INFO] running `Command { std: "docker" "start" "-a" "d844df8e138e6a35b8d507a35c7d49df6c4c14c2553e38868e3c3d80050e2595", kill_on_drop: false }`
[INFO] [stderr] warning: this function depends on never type fallback being `()`
[INFO] [stderr]    --> src/access/sql_base.rs:378:5
[INFO] [stderr]     |
[INFO] [stderr] 378 |     pub fn add_record(&mut self, record: &[&str]) -> Result<&mut Self, InsertValueError> {
[INFO] [stderr]     |     ^^^^^^^^^^^^^^^^^^^^^^^^^^^^^^^^^^^^^^^^^^^^^^^^^^^^^^^^^^^^^^^^^^^^^^^^^^^^^^^^^^^^
[INFO] [stderr]     |
[INFO] [stderr]     = warning: this was previously accepted by the compiler but is being phased out; it will become a hard error in Rust 2024 and in a future release in all editions!
[INFO] [stderr]     = note: for more information, see issue #123748 <https://github.com/rust-lang/rust/issues/123748>
[INFO] [stderr]     = help: specify the types explicitly
[INFO] [stderr] note: in edition 2024, the requirement `!: FromIterator<()>` will fail
[INFO] [stderr]    --> src/access/sql_base.rs:380:120
[INFO] [stderr]     |
[INFO] [stderr] 380 | ...), "columns", &InsertValueErrorGenerator)).collect::<Result<_, InsertValueError>>()?;
[INFO] [stderr]     |                                                         ^^^^^^^^^^^^^^^^^^^^^^^^^^^
[INFO] [stderr]     = note: `#[warn(dependency_on_unit_never_type_fallback)]` on by default
[INFO] [stderr] help: use `()` annotations to avoid fallback changes
[INFO] [stderr]     |
[INFO] [stderr] 380 |             self.keys.iter().map(|key| validate_string(key.as_str(), "columns", &InsertValueErrorGenerator)).collect::<Result<(), InsertValueError>>()?;
[INFO] [stderr]     |                                                                                                                               ~~
[INFO] [stderr] 
[INFO] [stderr] warning: `safety-postgres` (lib) generated 1 warning (run `cargo fix --lib -p safety-postgres` to apply 1 suggestion)
[INFO] [stderr] warning: `safety-postgres` (lib test) generated 1 warning (1 duplicate)
[INFO] [stderr]     Finished `test` profile [unoptimized + debuginfo] target(s) in 0.12s
[INFO] [stderr]      Running unittests src/lib.rs (/opt/rustwide/target/debug/deps/safety_postgres-e821dbc65535bb27)
[INFO] [stdout] 
[INFO] [stdout] running 24 tests
[INFO] [stdout] test access::conditions::tests::test_invalid_chain_str_input ... ok
[INFO] [stdout] test access::conditions::tests::test_add_and_get_condition ... ok
[INFO] [stdout] test access::conditions::tests::test_default_value ... ok
[INFO] [stdout] test access::app_config::tests::test_runner_below_tests ... ok
[INFO] [stdout] test access::conditions::tests::test_invalid_column ... ok
[INFO] [stdout] test access::conditions::tests::test_add_get_condition_by_str ... ok
[INFO] [stdout] test access::conditions::tests::test_invalid_comparison_str_input ... ok
[INFO] [stdout] test access::join_tables::tests::test_add_join_table ... ok
[INFO] [stdout] test access::join_tables::tests::test_generate_statement_text ... ok
[INFO] [stdout] test access::join_tables::tests::test_invalid_schema_name ... ok
[INFO] [stdout] test access::generate_params::tests::test_box_param_generator ... ok
[INFO] [stdout] test access::join_tables::tests::test_invalid_table_name ... ok
[INFO] [stdout] test access::join_tables::tests::test_invalid_char_contains_columns ... ok
[INFO] [stdout] test access::join_tables::tests::test_is_tables_empty ... ok
[INFO] [stdout] test access::join_tables::tests::test_join_table_generate_statement_text ... ok
[INFO] [stdout] test access::join_tables::tests::test_join_tables_empty_constructor ... ok
[INFO] [stdout] test access::generate_params::tests::test_params_ref_generator ... ok
[INFO] [stdout] test access::conditions::tests::test_multiple_declaration_first_condition ... ok
[INFO] [stdout] test access::postgres_base::tests::test_set_and_get_connect_conf ... ok
[INFO] [stdout] test access::postgres_base::tests::test_new_get_invalid_value ... ok
[INFO] [stdout] test access::postgres_base::tests::test_set_invalid_value ... ok
[INFO] [stdout] test access::validators::tests::test_valid_alphanumeric_name ... ok
[INFO] [stdout] test access::validators::tests::test_valid_string ... ok
[INFO] [stdout] test access::join_tables::tests::test_inconsistent_number_columns ... ok
[INFO] [stdout] 
[INFO] [stdout] test result: ok. 24 passed; 0 failed; 0 ignored; 0 measured; 0 filtered out; finished in 0.02s
[INFO] [stdout] 
[INFO] [stderr]      Running tests/test_curd.rs (/opt/rustwide/target/debug/deps/test_curd-8d96bd94440c01fc)
[INFO] [stdout] 
[INFO] [stdout] running 5 tests
[INFO] [stdout] test tests_curd::test_insert ... FAILED
[INFO] [stdout] test tests_curd::test_update ... FAILED
[INFO] [stdout] test tests_curd::test_connection ... FAILED
[INFO] [stdout] test tests_curd::test_select ... FAILED
[INFO] [stdout] test tests_curd::test_delete ... FAILED
[INFO] [stdout] 
[INFO] [stdout] failures:
[INFO] [stdout] 
[INFO] [stdout] ---- tests_curd::test_insert stdout ----
[INFO] [stdout] thread 'tests_curd::test_insert' panicked at /opt/rustwide/cargo-home/registry/src/index.crates.io-6f17d22bba15001f/testcontainers-0.15.0/src/clients/cli.rs:51:13:
[INFO] [stdout] Failed to start container, check log for details
[INFO] [stdout] stack backtrace:
[INFO] [stdout]    0:     0x60cb5068444a - std::backtrace_rs::backtrace::libunwind::trace::h8810477743020387
[INFO] [stdout]                                at /rustc/202008a1b8de96d2e5b6bc02d379db03a877d34d/library/std/src/../../backtrace/src/backtrace/libunwind.rs:116:5
[INFO] [stdout]    1:     0x60cb5068444a - std::backtrace_rs::backtrace::trace_unsynchronized::h3aa55355dd6c54a6
[INFO] [stdout]                                at /rustc/202008a1b8de96d2e5b6bc02d379db03a877d34d/library/std/src/../../backtrace/src/backtrace/mod.rs:66:5
[INFO] [stdout]    2:     0x60cb5068444a - std::sys::backtrace::_print_fmt::h8588b0f62410823f
[INFO] [stdout]                                at /rustc/202008a1b8de96d2e5b6bc02d379db03a877d34d/library/std/src/sys/backtrace.rs:66:9
[INFO] [stdout]    3:     0x60cb5068444a - <std::sys::backtrace::BacktraceLock::print::DisplayBacktrace as core::fmt::Display>::fmt::h98c26ac25ffe89bb
[INFO] [stdout]                                at /rustc/202008a1b8de96d2e5b6bc02d379db03a877d34d/library/std/src/sys/backtrace.rs:39:26
[INFO] [stdout]    4:     0x60cb506af7c3 - core::fmt::rt::Argument::fmt::hf95377f4aebd453b
[INFO] [stdout]                                at /rustc/202008a1b8de96d2e5b6bc02d379db03a877d34d/library/core/src/fmt/rt.rs:177:76
[INFO] [stdout]    5:     0x60cb506af7c3 - core::fmt::write::h0dd5f6e2238c7982
[INFO] [stdout]                                at /rustc/202008a1b8de96d2e5b6bc02d379db03a877d34d/library/core/src/fmt/mod.rs:1189:21
[INFO] [stdout]    6:     0x60cb506803d3 - std::io::Write::write_fmt::h03bb0ca26e6faf8c
[INFO] [stdout]                                at /rustc/202008a1b8de96d2e5b6bc02d379db03a877d34d/library/std/src/io/mod.rs:1884:15
[INFO] [stdout]    7:     0x60cb50684292 - std::sys::backtrace::BacktraceLock::print::h5c19c1c038ee186d
[INFO] [stdout]                                at /rustc/202008a1b8de96d2e5b6bc02d379db03a877d34d/library/std/src/sys/backtrace.rs:42:9
[INFO] [stdout]    8:     0x60cb5068594d - std::panicking::default_hook::{{closure}}::h77172f079a1fcb13
[INFO] [stdout]                                at /rustc/202008a1b8de96d2e5b6bc02d379db03a877d34d/library/std/src/panicking.rs:268:22
[INFO] [stdout]    9:     0x60cb50685757 - std::panicking::default_hook::he5f8e3b203ccddba
[INFO] [stdout]                                at /rustc/202008a1b8de96d2e5b6bc02d379db03a877d34d/library/std/src/panicking.rs:292:9
[INFO] [stdout]   10:     0x60cb50374817 - <alloc::boxed::Box<F,A> as core::ops::function::Fn<Args>>::call::h7a3c7b4a1ae77f2f
[INFO] [stdout]                                at /rustc/202008a1b8de96d2e5b6bc02d379db03a877d34d/library/alloc/src/boxed.rs:1986:9
[INFO] [stdout]   11:     0x60cb50374817 - test::test_main::{{closure}}::hf0d3b69ae9b353d1
[INFO] [stdout]                                at /rustc/202008a1b8de96d2e5b6bc02d379db03a877d34d/library/test/src/lib.rs:134:21
[INFO] [stdout]   12:     0x60cb50685ff8 - <alloc::boxed::Box<F,A> as core::ops::function::Fn<Args>>::call::h6332e82e7b189abd
[INFO] [stdout]                                at /rustc/202008a1b8de96d2e5b6bc02d379db03a877d34d/library/alloc/src/boxed.rs:1986:9
[INFO] [stdout]   13:     0x60cb50685ff8 - std::panicking::rust_panic_with_hook::h53863d4e9018df39
[INFO] [stdout]                                at /rustc/202008a1b8de96d2e5b6bc02d379db03a877d34d/library/std/src/panicking.rs:809:13
[INFO] [stdout]   14:     0x60cb50685d86 - std::panicking::begin_panic_handler::{{closure}}::h67280e6fa0757873
[INFO] [stdout]                                at /rustc/202008a1b8de96d2e5b6bc02d379db03a877d34d/library/std/src/panicking.rs:667:13
[INFO] [stdout]   15:     0x60cb50684929 - std::sys::backtrace::__rust_end_short_backtrace::h1dac3f54d6fbbeb2
[INFO] [stdout]                                at /rustc/202008a1b8de96d2e5b6bc02d379db03a877d34d/library/std/src/sys/backtrace.rs:170:18
[INFO] [stdout]   16:     0x60cb50685a4c - rust_begin_unwind
[INFO] [stdout]                                at /rustc/202008a1b8de96d2e5b6bc02d379db03a877d34d/library/std/src/panicking.rs:665:5
[INFO] [stdout]   17:     0x60cb502c12a0 - core::panicking::panic_fmt::h6792bd1b2bf01041
[INFO] [stdout]                                at /rustc/202008a1b8de96d2e5b6bc02d379db03a877d34d/library/core/src/panicking.rs:76:14
[INFO] [stdout]   18:     0x60cb5030f48f - testcontainers::clients::cli::Cli::run::h895bb7e44072c670
[INFO] [stdout]                                at /opt/rustwide/cargo-home/registry/src/index.crates.io-6f17d22bba15001f/testcontainers-0.15.0/src/clients/cli.rs:51:13
[INFO] [stdout]   19:     0x60cb50328095 - test_curd::tests_curd::test_data_creation::{{closure}}::h4cc3207621e09bb4
[INFO] [stdout]                                at /opt/rustwide/workdir/tests/test_curd.rs:28:45
[INFO] [stdout]   20:     0x60cb5032c10e - test_curd::tests_curd::test_insert::{{closure}}::h731058b53394d30b
[INFO] [stdout]                                at /opt/rustwide/workdir/tests/test_curd.rs:125:48
[INFO] [stdout]   21:     0x60cb502fd272 - <core::pin::Pin<P> as core::future::future::Future>::poll::h15e4a823d8bf5f47
[INFO] [stdout]                                at /rustc/202008a1b8de96d2e5b6bc02d379db03a877d34d/library/core/src/future/future.rs:124:9
[INFO] [stdout]   22:     0x60cb502fd32d - <core::pin::Pin<P> as core::future::future::Future>::poll::ha9ce962441dae2f7
[INFO] [stdout]                                at /rustc/202008a1b8de96d2e5b6bc02d379db03a877d34d/library/core/src/future/future.rs:124:9
[INFO] [stdout]   23:     0x60cb5033a00f - tokio::runtime::scheduler::current_thread::CoreGuard::block_on::{{closure}}::{{closure}}::{{closure}}::h770a40f1d29d252f
[INFO] [stdout]                                at /opt/rustwide/cargo-home/registry/src/index.crates.io-6f17d22bba15001f/tokio-1.42.0/src/runtime/scheduler/current_thread/mod.rs:729:57
[INFO] [stdout]   24:     0x60cb50339f15 - tokio::runtime::coop::with_budget::h10168d6e06e55988
[INFO] [stdout]                                at /opt/rustwide/cargo-home/registry/src/index.crates.io-6f17d22bba15001f/tokio-1.42.0/src/runtime/coop.rs:107:5
[INFO] [stdout]   25:     0x60cb50339f15 - tokio::runtime::coop::budget::h1ab4669f4927ff31
[INFO] [stdout]                                at /opt/rustwide/cargo-home/registry/src/index.crates.io-6f17d22bba15001f/tokio-1.42.0/src/runtime/coop.rs:73:5
[INFO] [stdout]   26:     0x60cb50339f15 - tokio::runtime::scheduler::current_thread::CoreGuard::block_on::{{closure}}::{{closure}}::hdc8ee1d9a913aee3
[INFO] [stdout]                                at /opt/rustwide/cargo-home/registry/src/index.crates.io-6f17d22bba15001f/tokio-1.42.0/src/runtime/scheduler/current_thread/mod.rs:729:25
[INFO] [stdout]   27:     0x60cb50337530 - tokio::runtime::scheduler::current_thread::Context::enter::h7f9552e6ccaf9490
[INFO] [stdout]                                at /opt/rustwide/cargo-home/registry/src/index.crates.io-6f17d22bba15001f/tokio-1.42.0/src/runtime/scheduler/current_thread/mod.rs:428:19
[INFO] [stdout]   28:     0x60cb503395be - tokio::runtime::scheduler::current_thread::CoreGuard::block_on::{{closure}}::h557781240bece9df
[INFO] [stdout]                                at /opt/rustwide/cargo-home/registry/src/index.crates.io-6f17d22bba15001f/tokio-1.42.0/src/runtime/scheduler/current_thread/mod.rs:728:36
[INFO] [stdout]   29:     0x60cb50338a34 - tokio::runtime::scheduler::current_thread::CoreGuard::enter::{{closure}}::h9ba3a713dad87e2b
[INFO] [stdout]                                at /opt/rustwide/cargo-home/registry/src/index.crates.io-6f17d22bba15001f/tokio-1.42.0/src/runtime/scheduler/current_thread/mod.rs:807:68
[INFO] [stdout]   30:     0x60cb50324efb - tokio::runtime::context::scoped::Scoped<T>::set::hdf45b5ede3daedaf
[INFO] [stdout]                                at /opt/rustwide/cargo-home/registry/src/index.crates.io-6f17d22bba15001f/tokio-1.42.0/src/runtime/context/scoped.rs:40:9
[INFO] [stdout]   31:     0x60cb50324a29 - tokio::runtime::context::set_scheduler::{{closure}}::h10aff5cc7d09defb
[INFO] [stdout]                                at /opt/rustwide/cargo-home/registry/src/index.crates.io-6f17d22bba15001f/tokio-1.42.0/src/runtime/context.rs:180:26
[INFO] [stdout]   32:     0x60cb5031ae6d - std::thread::local::LocalKey<T>::try_with::he7da767089c0f845
[INFO] [stdout]                                at /rustc/202008a1b8de96d2e5b6bc02d379db03a877d34d/library/std/src/thread/local.rs:283:12
[INFO] [stdout]   33:     0x60cb50319b1a - std::thread::local::LocalKey<T>::with::hd0d73f19d1752bd7
[INFO] [stdout]                                at /rustc/202008a1b8de96d2e5b6bc02d379db03a877d34d/library/std/src/thread/local.rs:260:9
[INFO] [stdout]   34:     0x60cb503249dd - tokio::runtime::context::set_scheduler::he5e25fe146e4f1fb
[INFO] [stdout]                                at /opt/rustwide/cargo-home/registry/src/index.crates.io-6f17d22bba15001f/tokio-1.42.0/src/runtime/context.rs:180:9
[INFO] [stdout]   35:     0x60cb503387c0 - tokio::runtime::scheduler::current_thread::CoreGuard::enter::hc325a716cae2dba4
[INFO] [stdout]                                at /opt/rustwide/cargo-home/registry/src/index.crates.io-6f17d22bba15001f/tokio-1.42.0/src/runtime/scheduler/current_thread/mod.rs:807:27
[INFO] [stdout]   36:     0x60cb50338ab3 - tokio::runtime::scheduler::current_thread::CoreGuard::block_on::hd547c1dfd29bbe5e
[INFO] [stdout]                                at /opt/rustwide/cargo-home/registry/src/index.crates.io-6f17d22bba15001f/tokio-1.42.0/src/runtime/scheduler/current_thread/mod.rs:716:19
[INFO] [stdout]   37:     0x60cb50335c6f - tokio::runtime::scheduler::current_thread::CurrentThread::block_on::{{closure}}::h3f765f0e6fd9d45e
[INFO] [stdout]                                at /opt/rustwide/cargo-home/registry/src/index.crates.io-6f17d22bba15001f/tokio-1.42.0/src/runtime/scheduler/current_thread/mod.rs:196:28
[INFO] [stdout]   38:     0x60cb502d89b6 - tokio::runtime::context::runtime::enter_runtime::hee3fff62efc02ffc
[INFO] [stdout]                                at /opt/rustwide/cargo-home/registry/src/index.crates.io-6f17d22bba15001f/tokio-1.42.0/src/runtime/context/runtime.rs:65:16
[INFO] [stdout]   39:     0x60cb50335a11 - tokio::runtime::scheduler::current_thread::CurrentThread::block_on::hcb0ed51404b47cd9
[INFO] [stdout]                                at /opt/rustwide/cargo-home/registry/src/index.crates.io-6f17d22bba15001f/tokio-1.42.0/src/runtime/scheduler/current_thread/mod.rs:184:9
[INFO] [stdout]   40:     0x60cb5030cc23 - tokio::runtime::runtime::Runtime::block_on_inner::h5bff3d6a6ad88115
[INFO] [stdout]                                at /opt/rustwide/cargo-home/registry/src/index.crates.io-6f17d22bba15001f/tokio-1.42.0/src/runtime/runtime.rs:368:47
[INFO] [stdout]   41:     0x60cb5030cf27 - tokio::runtime::runtime::Runtime::block_on::h496a1efbec89845b
[INFO] [stdout]                                at /opt/rustwide/cargo-home/registry/src/index.crates.io-6f17d22bba15001f/tokio-1.42.0/src/runtime/runtime.rs:342:13
[INFO] [stdout]   42:     0x60cb5032bd8f - test_curd::tests_curd::test_insert::h1f21485d4510e0c9
[INFO] [stdout]                                at /opt/rustwide/workdir/tests/test_curd.rs:175:9
[INFO] [stdout]   43:     0x60cb5032bc17 - test_curd::tests_curd::test_insert::{{closure}}::h221d70a2474b1d46
[INFO] [stdout]                                at /opt/rustwide/workdir/tests/test_curd.rs:123:27
[INFO] [stdout]   44:     0x60cb502c20d6 - core::ops::function::FnOnce::call_once::h3af9cd5cf42d232b
[INFO] [stdout]                                at /rustc/202008a1b8de96d2e5b6bc02d379db03a877d34d/library/core/src/ops/function.rs:250:5
[INFO] [stdout]   45:     0x60cb5037933b - core::ops::function::FnOnce::call_once::h871bf86719ec9aa4
[INFO] [stdout]                                at /rustc/202008a1b8de96d2e5b6bc02d379db03a877d34d/library/core/src/ops/function.rs:250:5
[INFO] [stdout]   46:     0x60cb5037933b - test::__rust_begin_short_backtrace::h2167df1e2b7d76fd
[INFO] [stdout]                                at /rustc/202008a1b8de96d2e5b6bc02d379db03a877d34d/library/test/src/lib.rs:632:18
[INFO] [stdout]   47:     0x60cb50378d28 - test::run_test_in_process::{{closure}}::h15d92f75a3adfb79
[INFO] [stdout]                                at /rustc/202008a1b8de96d2e5b6bc02d379db03a877d34d/library/test/src/lib.rs:655:60
[INFO] [stdout]   48:     0x60cb50378d28 - <core::panic::unwind_safe::AssertUnwindSafe<F> as core::ops::function::FnOnce<()>>::call_once::hb6c8955835a8dbbb
[INFO] [stdout]                                at /rustc/202008a1b8de96d2e5b6bc02d379db03a877d34d/library/core/src/panic/unwind_safe.rs:272:9
[INFO] [stdout]   49:     0x60cb50378d28 - std::panicking::try::do_call::hc79d0fc888a0bd30
[INFO] [stdout]                                at /rustc/202008a1b8de96d2e5b6bc02d379db03a877d34d/library/std/src/panicking.rs:557:40
[INFO] [stdout]   50:     0x60cb50378d28 - std::panicking::try::hb8a7878e3a8589d6
[INFO] [stdout]                                at /rustc/202008a1b8de96d2e5b6bc02d379db03a877d34d/library/std/src/panicking.rs:520:19
[INFO] [stdout]   51:     0x60cb50378d28 - std::panic::catch_unwind::hb8e4600ff0ff5cfa
[INFO] [stdout]                                at /rustc/202008a1b8de96d2e5b6bc02d379db03a877d34d/library/std/src/panic.rs:358:14
[INFO] [stdout]   52:     0x60cb50378d28 - test::run_test_in_process::hc2900b0b18688dd6
[INFO] [stdout]                                at /rustc/202008a1b8de96d2e5b6bc02d379db03a877d34d/library/test/src/lib.rs:655:27
[INFO] [stdout]   53:     0x60cb50378d28 - test::run_test::{{closure}}::hac2a9cb07be3d48d
[INFO] [stdout]                                at /rustc/202008a1b8de96d2e5b6bc02d379db03a877d34d/library/test/src/lib.rs:576:43
[INFO] [stdout]   54:     0x60cb5033c7ca - test::run_test::{{closure}}::h4a5b729e66a38cd8
[INFO] [stdout]                                at /rustc/202008a1b8de96d2e5b6bc02d379db03a877d34d/library/test/src/lib.rs:606:41
[INFO] [stdout]   55:     0x60cb5033c7ca - std::sys::backtrace::__rust_begin_short_backtrace::h0496fb742492f573
[INFO] [stdout]                                at /rustc/202008a1b8de96d2e5b6bc02d379db03a877d34d/library/std/src/sys/backtrace.rs:154:18
[INFO] [stdout]   56:     0x60cb50340144 - std::thread::Builder::spawn_unchecked_::{{closure}}::{{closure}}::hbb6d257c550a54bd
[INFO] [stdout]                                at /rustc/202008a1b8de96d2e5b6bc02d379db03a877d34d/library/std/src/thread/mod.rs:561:17
[INFO] [stdout]   57:     0x60cb50340144 - <core::panic::unwind_safe::AssertUnwindSafe<F> as core::ops::function::FnOnce<()>>::call_once::h46696fe4a6832328
[INFO] [stdout]                                at /rustc/202008a1b8de96d2e5b6bc02d379db03a877d34d/library/core/src/panic/unwind_safe.rs:272:9
[INFO] [stdout]   58:     0x60cb50340144 - std::panicking::try::do_call::h2625a51b667bfb64
[INFO] [stdout]                                at /rustc/202008a1b8de96d2e5b6bc02d379db03a877d34d/library/std/src/panicking.rs:557:40
[INFO] [stdout]   59:     0x60cb50340144 - std::panicking::try::hb956a59a1973aa4c
[INFO] [stdout]                                at /rustc/202008a1b8de96d2e5b6bc02d379db03a877d34d/library/std/src/panicking.rs:520:19
[INFO] [stdout]   60:     0x60cb50340144 - std::panic::catch_unwind::h64f3b9d1067ef6a0
[INFO] [stdout]                                at /rustc/202008a1b8de96d2e5b6bc02d379db03a877d34d/library/std/src/panic.rs:358:14
[INFO] [stdout]   61:     0x60cb50340144 - std::thread::Builder::spawn_unchecked_::{{closure}}::h42b2841295b6c0b2
[INFO] [stdout]                                at /rustc/202008a1b8de96d2e5b6bc02d379db03a877d34d/library/std/src/thread/mod.rs:559:30
[INFO] [stdout]   62:     0x60cb50340144 - core::ops::function::FnOnce::call_once{{vtable.shim}}::h6127de71b8124639
[INFO] [stdout]                                at /rustc/202008a1b8de96d2e5b6bc02d379db03a877d34d/library/core/src/ops/function.rs:250:5
[INFO] [stdout]   63:     0x60cb5068af1b - <alloc::boxed::Box<F,A> as core::ops::function::FnOnce<Args>>::call_once::h42f0ba71002a1b2c
[INFO] [stdout]                                at /rustc/202008a1b8de96d2e5b6bc02d379db03a877d34d/library/alloc/src/boxed.rs:1972:9
[INFO] [stdout]   64:     0x60cb5068af1b - <alloc::boxed::Box<F,A> as core::ops::function::FnOnce<Args>>::call_once::had9e47d7a3dcecb8
[INFO] [stdout]                                at /rustc/202008a1b8de96d2e5b6bc02d379db03a877d34d/library/alloc/src/boxed.rs:1972:9
[INFO] [stdout]   65:     0x60cb5068af1b - std::sys::pal::unix::thread::Thread::new::thread_start::h48cf765408f6f5f2
[INFO] [stdout]                                at /rustc/202008a1b8de96d2e5b6bc02d379db03a877d34d/library/std/src/sys/pal/unix/thread.rs:105:17
[INFO] [stdout]   66:     0x75e7107f9ac3 - <unknown>
[INFO] [stdout]   67:     0x75e71088aa04 - clone
[INFO] [stdout]   68:                0x0 - <unknown>
[INFO] [stdout] 
[INFO] [stdout] ---- tests_curd::test_update stdout ----
[INFO] [stdout] thread 'tests_curd::test_update' panicked at /opt/rustwide/cargo-home/registry/src/index.crates.io-6f17d22bba15001f/testcontainers-0.15.0/src/clients/cli.rs:51:13:
[INFO] [stdout] Failed to start container, check log for details
[INFO] [stdout] stack backtrace:
[INFO] [stdout]    0:     0x60cb5068444a - std::backtrace_rs::backtrace::libunwind::trace::h8810477743020387
[INFO] [stdout]                                at /rustc/202008a1b8de96d2e5b6bc02d379db03a877d34d/library/std/src/../../backtrace/src/backtrace/libunwind.rs:116:5
[INFO] [stdout]    1:     0x60cb5068444a - std::backtrace_rs::backtrace::trace_unsynchronized::h3aa55355dd6c54a6
[INFO] [stdout]                                at /rustc/202008a1b8de96d2e5b6bc02d379db03a877d34d/library/std/src/../../backtrace/src/backtrace/mod.rs:66:5
[INFO] [stdout]    2:     0x60cb5068444a - std::sys::backtrace::_print_fmt::h8588b0f62410823f
[INFO] [stdout]                                at /rustc/202008a1b8de96d2e5b6bc02d379db03a877d34d/library/std/src/sys/backtrace.rs:66:9
[INFO] [stdout]    3:     0x60cb5068444a - <std::sys::backtrace::BacktraceLock::print::DisplayBacktrace as core::fmt::Display>::fmt::h98c26ac25ffe89bb
[INFO] [stdout]                                at /rustc/202008a1b8de96d2e5b6bc02d379db03a877d34d/library/std/src/sys/backtrace.rs:39:26
[INFO] [stdout]    4:     0x60cb506af7c3 - core::fmt::rt::Argument::fmt::hf95377f4aebd453b
[INFO] [stdout]                                at /rustc/202008a1b8de96d2e5b6bc02d379db03a877d34d/library/core/src/fmt/rt.rs:177:76
[INFO] [stdout]    5:     0x60cb506af7c3 - core::fmt::write::h0dd5f6e2238c7982
[INFO] [stdout]                                at /rustc/202008a1b8de96d2e5b6bc02d379db03a877d34d/library/core/src/fmt/mod.rs:1189:21
[INFO] [stdout]    6:     0x60cb506803d3 - std::io::Write::write_fmt::h03bb0ca26e6faf8c
[INFO] [stdout]                                at /rustc/202008a1b8de96d2e5b6bc02d379db03a877d34d/library/std/src/io/mod.rs:1884:15
[INFO] [stdout]    7:     0x60cb50684292 - std::sys::backtrace::BacktraceLock::print::h5c19c1c038ee186d
[INFO] [stdout]                                at /rustc/202008a1b8de96d2e5b6bc02d379db03a877d34d/library/std/src/sys/backtrace.rs:42:9
[INFO] [stdout]    8:     0x60cb5068594d - std::panicking::default_hook::{{closure}}::h77172f079a1fcb13
[INFO] [stdout]                                at /rustc/202008a1b8de96d2e5b6bc02d379db03a877d34d/library/std/src/panicking.rs:268:22
[INFO] [stdout]    9:     0x60cb50685757 - std::panicking::default_hook::he5f8e3b203ccddba
[INFO] [stdout]                                at /rustc/202008a1b8de96d2e5b6bc02d379db03a877d34d/library/std/src/panicking.rs:292:9
[INFO] [stdout]   10:     0x60cb50374817 - <alloc::boxed::Box<F,A> as core::ops::function::Fn<Args>>::call::h7a3c7b4a1ae77f2f
[INFO] [stdout]                                at /rustc/202008a1b8de96d2e5b6bc02d379db03a877d34d/library/alloc/src/boxed.rs:1986:9
[INFO] [stdout]   11:     0x60cb50374817 - test::test_main::{{closure}}::hf0d3b69ae9b353d1
[INFO] [stdout]                                at /rustc/202008a1b8de96d2e5b6bc02d379db03a877d34d/library/test/src/lib.rs:134:21
[INFO] [stdout]   12:     0x60cb50685ff8 - <alloc::boxed::Box<F,A> as core::ops::function::Fn<Args>>::call::h6332e82e7b189abd
[INFO] [stdout]                                at /rustc/202008a1b8de96d2e5b6bc02d379db03a877d34d/library/alloc/src/boxed.rs:1986:9
[INFO] [stdout]   13:     0x60cb50685ff8 - std::panicking::rust_panic_with_hook::h53863d4e9018df39
[INFO] [stdout]                                at /rustc/202008a1b8de96d2e5b6bc02d379db03a877d34d/library/std/src/panicking.rs:809:13
[INFO] [stdout]   14:     0x60cb50685d86 - std::panicking::begin_panic_handler::{{closure}}::h67280e6fa0757873
[INFO] [stdout]                                at /rustc/202008a1b8de96d2e5b6bc02d379db03a877d34d/library/std/src/panicking.rs:667:13
[INFO] [stdout]   15:     0x60cb50684929 - std::sys::backtrace::__rust_end_short_backtrace::h1dac3f54d6fbbeb2
[INFO] [stdout]                                at /rustc/202008a1b8de96d2e5b6bc02d379db03a877d34d/library/std/src/sys/backtrace.rs:170:18
[INFO] [stdout]   16:     0x60cb50685a4c - rust_begin_unwind
[INFO] [stdout]                                at /rustc/202008a1b8de96d2e5b6bc02d379db03a877d34d/library/std/src/panicking.rs:665:5
[INFO] [stdout]   17:     0x60cb502c12a0 - core::panicking::panic_fmt::h6792bd1b2bf01041
[INFO] [stdout]                                at /rustc/202008a1b8de96d2e5b6bc02d379db03a877d34d/library/core/src/panicking.rs:76:14
[INFO] [stdout]   18:     0x60cb5030f48f - testcontainers::clients::cli::Cli::run::h895bb7e44072c670
[INFO] [stdout]                                at /opt/rustwide/cargo-home/registry/src/index.crates.io-6f17d22bba15001f/testcontainers-0.15.0/src/clients/cli.rs:51:13
[INFO] [stdout]   19:     0x60cb50328095 - test_curd::tests_curd::test_data_creation::{{closure}}::h4cc3207621e09bb4
[INFO] [stdout]                                at /opt/rustwide/workdir/tests/test_curd.rs:28:45
[INFO] [stdout]   20:     0x60cb5032ea55 - test_curd::tests_curd::test_update::{{closure}}::h12764f5f313111e8
[INFO] [stdout]                                at /opt/rustwide/workdir/tests/test_curd.rs:181:48
[INFO] [stdout]   21:     0x60cb502fd272 - <core::pin::Pin<P> as core::future::future::Future>::poll::h15e4a823d8bf5f47
[INFO] [stdout]                                at /rustc/202008a1b8de96d2e5b6bc02d379db03a877d34d/library/core/src/future/future.rs:124:9
[INFO] [stdout]   22:     0x60cb502fd32d - <core::pin::Pin<P> as core::future::future::Future>::poll::ha9ce962441dae2f7
[INFO] [stdout]                                at /rustc/202008a1b8de96d2e5b6bc02d379db03a877d34d/library/core/src/future/future.rs:124:9
[INFO] [stdout]   23:     0x60cb5033a00f - tokio::runtime::scheduler::current_thread::CoreGuard::block_on::{{closure}}::{{closure}}::{{closure}}::h770a40f1d29d252f
[INFO] [stdout]                                at /opt/rustwide/cargo-home/registry/src/index.crates.io-6f17d22bba15001f/tokio-1.42.0/src/runtime/scheduler/current_thread/mod.rs:729:57
[INFO] [stdout]   24:     0x60cb50339f15 - tokio::runtime::coop::with_budget::h10168d6e06e55988
[INFO] [stdout]                                at /opt/rustwide/cargo-home/registry/src/index.crates.io-6f17d22bba15001f/tokio-1.42.0/src/runtime/coop.rs:107:5
[INFO] [stdout]   25:     0x60cb50339f15 - tokio::runtime::coop::budget::h1ab4669f4927ff31
[INFO] [stdout]                                at /opt/rustwide/cargo-home/registry/src/index.crates.io-6f17d22bba15001f/tokio-1.42.0/src/runtime/coop.rs:73:5
[INFO] [stdout]   26:     0x60cb50339f15 - tokio::runtime::scheduler::current_thread::CoreGuard::block_on::{{closure}}::{{closure}}::hdc8ee1d9a913aee3
[INFO] [stdout]                                at /opt/rustwide/cargo-home/registry/src/index.crates.io-6f17d22bba15001f/tokio-1.42.0/src/runtime/scheduler/current_thread/mod.rs:729:25
[INFO] [stdout]   27:     0x60cb50337530 - tokio::runtime::scheduler::current_thread::Context::enter::h7f9552e6ccaf9490
[INFO] [stdout]                                at /opt/rustwide/cargo-home/registry/src/index.crates.io-6f17d22bba15001f/tokio-1.42.0/src/runtime/scheduler/current_thread/mod.rs:428:19
[INFO] [stdout]   28:     0x60cb503395be - tokio::runtime::scheduler::current_thread::CoreGuard::block_on::{{closure}}::h557781240bece9df
[INFO] [stdout]                                at /opt/rustwide/cargo-home/registry/src/index.crates.io-6f17d22bba15001f/tokio-1.42.0/src/runtime/scheduler/current_thread/mod.rs:728:36
[INFO] [stdout]   29:     0x60cb50338a34 - tokio::runtime::scheduler::current_thread::CoreGuard::enter::{{closure}}::h9ba3a713dad87e2b
[INFO] [stdout]                                at /opt/rustwide/cargo-home/registry/src/index.crates.io-6f17d22bba15001f/tokio-1.42.0/src/runtime/scheduler/current_thread/mod.rs:807:68
[INFO] [stdout]   30:     0x60cb50324efb - tokio::runtime::context::scoped::Scoped<T>::set::hdf45b5ede3daedaf
[INFO] [stdout]                                at /opt/rustwide/cargo-home/registry/src/index.crates.io-6f17d22bba15001f/tokio-1.42.0/src/runtime/context/scoped.rs:40:9
[INFO] [stdout]   31:     0x60cb50324a29 - tokio::runtime::context::set_scheduler::{{closure}}::h10aff5cc7d09defb
[INFO] [stdout]                                at /opt/rustwide/cargo-home/registry/src/index.crates.io-6f17d22bba15001f/tokio-1.42.0/src/runtime/context.rs:180:26
[INFO] [stdout]   32:     0x60cb5031ae6d - std::thread::local::LocalKey<T>::try_with::he7da767089c0f845
[INFO] [stdout]                                at /rustc/202008a1b8de96d2e5b6bc02d379db03a877d34d/library/std/src/thread/local.rs:283:12
[INFO] [stdout]   33:     0x60cb50319b1a - std::thread::local::LocalKey<T>::with::hd0d73f19d1752bd7
[INFO] [stdout]                                at /rustc/202008a1b8de96d2e5b6bc02d379db03a877d34d/library/std/src/thread/local.rs:260:9
[INFO] [stdout]   34:     0x60cb503249dd - tokio::runtime::context::set_scheduler::he5e25fe146e4f1fb
[INFO] [stdout]                                at /opt/rustwide/cargo-home/registry/src/index.crates.io-6f17d22bba15001f/tokio-1.42.0/src/runtime/context.rs:180:9
[INFO] [stdout]   35:     0x60cb503387c0 - tokio::runtime::scheduler::current_thread::CoreGuard::enter::hc325a716cae2dba4
[INFO] [stdout]                                at /opt/rustwide/cargo-home/registry/src/index.crates.io-6f17d22bba15001f/tokio-1.42.0/src/runtime/scheduler/current_thread/mod.rs:807:27
[INFO] [stdout]   36:     0x60cb50338ab3 - tokio::runtime::scheduler::current_thread::CoreGuard::block_on::hd547c1dfd29bbe5e
[INFO] [stdout]                                at /opt/rustwide/cargo-home/registry/src/index.crates.io-6f17d22bba15001f/tokio-1.42.0/src/runtime/scheduler/current_thread/mod.rs:716:19
[INFO] [stdout]   37:     0x60cb50335c6f - tokio::runtime::scheduler::current_thread::CurrentThread::block_on::{{closure}}::h3f765f0e6fd9d45e
[INFO] [stdout]                                at /opt/rustwide/cargo-home/registry/src/index.crates.io-6f17d22bba15001f/tokio-1.42.0/src/runtime/scheduler/current_thread/mod.rs:196:28
[INFO] [stdout]   38:     0x60cb502d89b6 - tokio::runtime::context::runtime::enter_runtime::hee3fff62efc02ffc
[INFO] [stdout]                                at /opt/rustwide/cargo-home/registry/src/index.crates.io-6f17d22bba15001f/tokio-1.42.0/src/runtime/context/runtime.rs:65:16
[INFO] [stdout]   39:     0x60cb50335a11 - tokio::runtime::scheduler::current_thread::CurrentThread::block_on::hcb0ed51404b47cd9
[INFO] [stdout]                                at /opt/rustwide/cargo-home/registry/src/index.crates.io-6f17d22bba15001f/tokio-1.42.0/src/runtime/scheduler/current_thread/mod.rs:184:9
[INFO] [stdout]   40:     0x60cb5030cc23 - tokio::runtime::runtime::Runtime::block_on_inner::h5bff3d6a6ad88115
[INFO] [stdout]                                at /opt/rustwide/cargo-home/registry/src/index.crates.io-6f17d22bba15001f/tokio-1.42.0/src/runtime/runtime.rs:368:47
[INFO] [stdout]   41:     0x60cb5030cf27 - tokio::runtime::runtime::Runtime::block_on::h496a1efbec89845b
[INFO] [stdout]                                at /opt/rustwide/cargo-home/registry/src/index.crates.io-6f17d22bba15001f/tokio-1.42.0/src/runtime/runtime.rs:342:13
[INFO] [stdout]   42:     0x60cb5032e719 - test_curd::tests_curd::test_update::h5437e67dd9bb275c
[INFO] [stdout]                                at /opt/rustwide/workdir/tests/test_curd.rs:211:9
[INFO] [stdout]   43:     0x60cb5032e5a7 - test_curd::tests_curd::test_update::{{closure}}::h6fc6a362af1d792e
[INFO] [stdout]                                at /opt/rustwide/workdir/tests/test_curd.rs:179:27
[INFO] [stdout]   44:     0x60cb502c27d6 - core::ops::function::FnOnce::call_once::hdca07b07b6b908ae
[INFO] [stdout]                                at /rustc/202008a1b8de96d2e5b6bc02d379db03a877d34d/library/core/src/ops/function.rs:250:5
[INFO] [stdout]   45:     0x60cb5037933b - core::ops::function::FnOnce::call_once::h871bf86719ec9aa4
[INFO] [stdout]                                at /rustc/202008a1b8de96d2e5b6bc02d379db03a877d34d/library/core/src/ops/function.rs:250:5
[INFO] [stdout]   46:     0x60cb5037933b - test::__rust_begin_short_backtrace::h2167df1e2b7d76fd
[INFO] [stdout]                                at /rustc/202008a1b8de96d2e5b6bc02d379db03a877d34d/library/test/src/lib.rs:632:18
[INFO] [stdout]   47:     0x60cb50378d28 - test::run_test_in_process::{{closure}}::h15d92f75a3adfb79
[INFO] [stdout]                                at /rustc/202008a1b8de96d2e5b6bc02d379db03a877d34d/library/test/src/lib.rs:655:60
[INFO] [stdout]   48:     0x60cb50378d28 - <core::panic::unwind_safe::AssertUnwindSafe<F> as core::ops::function::FnOnce<()>>::call_once::hb6c8955835a8dbbb
[INFO] [stdout]                                at /rustc/202008a1b8de96d2e5b6bc02d379db03a877d34d/library/core/src/panic/unwind_safe.rs:272:9
[INFO] [stdout]   49:     0x60cb50378d28 - std::panicking::try::do_call::hc79d0fc888a0bd30
[INFO] [stdout]                                at /rustc/202008a1b8de96d2e5b6bc02d379db03a877d34d/library/std/src/panicking.rs:557:40
[INFO] [stdout]   50:     0x60cb50378d28 - std::panicking::try::hb8a7878e3a8589d6
[INFO] [stdout]                                at /rustc/202008a1b8de96d2e5b6bc02d379db03a877d34d/library/std/src/panicking.rs:520:19
[INFO] [stdout]   51:     0x60cb50378d28 - std::panic::catch_unwind::hb8e4600ff0ff5cfa
[INFO] [stdout]                                at /rustc/202008a1b8de96d2e5b6bc02d379db03a877d34d/library/std/src/panic.rs:358:14
[INFO] [stdout]   52:     0x60cb50378d28 - test::run_test_in_process::hc2900b0b18688dd6
[INFO] [stdout]                                at /rustc/202008a1b8de96d2e5b6bc02d379db03a877d34d/library/test/src/lib.rs:655:27
[INFO] [stdout]   53:     0x60cb50378d28 - test::run_test::{{closure}}::hac2a9cb07be3d48d
[INFO] [stdout]                                at /rustc/202008a1b8de96d2e5b6bc02d379db03a877d34d/library/test/src/lib.rs:576:43
[INFO] [stdout]   54:     0x60cb5033c7ca - test::run_test::{{closure}}::h4a5b729e66a38cd8
[INFO] [stdout]                                at /rustc/202008a1b8de96d2e5b6bc02d379db03a877d34d/library/test/src/lib.rs:606:41
[INFO] [stdout]   55:     0x60cb5033c7ca - std::sys::backtrace::__rust_begin_short_backtrace::h0496fb742492f573
[INFO] [stdout]                                at /rustc/202008a1b8de96d2e5b6bc02d379db03a877d34d/library/std/src/sys/backtrace.rs:154:18
[INFO] [stdout]   56:     0x60cb50340144 - std::thread::Builder::spawn_unchecked_::{{closure}}::{{closure}}::hbb6d257c550a54bd
[INFO] [stdout]                                at /rustc/202008a1b8de96d2e5b6bc02d379db03a877d34d/library/std/src/thread/mod.rs:561:17
[INFO] [stdout]   57:     0x60cb50340144 - <core::panic::unwind_safe::AssertUnwindSafe<F> as core::ops::function::FnOnce<()>>::call_once::h46696fe4a6832328
[INFO] [stdout]                                at /rustc/202008a1b8de96d2e5b6bc02d379db03a877d34d/library/core/src/panic/unwind_safe.rs:272:9
[INFO] [stdout]   58:     0x60cb50340144 - std::panicking::try::do_call::h2625a51b667bfb64
[INFO] [stdout]                                at /rustc/202008a1b8de96d2e5b6bc02d379db03a877d34d/library/std/src/panicking.rs:557:40
[INFO] [stdout]   59:     0x60cb50340144 - std::panicking::try::hb956a59a1973aa4c
[INFO] [stdout]                                at /rustc/202008a1b8de96d2e5b6bc02d379db03a877d34d/library/std/src/panicking.rs:520:19
[INFO] [stdout]   60:     0x60cb50340144 - std::panic::catch_unwind::h64f3b9d1067ef6a0
[INFO] [stdout]                                at /rustc/202008a1b8de96d2e5b6bc02d379db03a877d34d/library/std/src/panic.rs:358:14
[INFO] [stdout]   61:     0x60cb50340144 - std::thread::Builder::spawn_unchecked_::{{closure}}::h42b2841295b6c0b2
[INFO] [stdout]                                at /rustc/202008a1b8de96d2e5b6bc02d379db03a877d34d/library/std/src/thread/mod.rs:559:30
[INFO] [stdout]   62:     0x60cb50340144 - core::ops::function::FnOnce::call_once{{vtable.shim}}::h6127de71b8124639
[INFO] [stdout]                                at /rustc/202008a1b8de96d2e5b6bc02d379db03a877d34d/library/core/src/ops/function.rs:250:5
[INFO] [stdout]   63:     0x60cb5068af1b - <alloc::boxed::Box<F,A> as core::ops::function::FnOnce<Args>>::call_once::h42f0ba71002a1b2c
[INFO] [stdout]                                at /rustc/202008a1b8de96d2e5b6bc02d379db03a877d34d/library/alloc/src/boxed.rs:1972:9
[INFO] [stdout]   64:     0x60cb5068af1b - <alloc::boxed::Box<F,A> as core::ops::function::FnOnce<Args>>::call_once::had9e47d7a3dcecb8
[INFO] [stdout]                                at /rustc/202008a1b8de96d2e5b6bc02d379db03a877d34d/library/alloc/src/boxed.rs:1972:9
[INFO] [stdout]   65:     0x60cb5068af1b - std::sys::pal::unix::thread::Thread::new::thread_start::h48cf765408f6f5f2
[INFO] [stdout]                                at /rustc/202008a1b8de96d2e5b6bc02d379db03a877d34d/library/std/src/sys/pal/unix/thread.rs:105:17
[INFO] [stdout]   66:     0x75e7107f9ac3 - <unknown>
[INFO] [stdout]   67:     0x75e71088aa04 - clone
[INFO] [stdout]   68:                0x0 - <unknown>
[INFO] [stdout] 
[INFO] [stdout] ---- tests_curd::test_connection stdout ----
[INFO] [stdout] thread 'tests_curd::test_connection' panicked at /opt/rustwide/cargo-home/registry/src/index.crates.io-6f17d22bba15001f/testcontainers-0.15.0/src/clients/cli.rs:51:13:
[INFO] [stdout] Failed to start container, check log for details
[INFO] [stdout] stack backtrace:
[INFO] [stdout]    0:     0x60cb5068444a - std::backtrace_rs::backtrace::libunwind::trace::h8810477743020387
[INFO] [stdout]                                at /rustc/202008a1b8de96d2e5b6bc02d379db03a877d34d/library/std/src/../../backtrace/src/backtrace/libunwind.rs:116:5
[INFO] [stdout]    1:     0x60cb5068444a - std::backtrace_rs::backtrace::trace_unsynchronized::h3aa55355dd6c54a6
[INFO] [stdout]                                at /rustc/202008a1b8de96d2e5b6bc02d379db03a877d34d/library/std/src/../../backtrace/src/backtrace/mod.rs:66:5
[INFO] [stdout]    2:     0x60cb5068444a - std::sys::backtrace::_print_fmt::h8588b0f62410823f
[INFO] [stdout]                                at /rustc/202008a1b8de96d2e5b6bc02d379db03a877d34d/library/std/src/sys/backtrace.rs:66:9
[INFO] [stdout]    3:     0x60cb5068444a - <std::sys::backtrace::BacktraceLock::print::DisplayBacktrace as core::fmt::Display>::fmt::h98c26ac25ffe89bb
[INFO] [stdout]                                at /rustc/202008a1b8de96d2e5b6bc02d379db03a877d34d/library/std/src/sys/backtrace.rs:39:26
[INFO] [stdout]    4:     0x60cb506af7c3 - core::fmt::rt::Argument::fmt::hf95377f4aebd453b
[INFO] [stdout]                                at /rustc/202008a1b8de96d2e5b6bc02d379db03a877d34d/library/core/src/fmt/rt.rs:177:76
[INFO] [stdout]    5:     0x60cb506af7c3 - core::fmt::write::h0dd5f6e2238c7982
[INFO] [stdout]                                at /rustc/202008a1b8de96d2e5b6bc02d379db03a877d34d/library/core/src/fmt/mod.rs:1189:21
[INFO] [stdout]    6:     0x60cb506803d3 - std::io::Write::write_fmt::h03bb0ca26e6faf8c
[INFO] [stdout]                                at /rustc/202008a1b8de96d2e5b6bc02d379db03a877d34d/library/std/src/io/mod.rs:1884:15
[INFO] [stdout]    7:     0x60cb50684292 - std::sys::backtrace::BacktraceLock::print::h5c19c1c038ee186d
[INFO] [stdout]                                at /rustc/202008a1b8de96d2e5b6bc02d379db03a877d34d/library/std/src/sys/backtrace.rs:42:9
[INFO] [stdout]    8:     0x60cb5068594d - std::panicking::default_hook::{{closure}}::h77172f079a1fcb13
[INFO] [stdout]                                at /rustc/202008a1b8de96d2e5b6bc02d379db03a877d34d/library/std/src/panicking.rs:268:22
[INFO] [stdout]    9:     0x60cb50685757 - std::panicking::default_hook::he5f8e3b203ccddba
[INFO] [stdout]                                at /rustc/202008a1b8de96d2e5b6bc02d379db03a877d34d/library/std/src/panicking.rs:292:9
[INFO] [stdout]   10:     0x60cb50374817 - <alloc::boxed::Box<F,A> as core::ops::function::Fn<Args>>::call::h7a3c7b4a1ae77f2f
[INFO] [stdout]                                at /rustc/202008a1b8de96d2e5b6bc02d379db03a877d34d/library/alloc/src/boxed.rs:1986:9
[INFO] [stdout]   11:     0x60cb50374817 - test::test_main::{{closure}}::hf0d3b69ae9b353d1
[INFO] [stdout]                                at /rustc/202008a1b8de96d2e5b6bc02d379db03a877d34d/library/test/src/lib.rs:134:21
[INFO] [stdout]   12:     0x60cb50685ff8 - <alloc::boxed::Box<F,A> as core::ops::function::Fn<Args>>::call::h6332e82e7b189abd
[INFO] [stdout]                                at /rustc/202008a1b8de96d2e5b6bc02d379db03a877d34d/library/alloc/src/boxed.rs:1986:9
[INFO] [stdout]   13:     0x60cb50685ff8 - std::panicking::rust_panic_with_hook::h53863d4e9018df39
[INFO] [stdout]                                at /rustc/202008a1b8de96d2e5b6bc02d379db03a877d34d/library/std/src/panicking.rs:809:13
[INFO] [stdout]   14:     0x60cb50685d86 - std::panicking::begin_panic_handler::{{closure}}::h67280e6fa0757873
[INFO] [stdout]                                at /rustc/202008a1b8de96d2e5b6bc02d379db03a877d34d/library/std/src/panicking.rs:667:13
[INFO] [stdout]   15:     0x60cb50684929 - std::sys::backtrace::__rust_end_short_backtrace::h1dac3f54d6fbbeb2
[INFO] [stdout]                                at /rustc/202008a1b8de96d2e5b6bc02d379db03a877d34d/library/std/src/sys/backtrace.rs:170:18
[INFO] [stdout]   16:     0x60cb50685a4c - rust_begin_unwind
[INFO] [stdout]                                at /rustc/202008a1b8de96d2e5b6bc02d379db03a877d34d/library/std/src/panicking.rs:665:5
[INFO] [stdout]   17:     0x60cb502c12a0 - core::panicking::panic_fmt::h6792bd1b2bf01041
[INFO] [stdout]                                at /rustc/202008a1b8de96d2e5b6bc02d379db03a877d34d/library/core/src/panicking.rs:76:14
[INFO] [stdout]   18:     0x60cb5030f48f - testcontainers::clients::cli::Cli::run::h895bb7e44072c670
[INFO] [stdout]                                at /opt/rustwide/cargo-home/registry/src/index.crates.io-6f17d22bba15001f/testcontainers-0.15.0/src/clients/cli.rs:51:13
[INFO] [stdout]   19:     0x60cb50328095 - test_curd::tests_curd::test_data_creation::{{closure}}::h4cc3207621e09bb4
[INFO] [stdout]                                at /opt/rustwide/workdir/tests/test_curd.rs:28:45
[INFO] [stdout]   20:     0x60cb503293a0 - test_curd::tests_curd::test_connection::{{closure}}::h9c3479d15409e221
[INFO] [stdout]                                at /opt/rustwide/workdir/tests/test_curd.rs:62:48
[INFO] [stdout]   21:     0x60cb502fd272 - <core::pin::Pin<P> as core::future::future::Future>::poll::h15e4a823d8bf5f47
[INFO] [stdout]                                at /rustc/202008a1b8de96d2e5b6bc02d379db03a877d34d/library/core/src/future/future.rs:124:9
[INFO] [stdout]   22:     0x60cb502fd32d - <core::pin::Pin<P> as core::future::future::Future>::poll::ha9ce962441dae2f7
[INFO] [stdout]                                at /rustc/202008a1b8de96d2e5b6bc02d379db03a877d34d/library/core/src/future/future.rs:124:9
[INFO] [stdout]   23:     0x60cb5033a00f - tokio::runtime::scheduler::current_thread::CoreGuard::block_on::{{closure}}::{{closure}}::{{closure}}::h770a40f1d29d252f
[INFO] [stdout]                                at /opt/rustwide/cargo-home/registry/src/index.crates.io-6f17d22bba15001f/tokio-1.42.0/src/runtime/scheduler/current_thread/mod.rs:729:57
[INFO] [stdout]   24:     0x60cb50339f15 - tokio::runtime::coop::with_budget::h10168d6e06e55988
[INFO] [stdout]                                at /opt/rustwide/cargo-home/registry/src/index.crates.io-6f17d22bba15001f/tokio-1.42.0/src/runtime/coop.rs:107:5
[INFO] [stdout]   25:     0x60cb50339f15 - tokio::runtime::coop::budget::h1ab4669f4927ff31
[INFO] [stdout]                                at /opt/rustwide/cargo-home/registry/src/index.crates.io-6f17d22bba15001f/tokio-1.42.0/src/runtime/coop.rs:73:5
[INFO] [stdout]   26:     0x60cb50339f15 - tokio::runtime::scheduler::current_thread::CoreGuard::block_on::{{closure}}::{{closure}}::hdc8ee1d9a913aee3
[INFO] [stdout]                                at /opt/rustwide/cargo-home/registry/src/index.crates.io-6f17d22bba15001f/tokio-1.42.0/src/runtime/scheduler/current_thread/mod.rs:729:25
[INFO] [stdout]   27:     0x60cb50337530 - tokio::runtime::scheduler::current_thread::Context::enter::h7f9552e6ccaf9490
[INFO] [stdout]                                at /opt/rustwide/cargo-home/registry/src/index.crates.io-6f17d22bba15001f/tokio-1.42.0/src/runtime/scheduler/current_thread/mod.rs:428:19
[INFO] [stdout]   28:     0x60cb503395be - tokio::runtime::scheduler::current_thread::CoreGuard::block_on::{{closure}}::h557781240bece9df
[INFO] [stdout]                                at /opt/rustwide/cargo-home/registry/src/index.crates.io-6f17d22bba15001f/tokio-1.42.0/src/runtime/scheduler/current_thread/mod.rs:728:36
[INFO] [stdout]   29:     0x60cb50338a34 - tokio::runtime::scheduler::current_thread::CoreGuard::enter::{{closure}}::h9ba3a713dad87e2b
[INFO] [stdout]                                at /opt/rustwide/cargo-home/registry/src/index.crates.io-6f17d22bba15001f/tokio-1.42.0/src/runtime/scheduler/current_thread/mod.rs:807:68
[INFO] [stdout]   30:     0x60cb50324efb - tokio::runtime::context::scoped::Scoped<T>::set::hdf45b5ede3daedaf
[INFO] [stdout]                                at /opt/rustwide/cargo-home/registry/src/index.crates.io-6f17d22bba15001f/tokio-1.42.0/src/runtime/context/scoped.rs:40:9
[INFO] [stdout]   31:     0x60cb50324a29 - tokio::runtime::context::set_scheduler::{{closure}}::h10aff5cc7d09defb
[INFO] [stdout]                                at /opt/rustwide/cargo-home/registry/src/index.crates.io-6f17d22bba15001f/tokio-1.42.0/src/runtime/context.rs:180:26
[INFO] [stdout]   32:     0x60cb5031ae6d - std::thread::local::LocalKey<T>::try_with::he7da767089c0f845
[INFO] [stdout]                                at /rustc/202008a1b8de96d2e5b6bc02d379db03a877d34d/library/std/src/thread/local.rs:283:12
[INFO] [stdout]   33:     0x60cb50319b1a - std::thread::local::LocalKey<T>::with::hd0d73f19d1752bd7
[INFO] [stdout]                                at /rustc/202008a1b8de96d2e5b6bc02d379db03a877d34d/library/std/src/thread/local.rs:260:9
[INFO] [stdout]   34:     0x60cb503249dd - tokio::runtime::context::set_scheduler::he5e25fe146e4f1fb
[INFO] [stdout]                                at /opt/rustwide/cargo-home/registry/src/index.crates.io-6f17d22bba15001f/tokio-1.42.0/src/runtime/context.rs:180:9
[INFO] [stdout]   35:     0x60cb503387c0 - tokio::runtime::scheduler::current_thread::CoreGuard::enter::hc325a716cae2dba4
[INFO] [stdout]                                at /opt/rustwide/cargo-home/registry/src/index.crates.io-6f17d22bba15001f/tokio-1.42.0/src/runtime/scheduler/current_thread/mod.rs:807:27
[INFO] [stdout]   36:     0x60cb50338ab3 - tokio::runtime::scheduler::current_thread::CoreGuard::block_on::hd547c1dfd29bbe5e
[INFO] [stdout]                                at /opt/rustwide/cargo-home/registry/src/index.crates.io-6f17d22bba15001f/tokio-1.42.0/src/runtime/scheduler/current_thread/mod.rs:716:19
[INFO] [stdout]   37:     0x60cb50335c6f - tokio::runtime::scheduler::current_thread::CurrentThread::block_on::{{closure}}::h3f765f0e6fd9d45e
[INFO] [stdout]                                at /opt/rustwide/cargo-home/registry/src/index.crates.io-6f17d22bba15001f/tokio-1.42.0/src/runtime/scheduler/current_thread/mod.rs:196:28
[INFO] [stdout]   38:     0x60cb502d89b6 - tokio::runtime::context::runtime::enter_runtime::hee3fff62efc02ffc
[INFO] [stdout]                                at /opt/rustwide/cargo-home/registry/src/index.crates.io-6f17d22bba15001f/tokio-1.42.0/src/runtime/context/runtime.rs:65:16
[INFO] [stdout]   39:     0x60cb50335a11 - tokio::runtime::scheduler::current_thread::CurrentThread::block_on::hcb0ed51404b47cd9
[INFO] [stdout]                                at /opt/rustwide/cargo-home/registry/src/index.crates.io-6f17d22bba15001f/tokio-1.42.0/src/runtime/scheduler/current_thread/mod.rs:184:9
[INFO] [stdout]   40:     0x60cb5030cc23 - tokio::runtime::runtime::Runtime::block_on_inner::h5bff3d6a6ad88115
[INFO] [stdout]                                at /opt/rustwide/cargo-home/registry/src/index.crates.io-6f17d22bba15001f/tokio-1.42.0/src/runtime/runtime.rs:368:47
[INFO] [stdout]   41:     0x60cb5030cf27 - tokio::runtime::runtime::Runtime::block_on::h496a1efbec89845b
[INFO] [stdout]                                at /opt/rustwide/cargo-home/registry/src/index.crates.io-6f17d22bba15001f/tokio-1.42.0/src/runtime/runtime.rs:342:13
[INFO] [stdout]   42:     0x60cb503290b0 - test_curd::tests_curd::test_connection::h4d82a967159d83c0
[INFO] [stdout]                                at /opt/rustwide/workdir/tests/test_curd.rs:69:9
[INFO] [stdout]   43:     0x60cb50328f47 - test_curd::tests_curd::test_connection::{{closure}}::h60b97aa82b906cab
[INFO] [stdout]                                at /opt/rustwide/workdir/tests/test_curd.rs:60:31
[INFO] [stdout]   44:     0x60cb502c2856 - core::ops::function::FnOnce::call_once::he71def14b631d839
[INFO] [stdout]                                at /rustc/202008a1b8de96d2e5b6bc02d379db03a877d34d/library/core/src/ops/function.rs:250:5
[INFO] [stdout]   45:     0x60cb5037933b - core::ops::function::FnOnce::call_once::h871bf86719ec9aa4
[INFO] [stdout]                                at /rustc/202008a1b8de96d2e5b6bc02d379db03a877d34d/library/core/src/ops/function.rs:250:5
[INFO] [stdout]   46:     0x60cb5037933b - test::__rust_begin_short_backtrace::h2167df1e2b7d76fd
[INFO] [stdout]                                at /rustc/202008a1b8de96d2e5b6bc02d379db03a877d34d/library/test/src/lib.rs:632:18
[INFO] [stdout]   47:     0x60cb50378d28 - test::run_test_in_process::{{closure}}::h15d92f75a3adfb79
[INFO] [stdout]                                at /rustc/202008a1b8de96d2e5b6bc02d379db03a877d34d/library/test/src/lib.rs:655:60
[INFO] [stdout]   48:     0x60cb50378d28 - <core::panic::unwind_safe::AssertUnwindSafe<F> as core::ops::function::FnOnce<()>>::call_once::hb6c8955835a8dbbb
[INFO] [stdout]                                at /rustc/202008a1b8de96d2e5b6bc02d379db03a877d34d/library/core/src/panic/unwind_safe.rs:272:9
[INFO] [stdout]   49:     0x60cb50378d28 - std::panicking::try::do_call::hc79d0fc888a0bd30
[INFO] [stdout]                                at /rustc/202008a1b8de96d2e5b6bc02d379db03a877d34d/library/std/src/panicking.rs:557:40
[INFO] [stdout]   50:     0x60cb50378d28 - std::panicking::try::hb8a7878e3a8589d6
[INFO] [stdout]                                at /rustc/202008a1b8de96d2e5b6bc02d379db03a877d34d/library/std/src/panicking.rs:520:19
[INFO] [stdout]   51:     0x60cb50378d28 - std::panic::catch_unwind::hb8e4600ff0ff5cfa
[INFO] [stdout]                                at /rustc/202008a1b8de96d2e5b6bc02d379db03a877d34d/library/std/src/panic.rs:358:14
[INFO] [stdout]   52:     0x60cb50378d28 - test::run_test_in_process::hc2900b0b18688dd6
[INFO] [stdout]                                at /rustc/202008a1b8de96d2e5b6bc02d379db03a877d34d/library/test/src/lib.rs:655:27
[INFO] [stdout]   53:     0x60cb50378d28 - test::run_test::{{closure}}::hac2a9cb07be3d48d
[INFO] [stdout]                                at /rustc/202008a1b8de96d2e5b6bc02d379db03a877d34d/library/test/src/lib.rs:576:43
[INFO] [stdout]   54:     0x60cb5033c7ca - test::run_test::{{closure}}::h4a5b729e66a38cd8
[INFO] [stdout]                                at /rustc/202008a1b8de96d2e5b6bc02d379db03a877d34d/library/test/src/lib.rs:606:41
[INFO] [stdout]   55:     0x60cb5033c7ca - std::sys::backtrace::__rust_begin_short_backtrace::h0496fb742492f573
[INFO] [stdout]                                at /rustc/202008a1b8de96d2e5b6bc02d379db03a877d34d/library/std/src/sys/backtrace.rs:154:18
[INFO] [stdout]   56:     0x60cb50340144 - std::thread::Builder::spawn_unchecked_::{{closure}}::{{closure}}::hbb6d257c550a54bd
[INFO] [stdout]                                at /rustc/202008a1b8de96d2e5b6bc02d379db03a877d34d/library/std/src/thread/mod.rs:561:17
[INFO] [stdout]   57:     0x60cb50340144 - <core::panic::unwind_safe::AssertUnwindSafe<F> as core::ops::function::FnOnce<()>>::call_once::h46696fe4a6832328
[INFO] [stdout]                                at /rustc/202008a1b8de96d2e5b6bc02d379db03a877d34d/library/core/src/panic/unwind_safe.rs:272:9
[INFO] [stdout]   58:     0x60cb50340144 - std::panicking::try::do_call::h2625a51b667bfb64
[INFO] [stdout]                                at /rustc/202008a1b8de96d2e5b6bc02d379db03a877d34d/library/std/src/panicking.rs:557:40
[INFO] [stdout]   59:     0x60cb50340144 - std::panicking::try::hb956a59a1973aa4c
[INFO] [stdout]                                at /rustc/202008a1b8de96d2e5b6bc02d379db03a877d34d/library/std/src/panicking.rs:520:19
[INFO] [stdout]   60:     0x60cb50340144 - std::panic::catch_unwind::h64f3b9d1067ef6a0
[INFO] [stdout]                                at /rustc/202008a1b8de96d2e5b6bc02d379db03a877d34d/library/std/src/panic.rs:358:14
[INFO] [stdout]   61:     0x60cb50340144 - std::thread::Builder::spawn_unchecked_::{{closure}}::h42b2841295b6c0b2
[INFO] [stdout]                                at /rustc/202008a1b8de96d2e5b6bc02d379db03a877d34d/library/std/src/thread/mod.rs:559:30
[INFO] [stdout]   62:     0x60cb50340144 - core::ops::function::FnOnce::call_once{{vtable.shim}}::h6127de71b8124639
[INFO] [stdout]                                at /rustc/202008a1b8de96d2e5b6bc02d379db03a877d34d/library/core/src/ops/function.rs:250:5
[INFO] [stdout]   63:     0x60cb5068af1b - <alloc::boxed::Box<F,A> as core::ops::function::FnOnce<Args>>::call_once::h42f0ba71002a1b2c
[INFO] [stdout]                                at /rustc/202008a1b8de96d2e5b6bc02d379db03a877d34d/library/alloc/src/boxed.rs:1972:9
[INFO] [stdout]   64:     0x60cb5068af1b - <alloc::boxed::Box<F,A> as core::ops::function::FnOnce<Args>>::call_once::had9e47d7a3dcecb8
[INFO] [stdout]                                at /rustc/202008a1b8de96d2e5b6bc02d379db03a877d34d/library/alloc/src/boxed.rs:1972:9
[INFO] [stdout]   65:     0x60cb5068af1b - std::sys::pal::unix::thread::Thread::new::thread_start::h48cf765408f6f5f2
[INFO] [stdout]                                at /rustc/202008a1b8de96d2e5b6bc02d379db03a877d34d/library/std/src/sys/pal/unix/thread.rs:105:17
[INFO] [stdout]   66:     0x75e7107f9ac3 - <unknown>
[INFO] [stdout]   67:     0x75e71088aa04 - clone
[INFO] [stdout]   68:                0x0 - <unknown>
[INFO] [stdout] 
[INFO] [stdout] ---- tests_curd::test_select stdout ----
[INFO] [stdout] thread 'tests_curd::test_select' panicked at /opt/rustwide/cargo-home/registry/src/index.crates.io-6f17d22bba15001f/testcontainers-0.15.0/src/clients/cli.rs:51:13:
[INFO] [stdout] Failed to start container, check log for details
[INFO] [stdout] stack backtrace:
[INFO] [stdout]    0:     0x60cb5068444a - std::backtrace_rs::backtrace::libunwind::trace::h8810477743020387
[INFO] [stdout]                                at /rustc/202008a1b8de96d2e5b6bc02d379db03a877d34d/library/std/src/../../backtrace/src/backtrace/libunwind.rs:116:5
[INFO] [stdout]    1:     0x60cb5068444a - std::backtrace_rs::backtrace::trace_unsynchronized::h3aa55355dd6c54a6
[INFO] [stdout]                                at /rustc/202008a1b8de96d2e5b6bc02d379db03a877d34d/library/std/src/../../backtrace/src/backtrace/mod.rs:66:5
[INFO] [stdout]    2:     0x60cb5068444a - std::sys::backtrace::_print_fmt::h8588b0f62410823f
[INFO] [stdout]                                at /rustc/202008a1b8de96d2e5b6bc02d379db03a877d34d/library/std/src/sys/backtrace.rs:66:9
[INFO] [stdout]    3:     0x60cb5068444a - <std::sys::backtrace::BacktraceLock::print::DisplayBacktrace as core::fmt::Display>::fmt::h98c26ac25ffe89bb
[INFO] [stdout]                                at /rustc/202008a1b8de96d2e5b6bc02d379db03a877d34d/library/std/src/sys/backtrace.rs:39:26
[INFO] [stdout]    4:     0x60cb506af7c3 - core::fmt::rt::Argument::fmt::hf95377f4aebd453b
[INFO] [stdout]                                at /rustc/202008a1b8de96d2e5b6bc02d379db03a877d34d/library/core/src/fmt/rt.rs:177:76
[INFO] [stdout]    5:     0x60cb506af7c3 - core::fmt::write::h0dd5f6e2238c7982
[INFO] [stdout]                                at /rustc/202008a1b8de96d2e5b6bc02d379db03a877d34d/library/core/src/fmt/mod.rs:1189:21
[INFO] [stdout]    6:     0x60cb506803d3 - std::io::Write::write_fmt::h03bb0ca26e6faf8c
[INFO] [stdout]                                at /rustc/202008a1b8de96d2e5b6bc02d379db03a877d34d/library/std/src/io/mod.rs:1884:15
[INFO] [stdout]    7:     0x60cb50684292 - std::sys::backtrace::BacktraceLock::print::h5c19c1c038ee186d
[INFO] [stdout]                                at /rustc/202008a1b8de96d2e5b6bc02d379db03a877d34d/library/std/src/sys/backtrace.rs:42:9
[INFO] [stdout]    8:     0x60cb5068594d - std::panicking::default_hook::{{closure}}::h77172f079a1fcb13
[INFO] [stdout]                                at /rustc/202008a1b8de96d2e5b6bc02d379db03a877d34d/library/std/src/panicking.rs:268:22
[INFO] [stdout]    9:     0x60cb50685757 - std::panicking::default_hook::he5f8e3b203ccddba
[INFO] [stdout]                                at /rustc/202008a1b8de96d2e5b6bc02d379db03a877d34d/library/std/src/panicking.rs:292:9
[INFO] [stdout]   10:     0x60cb50374817 - <alloc::boxed::Box<F,A> as core::ops::function::Fn<Args>>::call::h7a3c7b4a1ae77f2f
[INFO] [stdout]                                at /rustc/202008a1b8de96d2e5b6bc02d379db03a877d34d/library/alloc/src/boxed.rs:1986:9
[INFO] [stdout]   11:     0x60cb50374817 - test::test_main::{{closure}}::hf0d3b69ae9b353d1
[INFO] [stdout]                                at /rustc/202008a1b8de96d2e5b6bc02d379db03a877d34d/library/test/src/lib.rs:134:21
[INFO] [stdout]   12:     0x60cb50685ff8 - <alloc::boxed::Box<F,A> as core::ops::function::Fn<Args>>::call::h6332e82e7b189abd
[INFO] [stdout]                                at /rustc/202008a1b8de96d2e5b6bc02d379db03a877d34d/library/alloc/src/boxed.rs:1986:9
[INFO] [stdout]   13:     0x60cb50685ff8 - std::panicking::rust_panic_with_hook::h53863d4e9018df39
[INFO] [stdout]                                at /rustc/202008a1b8de96d2e5b6bc02d379db03a877d34d/library/std/src/panicking.rs:809:13
[INFO] [stdout]   14:     0x60cb50685d86 - std::panicking::begin_panic_handler::{{closure}}::h67280e6fa0757873
[INFO] [stdout]                                at /rustc/202008a1b8de96d2e5b6bc02d379db03a877d34d/library/std/src/panicking.rs:667:13
[INFO] [stdout]   15:     0x60cb50684929 - std::sys::backtrace::__rust_end_short_backtrace::h1dac3f54d6fbbeb2
[INFO] [stdout]                                at /rustc/202008a1b8de96d2e5b6bc02d379db03a877d34d/library/std/src/sys/backtrace.rs:170:18
[INFO] [stdout]   16:     0x60cb50685a4c - rust_begin_unwind
[INFO] [stdout]                                at /rustc/202008a1b8de96d2e5b6bc02d379db03a877d34d/library/std/src/panicking.rs:665:5
[INFO] [stdout]   17:     0x60cb502c12a0 - core::panicking::panic_fmt::h6792bd1b2bf01041
[INFO] [stdout]                                at /rustc/202008a1b8de96d2e5b6bc02d379db03a877d34d/library/core/src/panicking.rs:76:14
[INFO] [stdout]   18:     0x60cb5030f48f - testcontainers::clients::cli::Cli::run::h895bb7e44072c670
[INFO] [stdout]                                at /opt/rustwide/cargo-home/registry/src/index.crates.io-6f17d22bba15001f/testcontainers-0.15.0/src/clients/cli.rs:51:13
[INFO] [stdout]   19:     0x60cb50328095 - test_curd::tests_curd::test_data_creation::{{closure}}::h4cc3207621e09bb4
[INFO] [stdout]                                at /opt/rustwide/workdir/tests/test_curd.rs:28:45
[INFO] [stdout]   20:     0x60cb5032a135 - test_curd::tests_curd::test_select::{{closure}}::h11adcca62798ea17
[INFO] [stdout]                                at /opt/rustwide/workdir/tests/test_curd.rs:78:48
[INFO] [stdout]   21:     0x60cb502fd272 - <core::pin::Pin<P> as core::future::future::Future>::poll::h15e4a823d8bf5f47
[INFO] [stdout]                                at /rustc/202008a1b8de96d2e5b6bc02d379db03a877d34d/library/core/src/future/future.rs:124:9
[INFO] [stdout]   22:     0x60cb502fd32d - <core::pin::Pin<P> as core::future::future::Future>::poll::ha9ce962441dae2f7
[INFO] [stdout]                                at /rustc/202008a1b8de96d2e5b6bc02d379db03a877d34d/library/core/src/future/future.rs:124:9
[INFO] [stdout]   23:     0x60cb5033a00f - tokio::runtime::scheduler::current_thread::CoreGuard::block_on::{{closure}}::{{closure}}::{{closure}}::h770a40f1d29d252f
[INFO] [stdout]                                at /opt/rustwide/cargo-home/registry/src/index.crates.io-6f17d22bba15001f/tokio-1.42.0/src/runtime/scheduler/current_thread/mod.rs:729:57
[INFO] [stdout]   24:     0x60cb50339f15 - tokio::runtime::coop::with_budget::h10168d6e06e55988
[INFO] [stdout]                                at /opt/rustwide/cargo-home/registry/src/index.crates.io-6f17d22bba15001f/tokio-1.42.0/src/runtime/coop.rs:107:5
[INFO] [stdout]   25:     0x60cb50339f15 - tokio::runtime::coop::budget::h1ab4669f4927ff31
[INFO] [stdout]                                at /opt/rustwide/cargo-home/registry/src/index.crates.io-6f17d22bba15001f/tokio-1.42.0/src/runtime/coop.rs:73:5
[INFO] [stdout]   26:     0x60cb50339f15 - tokio::runtime::scheduler::current_thread::CoreGuard::block_on::{{closure}}::{{closure}}::hdc8ee1d9a913aee3
[INFO] [stdout]                                at /opt/rustwide/cargo-home/registry/src/index.crates.io-6f17d22bba15001f/tokio-1.42.0/src/runtime/scheduler/current_thread/mod.rs:729:25
[INFO] [stdout]   27:     0x60cb50337530 - tokio::runtime::scheduler::current_thread::Context::enter::h7f9552e6ccaf9490
[INFO] [stdout]                                at /opt/rustwide/cargo-home/registry/src/index.crates.io-6f17d22bba15001f/tokio-1.42.0/src/runtime/scheduler/current_thread/mod.rs:428:19
[INFO] [stdout]   28:     0x60cb503395be - tokio::runtime::scheduler::current_thread::CoreGuard::block_on::{{closure}}::h557781240bece9df
[INFO] [stdout]                                at /opt/rustwide/cargo-home/registry/src/index.crates.io-6f17d22bba15001f/tokio-1.42.0/src/runtime/scheduler/current_thread/mod.rs:728:36
[INFO] [stdout]   29:     0x60cb50338a34 - tokio::runtime::scheduler::current_thread::CoreGuard::enter::{{closure}}::h9ba3a713dad87e2b
[INFO] [stdout]                                at /opt/rustwide/cargo-home/registry/src/index.crates.io-6f17d22bba15001f/tokio-1.42.0/src/runtime/scheduler/current_thread/mod.rs:807:68
[INFO] [stdout]   30:     0x60cb50324efb - tokio::runtime::context::scoped::Scoped<T>::set::hdf45b5ede3daedaf
[INFO] [stdout]                                at /opt/rustwide/cargo-home/registry/src/index.crates.io-6f17d22bba15001f/tokio-1.42.0/src/runtime/context/scoped.rs:40:9
[INFO] [stdout]   31:     0x60cb50324a29 - tokio::runtime::context::set_scheduler::{{closure}}::h10aff5cc7d09defb
[INFO] [stdout]                                at /opt/rustwide/cargo-home/registry/src/index.crates.io-6f17d22bba15001f/tokio-1.42.0/src/runtime/context.rs:180:26
[INFO] [stdout]   32:     0x60cb5031ae6d - std::thread::local::LocalKey<T>::try_with::he7da767089c0f845
[INFO] [stdout]                                at /rustc/202008a1b8de96d2e5b6bc02d379db03a877d34d/library/std/src/thread/local.rs:283:12
[INFO] [stdout]   33:     0x60cb50319b1a - std::thread::local::LocalKey<T>::with::hd0d73f19d1752bd7
[INFO] [stdout]                                at /rustc/202008a1b8de96d2e5b6bc02d379db03a877d34d/library/std/src/thread/local.rs:260:9
[INFO] [stdout]   34:     0x60cb503249dd - tokio::runtime::context::set_scheduler::he5e25fe146e4f1fb
[INFO] [stdout]                                at /opt/rustwide/cargo-home/registry/src/index.crates.io-6f17d22bba15001f/tokio-1.42.0/src/runtime/context.rs:180:9
[INFO] [stdout]   35:     0x60cb503387c0 - tokio::runtime::scheduler::current_thread::CoreGuard::enter::hc325a716cae2dba4
[INFO] [stdout]                                at /opt/rustwide/cargo-home/registry/src/index.crates.io-6f17d22bba15001f/tokio-1.42.0/src/runtime/scheduler/current_thread/mod.rs:807:27
[INFO] [stdout]   36:     0x60cb50338ab3 - tokio::runtime::scheduler::current_thread::CoreGuard::block_on::hd547c1dfd29bbe5e
[INFO] [stdout]                                at /opt/rustwide/cargo-home/registry/src/index.crates.io-6f17d22bba15001f/tokio-1.42.0/src/runtime/scheduler/current_thread/mod.rs:716:19
[INFO] [stdout]   37:     0x60cb50335c6f - tokio::runtime::scheduler::current_thread::CurrentThread::block_on::{{closure}}::h3f765f0e6fd9d45e
[INFO] [stdout]                                at /opt/rustwide/cargo-home/registry/src/index.crates.io-6f17d22bba15001f/tokio-1.42.0/src/runtime/scheduler/current_thread/mod.rs:196:28
[INFO] [stdout]   38:     0x60cb502d89b6 - tokio::runtime::context::runtime::enter_runtime::hee3fff62efc02ffc
[INFO] [stdout]                                at /opt/rustwide/cargo-home/registry/src/index.crates.io-6f17d22bba15001f/tokio-1.42.0/src/runtime/context/runtime.rs:65:16
[INFO] [stdout]   39:     0x60cb50335a11 - tokio::runtime::scheduler::current_thread::CurrentThread::block_on::hcb0ed51404b47cd9
[INFO] [stdout]                                at /opt/rustwide/cargo-home/registry/src/index.crates.io-6f17d22bba15001f/tokio-1.42.0/src/runtime/scheduler/current_thread/mod.rs:184:9
[INFO] [stdout]   40:     0x60cb5030cc23 - tokio::runtime::runtime::Runtime::block_on_inner::h5bff3d6a6ad88115
[INFO] [stdout]                                at /opt/rustwide/cargo-home/registry/src/index.crates.io-6f17d22bba15001f/tokio-1.42.0/src/runtime/runtime.rs:368:47
[INFO] [stdout]   41:     0x60cb5030cf27 - tokio::runtime::runtime::Runtime::block_on::h496a1efbec89845b
[INFO] [stdout]                                at /opt/rustwide/cargo-home/registry/src/index.crates.io-6f17d22bba15001f/tokio-1.42.0/src/runtime/runtime.rs:342:13
[INFO] [stdout]   42:     0x60cb50329dfc - test_curd::tests_curd::test_select::he82551b45706e6c5
[INFO] [stdout]                                at /opt/rustwide/workdir/tests/test_curd.rs:119:9
[INFO] [stdout]   43:     0x60cb50329c87 - test_curd::tests_curd::test_select::{{closure}}::haf09efa6d7fb50fa
[INFO] [stdout]                                at /opt/rustwide/workdir/tests/test_curd.rs:76:27
[INFO] [stdout]   44:     0x60cb502c24d6 - core::ops::function::FnOnce::call_once::h9b553f261ed276e8
[INFO] [stdout]                                at /rustc/202008a1b8de96d2e5b6bc02d379db03a877d34d/library/core/src/ops/function.rs:250:5
[INFO] [stdout]   45:     0x60cb5037933b - core::ops::function::FnOnce::call_once::h871bf86719ec9aa4
[INFO] [stdout]                                at /rustc/202008a1b8de96d2e5b6bc02d379db03a877d34d/library/core/src/ops/function.rs:250:5
[INFO] [stdout]   46:     0x60cb5037933b - test::__rust_begin_short_backtrace::h2167df1e2b7d76fd
[INFO] [stdout]                                at /rustc/202008a1b8de96d2e5b6bc02d379db03a877d34d/library/test/src/lib.rs:632:18
[INFO] [stdout]   47:     0x60cb50378d28 - test::run_test_in_process::{{closure}}::h15d92f75a3adfb79
[INFO] [stdout]                                at /rustc/202008a1b8de96d2e5b6bc02d379db03a877d34d/library/test/src/lib.rs:655:60
[INFO] [stdout]   48:     0x60cb50378d28 - <core::panic::unwind_safe::AssertUnwindSafe<F> as core::ops::function::FnOnce<()>>::call_once::hb6c8955835a8dbbb
[INFO] [stdout]                                at /rustc/202008a1b8de96d2e5b6bc02d379db03a877d34d/library/core/src/panic/unwind_safe.rs:272:9
[INFO] [stdout]   49:     0x60cb50378d28 - std::panicking::try::do_call::hc79d0fc888a0bd30
[INFO] [stdout]                                at /rustc/202008a1b8de96d2e5b6bc02d379db03a877d34d/library/std/src/panicking.rs:557:40
[INFO] [stdout]   50:     0x60cb50378d28 - std::panicking::try::hb8a7878e3a8589d6
[INFO] [stdout]                                at /rustc/202008a1b8de96d2e5b6bc02d379db03a877d34d/library/std/src/panicking.rs:520:19
[INFO] [stdout]   51:     0x60cb50378d28 - std::panic::catch_unwind::hb8e4600ff0ff5cfa
[INFO] [stdout]                                at /rustc/202008a1b8de96d2e5b6bc02d379db03a877d34d/library/std/src/panic.rs:358:14
[INFO] [stdout]   52:     0x60cb50378d28 - test::run_test_in_process::hc2900b0b18688dd6
[INFO] [stdout]                                at /rustc/202008a1b8de96d2e5b6bc02d379db03a877d34d/library/test/src/lib.rs:655:27
[INFO] [stdout]   53:     0x60cb50378d28 - test::run_test::{{closure}}::hac2a9cb07be3d48d
[INFO] [stdout]                                at /rustc/202008a1b8de96d2e5b6bc02d379db03a877d34d/library/test/src/lib.rs:576:43
[INFO] [stdout]   54:     0x60cb5033c7ca - test::run_test::{{closure}}::h4a5b729e66a38cd8
[INFO] [stdout]                                at /rustc/202008a1b8de96d2e5b6bc02d379db03a877d34d/library/test/src/lib.rs:606:41
[INFO] [stdout]   55:     0x60cb5033c7ca - std::sys::backtrace::__rust_begin_short_backtrace::h0496fb742492f573
[INFO] [stdout]                                at /rustc/202008a1b8de96d2e5b6bc02d379db03a877d34d/library/std/src/sys/backtrace.rs:154:18
[INFO] [stdout]   56:     0x60cb50340144 - std::thread::Builder::spawn_unchecked_::{{closure}}::{{closure}}::hbb6d257c550a54bd
[INFO] [stdout]                                at /rustc/202008a1b8de96d2e5b6bc02d379db03a877d34d/library/std/src/thread/mod.rs:561:17
[INFO] [stdout]   57:     0x60cb50340144 - <core::panic::unwind_safe::AssertUnwindSafe<F> as core::ops::function::FnOnce<()>>::call_once::h46696fe4a6832328
[INFO] [stdout]                                at /rustc/202008a1b8de96d2e5b6bc02d379db03a877d34d/library/core/src/panic/unwind_safe.rs:272:9
[INFO] [stdout]   58:     0x60cb50340144 - std::panicking::try::do_call::h2625a51b667bfb64
[INFO] [stdout]                                at /rustc/202008a1b8de96d2e5b6bc02d379db03a877d34d/library/std/src/panicking.rs:557:40
[INFO] [stdout]   59:     0x60cb50340144 - std::panicking::try::hb956a59a1973aa4c
[INFO] [stdout]                                at /rustc/202008a1b8de96d2e5b6bc02d379db03a877d34d/library/std/src/panicking.rs:520:19
[INFO] [stdout]   60:     0x60cb50340144 - std::panic::catch_unwind::h64f3b9d1067ef6a0
[INFO] [stdout]                                at /rustc/202008a1b8de96d2e5b6bc02d379db03a877d34d/library/std/src/panic.rs:358:14
[INFO] [stdout]   61:     0x60cb50340144 - std::thread::Builder::spawn_unchecked_::{{closure}}::h42b2841295b6c0b2
[INFO] [stdout]                                at /rustc/202008a1b8de96d2e5b6bc02d379db03a877d34d/library/std/src/thread/mod.rs:559:30
[INFO] [stdout]   62:     0x60cb50340144 - core::ops::function::FnOnce::call_once{{vtable.shim}}::h6127de71b8124639
[INFO] [stdout]                                at /rustc/202008a1b8de96d2e5b6bc02d379db03a877d34d/library/core/src/ops/function.rs:250:5
[INFO] [stdout]   63:     0x60cb5068af1b - <alloc::boxed::Box<F,A> as core::ops::function::FnOnce<Args>>::call_once::h42f0ba71002a1b2c
[INFO] [stdout]                                at /rustc/202008a1b8de96d2e5b6bc02d379db03a877d34d/library/alloc/src/boxed.rs:1972:9
[INFO] [stdout]   64:     0x60cb5068af1b - <alloc::boxed::Box<F,A> as core::ops::function::FnOnce<Args>>::call_once::had9e47d7a3dcecb8
[INFO] [stdout]                                at /rustc/202008a1b8de96d2e5b6bc02d379db03a877d34d/library/alloc/src/boxed.rs:1972:9
[INFO] [stdout]   65:     0x60cb5068af1b - std::sys::pal::unix::thread::Thread::new::thread_start::h48cf765408f6f5f2
[INFO] [stdout]                                at /rustc/202008a1b8de96d2e5b6bc02d379db03a877d34d/library/std/src/sys/pal/unix/thread.rs:105:17
[INFO] [stdout]   66:     0x75e7107f9ac3 - <unknown>
[INFO] [stdout]   67:     0x75e71088aa04 - clone
[INFO] [stdout]   68:                0x0 - <unknown>
[INFO] [stdout] 
[INFO] [stdout] ---- tests_curd::test_delete stdout ----
[INFO] [stdout] thread 'tests_curd::test_delete' panicked at /opt/rustwide/cargo-home/registry/src/index.crates.io-6f17d22bba15001f/testcontainers-0.15.0/src/clients/cli.rs:51:13:
[INFO] [stdout] Failed to start container, check log for details
[INFO] [stdout] stack backtrace:
[INFO] [stdout]    0:     0x60cb5068444a - std::backtrace_rs::backtrace::libunwind::trace::h8810477743020387
[INFO] [stdout]                                at /rustc/202008a1b8de96d2e5b6bc02d379db03a877d34d/library/std/src/../../backtrace/src/backtrace/libunwind.rs:116:5
[INFO] [stdout]    1:     0x60cb5068444a - std::backtrace_rs::backtrace::trace_unsynchronized::h3aa55355dd6c54a6
[INFO] [stdout]                                at /rustc/202008a1b8de96d2e5b6bc02d379db03a877d34d/library/std/src/../../backtrace/src/backtrace/mod.rs:66:5
[INFO] [stdout]    2:     0x60cb5068444a - std::sys::backtrace::_print_fmt::h8588b0f62410823f
[INFO] [stdout]                                at /rustc/202008a1b8de96d2e5b6bc02d379db03a877d34d/library/std/src/sys/backtrace.rs:66:9
[INFO] [stdout]    3:     0x60cb5068444a - <std::sys::backtrace::BacktraceLock::print::DisplayBacktrace as core::fmt::Display>::fmt::h98c26ac25ffe89bb
[INFO] [stdout]                                at /rustc/202008a1b8de96d2e5b6bc02d379db03a877d34d/library/std/src/sys/backtrace.rs:39:26
[INFO] [stdout]    4:     0x60cb506af7c3 - core::fmt::rt::Argument::fmt::hf95377f4aebd453b
[INFO] [stdout]                                at /rustc/202008a1b8de96d2e5b6bc02d379db03a877d34d/library/core/src/fmt/rt.rs:177:76
[INFO] [stdout]    5:     0x60cb506af7c3 - core::fmt::write::h0dd5f6e2238c7982
[INFO] [stdout]                                at /rustc/202008a1b8de96d2e5b6bc02d379db03a877d34d/library/core/src/fmt/mod.rs:1189:21
[INFO] [stdout]    6:     0x60cb506803d3 - std::io::Write::write_fmt::h03bb0ca26e6faf8c
[INFO] [stdout]                                at /rustc/202008a1b8de96d2e5b6bc02d379db03a877d34d/library/std/src/io/mod.rs:1884:15
[INFO] [stdout]    7:     0x60cb50684292 - std::sys::backtrace::BacktraceLock::print::h5c19c1c038ee186d
[INFO] [stdout]                                at /rustc/202008a1b8de96d2e5b6bc02d379db03a877d34d/library/std/src/sys/backtrace.rs:42:9
[INFO] [stdout]    8:     0x60cb5068594d - std::panicking::default_hook::{{closure}}::h77172f079a1fcb13
[INFO] [stdout]                                at /rustc/202008a1b8de96d2e5b6bc02d379db03a877d34d/library/std/src/panicking.rs:268:22
[INFO] [stdout]    9:     0x60cb50685757 - std::panicking::default_hook::he5f8e3b203ccddba
[INFO] [stdout]                                at /rustc/202008a1b8de96d2e5b6bc02d379db03a877d34d/library/std/src/panicking.rs:292:9
[INFO] [stdout]   10:     0x60cb50374817 - <alloc::boxed::Box<F,A> as core::ops::function::Fn<Args>>::call::h7a3c7b4a1ae77f2f
[INFO] [stdout]                                at /rustc/202008a1b8de96d2e5b6bc02d379db03a877d34d/library/alloc/src/boxed.rs:1986:9
[INFO] [stdout]   11:     0x60cb50374817 - test::test_main::{{closure}}::hf0d3b69ae9b353d1
[INFO] [stdout]                                at /rustc/202008a1b8de96d2e5b6bc02d379db03a877d34d/library/test/src/lib.rs:134:21
[INFO] [stdout]   12:     0x60cb50685ff8 - <alloc::boxed::Box<F,A> as core::ops::function::Fn<Args>>::call::h6332e82e7b189abd
[INFO] [stdout]                                at /rustc/202008a1b8de96d2e5b6bc02d379db03a877d34d/library/alloc/src/boxed.rs:1986:9
[INFO] [stdout]   13:     0x60cb50685ff8 - std::panicking::rust_panic_with_hook::h53863d4e9018df39
[INFO] [stdout]                                at /rustc/202008a1b8de96d2e5b6bc02d379db03a877d34d/library/std/src/panicking.rs:809:13
[INFO] [stdout]   14:     0x60cb50685d86 - std::panicking::begin_panic_handler::{{closure}}::h67280e6fa0757873
[INFO] [stdout]                                at /rustc/202008a1b8de96d2e5b6bc02d379db03a877d34d/library/std/src/panicking.rs:667:13
[INFO] [stdout]   15:     0x60cb50684929 - std::sys::backtrace::__rust_end_short_backtrace::h1dac3f54d6fbbeb2
[INFO] [stdout]                                at /rustc/202008a1b8de96d2e5b6bc02d379db03a877d34d/library/std/src/sys/backtrace.rs:170:18
[INFO] [stdout]   16:     0x60cb50685a4c - rust_begin_unwind
[INFO] [stdout]                                at /rustc/202008a1b8de96d2e5b6bc02d379db03a877d34d/library/std/src/panicking.rs:665:5
[INFO] [stdout]   17:     0x60cb502c12a0 - core::panicking::panic_fmt::h6792bd1b2bf01041
[INFO] [stdout]                                at /rustc/202008a1b8de96d2e5b6bc02d379db03a877d34d/library/core/src/panicking.rs:76:14
[INFO] [stdout]   18:     0x60cb5030f48f - testcontainers::clients::cli::Cli::run::h895bb7e44072c670
[INFO] [stdout]                                at /opt/rustwide/cargo-home/registry/src/index.crates.io-6f17d22bba15001f/testcontainers-0.15.0/src/clients/cli.rs:51:13
[INFO] [stdout]   19:     0x60cb50328095 - test_curd::tests_curd::test_data_creation::{{closure}}::h4cc3207621e09bb4
[INFO] [stdout]                                at /opt/rustwide/workdir/tests/test_curd.rs:28:45
[INFO] [stdout]   20:     0x60cb50330385 - test_curd::tests_curd::test_delete::{{closure}}::h685245043e5645b7
[INFO] [stdout]                                at /opt/rustwide/workdir/tests/test_curd.rs:217:48
[INFO] [stdout]   21:     0x60cb502fd272 - <core::pin::Pin<P> as core::future::future::Future>::poll::h15e4a823d8bf5f47
[INFO] [stdout]                                at /rustc/202008a1b8de96d2e5b6bc02d379db03a877d34d/library/core/src/future/future.rs:124:9
[INFO] [stdout]   22:     0x60cb502fd32d - <core::pin::Pin<P> as core::future::future::Future>::poll::ha9ce962441dae2f7
[INFO] [stdout]                                at /rustc/202008a1b8de96d2e5b6bc02d379db03a877d34d/library/core/src/future/future.rs:124:9
[INFO] [stdout]   23:     0x60cb5033a00f - tokio::runtime::scheduler::current_thread::CoreGuard::block_on::{{closure}}::{{closure}}::{{closure}}::h770a40f1d29d252f
[INFO] [stdout]                                at /opt/rustwide/cargo-home/registry/src/index.crates.io-6f17d22bba15001f/tokio-1.42.0/src/runtime/scheduler/current_thread/mod.rs:729:57
[INFO] [stdout]   24:     0x60cb50339f15 - tokio::runtime::coop::with_budget::h10168d6e06e55988
[INFO] [stdout]                                at /opt/rustwide/cargo-home/registry/src/index.crates.io-6f17d22bba15001f/tokio-1.42.0/src/runtime/coop.rs:107:5
[INFO] [stdout]   25:     0x60cb50339f15 - tokio::runtime::coop::budget::h1ab4669f4927ff31
[INFO] [stdout]                                at /opt/rustwide/cargo-home/registry/src/index.crates.io-6f17d22bba15001f/tokio-1.42.0/src/runtime/coop.rs:73:5
[INFO] [stdout]   26:     0x60cb50339f15 - tokio::runtime::scheduler::current_thread::CoreGuard::block_on::{{closure}}::{{closure}}::hdc8ee1d9a913aee3
[INFO] [stdout]                                at /opt/rustwide/cargo-home/registry/src/index.crates.io-6f17d22bba15001f/tokio-1.42.0/src/runtime/scheduler/current_thread/mod.rs:729:25
[INFO] [stdout]   27:     0x60cb50337530 - tokio::runtime::scheduler::current_thread::Context::enter::h7f9552e6ccaf9490
[INFO] [stdout]                                at /opt/rustwide/cargo-home/registry/src/index.crates.io-6f17d22bba15001f/tokio-1.42.0/src/runtime/scheduler/current_thread/mod.rs:428:19
[INFO] [stdout]   28:     0x60cb503395be - tokio::runtime::scheduler::current_thread::CoreGuard::block_on::{{closure}}::h557781240bece9df
[INFO] [stdout]                                at /opt/rustwide/cargo-home/registry/src/index.crates.io-6f17d22bba15001f/tokio-1.42.0/src/runtime/scheduler/current_thread/mod.rs:728:36
[INFO] [stdout]   29:     0x60cb50338a34 - tokio::runtime::scheduler::current_thread::CoreGuard::enter::{{closure}}::h9ba3a713dad87e2b
[INFO] [stdout]                                at /opt/rustwide/cargo-home/registry/src/index.crates.io-6f17d22bba15001f/tokio-1.42.0/src/runtime/scheduler/current_thread/mod.rs:807:68
[INFO] [stdout]   30:     0x60cb50324efb - tokio::runtime::context::scoped::Scoped<T>::set::hdf45b5ede3daedaf
[INFO] [stdout]                                at /opt/rustwide/cargo-home/registry/src/index.crates.io-6f17d22bba15001f/tokio-1.42.0/src/runtime/context/scoped.rs:40:9
[INFO] [stdout]   31:     0x60cb50324a29 - tokio::runtime::context::set_scheduler::{{closure}}::h10aff5cc7d09defb
[INFO] [stdout]                                at /opt/rustwide/cargo-home/registry/src/index.crates.io-6f17d22bba15001f/tokio-1.42.0/src/runtime/context.rs:180:26
[INFO] [stdout]   32:     0x60cb5031ae6d - std::thread::local::LocalKey<T>::try_with::he7da767089c0f845
[INFO] [stdout]                                at /rustc/202008a1b8de96d2e5b6bc02d379db03a877d34d/library/std/src/thread/local.rs:283:12
[INFO] [stdout]   33:     0x60cb50319b1a - std::thread::local::LocalKey<T>::with::hd0d73f19d1752bd7
[INFO] [stdout]                                at /rustc/202008a1b8de96d2e5b6bc02d379db03a877d34d/library/std/src/thread/local.rs:260:9
[INFO] [stdout]   34:     0x60cb503249dd - tokio::runtime::context::set_scheduler::he5e25fe146e4f1fb
[INFO] [stdout]                                at /opt/rustwide/cargo-home/registry/src/index.crates.io-6f17d22bba15001f/tokio-1.42.0/src/runtime/context.rs:180:9
[INFO] [stdout]   35:     0x60cb503387c0 - tokio::runtime::scheduler::current_thread::CoreGuard::enter::hc325a716cae2dba4
[INFO] [stdout]                                at /opt/rustwide/cargo-home/registry/src/index.crates.io-6f17d22bba15001f/tokio-1.42.0/src/runtime/scheduler/current_thread/mod.rs:807:27
[INFO] [stdout]   36:     0x60cb50338ab3 - tokio::runtime::scheduler::current_thread::CoreGuard::block_on::hd547c1dfd29bbe5e
[INFO] [stdout]                                at /opt/rustwide/cargo-home/registry/src/index.crates.io-6f17d22bba15001f/tokio-1.42.0/src/runtime/scheduler/current_thread/mod.rs:716:19
[INFO] [stdout]   37:     0x60cb50335c6f - tokio::runtime::scheduler::current_thread::CurrentThread::block_on::{{closure}}::h3f765f0e6fd9d45e
[INFO] [stdout]                                at /opt/rustwide/cargo-home/registry/src/index.crates.io-6f17d22bba15001f/tokio-1.42.0/src/runtime/scheduler/current_thread/mod.rs:196:28
[INFO] [stdout]   38:     0x60cb502d89b6 - tokio::runtime::context::runtime::enter_runtime::hee3fff62efc02ffc
[INFO] [stdout]                                at /opt/rustwide/cargo-home/registry/src/index.crates.io-6f17d22bba15001f/tokio-1.42.0/src/runtime/context/runtime.rs:65:16
[INFO] [stdout]   39:     0x60cb50335a11 - tokio::runtime::scheduler::current_thread::CurrentThread::block_on::hcb0ed51404b47cd9
[INFO] [stdout]                                at /opt/rustwide/cargo-home/registry/src/index.crates.io-6f17d22bba15001f/tokio-1.42.0/src/runtime/scheduler/current_thread/mod.rs:184:9
[INFO] [stdout]   40:     0x60cb5030cc23 - tokio::runtime::runtime::Runtime::block_on_inner::h5bff3d6a6ad88115
[INFO] [stdout]                                at /opt/rustwide/cargo-home/registry/src/index.crates.io-6f17d22bba15001f/tokio-1.42.0/src/runtime/runtime.rs:368:47
[INFO] [stdout]   41:     0x60cb5030cf27 - tokio::runtime::runtime::Runtime::block_on::h496a1efbec89845b
[INFO] [stdout]                                at /opt/rustwide/cargo-home/registry/src/index.crates.io-6f17d22bba15001f/tokio-1.42.0/src/runtime/runtime.rs:342:13
[INFO] [stdout]   42:     0x60cb50330050 - test_curd::tests_curd::test_delete::h80dd9e19c9ff69ed
[INFO] [stdout]                                at /opt/rustwide/workdir/tests/test_curd.rs:237:9
[INFO] [stdout]   43:     0x60cb5032fee7 - test_curd::tests_curd::test_delete::{{closure}}::h242a6d278df72ba6
[INFO] [stdout]                                at /opt/rustwide/workdir/tests/test_curd.rs:215:27
[INFO] [stdout]   44:     0x60cb502c2796 - core::ops::function::FnOnce::call_once::hd86d5f2e92d41557
[INFO] [stdout]                                at /rustc/202008a1b8de96d2e5b6bc02d379db03a877d34d/library/core/src/ops/function.rs:250:5
[INFO] [stdout]   45:     0x60cb5037933b - core::ops::function::FnOnce::call_once::h871bf86719ec9aa4
[INFO] [stdout]                                at /rustc/202008a1b8de96d2e5b6bc02d379db03a877d34d/library/core/src/ops/function.rs:250:5
[INFO] [stdout]   46:     0x60cb5037933b - test::__rust_begin_short_backtrace::h2167df1e2b7d76fd
[INFO] [stdout]                                at /rustc/202008a1b8de96d2e5b6bc02d379db03a877d34d/library/test/src/lib.rs:632:18
[INFO] [stdout]   47:     0x60cb50378d28 - test::run_test_in_process::{{closure}}::h15d92f75a3adfb79
[INFO] [stdout]                                at /rustc/202008a1b8de96d2e5b6bc02d379db03a877d34d/library/test/src/lib.rs:655:60
[INFO] [stdout]   48:     0x60cb50378d28 - <core::panic::unwind_safe::AssertUnwindSafe<F> as core::ops::function::FnOnce<()>>::call_once::hb6c8955835a8dbbb
[INFO] [stdout]                                at /rustc/202008a1b8de96d2e5b6bc02d379db03a877d34d/library/core/src/panic/unwind_safe.rs:272:9
[INFO] [stdout]   49:     0x60cb50378d28 - std::panicking::try::do_call::hc79d0fc888a0bd30
[INFO] [stdout]                                at /rustc/202008a1b8de96d2e5b6bc02d379db03a877d34d/library/std/src/panicking.rs:557:40
[INFO] [stdout]   50:     0x60cb50378d28 - std::panicking::try::hb8a7878e3a8589d6
[INFO] [stdout]                                at /rustc/202008a1b8de96d2e5b6bc02d379db03a877d34d/library/std/src/panicking.rs:520:19
[INFO] [stdout]   51:     0x60cb50378d28 - std::panic::catch_unwind::hb8e4600ff0ff5cfa
[INFO] [stdout]                                at /rustc/202008a1b8de96d2e5b6bc02d379db03a877d34d/library/std/src/panic.rs:358:14
[INFO] [stdout]   52:     0x60cb50378d28 - test::run_test_in_process::hc2900b0b18688dd6
[INFO] [stdout]                                at /rustc/202008a1b8de96d2e5b6bc02d379db03a877d34d/library/test/src/lib.rs:655:27
[INFO] [stdout]   53:     0x60cb50378d28 - test::run_test::{{closure}}::hac2a9cb07be3d48d
[INFO] [stdout]                                at /rustc/202008a1b8de96d2e5b6bc02d379db03a877d34d/library/test/src/lib.rs:576:43
[INFO] [stdout]   54:     0x60cb5033c7ca - test::run_test::{{closure}}::h4a5b729e66a38cd8
[INFO] [stdout]                                at /rustc/202008a1b8de96d2e5b6bc02d379db03a877d34d/library/test/src/lib.rs:606:41
[INFO] [stdout]   55:     0x60cb5033c7ca - std::sys::backtrace::__rust_begin_short_backtrace::h0496fb742492f573
[INFO] [stdout]                                at /rustc/202008a1b8de96d2e5b6bc02d379db03a877d34d/library/std/src/sys/backtrace.rs:154:18
[INFO] [stdout]   56:     0x60cb50340144 - std::thread::Builder::spawn_unchecked_::{{closure}}::{{closure}}::hbb6d257c550a54bd
[INFO] [stdout]                                at /rustc/202008a1b8de96d2e5b6bc02d379db03a877d34d/library/std/src/thread/mod.rs:561:17
[INFO] [stdout]   57:     0x60cb50340144 - <core::panic::unwind_safe::AssertUnwindSafe<F> as core::ops::function::FnOnce<()>>::call_once::h46696fe4a6832328
[INFO] [stdout]                                at /rustc/202008a1b8de96d2e5b6bc02d379db03a877d34d/library/core/src/panic/unwind_safe.rs:272:9
[INFO] [stdout]   58:     0x60cb50340144 - std::panicking::try::do_call::h2625a51b667bfb64
[INFO] [stdout]                                at /rustc/202008a1b8de96d2e5b6bc02d379db03a877d34d/library/std/src/panicking.rs:557:40
[INFO] [stdout]   59:     0x60cb50340144 - std::panicking::try::hb956a59a1973aa4c
[INFO] [stdout]                                at /rustc/202008a1b8de96d2e5b6bc02d379db03a877d34d/library/std/src/panicking.rs:520:19
[INFO] [stdout]   60:     0x60cb50340144 - std::panic::catch_unwind::h64f3b9d1067ef6a0
[INFO] [stdout]                                at /rustc/202008a1b8de96d2e5b6bc02d379db03a877d34d/library/std/src/panic.rs:358:14
[INFO] [stdout]   61:     0x60cb50340144 - std::thread::Builder::spawn_unchecked_::{{closure}}::h42b2841295b6c0b2
[INFO] [stdout]                                at /rustc/202008a1b8de96d2e5b6bc02d379db03a877d34d/library/std/src/thread/mod.rs:559:30
[INFO] [stdout]   62:     0x60cb50340144 - core::ops::function::FnOnce::call_once{{vtable.shim}}::h6127de71b8124639
[INFO] [stdout]                                at /rustc/202008a1b8de96d2e5b6bc02d379db03a877d34d/library/core/src/ops/function.rs:250:5
[INFO] [stdout]   63:     0x60cb5068af1b - <alloc::boxed::Box<F,A> as core::ops::function::FnOnce<Args>>::call_once::h42f0ba71002a1b2c
[INFO] [stdout]                                at /rustc/202008a1b8de96d2e5b6bc02d379db03a877d34d/library/alloc/src/boxed.rs:1972:9
[INFO] [stdout]   64:     0x60cb5068af1b - <alloc::boxed::Box<F,A> as core::ops::function::FnOnce<Args>>::call_once::had9e47d7a3dcecb8
[INFO] [stdout]                                at /rustc/202008a1b8de96d2e5b6bc02d379db03a877d34d/library/alloc/src/boxed.rs:1972:9
[INFO] [stdout]   65:     0x60cb5068af1b - std::sys::pal::unix::thread::Thread::new::thread_start::h48cf765408f6f5f2
[INFO] [stdout]                                at /rustc/202008a1b8de96d2e5b6bc02d379db03a877d34d/library/std/src/sys/pal/unix/thread.rs:105:17
[INFO] [stdout]   66:     0x75e7107f9ac3 - <unknown>
[INFO] [stdout]   67:     0x75e71088aa04 - clone
[INFO] [stdout]   68:                0x0 - <unknown>
[INFO] [stdout] 
[INFO] [stdout] 
[INFO] [stdout] failures:
[INFO] [stdout]     tests_curd::test_connection
[INFO] [stdout]     tests_curd::test_delete
[INFO] [stdout]     tests_curd::test_insert
[INFO] [stdout]     tests_curd::test_select
[INFO] [stdout]     tests_curd::test_update
[INFO] [stdout] 
[INFO] [stdout] test result: FAILED. 0 passed; 5 failed; 0 ignored; 0 measured; 0 filtered out; finished in 0.09s
[INFO] [stdout] 
[INFO] [stderr] error: test failed, to rerun pass `--test test_curd`
[INFO] running `Command { std: "docker" "inspect" "d844df8e138e6a35b8d507a35c7d49df6c4c14c2553e38868e3c3d80050e2595", kill_on_drop: false }`
[INFO] running `Command { std: "docker" "rm" "-f" "d844df8e138e6a35b8d507a35c7d49df6c4c14c2553e38868e3c3d80050e2595", kill_on_drop: false }`
[INFO] [stdout] d844df8e138e6a35b8d507a35c7d49df6c4c14c2553e38868e3c3d80050e2595
