[INFO] fetching crate safe-async-scoped 0.1.1...
[INFO] testing safe-async-scoped-0.1.1 against 1.83.0 for beta-1.84.0-4-retry
[INFO] extracting crate safe-async-scoped 0.1.1 into /workspace/builds/worker-3-tc1/source
[INFO] validating manifest of crates.io crate safe-async-scoped 0.1.1 on toolchain 1.83.0
[INFO] running `Command { std: CARGO_HOME="/workspace/cargo-home" RUSTUP_HOME="/workspace/rustup-home" "/workspace/cargo-home/bin/cargo" "+1.83.0" "metadata" "--manifest-path" "Cargo.toml" "--no-deps", kill_on_drop: false }`
[INFO] started tweaking crates.io crate safe-async-scoped 0.1.1
[INFO] finished tweaking crates.io crate safe-async-scoped 0.1.1
[INFO] tweaked toml for crates.io crate safe-async-scoped 0.1.1 written to /workspace/builds/worker-3-tc1/source/Cargo.toml
[INFO] running `Command { std: CARGO_HOME="/workspace/cargo-home" RUSTUP_HOME="/workspace/rustup-home" "/workspace/cargo-home/bin/cargo" "+1.83.0" "generate-lockfile" "--manifest-path" "Cargo.toml", kill_on_drop: false }`
[INFO] [stderr]     Updating crates.io index
[INFO] [stderr]     Blocking waiting for file lock on package cache
[INFO] [stderr]      Locking 18 packages to latest compatible versions
[INFO] running `Command { std: CARGO_HOME="/workspace/cargo-home" RUSTUP_HOME="/workspace/rustup-home" "/workspace/cargo-home/bin/cargo" "+1.83.0" "fetch" "--manifest-path" "Cargo.toml", kill_on_drop: false }`
[INFO] running `Command { std: "docker" "create" "-v" "/var/lib/crater-agent-workspace/builds/worker-3-tc1/target:/opt/rustwide/target:rw,Z" "-v" "/var/lib/crater-agent-workspace/builds/worker-3-tc1/source:/opt/rustwide/workdir:ro,Z" "-v" "/var/lib/crater-agent-workspace/cargo-home:/opt/rustwide/cargo-home:ro,Z" "-v" "/var/lib/crater-agent-workspace/rustup-home:/opt/rustwide/rustup-home:ro,Z" "-e" "SOURCE_DIR=/opt/rustwide/workdir" "-e" "CARGO_TARGET_DIR=/opt/rustwide/target" "-e" "CARGO_HOME=/opt/rustwide/cargo-home" "-e" "RUSTUP_HOME=/opt/rustwide/rustup-home" "-w" "/opt/rustwide/workdir" "-m" "1610612736" "--user" "0:0" "--network" "none" "ghcr.io/rust-lang/crates-build-env/linux@sha256:f3a9d4ad9d972b27faf3965f35b62e55ba32bbce8f20bc8fe909558a86702fde" "/opt/rustwide/cargo-home/bin/cargo" "+1.83.0" "metadata" "--no-deps" "--format-version=1", kill_on_drop: false }`
[INFO] [stdout] 664e175573f33e78080510e547ae75e2950acd371c47caebfee486e1e2a6f136
[INFO] running `Command { std: "docker" "start" "-a" "664e175573f33e78080510e547ae75e2950acd371c47caebfee486e1e2a6f136", kill_on_drop: false }`
[INFO] running `Command { std: "docker" "inspect" "664e175573f33e78080510e547ae75e2950acd371c47caebfee486e1e2a6f136", kill_on_drop: false }`
[INFO] running `Command { std: "docker" "rm" "-f" "664e175573f33e78080510e547ae75e2950acd371c47caebfee486e1e2a6f136", kill_on_drop: false }`
[INFO] [stdout] 664e175573f33e78080510e547ae75e2950acd371c47caebfee486e1e2a6f136
[INFO] running `Command { std: "docker" "create" "-v" "/var/lib/crater-agent-workspace/builds/worker-3-tc1/target:/opt/rustwide/target:rw,Z" "-v" "/var/lib/crater-agent-workspace/builds/worker-3-tc1/source:/opt/rustwide/workdir:ro,Z" "-v" "/var/lib/crater-agent-workspace/cargo-home:/opt/rustwide/cargo-home:ro,Z" "-v" "/var/lib/crater-agent-workspace/rustup-home:/opt/rustwide/rustup-home:ro,Z" "-e" "SOURCE_DIR=/opt/rustwide/workdir" "-e" "CARGO_TARGET_DIR=/opt/rustwide/target" "-e" "CARGO_INCREMENTAL=0" "-e" "RUST_BACKTRACE=full" "-e" "RUSTFLAGS=--cap-lints=warn" "-e" "RUSTDOCFLAGS=--cap-lints=warn" "-e" "CARGO_HOME=/opt/rustwide/cargo-home" "-e" "RUSTUP_HOME=/opt/rustwide/rustup-home" "-w" "/opt/rustwide/workdir" "-m" "1610612736" "--user" "0:0" "--network" "none" "ghcr.io/rust-lang/crates-build-env/linux@sha256:f3a9d4ad9d972b27faf3965f35b62e55ba32bbce8f20bc8fe909558a86702fde" "/opt/rustwide/cargo-home/bin/cargo" "+1.83.0" "build" "--frozen" "--message-format=json", kill_on_drop: false }`
[INFO] [stdout] 1f53b492a114f79c4ff88bb706e8702bd6e149203c73ba0894d2e89e8768be64
[INFO] running `Command { std: "docker" "start" "-a" "1f53b492a114f79c4ff88bb706e8702bd6e149203c73ba0894d2e89e8768be64", kill_on_drop: false }`
[INFO] [stderr]    Compiling proc-macro2 v1.0.92
[INFO] [stderr]    Compiling unicode-ident v1.0.14
[INFO] [stderr]    Compiling autocfg v1.4.0
[INFO] [stderr]    Compiling futures-sink v0.3.31
[INFO] [stderr]    Compiling futures-core v0.3.31
[INFO] [stderr]    Compiling pin-project-lite v0.2.15
[INFO] [stderr]    Compiling pin-utils v0.1.0
[INFO] [stderr]    Compiling futures-task v0.3.31
[INFO] [stderr]    Compiling futures-io v0.3.31
[INFO] [stderr]    Compiling memchr v2.7.4
[INFO] [stderr]    Compiling futures-channel v0.3.31
[INFO] [stderr]    Compiling slab v0.4.9
[INFO] [stderr]    Compiling quote v1.0.37
[INFO] [stderr]    Compiling syn v2.0.90
[INFO] [stderr]    Compiling futures-macro v0.3.31
[INFO] [stderr]    Compiling futures-util v0.3.31
[INFO] [stderr]    Compiling futures-executor v0.3.31
[INFO] [stderr]    Compiling futures v0.3.31
[INFO] [stderr]    Compiling safe-async-scoped v0.1.1 (/opt/rustwide/workdir)
[INFO] [stderr]     Finished `dev` profile [unoptimized + debuginfo] target(s) in 15.72s
[INFO] running `Command { std: "docker" "inspect" "1f53b492a114f79c4ff88bb706e8702bd6e149203c73ba0894d2e89e8768be64", kill_on_drop: false }`
[INFO] running `Command { std: "docker" "rm" "-f" "1f53b492a114f79c4ff88bb706e8702bd6e149203c73ba0894d2e89e8768be64", kill_on_drop: false }`
[INFO] [stdout] 1f53b492a114f79c4ff88bb706e8702bd6e149203c73ba0894d2e89e8768be64
[INFO] running `Command { std: "docker" "create" "-v" "/var/lib/crater-agent-workspace/builds/worker-3-tc1/target:/opt/rustwide/target:rw,Z" "-v" "/var/lib/crater-agent-workspace/builds/worker-3-tc1/source:/opt/rustwide/workdir:ro,Z" "-v" "/var/lib/crater-agent-workspace/cargo-home:/opt/rustwide/cargo-home:ro,Z" "-v" "/var/lib/crater-agent-workspace/rustup-home:/opt/rustwide/rustup-home:ro,Z" "-e" "SOURCE_DIR=/opt/rustwide/workdir" "-e" "CARGO_TARGET_DIR=/opt/rustwide/target" "-e" "CARGO_INCREMENTAL=0" "-e" "RUST_BACKTRACE=full" "-e" "RUSTFLAGS=--cap-lints=warn" "-e" "RUSTDOCFLAGS=--cap-lints=warn" "-e" "CARGO_HOME=/opt/rustwide/cargo-home" "-e" "RUSTUP_HOME=/opt/rustwide/rustup-home" "-w" "/opt/rustwide/workdir" "-m" "1610612736" "--user" "0:0" "--network" "none" "ghcr.io/rust-lang/crates-build-env/linux@sha256:f3a9d4ad9d972b27faf3965f35b62e55ba32bbce8f20bc8fe909558a86702fde" "/opt/rustwide/cargo-home/bin/cargo" "+1.83.0" "test" "--frozen" "--no-run" "--message-format=json", kill_on_drop: false }`
[INFO] [stdout] f000510888fe1173064bb2e55cd481fb0e4bba890f2e47a9d2229fbefcb0c9a9
[INFO] running `Command { std: "docker" "start" "-a" "f000510888fe1173064bb2e55cd481fb0e4bba890f2e47a9d2229fbefcb0c9a9", kill_on_drop: false }`
[INFO] [stderr]    Compiling safe-async-scoped v0.1.1 (/opt/rustwide/workdir)
[INFO] [stderr]     Finished `test` profile [unoptimized + debuginfo] target(s) in 0.52s
[INFO] running `Command { std: "docker" "inspect" "f000510888fe1173064bb2e55cd481fb0e4bba890f2e47a9d2229fbefcb0c9a9", kill_on_drop: false }`
[INFO] running `Command { std: "docker" "rm" "-f" "f000510888fe1173064bb2e55cd481fb0e4bba890f2e47a9d2229fbefcb0c9a9", kill_on_drop: false }`
[INFO] [stdout] f000510888fe1173064bb2e55cd481fb0e4bba890f2e47a9d2229fbefcb0c9a9
[INFO] running `Command { std: "docker" "create" "-v" "/var/lib/crater-agent-workspace/builds/worker-3-tc1/target:/opt/rustwide/target:rw,Z" "-v" "/var/lib/crater-agent-workspace/builds/worker-3-tc1/source:/opt/rustwide/workdir:ro,Z" "-v" "/var/lib/crater-agent-workspace/cargo-home:/opt/rustwide/cargo-home:ro,Z" "-v" "/var/lib/crater-agent-workspace/rustup-home:/opt/rustwide/rustup-home:ro,Z" "-e" "SOURCE_DIR=/opt/rustwide/workdir" "-e" "CARGO_TARGET_DIR=/opt/rustwide/target" "-e" "CARGO_INCREMENTAL=0" "-e" "RUST_BACKTRACE=full" "-e" "RUSTFLAGS=--cap-lints=warn" "-e" "RUSTDOCFLAGS=--cap-lints=warn" "-e" "CARGO_HOME=/opt/rustwide/cargo-home" "-e" "RUSTUP_HOME=/opt/rustwide/rustup-home" "-w" "/opt/rustwide/workdir" "-m" "1610612736" "--user" "0:0" "--network" "none" "ghcr.io/rust-lang/crates-build-env/linux@sha256:f3a9d4ad9d972b27faf3965f35b62e55ba32bbce8f20bc8fe909558a86702fde" "/opt/rustwide/cargo-home/bin/cargo" "+1.83.0" "test" "--frozen", kill_on_drop: false }`
[INFO] [stdout] ba87c7f676028225b1f161676807298c7fed4059b8b88037941d339065a6ddc3
[INFO] running `Command { std: "docker" "start" "-a" "ba87c7f676028225b1f161676807298c7fed4059b8b88037941d339065a6ddc3", kill_on_drop: false }`
[INFO] [stderr]     Finished `test` profile [unoptimized + debuginfo] target(s) in 0.03s
[INFO] [stderr]      Running unittests src/lib.rs (/opt/rustwide/target/debug/deps/safe_async_scoped-379a70c808d63655)
[INFO] [stdout] 
[INFO] [stdout] running 0 tests
[INFO] [stdout] 
[INFO] [stdout] test result: ok. 0 passed; 0 failed; 0 ignored; 0 measured; 0 filtered out; finished in 0.00s
[INFO] [stdout] 
[INFO] [stderr]    Doc-tests safe_async_scoped
[INFO] [stdout] 
[INFO] [stdout] running 2 tests
[INFO] [stdout] test src/lib.rs - Scope (line 42) ... FAILED
[INFO] [stdout] test src/lib.rs - (line 12) ... FAILED
[INFO] [stdout] 
[INFO] [stdout] failures:
[INFO] [stdout] 
[INFO] [stdout] ---- src/lib.rs - Scope (line 42) stdout ----
[INFO] [stdout] error[E0433]: failed to resolve: use of undeclared type `TcpListener`
[INFO] [stdout]  --> src/lib.rs:43:27
[INFO] [stdout]   |
[INFO] [stdout] 3 | let listener = Async::new(TcpListener::bind("127.0.0.1:8080").unwrap()).unwrap();
[INFO] [stdout]   |                           ^^^^^^^^^^^ use of undeclared type `TcpListener`
[INFO] [stdout]   |
[INFO] [stdout] help: consider importing this struct
[INFO] [stdout]   |
[INFO] [stdout] 2 + use std::net::TcpListener;
[INFO] [stdout]   |
[INFO] [stdout] 
[INFO] [stdout] error[E0433]: failed to resolve: use of undeclared type `Scope`
[INFO] [stdout]  --> src/lib.rs:46:17
[INFO] [stdout]   |
[INFO] [stdout] 6 |     let scope = Scope::new();
[INFO] [stdout]   |                 ^^^^^ use of undeclared type `Scope`
[INFO] [stdout]   |
[INFO] [stdout] help: consider importing one of these structs
[INFO] [stdout]   |
[INFO] [stdout] 2 + use std::thread::Scope;
[INFO] [stdout]   |
[INFO] [stdout] 2 + use safe_async_scoped::Scope;
[INFO] [stdout]   |
[INFO] [stdout] 
[INFO] [stdout] error[E0728]: `await` is only allowed inside `async` functions and blocks
[INFO] [stdout]   --> src/lib.rs:56:10
[INFO] [stdout]    |
[INFO] [stdout] 2  | fn main() { #[allow(non_snake_case)] fn _doctest_main_src_lib_rs_42_0() {
[INFO] [stdout]    |                                      ---------------------------------- this is not `async`
[INFO] [stdout] ...
[INFO] [stdout] 16 |         .await;
[INFO] [stdout]    |          ^^^^^ only allowed inside `async` functions and blocks
[INFO] [stdout] 
[INFO] [stdout] error[E0433]: failed to resolve: use of undeclared type `Async`
[INFO] [stdout]  --> src/lib.rs:43:16
[INFO] [stdout]   |
[INFO] [stdout] 3 | let listener = Async::new(TcpListener::bind("127.0.0.1:8080").unwrap()).unwrap();
[INFO] [stdout]   |                ^^^^^ use of undeclared type `Async`
[INFO] [stdout] 
[INFO] [stdout] error[E0425]: cannot find function `handle` in this scope
[INFO] [stdout]   --> src/lib.rs:52:21
[INFO] [stdout]    |
[INFO] [stdout] 12 |                     handle(client, &lala).await;
[INFO] [stdout]    |                     ^^^^^^ not found in this scope
[INFO] [stdout] 
[INFO] [stdout] error: aborting due to 5 previous errors
[INFO] [stdout] 
[INFO] [stdout] Some errors have detailed explanations: E0425, E0433, E0728.
[INFO] [stdout] For more information about an error, try `rustc --explain E0425`.
[INFO] [stdout] Couldn't compile the test.
[INFO] [stdout] ---- src/lib.rs - (line 12) stdout ----
[INFO] [stdout] error[E0433]: failed to resolve: use of undeclared type `TcpListener`
[INFO] [stdout]  --> src/lib.rs:13:27
[INFO] [stdout]   |
[INFO] [stdout] 3 | let listener = Async::new(TcpListener::bind("127.0.0.1:8080").unwrap()).unwrap();
[INFO] [stdout]   |                           ^^^^^^^^^^^ use of undeclared type `TcpListener`
[INFO] [stdout]   |
[INFO] [stdout] help: consider importing this struct
[INFO] [stdout]   |
[INFO] [stdout] 2 + use std::net::TcpListener;
[INFO] [stdout]   |
[INFO] [stdout] 
[INFO] [stdout] error[E0433]: failed to resolve: use of undeclared type `Scope`
[INFO] [stdout]  --> src/lib.rs:16:16
[INFO] [stdout]   |
[INFO] [stdout] 6 |    let scope = Scope::new();
[INFO] [stdout]   |                ^^^^^ use of undeclared type `Scope`
[INFO] [stdout]   |
[INFO] [stdout] help: consider importing one of these structs
[INFO] [stdout]   |
[INFO] [stdout] 2 + use std::thread::Scope;
[INFO] [stdout]   |
[INFO] [stdout] 2 + use safe_async_scoped::Scope;
[INFO] [stdout]   |
[INFO] [stdout] 
[INFO] [stdout] error[E0728]: `await` is only allowed inside `async` functions and blocks
[INFO] [stdout]   --> src/lib.rs:26:9
[INFO] [stdout]    |
[INFO] [stdout] 2  | fn main() { #[allow(non_snake_case)] fn _doctest_main_src_lib_rs_12_0() {
[INFO] [stdout]    |                                      ---------------------------------- this is not `async`
[INFO] [stdout] ...
[INFO] [stdout] 16 |        .await;
[INFO] [stdout]    |         ^^^^^ only allowed inside `async` functions and blocks
[INFO] [stdout] 
[INFO] [stdout] error[E0433]: failed to resolve: use of undeclared type `Async`
[INFO] [stdout]  --> src/lib.rs:13:16
[INFO] [stdout]   |
[INFO] [stdout] 3 | let listener = Async::new(TcpListener::bind("127.0.0.1:8080").unwrap()).unwrap();
[INFO] [stdout]   |                ^^^^^ use of undeclared type `Async`
[INFO] [stdout] 
[INFO] [stdout] error[E0425]: cannot find function `handle` in this scope
[INFO] [stdout]   --> src/lib.rs:22:20
[INFO] [stdout]    |
[INFO] [stdout] 12 |                    handle(client, &lala).await;
[INFO] [stdout]    |                    ^^^^^^ not found in this scope
[INFO] [stdout] 
[INFO] [stdout] error: aborting due to 5 previous errors
[INFO] [stdout] 
[INFO] [stdout] Some errors have detailed explanations: E0425, E0433, E0728.
[INFO] [stdout] For more information about an error, try `rustc --explain E0425`.
[INFO] [stdout] Couldn't compile the test.
[INFO] [stdout] 
[INFO] [stdout] failures:
[INFO] [stdout]     src/lib.rs - (line 12)
[INFO] [stdout]     src/lib.rs - Scope (line 42)
[INFO] [stdout] 
[INFO] [stdout] test result: FAILED. 0 passed; 2 failed; 0 ignored; 0 measured; 0 filtered out; finished in 0.13s
[INFO] [stdout] 
[INFO] [stderr] error: doctest failed, to rerun pass `--doc`
[INFO] running `Command { std: "docker" "inspect" "ba87c7f676028225b1f161676807298c7fed4059b8b88037941d339065a6ddc3", kill_on_drop: false }`
[INFO] running `Command { std: "docker" "rm" "-f" "ba87c7f676028225b1f161676807298c7fed4059b8b88037941d339065a6ddc3", kill_on_drop: false }`
[INFO] [stdout] ba87c7f676028225b1f161676807298c7fed4059b8b88037941d339065a6ddc3
