[INFO] fetching crate safe-allocator-api 0.3.0...
[INFO] testing safe-allocator-api-0.3.0 against 1.83.0 for beta-1.84.0-4-retry
[INFO] extracting crate safe-allocator-api 0.3.0 into /workspace/builds/worker-7-tc1/source
[INFO] validating manifest of crates.io crate safe-allocator-api 0.3.0 on toolchain 1.83.0
[INFO] running `Command { std: CARGO_HOME="/workspace/cargo-home" RUSTUP_HOME="/workspace/rustup-home" "/workspace/cargo-home/bin/cargo" "+1.83.0" "metadata" "--manifest-path" "Cargo.toml" "--no-deps", kill_on_drop: false }`
[INFO] started tweaking crates.io crate safe-allocator-api 0.3.0
[INFO] finished tweaking crates.io crate safe-allocator-api 0.3.0
[INFO] tweaked toml for crates.io crate safe-allocator-api 0.3.0 written to /workspace/builds/worker-7-tc1/source/Cargo.toml
[INFO] running `Command { std: CARGO_HOME="/workspace/cargo-home" RUSTUP_HOME="/workspace/rustup-home" "/workspace/cargo-home/bin/cargo" "+1.83.0" "generate-lockfile" "--manifest-path" "Cargo.toml", kill_on_drop: false }`
[INFO] [stderr]     Blocking waiting for file lock on package cache
[INFO] [stderr]     Updating crates.io index
[INFO] [stderr]     Blocking waiting for file lock on package cache
[INFO] [stderr]      Locking 1 package to latest compatible version
[INFO] running `Command { std: CARGO_HOME="/workspace/cargo-home" RUSTUP_HOME="/workspace/rustup-home" "/workspace/cargo-home/bin/cargo" "+1.83.0" "fetch" "--manifest-path" "Cargo.toml", kill_on_drop: false }`
[INFO] [stderr]     Blocking waiting for file lock on package cache
[INFO] [stderr]     Blocking waiting for file lock on package cache
[INFO] running `Command { std: "docker" "create" "-v" "/var/lib/crater-agent-workspace/builds/worker-7-tc1/target:/opt/rustwide/target:rw,Z" "-v" "/var/lib/crater-agent-workspace/builds/worker-7-tc1/source:/opt/rustwide/workdir:ro,Z" "-v" "/var/lib/crater-agent-workspace/cargo-home:/opt/rustwide/cargo-home:ro,Z" "-v" "/var/lib/crater-agent-workspace/rustup-home:/opt/rustwide/rustup-home:ro,Z" "-e" "SOURCE_DIR=/opt/rustwide/workdir" "-e" "CARGO_TARGET_DIR=/opt/rustwide/target" "-e" "CARGO_HOME=/opt/rustwide/cargo-home" "-e" "RUSTUP_HOME=/opt/rustwide/rustup-home" "-w" "/opt/rustwide/workdir" "-m" "1610612736" "--user" "0:0" "--network" "none" "ghcr.io/rust-lang/crates-build-env/linux@sha256:f3a9d4ad9d972b27faf3965f35b62e55ba32bbce8f20bc8fe909558a86702fde" "/opt/rustwide/cargo-home/bin/cargo" "+1.83.0" "metadata" "--no-deps" "--format-version=1", kill_on_drop: false }`
[INFO] [stdout] 34cb4a648b4eda7b4c61fda8194fc65dbbce4238c1399b7544f729b26d6e4870
[INFO] running `Command { std: "docker" "start" "-a" "34cb4a648b4eda7b4c61fda8194fc65dbbce4238c1399b7544f729b26d6e4870", kill_on_drop: false }`
[INFO] running `Command { std: "docker" "inspect" "34cb4a648b4eda7b4c61fda8194fc65dbbce4238c1399b7544f729b26d6e4870", kill_on_drop: false }`
[INFO] running `Command { std: "docker" "rm" "-f" "34cb4a648b4eda7b4c61fda8194fc65dbbce4238c1399b7544f729b26d6e4870", kill_on_drop: false }`
[INFO] [stdout] 34cb4a648b4eda7b4c61fda8194fc65dbbce4238c1399b7544f729b26d6e4870
[INFO] running `Command { std: "docker" "create" "-v" "/var/lib/crater-agent-workspace/builds/worker-7-tc1/target:/opt/rustwide/target:rw,Z" "-v" "/var/lib/crater-agent-workspace/builds/worker-7-tc1/source:/opt/rustwide/workdir:ro,Z" "-v" "/var/lib/crater-agent-workspace/cargo-home:/opt/rustwide/cargo-home:ro,Z" "-v" "/var/lib/crater-agent-workspace/rustup-home:/opt/rustwide/rustup-home:ro,Z" "-e" "SOURCE_DIR=/opt/rustwide/workdir" "-e" "CARGO_TARGET_DIR=/opt/rustwide/target" "-e" "CARGO_INCREMENTAL=0" "-e" "RUST_BACKTRACE=full" "-e" "RUSTFLAGS=--cap-lints=warn" "-e" "RUSTDOCFLAGS=--cap-lints=warn" "-e" "CARGO_HOME=/opt/rustwide/cargo-home" "-e" "RUSTUP_HOME=/opt/rustwide/rustup-home" "-w" "/opt/rustwide/workdir" "-m" "1610612736" "--user" "0:0" "--network" "none" "ghcr.io/rust-lang/crates-build-env/linux@sha256:f3a9d4ad9d972b27faf3965f35b62e55ba32bbce8f20bc8fe909558a86702fde" "/opt/rustwide/cargo-home/bin/cargo" "+1.83.0" "build" "--frozen" "--message-format=json", kill_on_drop: false }`
[INFO] [stdout] d5e39ec9542285c1c62d560306bc12ab0b3878cdb1328fc5f8c8f16ca9759268
[INFO] running `Command { std: "docker" "start" "-a" "d5e39ec9542285c1c62d560306bc12ab0b3878cdb1328fc5f8c8f16ca9759268", kill_on_drop: false }`
[INFO] [stderr]    Compiling allocator-api2 v0.2.21
[INFO] [stderr]    Compiling safe-allocator-api v0.3.0 (/opt/rustwide/workdir)
[INFO] [stderr]     Finished `dev` profile [unoptimized + debuginfo] target(s) in 0.82s
[INFO] running `Command { std: "docker" "inspect" "d5e39ec9542285c1c62d560306bc12ab0b3878cdb1328fc5f8c8f16ca9759268", kill_on_drop: false }`
[INFO] running `Command { std: "docker" "rm" "-f" "d5e39ec9542285c1c62d560306bc12ab0b3878cdb1328fc5f8c8f16ca9759268", kill_on_drop: false }`
[INFO] [stdout] d5e39ec9542285c1c62d560306bc12ab0b3878cdb1328fc5f8c8f16ca9759268
[INFO] running `Command { std: "docker" "create" "-v" "/var/lib/crater-agent-workspace/builds/worker-7-tc1/target:/opt/rustwide/target:rw,Z" "-v" "/var/lib/crater-agent-workspace/builds/worker-7-tc1/source:/opt/rustwide/workdir:ro,Z" "-v" "/var/lib/crater-agent-workspace/cargo-home:/opt/rustwide/cargo-home:ro,Z" "-v" "/var/lib/crater-agent-workspace/rustup-home:/opt/rustwide/rustup-home:ro,Z" "-e" "SOURCE_DIR=/opt/rustwide/workdir" "-e" "CARGO_TARGET_DIR=/opt/rustwide/target" "-e" "CARGO_INCREMENTAL=0" "-e" "RUST_BACKTRACE=full" "-e" "RUSTFLAGS=--cap-lints=warn" "-e" "RUSTDOCFLAGS=--cap-lints=warn" "-e" "CARGO_HOME=/opt/rustwide/cargo-home" "-e" "RUSTUP_HOME=/opt/rustwide/rustup-home" "-w" "/opt/rustwide/workdir" "-m" "1610612736" "--user" "0:0" "--network" "none" "ghcr.io/rust-lang/crates-build-env/linux@sha256:f3a9d4ad9d972b27faf3965f35b62e55ba32bbce8f20bc8fe909558a86702fde" "/opt/rustwide/cargo-home/bin/cargo" "+1.83.0" "test" "--frozen" "--no-run" "--message-format=json", kill_on_drop: false }`
[INFO] [stdout] 4004110970d30767695a918cc14b9b6c91bea2d8348ea647a3782da9b2851504
[INFO] running `Command { std: "docker" "start" "-a" "4004110970d30767695a918cc14b9b6c91bea2d8348ea647a3782da9b2851504", kill_on_drop: false }`
[INFO] [stderr]    Compiling safe-allocator-api v0.3.0 (/opt/rustwide/workdir)
[INFO] [stderr]     Finished `test` profile [unoptimized + debuginfo] target(s) in 0.75s
[INFO] running `Command { std: "docker" "inspect" "4004110970d30767695a918cc14b9b6c91bea2d8348ea647a3782da9b2851504", kill_on_drop: false }`
[INFO] running `Command { std: "docker" "rm" "-f" "4004110970d30767695a918cc14b9b6c91bea2d8348ea647a3782da9b2851504", kill_on_drop: false }`
[INFO] [stdout] 4004110970d30767695a918cc14b9b6c91bea2d8348ea647a3782da9b2851504
[INFO] running `Command { std: "docker" "create" "-v" "/var/lib/crater-agent-workspace/builds/worker-7-tc1/target:/opt/rustwide/target:rw,Z" "-v" "/var/lib/crater-agent-workspace/builds/worker-7-tc1/source:/opt/rustwide/workdir:ro,Z" "-v" "/var/lib/crater-agent-workspace/cargo-home:/opt/rustwide/cargo-home:ro,Z" "-v" "/var/lib/crater-agent-workspace/rustup-home:/opt/rustwide/rustup-home:ro,Z" "-e" "SOURCE_DIR=/opt/rustwide/workdir" "-e" "CARGO_TARGET_DIR=/opt/rustwide/target" "-e" "CARGO_INCREMENTAL=0" "-e" "RUST_BACKTRACE=full" "-e" "RUSTFLAGS=--cap-lints=warn" "-e" "RUSTDOCFLAGS=--cap-lints=warn" "-e" "CARGO_HOME=/opt/rustwide/cargo-home" "-e" "RUSTUP_HOME=/opt/rustwide/rustup-home" "-w" "/opt/rustwide/workdir" "-m" "1610612736" "--user" "0:0" "--network" "none" "ghcr.io/rust-lang/crates-build-env/linux@sha256:f3a9d4ad9d972b27faf3965f35b62e55ba32bbce8f20bc8fe909558a86702fde" "/opt/rustwide/cargo-home/bin/cargo" "+1.83.0" "test" "--frozen", kill_on_drop: false }`
[INFO] [stdout] 5db3ba532b00c6172812be8b7f38fa9874f8e55e9d0a986881105b8dd9803bec
[INFO] running `Command { std: "docker" "start" "-a" "5db3ba532b00c6172812be8b7f38fa9874f8e55e9d0a986881105b8dd9803bec", kill_on_drop: false }`
[INFO] [stderr]     Finished `test` profile [unoptimized + debuginfo] target(s) in 0.02s
[INFO] [stderr]      Running unittests src/lib.rs (/opt/rustwide/target/debug/deps/safe_allocator_api-54d216b65be06457)
[INFO] [stdout] 
[INFO] [stdout] running 15 tests
[INFO] [stdout] test raw_alloc::tests::alignment_requirements ... ok
[INFO] [stdout] test raw_alloc::tests::array_allocation ... ok
[INFO] [stdout] test raw_alloc::tests::basic_alloc_and_write ... ok
[INFO] [stdout] test raw_alloc::tests::grow_smaller_size_fails ... ok
[INFO] [stdout] test raw_alloc::tests::custom_allocator ... ok
[INFO] [stdout] test raw_alloc::tests::grow_zero_size_fails ... ok
[INFO] [stdout] test raw_alloc::tests::oversized_allocation ... ok
[INFO] [stdout] test raw_alloc::tests::shrink_larger_size_fails ... ok
[INFO] [stdout] test raw_alloc::tests::shrink_allocation ... ok
[INFO] [stdout] test raw_alloc::tests::shrink_zero_size_fails ... ok
[INFO] [stdout] test raw_alloc::tests::zero_sized_alloc_returns_error ... ok
[INFO] [stdout] test raw_alloc::tests::zeroed_allocation ... ok
[INFO] [stdout] test raw_alloc::tests::grow_zeroed_allocation ... ok
[INFO] [stdout] test raw_alloc::tests::grow_allocation ... ok
[INFO] [stderr]    Doc-tests safe_allocator_api
[INFO] [stdout] test raw_alloc::tests::multiple_allocations ... ok
[INFO] [stdout] 
[INFO] [stdout] test result: ok. 15 passed; 0 failed; 0 ignored; 0 measured; 0 filtered out; finished in 0.02s
[INFO] [stdout] 
[INFO] [stdout] 
[INFO] [stdout] running 10 tests
[INFO] [stdout] test src/raw_alloc.rs - raw_alloc::RawAlloc<A>::as_slice (line 253) ... ok
[INFO] [stdout] test src/../README.MD - (line 38) ... ok
[INFO] [stdout] test src/raw_alloc.rs - raw_alloc::RawAlloc<A>::as_mut_slice (line 273) ... ok
[INFO] [stdout] test src/raw_alloc.rs - raw_alloc::RawAlloc (line 21) ... ok
[INFO] [stdout] test src/../README.MD - (line 103) ... ok
[INFO] [stdout] test src/raw_alloc.rs - raw_alloc::RawAlloc<A>::grow (line 119) ... ok
[INFO] [stdout] test src/../README.MD - (line 80) ... ok
[INFO] [stdout] test src/../README.MD - (line 59) ... ok
[INFO] [stdout] test src/raw_alloc.rs - raw_alloc::RawAlloc<A>::new_in (line 60) ... FAILED
[INFO] [stdout] test src/raw_alloc.rs - raw_alloc::RawAlloc<A>::shrink (line 194) ... ok
[INFO] [stdout] 
[INFO] [stdout] failures:
[INFO] [stdout] 
[INFO] [stdout] ---- src/raw_alloc.rs - raw_alloc::RawAlloc<A>::new_in (line 60) stdout ----
[INFO] [stdout] error[E0554]: `#![feature]` may not be used on the stable release channel
[INFO] [stdout]  --> src/raw_alloc.rs:59:1
[INFO] [stdout]   |
[INFO] [stdout] 2 | #![feature(allocator_api)]
[INFO] [stdout]   | ^^^^^^^^^^^^^^^^^^^^^^^^^^
[INFO] [stdout] 
[INFO] [stdout] error: aborting due to 1 previous error
[INFO] [stdout] 
[INFO] [stdout] For more information about this error, try `rustc --explain E0554`.
[INFO] [stdout] Couldn't compile the test.
[INFO] [stdout] 
[INFO] [stdout] failures:
[INFO] [stdout]     src/raw_alloc.rs - raw_alloc::RawAlloc<A>::new_in (line 60)
[INFO] [stdout] 
[INFO] [stdout] test result: FAILED. 9 passed; 1 failed; 0 ignored; 0 measured; 0 filtered out; finished in 1.77s
[INFO] [stdout] 
[INFO] [stderr] error: doctest failed, to rerun pass `--doc`
[INFO] running `Command { std: "docker" "inspect" "5db3ba532b00c6172812be8b7f38fa9874f8e55e9d0a986881105b8dd9803bec", kill_on_drop: false }`
[INFO] running `Command { std: "docker" "rm" "-f" "5db3ba532b00c6172812be8b7f38fa9874f8e55e9d0a986881105b8dd9803bec", kill_on_drop: false }`
[INFO] [stdout] 5db3ba532b00c6172812be8b7f38fa9874f8e55e9d0a986881105b8dd9803bec
