[INFO] fetching crate sabo 0.1.1...
[INFO] testing sabo-0.1.1 against 1.83.0 for beta-1.84.0-4-retry
[INFO] extracting crate sabo 0.1.1 into /workspace/builds/worker-1-tc1/source
[INFO] validating manifest of crates.io crate sabo 0.1.1 on toolchain 1.83.0
[INFO] running `Command { std: CARGO_HOME="/workspace/cargo-home" RUSTUP_HOME="/workspace/rustup-home" "/workspace/cargo-home/bin/cargo" "+1.83.0" "metadata" "--manifest-path" "Cargo.toml" "--no-deps", kill_on_drop: false }`
[INFO] started tweaking crates.io crate sabo 0.1.1
[INFO] finished tweaking crates.io crate sabo 0.1.1
[INFO] tweaked toml for crates.io crate sabo 0.1.1 written to /workspace/builds/worker-1-tc1/source/Cargo.toml
[INFO] running `Command { std: CARGO_HOME="/workspace/cargo-home" RUSTUP_HOME="/workspace/rustup-home" "/workspace/cargo-home/bin/cargo" "+1.83.0" "generate-lockfile" "--manifest-path" "Cargo.toml", kill_on_drop: false }`
[INFO] [stderr]     Updating crates.io index
[INFO] [stderr]     Blocking waiting for file lock on package cache
[INFO] [stderr]      Locking 140 packages to latest compatible versions
[INFO] [stderr]       Adding glium v0.31.0 (available: v0.36.0)
[INFO] running `Command { std: CARGO_HOME="/workspace/cargo-home" RUSTUP_HOME="/workspace/rustup-home" "/workspace/cargo-home/bin/cargo" "+1.83.0" "fetch" "--manifest-path" "Cargo.toml", kill_on_drop: false }`
[INFO] [stderr]     Blocking waiting for file lock on package cache
[INFO] [stderr]  Downloading crates ...
[INFO] [stderr]   Downloaded glium v0.31.0
[INFO] running `Command { std: "docker" "create" "-v" "/var/lib/crater-agent-workspace/builds/worker-1-tc1/target:/opt/rustwide/target:rw,Z" "-v" "/var/lib/crater-agent-workspace/builds/worker-1-tc1/source:/opt/rustwide/workdir:ro,Z" "-v" "/var/lib/crater-agent-workspace/cargo-home:/opt/rustwide/cargo-home:ro,Z" "-v" "/var/lib/crater-agent-workspace/rustup-home:/opt/rustwide/rustup-home:ro,Z" "-e" "SOURCE_DIR=/opt/rustwide/workdir" "-e" "CARGO_TARGET_DIR=/opt/rustwide/target" "-e" "CARGO_HOME=/opt/rustwide/cargo-home" "-e" "RUSTUP_HOME=/opt/rustwide/rustup-home" "-w" "/opt/rustwide/workdir" "-m" "1610612736" "--user" "0:0" "--network" "none" "ghcr.io/rust-lang/crates-build-env/linux@sha256:f3a9d4ad9d972b27faf3965f35b62e55ba32bbce8f20bc8fe909558a86702fde" "/opt/rustwide/cargo-home/bin/cargo" "+1.83.0" "metadata" "--no-deps" "--format-version=1", kill_on_drop: false }`
[INFO] [stdout] e0283f07773c739ee25a76043a345701e7530a34c9aa6b660193b8895baba31a
[INFO] running `Command { std: "docker" "start" "-a" "e0283f07773c739ee25a76043a345701e7530a34c9aa6b660193b8895baba31a", kill_on_drop: false }`
[INFO] running `Command { std: "docker" "inspect" "e0283f07773c739ee25a76043a345701e7530a34c9aa6b660193b8895baba31a", kill_on_drop: false }`
[INFO] running `Command { std: "docker" "rm" "-f" "e0283f07773c739ee25a76043a345701e7530a34c9aa6b660193b8895baba31a", kill_on_drop: false }`
[INFO] [stdout] e0283f07773c739ee25a76043a345701e7530a34c9aa6b660193b8895baba31a
[INFO] running `Command { std: "docker" "create" "-v" "/var/lib/crater-agent-workspace/builds/worker-1-tc1/target:/opt/rustwide/target:rw,Z" "-v" "/var/lib/crater-agent-workspace/builds/worker-1-tc1/source:/opt/rustwide/workdir:ro,Z" "-v" "/var/lib/crater-agent-workspace/cargo-home:/opt/rustwide/cargo-home:ro,Z" "-v" "/var/lib/crater-agent-workspace/rustup-home:/opt/rustwide/rustup-home:ro,Z" "-e" "SOURCE_DIR=/opt/rustwide/workdir" "-e" "CARGO_TARGET_DIR=/opt/rustwide/target" "-e" "CARGO_INCREMENTAL=0" "-e" "RUST_BACKTRACE=full" "-e" "RUSTFLAGS=--cap-lints=warn" "-e" "RUSTDOCFLAGS=--cap-lints=warn" "-e" "CARGO_HOME=/opt/rustwide/cargo-home" "-e" "RUSTUP_HOME=/opt/rustwide/rustup-home" "-w" "/opt/rustwide/workdir" "-m" "1610612736" "--user" "0:0" "--network" "none" "ghcr.io/rust-lang/crates-build-env/linux@sha256:f3a9d4ad9d972b27faf3965f35b62e55ba32bbce8f20bc8fe909558a86702fde" "/opt/rustwide/cargo-home/bin/cargo" "+1.83.0" "build" "--frozen" "--message-format=json", kill_on_drop: false }`
[INFO] [stdout] c4841ad97fc88aed7dd9c887baacacc996e2cc1d338e07f70f90617962dcaf79
[INFO] running `Command { std: "docker" "start" "-a" "c4841ad97fc88aed7dd9c887baacacc996e2cc1d338e07f70f90617962dcaf79", kill_on_drop: false }`
[INFO] [stderr]    Compiling libc v0.2.168
[INFO] [stderr]    Compiling xml-rs v0.8.24
[INFO] [stderr]    Compiling cfg-if v1.0.0
[INFO] [stderr]    Compiling autocfg v1.4.0
[INFO] [stderr]    Compiling pkg-config v0.3.31
[INFO] [stderr]    Compiling proc-macro2 v1.0.92
[INFO] [stderr]    Compiling unicode-ident v1.0.14
[INFO] [stderr]    Compiling log v0.4.22
[INFO] [stderr]    Compiling khronos_api v3.1.0
[INFO] [stderr]    Compiling bitflags v1.3.2
[INFO] [stderr]    Compiling lazy_static v1.5.0
[INFO] [stderr]    Compiling smallvec v1.13.2
[INFO] [stderr]    Compiling once_cell v1.20.2
[INFO] [stderr]    Compiling downcast-rs v1.2.1
[INFO] [stderr]    Compiling scoped-tls v1.0.1
[INFO] [stderr]    Compiling parking_lot_core v0.8.6
[INFO] [stderr]    Compiling libloading v0.8.6
[INFO] [stderr]    Compiling instant v0.1.13
[INFO] [stderr]    Compiling xcursor v0.3.8
[INFO] [stderr]    Compiling scopeguard v1.2.0
[INFO] [stderr]    Compiling cty v0.2.2
[INFO] [stderr]    Compiling winit v0.26.1
[INFO] [stderr]    Compiling adler2 v2.0.0
[INFO] [stderr]    Compiling raw-window-handle v0.4.3
[INFO] [stderr]    Compiling dlib v0.5.2
[INFO] [stderr]    Compiling gimli v0.31.1
[INFO] [stderr]    Compiling percent-encoding v2.3.1
[INFO] [stderr]    Compiling memchr v2.7.4
[INFO] [stderr]    Compiling miniz_oxide v0.8.0
[INFO] [stderr]    Compiling libloading v0.7.4
[INFO] [stderr]    Compiling rustc-demangle v0.1.24
[INFO] [stderr]    Compiling fnv v1.0.7
[INFO] [stderr]    Compiling takeable-option v0.5.0
[INFO] [stderr]    Compiling memoffset v0.6.5
[INFO] [stderr]    Compiling lock_api v0.4.12
[INFO] [stderr]    Compiling gl_generator v0.14.0
[INFO] [stderr]    Compiling wayland-sys v0.29.5
[INFO] [stderr]    Compiling x11-dl v2.21.0
[INFO] [stderr]    Compiling smithay-client-toolkit v0.15.4
[INFO] [stderr]    Compiling object v0.36.5
[INFO] [stderr]    Compiling quote v1.0.37
[INFO] [stderr]    Compiling wayland-scanner v0.29.5
[INFO] [stderr]    Compiling glutin_egl_sys v0.1.6
[INFO] [stderr]    Compiling glutin_glx_sys v0.1.8
[INFO] [stderr]    Compiling glium v0.31.0
[INFO] [stderr]    Compiling wayland-client v0.29.5
[INFO] [stderr]    Compiling wayland-protocols v0.29.5
[INFO] [stderr]    Compiling addr2line v0.24.2
[INFO] [stderr]    Compiling nix v0.24.3
[INFO] [stderr]    Compiling nix v0.22.3
[INFO] [stderr]    Compiling memmap2 v0.3.1
[INFO] [stderr]    Compiling mio v0.8.11
[INFO] [stderr]    Compiling shared_library v0.1.9
[INFO] [stderr]    Compiling osmesa-sys v0.1.2
[INFO] [stderr]    Compiling parking_lot v0.11.2
[INFO] [stderr]    Compiling wayland-commons v0.29.5
[INFO] [stderr]    Compiling backtrace v0.3.74
[INFO] [stderr]    Compiling calloop v0.9.3
[INFO] [stderr]    Compiling wayland-cursor v0.29.5
[INFO] [stderr]    Compiling wayland-egl v0.29.5
[INFO] [stderr]    Compiling glutin v0.28.0
[INFO] [stderr]    Compiling sabo v0.1.1 (/opt/rustwide/workdir)
[INFO] [stdout] warning: unused variable: `ctx`
[INFO] [stdout]   --> src/graphics/window.rs:29:19
[INFO] [stdout]    |
[INFO] [stdout] 29 |     pub fn update(ctx: &mut Context, event_loop: EventLoop<()>) {
[INFO] [stdout]    |                   ^^^ help: if this is intentional, prefix it with an underscore: `_ctx`
[INFO] [stdout]    |
[INFO] [stdout]    = note: `#[warn(unused_variables)]` on by default
[INFO] [stdout] 
[INFO] [stdout] 
[INFO] [stdout] warning: unused variable: `event`
[INFO] [stdout]   --> src/graphics/window.rs:30:34
[INFO] [stdout]    |
[INFO] [stdout] 30 |         event_loop.run(move |mut event, _, control_flow| {
[INFO] [stdout]    |                                  ^^^^^ help: if this is intentional, prefix it with an underscore: `_event`
[INFO] [stdout] 
[INFO] [stdout] 
[INFO] [stdout] warning: unused variable: `control_flow`
[INFO] [stdout]   --> src/graphics/window.rs:30:44
[INFO] [stdout]    |
[INFO] [stdout] 30 |         event_loop.run(move |mut event, _, control_flow| {
[INFO] [stdout]    |                                            ^^^^^^^^^^^^ help: if this is intentional, prefix it with an underscore: `_control_flow`
[INFO] [stdout] 
[INFO] [stdout] 
[INFO] [stdout] warning: variable does not need to be mutable
[INFO] [stdout]   --> src/graphics/window.rs:30:30
[INFO] [stdout]    |
[INFO] [stdout] 30 |         event_loop.run(move |mut event, _, control_flow| {
[INFO] [stdout]    |                              ----^^^^^
[INFO] [stdout]    |                              |
[INFO] [stdout]    |                              help: remove this `mut`
[INFO] [stdout]    |
[INFO] [stdout]    = note: `#[warn(unused_mut)]` on by default
[INFO] [stdout] 
[INFO] [stdout] 
[INFO] [stdout] warning: field `display` is never read
[INFO] [stdout]   --> src/graphics/window.rs:15:5
[INFO] [stdout]    |
[INFO] [stdout] 14 | pub struct Window {
[INFO] [stdout]    |            ------ field in this struct
[INFO] [stdout] 15 |     display: Display,
[INFO] [stdout]    |     ^^^^^^^
[INFO] [stdout]    |
[INFO] [stdout]    = note: `#[warn(dead_code)]` on by default
[INFO] [stdout] 
[INFO] [stdout] 
[INFO] [stderr]     Finished `dev` profile [unoptimized + debuginfo] target(s) in 1m 26s
[INFO] running `Command { std: "docker" "inspect" "c4841ad97fc88aed7dd9c887baacacc996e2cc1d338e07f70f90617962dcaf79", kill_on_drop: false }`
[INFO] running `Command { std: "docker" "rm" "-f" "c4841ad97fc88aed7dd9c887baacacc996e2cc1d338e07f70f90617962dcaf79", kill_on_drop: false }`
[INFO] [stdout] c4841ad97fc88aed7dd9c887baacacc996e2cc1d338e07f70f90617962dcaf79
[INFO] running `Command { std: "docker" "create" "-v" "/var/lib/crater-agent-workspace/builds/worker-1-tc1/target:/opt/rustwide/target:rw,Z" "-v" "/var/lib/crater-agent-workspace/builds/worker-1-tc1/source:/opt/rustwide/workdir:ro,Z" "-v" "/var/lib/crater-agent-workspace/cargo-home:/opt/rustwide/cargo-home:ro,Z" "-v" "/var/lib/crater-agent-workspace/rustup-home:/opt/rustwide/rustup-home:ro,Z" "-e" "SOURCE_DIR=/opt/rustwide/workdir" "-e" "CARGO_TARGET_DIR=/opt/rustwide/target" "-e" "CARGO_INCREMENTAL=0" "-e" "RUST_BACKTRACE=full" "-e" "RUSTFLAGS=--cap-lints=warn" "-e" "RUSTDOCFLAGS=--cap-lints=warn" "-e" "CARGO_HOME=/opt/rustwide/cargo-home" "-e" "RUSTUP_HOME=/opt/rustwide/rustup-home" "-w" "/opt/rustwide/workdir" "-m" "1610612736" "--user" "0:0" "--network" "none" "ghcr.io/rust-lang/crates-build-env/linux@sha256:f3a9d4ad9d972b27faf3965f35b62e55ba32bbce8f20bc8fe909558a86702fde" "/opt/rustwide/cargo-home/bin/cargo" "+1.83.0" "test" "--frozen" "--no-run" "--message-format=json", kill_on_drop: false }`
[INFO] [stdout] ea54fc06004cd9e8cb5b17306d3a24844ff66bccdbb00d8bfbd011ee89597113
[INFO] running `Command { std: "docker" "start" "-a" "ea54fc06004cd9e8cb5b17306d3a24844ff66bccdbb00d8bfbd011ee89597113", kill_on_drop: false }`
[INFO] [stderr]    Compiling sabo v0.1.1 (/opt/rustwide/workdir)
[INFO] [stdout] warning: unused variable: `ctx`
[INFO] [stdout]   --> src/graphics/window.rs:29:19
[INFO] [stdout]    |
[INFO] [stdout] 29 |     pub fn update(ctx: &mut Context, event_loop: EventLoop<()>) {
[INFO] [stdout]    |                   ^^^ help: if this is intentional, prefix it with an underscore: `_ctx`
[INFO] [stdout]    |
[INFO] [stdout]    = note: `#[warn(unused_variables)]` on by default
[INFO] [stdout] 
[INFO] [stdout] 
[INFO] [stdout] warning: unused variable: `event`
[INFO] [stdout]   --> src/graphics/window.rs:30:34
[INFO] [stdout]    |
[INFO] [stdout] 30 |         event_loop.run(move |mut event, _, control_flow| {
[INFO] [stdout]    |                                  ^^^^^ help: if this is intentional, prefix it with an underscore: `_event`
[INFO] [stdout] 
[INFO] [stdout] 
[INFO] [stdout] warning: unused variable: `control_flow`
[INFO] [stdout]   --> src/graphics/window.rs:30:44
[INFO] [stdout]    |
[INFO] [stdout] 30 |         event_loop.run(move |mut event, _, control_flow| {
[INFO] [stdout]    |                                            ^^^^^^^^^^^^ help: if this is intentional, prefix it with an underscore: `_control_flow`
[INFO] [stdout] 
[INFO] [stdout] 
[INFO] [stdout] warning: variable does not need to be mutable
[INFO] [stdout]   --> src/graphics/window.rs:30:30
[INFO] [stdout]    |
[INFO] [stdout] 30 |         event_loop.run(move |mut event, _, control_flow| {
[INFO] [stdout]    |                              ----^^^^^
[INFO] [stdout]    |                              |
[INFO] [stdout]    |                              help: remove this `mut`
[INFO] [stdout]    |
[INFO] [stdout]    = note: `#[warn(unused_mut)]` on by default
[INFO] [stdout] 
[INFO] [stdout] 
[INFO] [stdout] warning: field `display` is never read
[INFO] [stdout]   --> src/graphics/window.rs:15:5
[INFO] [stdout]    |
[INFO] [stdout] 14 | pub struct Window {
[INFO] [stdout]    |            ------ field in this struct
[INFO] [stdout] 15 |     display: Display,
[INFO] [stdout]    |     ^^^^^^^
[INFO] [stdout]    |
[INFO] [stdout]    = note: `#[warn(dead_code)]` on by default
[INFO] [stdout] 
[INFO] [stdout] 
[INFO] [stdout] warning: unused variable: `ctx`
[INFO] [stdout]   --> src/graphics/window.rs:29:19
[INFO] [stdout]    |
[INFO] [stdout] 29 |     pub fn update(ctx: &mut Context, event_loop: EventLoop<()>) {
[INFO] [stdout]    |                   ^^^ help: if this is intentional, prefix it with an underscore: `_ctx`
[INFO] [stdout]    |
[INFO] [stdout]    = note: `#[warn(unused_variables)]` on by default
[INFO] [stdout] 
[INFO] [stdout] 
[INFO] [stdout] warning: unused variable: `event`
[INFO] [stdout]   --> src/graphics/window.rs:30:34
[INFO] [stdout]    |
[INFO] [stdout] 30 |         event_loop.run(move |mut event, _, control_flow| {
[INFO] [stdout]    |                                  ^^^^^ help: if this is intentional, prefix it with an underscore: `_event`
[INFO] [stdout] 
[INFO] [stdout] 
[INFO] [stdout] warning: unused variable: `control_flow`
[INFO] [stdout]   --> src/graphics/window.rs:30:44
[INFO] [stdout]    |
[INFO] [stdout] 30 |         event_loop.run(move |mut event, _, control_flow| {
[INFO] [stdout]    |                                            ^^^^^^^^^^^^ help: if this is intentional, prefix it with an underscore: `_control_flow`
[INFO] [stdout] 
[INFO] [stdout] 
[INFO] [stdout] warning: variable does not need to be mutable
[INFO] [stdout]   --> src/graphics/window.rs:30:30
[INFO] [stdout]    |
[INFO] [stdout] 30 |         event_loop.run(move |mut event, _, control_flow| {
[INFO] [stdout]    |                              ----^^^^^
[INFO] [stdout]    |                              |
[INFO] [stdout]    |                              help: remove this `mut`
[INFO] [stdout]    |
[INFO] [stdout]    = note: `#[warn(unused_mut)]` on by default
[INFO] [stdout] 
[INFO] [stdout] 
[INFO] [stdout] warning: field `display` is never read
[INFO] [stdout]   --> src/graphics/window.rs:15:5
[INFO] [stdout]    |
[INFO] [stdout] 14 | pub struct Window {
[INFO] [stdout]    |            ------ field in this struct
[INFO] [stdout] 15 |     display: Display,
[INFO] [stdout]    |     ^^^^^^^
[INFO] [stdout]    |
[INFO] [stdout]    = note: `#[warn(dead_code)]` on by default
[INFO] [stdout] 
[INFO] [stdout] 
[INFO] [stderr]     Finished `test` profile [unoptimized + debuginfo] target(s) in 4.81s
[INFO] running `Command { std: "docker" "inspect" "ea54fc06004cd9e8cb5b17306d3a24844ff66bccdbb00d8bfbd011ee89597113", kill_on_drop: false }`
[INFO] running `Command { std: "docker" "rm" "-f" "ea54fc06004cd9e8cb5b17306d3a24844ff66bccdbb00d8bfbd011ee89597113", kill_on_drop: false }`
[INFO] [stdout] ea54fc06004cd9e8cb5b17306d3a24844ff66bccdbb00d8bfbd011ee89597113
[INFO] running `Command { std: "docker" "create" "-v" "/var/lib/crater-agent-workspace/builds/worker-1-tc1/target:/opt/rustwide/target:rw,Z" "-v" "/var/lib/crater-agent-workspace/builds/worker-1-tc1/source:/opt/rustwide/workdir:ro,Z" "-v" "/var/lib/crater-agent-workspace/cargo-home:/opt/rustwide/cargo-home:ro,Z" "-v" "/var/lib/crater-agent-workspace/rustup-home:/opt/rustwide/rustup-home:ro,Z" "-e" "SOURCE_DIR=/opt/rustwide/workdir" "-e" "CARGO_TARGET_DIR=/opt/rustwide/target" "-e" "CARGO_INCREMENTAL=0" "-e" "RUST_BACKTRACE=full" "-e" "RUSTFLAGS=--cap-lints=warn" "-e" "RUSTDOCFLAGS=--cap-lints=warn" "-e" "CARGO_HOME=/opt/rustwide/cargo-home" "-e" "RUSTUP_HOME=/opt/rustwide/rustup-home" "-w" "/opt/rustwide/workdir" "-m" "1610612736" "--user" "0:0" "--network" "none" "ghcr.io/rust-lang/crates-build-env/linux@sha256:f3a9d4ad9d972b27faf3965f35b62e55ba32bbce8f20bc8fe909558a86702fde" "/opt/rustwide/cargo-home/bin/cargo" "+1.83.0" "test" "--frozen", kill_on_drop: false }`
[INFO] [stdout] a7045d1b665531a7b57bd892675d37f3c6d98371f68b6dedc1874fc39ef54c23
[INFO] running `Command { std: "docker" "start" "-a" "a7045d1b665531a7b57bd892675d37f3c6d98371f68b6dedc1874fc39ef54c23", kill_on_drop: false }`
[INFO] [stderr] warning: unused variable: `ctx`
[INFO] [stderr]   --> src/graphics/window.rs:29:19
[INFO] [stderr]    |
[INFO] [stderr] 29 |     pub fn update(ctx: &mut Context, event_loop: EventLoop<()>) {
[INFO] [stderr]    |                   ^^^ help: if this is intentional, prefix it with an underscore: `_ctx`
[INFO] [stderr]    |
[INFO] [stderr]    = note: `#[warn(unused_variables)]` on by default
[INFO] [stderr] 
[INFO] [stderr] warning: unused variable: `event`
[INFO] [stderr]   --> src/graphics/window.rs:30:34
[INFO] [stderr]    |
[INFO] [stderr] 30 |         event_loop.run(move |mut event, _, control_flow| {
[INFO] [stderr]    |                                  ^^^^^ help: if this is intentional, prefix it with an underscore: `_event`
[INFO] [stderr] 
[INFO] [stderr] warning: unused variable: `control_flow`
[INFO] [stderr]   --> src/graphics/window.rs:30:44
[INFO] [stderr]    |
[INFO] [stderr] 30 |         event_loop.run(move |mut event, _, control_flow| {
[INFO] [stderr]    |                                            ^^^^^^^^^^^^ help: if this is intentional, prefix it with an underscore: `_control_flow`
[INFO] [stderr] 
[INFO] [stderr] warning: variable does not need to be mutable
[INFO] [stderr]   --> src/graphics/window.rs:30:30
[INFO] [stderr]    |
[INFO] [stderr] 30 |         event_loop.run(move |mut event, _, control_flow| {
[INFO] [stderr]    |                              ----^^^^^
[INFO] [stderr]    |                              |
[INFO] [stderr]    |                              help: remove this `mut`
[INFO] [stderr]    |
[INFO] [stderr]    = note: `#[warn(unused_mut)]` on by default
[INFO] [stderr] 
[INFO] [stderr] warning: field `display` is never read
[INFO] [stderr]   --> src/graphics/window.rs:15:5
[INFO] [stderr]    |
[INFO] [stderr] 14 | pub struct Window {
[INFO] [stderr]    |            ------ field in this struct
[INFO] [stderr] 15 |     display: Display,
[INFO] [stderr]    |     ^^^^^^^
[INFO] [stderr]    |
[INFO] [stderr]    = note: `#[warn(dead_code)]` on by default
[INFO] [stderr] 
[INFO] [stderr] warning: `sabo` (lib) generated 5 warnings (run `cargo fix --lib -p sabo` to apply 1 suggestion)
[INFO] [stderr] warning: `sabo` (lib test) generated 5 warnings (5 duplicates)
[INFO] [stderr]     Finished `test` profile [unoptimized + debuginfo] target(s) in 0.13s
[INFO] [stderr]      Running unittests src/lib.rs (/opt/rustwide/target/debug/deps/sabo-7104561744d4c362)
[INFO] [stdout] 
[INFO] [stdout] running 1 test
[INFO] [stdout] test tests::general::create_engine ... FAILED
[INFO] [stdout] 
[INFO] [stdout] failures:
[INFO] [stdout] 
[INFO] [stdout] ---- tests::general::create_engine stdout ----
[INFO] [stdout] thread 'tests::general::create_engine' panicked at /opt/rustwide/cargo-home/registry/src/index.crates.io-6f17d22bba15001f/winit-0.26.1/src/platform_impl/linux/mod.rs:758:9:
[INFO] [stdout] Initializing the event loop outside of the main thread is a significant cross-platform compatibility hazard. If you really, absolutely need to create an EventLoop on a different thread, please use the `EventLoopExtUnix::new_any_thread` function.
[INFO] [stdout] stack backtrace:
[INFO] [stdout]    0:     0x63e84a85a6ba - std::backtrace_rs::backtrace::libunwind::trace::h5a5b8284f2d0c266
[INFO] [stdout]                                at /rustc/90b35a6239c3d8bdabc530a6a0816f7ff89a0aaf/library/std/src/../../backtrace/src/backtrace/libunwind.rs:116:5
[INFO] [stdout]    1:     0x63e84a85a6ba - std::backtrace_rs::backtrace::trace_unsynchronized::h76d4f1c9b0b875e3
[INFO] [stdout]                                at /rustc/90b35a6239c3d8bdabc530a6a0816f7ff89a0aaf/library/std/src/../../backtrace/src/backtrace/mod.rs:66:5
[INFO] [stdout]    2:     0x63e84a85a6ba - std::sys::backtrace::_print_fmt::hc4546b8364a537c6
[INFO] [stdout]                                at /rustc/90b35a6239c3d8bdabc530a6a0816f7ff89a0aaf/library/std/src/sys/backtrace.rs:66:9
[INFO] [stdout]    3:     0x63e84a85a6ba - <std::sys::backtrace::BacktraceLock::print::DisplayBacktrace as core::fmt::Display>::fmt::h5b6bd5631a6d1f6b
[INFO] [stdout]                                at /rustc/90b35a6239c3d8bdabc530a6a0816f7ff89a0aaf/library/std/src/sys/backtrace.rs:39:26
[INFO] [stdout]    4:     0x63e84a882c43 - core::fmt::rt::Argument::fmt::h270f6602a2b96f62
[INFO] [stdout]                                at /rustc/90b35a6239c3d8bdabc530a6a0816f7ff89a0aaf/library/core/src/fmt/rt.rs:177:76
[INFO] [stdout]    5:     0x63e84a882c43 - core::fmt::write::h7550c97b06c86515
[INFO] [stdout]                                at /rustc/90b35a6239c3d8bdabc530a6a0816f7ff89a0aaf/library/core/src/fmt/mod.rs:1186:21
[INFO] [stdout]    6:     0x63e84a857313 - std::io::Write::write_fmt::h509ff860e5956e5e
[INFO] [stdout]                                at /rustc/90b35a6239c3d8bdabc530a6a0816f7ff89a0aaf/library/std/src/io/mod.rs:1839:15
[INFO] [stdout]    7:     0x63e84a85a502 - std::sys::backtrace::BacktraceLock::print::h2395ccd2c84ba3aa
[INFO] [stdout]                                at /rustc/90b35a6239c3d8bdabc530a6a0816f7ff89a0aaf/library/std/src/sys/backtrace.rs:42:9
[INFO] [stdout]    8:     0x63e84a85bb1a - std::panicking::default_hook::{{closure}}::he19d4c7230e07961
[INFO] [stdout]                                at /rustc/90b35a6239c3d8bdabc530a6a0816f7ff89a0aaf/library/std/src/panicking.rs:268:22
[INFO] [stdout]    9:     0x63e84a85b924 - std::panicking::default_hook::hf614597d3c67bbdb
[INFO] [stdout]                                at /rustc/90b35a6239c3d8bdabc530a6a0816f7ff89a0aaf/library/std/src/panicking.rs:292:9
[INFO] [stdout]   10:     0x63e84a445119 - <alloc::boxed::Box<F,A> as core::ops::function::Fn<Args>>::call::h39b51ce4599c23d1
[INFO] [stdout]                                at /rustc/90b35a6239c3d8bdabc530a6a0816f7ff89a0aaf/library/alloc/src/boxed.rs:2468:9
[INFO] [stdout]   11:     0x63e84a445119 - test::test_main::{{closure}}::he977ae839a582784
[INFO] [stdout]                                at /rustc/90b35a6239c3d8bdabc530a6a0816f7ff89a0aaf/library/test/src/lib.rs:133:21
[INFO] [stdout]   12:     0x63e84a85c1b8 - <alloc::boxed::Box<F,A> as core::ops::function::Fn<Args>>::call::h9455091b6b06f9fb
[INFO] [stdout]                                at /rustc/90b35a6239c3d8bdabc530a6a0816f7ff89a0aaf/library/alloc/src/boxed.rs:2468:9
[INFO] [stdout]   13:     0x63e84a85c1b8 - std::panicking::rust_panic_with_hook::h8942133a8b252070
[INFO] [stdout]                                at /rustc/90b35a6239c3d8bdabc530a6a0816f7ff89a0aaf/library/std/src/panicking.rs:809:13
[INFO] [stdout]   14:     0x63e84a85bf7a - std::panicking::begin_panic_handler::{{closure}}::hb5f5963570096b29
[INFO] [stdout]                                at /rustc/90b35a6239c3d8bdabc530a6a0816f7ff89a0aaf/library/std/src/panicking.rs:674:13
[INFO] [stdout]   15:     0x63e84a85ab99 - std::sys::backtrace::__rust_end_short_backtrace::h6208cedc1922feda
[INFO] [stdout]                                at /rustc/90b35a6239c3d8bdabc530a6a0816f7ff89a0aaf/library/std/src/sys/backtrace.rs:170:18
[INFO] [stdout]   16:     0x63e84a85bc0c - rust_begin_unwind
[INFO] [stdout]                                at /rustc/90b35a6239c3d8bdabc530a6a0816f7ff89a0aaf/library/std/src/panicking.rs:665:5
[INFO] [stdout]   17:     0x63e84a34ec70 - core::panicking::panic_fmt::h0c3082644d1bf418
[INFO] [stdout]                                at /rustc/90b35a6239c3d8bdabc530a6a0816f7ff89a0aaf/library/core/src/panicking.rs:74:14
[INFO] [stdout]   18:     0x63e84a59b810 - winit::platform_impl::platform::assert_is_main_thread::h0e413322636eecd8
[INFO] [stdout]                                at /opt/rustwide/cargo-home/registry/src/index.crates.io-6f17d22bba15001f/winit-0.26.1/src/platform_impl/linux/mod.rs:758:9
[INFO] [stdout]   19:     0x63e84a59af50 - winit::platform_impl::platform::EventLoop<T>::new::h3eec406e9fdcaf0e
[INFO] [stdout]                                at /opt/rustwide/cargo-home/registry/src/index.crates.io-6f17d22bba15001f/winit-0.26.1/src/platform_impl/linux/mod.rs:572:9
[INFO] [stdout]   20:     0x63e84a6306cb - winit::event_loop::EventLoop<T>::with_user_event::h89a6543dd8b15db3
[INFO] [stdout]                                at /opt/rustwide/cargo-home/registry/src/index.crates.io-6f17d22bba15001f/winit-0.26.1/src/event_loop.rs:134:25
[INFO] [stdout]   21:     0x63e84a63069e - winit::event_loop::EventLoop<()>::new::h48b31cbaa9ee556e
[INFO] [stdout]                                at /opt/rustwide/cargo-home/registry/src/index.crates.io-6f17d22bba15001f/winit-0.26.1/src/event_loop.rs:120:9
[INFO] [stdout]   22:     0x63e84a4037b5 - sabo::general::engine::Engine::run::h21f4d906bb9fe3eb
[INFO] [stdout]                                at /opt/rustwide/workdir/src/general/engine.rs:33:26
[INFO] [stdout]   23:     0x63e84a3f0dc6 - sabo::tests::general::create_engine::h49517d1c129196de
[INFO] [stdout]                                at /opt/rustwide/workdir/src/tests/general.rs:8:5
[INFO] [stdout]   24:     0x63e84a3f0d97 - sabo::tests::general::create_engine::{{closure}}::h899a444844815c2e
[INFO] [stdout]                                at /opt/rustwide/workdir/src/tests/general.rs:6:19
[INFO] [stdout]   25:     0x63e84a3fee06 - core::ops::function::FnOnce::call_once::hd75670a0e5e51cd2
[INFO] [stdout]                                at /rustc/90b35a6239c3d8bdabc530a6a0816f7ff89a0aaf/library/core/src/ops/function.rs:250:5
[INFO] [stdout]   26:     0x63e84a449adb - core::ops::function::FnOnce::call_once::h109cf8051a59b34e
[INFO] [stdout]                                at /rustc/90b35a6239c3d8bdabc530a6a0816f7ff89a0aaf/library/core/src/ops/function.rs:250:5
[INFO] [stdout]   27:     0x63e84a449adb - test::__rust_begin_short_backtrace::hf4fff89d377446ba
[INFO] [stdout]                                at /rustc/90b35a6239c3d8bdabc530a6a0816f7ff89a0aaf/library/test/src/lib.rs:621:18
[INFO] [stdout]   28:     0x63e84a449317 - test::run_test_in_process::{{closure}}::h0e39181dd7ee5a43
[INFO] [stdout]                                at /rustc/90b35a6239c3d8bdabc530a6a0816f7ff89a0aaf/library/test/src/lib.rs:644:60
[INFO] [stdout]   29:     0x63e84a449317 - <core::panic::unwind_safe::AssertUnwindSafe<F> as core::ops::function::FnOnce<()>>::call_once::hc5a66a30f0bdfd1f
[INFO] [stdout]                                at /rustc/90b35a6239c3d8bdabc530a6a0816f7ff89a0aaf/library/core/src/panic/unwind_safe.rs:272:9
[INFO] [stdout]   30:     0x63e84a449317 - std::panicking::try::do_call::h873b7cf639554a5e
[INFO] [stdout]                                at /rustc/90b35a6239c3d8bdabc530a6a0816f7ff89a0aaf/library/std/src/panicking.rs:557:40
[INFO] [stdout]   31:     0x63e84a449317 - std::panicking::try::hdb19862fad9c8bd1
[INFO] [stdout]                                at /rustc/90b35a6239c3d8bdabc530a6a0816f7ff89a0aaf/library/std/src/panicking.rs:520:19
[INFO] [stdout]   32:     0x63e84a449317 - std::panic::catch_unwind::h281fe732d236d260
[INFO] [stdout]                                at /rustc/90b35a6239c3d8bdabc530a6a0816f7ff89a0aaf/library/std/src/panic.rs:358:14
[INFO] [stdout]   33:     0x63e84a449317 - test::run_test_in_process::h949b6df8457ed338
[INFO] [stdout]                                at /rustc/90b35a6239c3d8bdabc530a6a0816f7ff89a0aaf/library/test/src/lib.rs:644:27
[INFO] [stdout]   34:     0x63e84a449317 - test::run_test::{{closure}}::h52c556a6d4740e10
[INFO] [stdout]                                at /rustc/90b35a6239c3d8bdabc530a6a0816f7ff89a0aaf/library/test/src/lib.rs:565:43
[INFO] [stdout]   35:     0x63e84a40e5f4 - test::run_test::{{closure}}::h4237f6381c45ccb9
[INFO] [stdout]                                at /rustc/90b35a6239c3d8bdabc530a6a0816f7ff89a0aaf/library/test/src/lib.rs:595:41
[INFO] [stdout]   36:     0x63e84a40e5f4 - std::sys::backtrace::__rust_begin_short_backtrace::h505c97a579eca628
[INFO] [stdout]                                at /rustc/90b35a6239c3d8bdabc530a6a0816f7ff89a0aaf/library/std/src/sys/backtrace.rs:154:18
[INFO] [stdout]   37:     0x63e84a411cbe - std::thread::Builder::spawn_unchecked_::{{closure}}::{{closure}}::h9e86b2e2bc107ea3
[INFO] [stdout]                                at /rustc/90b35a6239c3d8bdabc530a6a0816f7ff89a0aaf/library/std/src/thread/mod.rs:538:17
[INFO] [stdout]   38:     0x63e84a411cbe - <core::panic::unwind_safe::AssertUnwindSafe<F> as core::ops::function::FnOnce<()>>::call_once::h8b06ddb275ff4a25
[INFO] [stdout]                                at /rustc/90b35a6239c3d8bdabc530a6a0816f7ff89a0aaf/library/core/src/panic/unwind_safe.rs:272:9
[INFO] [stdout]   39:     0x63e84a411cbe - std::panicking::try::do_call::hb26ecd7cd9a9355d
[INFO] [stdout]                                at /rustc/90b35a6239c3d8bdabc530a6a0816f7ff89a0aaf/library/std/src/panicking.rs:557:40
[INFO] [stdout]   40:     0x63e84a411cbe - std::panicking::try::h8ddeca9d705f9069
[INFO] [stdout]                                at /rustc/90b35a6239c3d8bdabc530a6a0816f7ff89a0aaf/library/std/src/panicking.rs:520:19
[INFO] [stdout]   41:     0x63e84a411cbe - std::panic::catch_unwind::h49e1c33078844c46
[INFO] [stdout]                                at /rustc/90b35a6239c3d8bdabc530a6a0816f7ff89a0aaf/library/std/src/panic.rs:358:14
[INFO] [stdout]   42:     0x63e84a411cbe - std::thread::Builder::spawn_unchecked_::{{closure}}::h6073db6ff56ad35d
[INFO] [stdout]                                at /rustc/90b35a6239c3d8bdabc530a6a0816f7ff89a0aaf/library/std/src/thread/mod.rs:537:30
[INFO] [stdout]   43:     0x63e84a411cbe - core::ops::function::FnOnce::call_once{{vtable.shim}}::h2c5a5f3779c774f1
[INFO] [stdout]                                at /rustc/90b35a6239c3d8bdabc530a6a0816f7ff89a0aaf/library/core/src/ops/function.rs:250:5
[INFO] [stdout]   44:     0x63e84a8601fb - <alloc::boxed::Box<F,A> as core::ops::function::FnOnce<Args>>::call_once::hf75717d9f28faebf
[INFO] [stdout]                                at /rustc/90b35a6239c3d8bdabc530a6a0816f7ff89a0aaf/library/alloc/src/boxed.rs:2454:9
[INFO] [stdout]   45:     0x63e84a8601fb - <alloc::boxed::Box<F,A> as core::ops::function::FnOnce<Args>>::call_once::h7bd883a5f3c5f3c1
[INFO] [stdout]                                at /rustc/90b35a6239c3d8bdabc530a6a0816f7ff89a0aaf/library/alloc/src/boxed.rs:2454:9
[INFO] [stdout]   46:     0x63e84a8601fb - std::sys::pal::unix::thread::Thread::new::thread_start::hcc78f3943333fa94
[INFO] [stdout]                                at /rustc/90b35a6239c3d8bdabc530a6a0816f7ff89a0aaf/library/std/src/sys/pal/unix/thread.rs:105:17
[INFO] [stdout]   47:     0x781a69c5cac3 - <unknown>
[INFO] [stdout]   48:     0x781a69ceda04 - clone
[INFO] [stdout]   49:                0x0 - <unknown>
[INFO] [stdout] 
[INFO] [stdout] 
[INFO] [stdout] failures:
[INFO] [stdout]     tests::general::create_engine
[INFO] [stdout] 
[INFO] [stdout] test result: FAILED. 0 passed; 1 failed; 0 ignored; 0 measured; 0 filtered out; finished in 0.03s
[INFO] [stdout] 
[INFO] [stderr] error: test failed, to rerun pass `--lib`
[INFO] running `Command { std: "docker" "inspect" "a7045d1b665531a7b57bd892675d37f3c6d98371f68b6dedc1874fc39ef54c23", kill_on_drop: false }`
[INFO] running `Command { std: "docker" "rm" "-f" "a7045d1b665531a7b57bd892675d37f3c6d98371f68b6dedc1874fc39ef54c23", kill_on_drop: false }`
[INFO] [stdout] a7045d1b665531a7b57bd892675d37f3c6d98371f68b6dedc1874fc39ef54c23
