[INFO] fetching crate rustradio_macros 0.6.1...
[INFO] testing rustradio_macros-0.6.1 against 1.83.0 for beta-1.84.0-4-retry
[INFO] extracting crate rustradio_macros 0.6.1 into /workspace/builds/worker-2-tc1/source
[INFO] validating manifest of crates.io crate rustradio_macros 0.6.1 on toolchain 1.83.0
[INFO] running `Command { std: CARGO_HOME="/workspace/cargo-home" RUSTUP_HOME="/workspace/rustup-home" "/workspace/cargo-home/bin/cargo" "+1.83.0" "metadata" "--manifest-path" "Cargo.toml" "--no-deps", kill_on_drop: false }`
[INFO] started tweaking crates.io crate rustradio_macros 0.6.1
[INFO] finished tweaking crates.io crate rustradio_macros 0.6.1
[INFO] tweaked toml for crates.io crate rustradio_macros 0.6.1 written to /workspace/builds/worker-2-tc1/source/Cargo.toml
[INFO] running `Command { std: CARGO_HOME="/workspace/cargo-home" RUSTUP_HOME="/workspace/rustup-home" "/workspace/cargo-home/bin/cargo" "+1.83.0" "generate-lockfile" "--manifest-path" "Cargo.toml", kill_on_drop: false }`
[INFO] [stderr]     Blocking waiting for file lock on package cache
[INFO] [stderr]     Updating crates.io index
[INFO] [stderr]      Locking 5 packages to latest compatible versions
[INFO] running `Command { std: CARGO_HOME="/workspace/cargo-home" RUSTUP_HOME="/workspace/rustup-home" "/workspace/cargo-home/bin/cargo" "+1.83.0" "fetch" "--manifest-path" "Cargo.toml", kill_on_drop: false }`
[INFO] [stderr]     Blocking waiting for file lock on package cache
[INFO] running `Command { std: "docker" "create" "-v" "/var/lib/crater-agent-workspace/builds/worker-2-tc1/target:/opt/rustwide/target:rw,Z" "-v" "/var/lib/crater-agent-workspace/builds/worker-2-tc1/source:/opt/rustwide/workdir:ro,Z" "-v" "/var/lib/crater-agent-workspace/cargo-home:/opt/rustwide/cargo-home:ro,Z" "-v" "/var/lib/crater-agent-workspace/rustup-home:/opt/rustwide/rustup-home:ro,Z" "-e" "SOURCE_DIR=/opt/rustwide/workdir" "-e" "CARGO_TARGET_DIR=/opt/rustwide/target" "-e" "CARGO_HOME=/opt/rustwide/cargo-home" "-e" "RUSTUP_HOME=/opt/rustwide/rustup-home" "-w" "/opt/rustwide/workdir" "-m" "1610612736" "--user" "0:0" "--network" "none" "ghcr.io/rust-lang/crates-build-env/linux@sha256:f3a9d4ad9d972b27faf3965f35b62e55ba32bbce8f20bc8fe909558a86702fde" "/opt/rustwide/cargo-home/bin/cargo" "+1.83.0" "metadata" "--no-deps" "--format-version=1", kill_on_drop: false }`
[INFO] [stdout] f1a70ab3ca9b53f69d5593d54dfc6624c1c68c97d5ebf06378e06c9aab0288a4
[INFO] running `Command { std: "docker" "start" "-a" "f1a70ab3ca9b53f69d5593d54dfc6624c1c68c97d5ebf06378e06c9aab0288a4", kill_on_drop: false }`
[INFO] running `Command { std: "docker" "inspect" "f1a70ab3ca9b53f69d5593d54dfc6624c1c68c97d5ebf06378e06c9aab0288a4", kill_on_drop: false }`
[INFO] running `Command { std: "docker" "rm" "-f" "f1a70ab3ca9b53f69d5593d54dfc6624c1c68c97d5ebf06378e06c9aab0288a4", kill_on_drop: false }`
[INFO] [stdout] f1a70ab3ca9b53f69d5593d54dfc6624c1c68c97d5ebf06378e06c9aab0288a4
[INFO] running `Command { std: "docker" "create" "-v" "/var/lib/crater-agent-workspace/builds/worker-2-tc1/target:/opt/rustwide/target:rw,Z" "-v" "/var/lib/crater-agent-workspace/builds/worker-2-tc1/source:/opt/rustwide/workdir:ro,Z" "-v" "/var/lib/crater-agent-workspace/cargo-home:/opt/rustwide/cargo-home:ro,Z" "-v" "/var/lib/crater-agent-workspace/rustup-home:/opt/rustwide/rustup-home:ro,Z" "-e" "SOURCE_DIR=/opt/rustwide/workdir" "-e" "CARGO_TARGET_DIR=/opt/rustwide/target" "-e" "CARGO_INCREMENTAL=0" "-e" "RUST_BACKTRACE=full" "-e" "RUSTFLAGS=--cap-lints=warn" "-e" "RUSTDOCFLAGS=--cap-lints=warn" "-e" "CARGO_HOME=/opt/rustwide/cargo-home" "-e" "RUSTUP_HOME=/opt/rustwide/rustup-home" "-w" "/opt/rustwide/workdir" "-m" "1610612736" "--user" "0:0" "--network" "none" "ghcr.io/rust-lang/crates-build-env/linux@sha256:f3a9d4ad9d972b27faf3965f35b62e55ba32bbce8f20bc8fe909558a86702fde" "/opt/rustwide/cargo-home/bin/cargo" "+1.83.0" "build" "--frozen" "--message-format=json", kill_on_drop: false }`
[INFO] [stdout] 1502060cc38e31126bacab7305fa1116bdca73ca1f2e0401ac1049178ecd5f37
[INFO] running `Command { std: "docker" "start" "-a" "1502060cc38e31126bacab7305fa1116bdca73ca1f2e0401ac1049178ecd5f37", kill_on_drop: false }`
[INFO] [stderr]    Compiling proc-macro2 v1.0.92
[INFO] [stderr]    Compiling unicode-ident v1.0.14
[INFO] [stderr]    Compiling paste v1.0.15
[INFO] [stderr]    Compiling quote v1.0.37
[INFO] [stderr]    Compiling syn v2.0.90
[INFO] [stderr]    Compiling rustradio_macros v0.6.1 (/opt/rustwide/workdir)
[INFO] [stderr]     Finished `dev` profile [unoptimized + debuginfo] target(s) in 7.89s
[INFO] running `Command { std: "docker" "inspect" "1502060cc38e31126bacab7305fa1116bdca73ca1f2e0401ac1049178ecd5f37", kill_on_drop: false }`
[INFO] running `Command { std: "docker" "rm" "-f" "1502060cc38e31126bacab7305fa1116bdca73ca1f2e0401ac1049178ecd5f37", kill_on_drop: false }`
[INFO] [stdout] 1502060cc38e31126bacab7305fa1116bdca73ca1f2e0401ac1049178ecd5f37
[INFO] running `Command { std: "docker" "create" "-v" "/var/lib/crater-agent-workspace/builds/worker-2-tc1/target:/opt/rustwide/target:rw,Z" "-v" "/var/lib/crater-agent-workspace/builds/worker-2-tc1/source:/opt/rustwide/workdir:ro,Z" "-v" "/var/lib/crater-agent-workspace/cargo-home:/opt/rustwide/cargo-home:ro,Z" "-v" "/var/lib/crater-agent-workspace/rustup-home:/opt/rustwide/rustup-home:ro,Z" "-e" "SOURCE_DIR=/opt/rustwide/workdir" "-e" "CARGO_TARGET_DIR=/opt/rustwide/target" "-e" "CARGO_INCREMENTAL=0" "-e" "RUST_BACKTRACE=full" "-e" "RUSTFLAGS=--cap-lints=warn" "-e" "RUSTDOCFLAGS=--cap-lints=warn" "-e" "CARGO_HOME=/opt/rustwide/cargo-home" "-e" "RUSTUP_HOME=/opt/rustwide/rustup-home" "-w" "/opt/rustwide/workdir" "-m" "1610612736" "--user" "0:0" "--network" "none" "ghcr.io/rust-lang/crates-build-env/linux@sha256:f3a9d4ad9d972b27faf3965f35b62e55ba32bbce8f20bc8fe909558a86702fde" "/opt/rustwide/cargo-home/bin/cargo" "+1.83.0" "test" "--frozen" "--no-run" "--message-format=json", kill_on_drop: false }`
[INFO] [stdout] 5c4f6610d2b78c3d1f1646ad38216f4d1b3a99ecc9785fba95ffab7b9e22c269
[INFO] running `Command { std: "docker" "start" "-a" "5c4f6610d2b78c3d1f1646ad38216f4d1b3a99ecc9785fba95ffab7b9e22c269", kill_on_drop: false }`
[INFO] [stderr]    Compiling rustradio_macros v0.6.1 (/opt/rustwide/workdir)
[INFO] [stderr]     Finished `test` profile [unoptimized + debuginfo] target(s) in 1.50s
[INFO] running `Command { std: "docker" "inspect" "5c4f6610d2b78c3d1f1646ad38216f4d1b3a99ecc9785fba95ffab7b9e22c269", kill_on_drop: false }`
[INFO] running `Command { std: "docker" "rm" "-f" "5c4f6610d2b78c3d1f1646ad38216f4d1b3a99ecc9785fba95ffab7b9e22c269", kill_on_drop: false }`
[INFO] [stdout] 5c4f6610d2b78c3d1f1646ad38216f4d1b3a99ecc9785fba95ffab7b9e22c269
[INFO] running `Command { std: "docker" "create" "-v" "/var/lib/crater-agent-workspace/builds/worker-2-tc1/target:/opt/rustwide/target:rw,Z" "-v" "/var/lib/crater-agent-workspace/builds/worker-2-tc1/source:/opt/rustwide/workdir:ro,Z" "-v" "/var/lib/crater-agent-workspace/cargo-home:/opt/rustwide/cargo-home:ro,Z" "-v" "/var/lib/crater-agent-workspace/rustup-home:/opt/rustwide/rustup-home:ro,Z" "-e" "SOURCE_DIR=/opt/rustwide/workdir" "-e" "CARGO_TARGET_DIR=/opt/rustwide/target" "-e" "CARGO_INCREMENTAL=0" "-e" "RUST_BACKTRACE=full" "-e" "RUSTFLAGS=--cap-lints=warn" "-e" "RUSTDOCFLAGS=--cap-lints=warn" "-e" "CARGO_HOME=/opt/rustwide/cargo-home" "-e" "RUSTUP_HOME=/opt/rustwide/rustup-home" "-w" "/opt/rustwide/workdir" "-m" "1610612736" "--user" "0:0" "--network" "none" "ghcr.io/rust-lang/crates-build-env/linux@sha256:f3a9d4ad9d972b27faf3965f35b62e55ba32bbce8f20bc8fe909558a86702fde" "/opt/rustwide/cargo-home/bin/cargo" "+1.83.0" "test" "--frozen", kill_on_drop: false }`
[INFO] [stdout] b20f84ffec54ed3c377dd694f7a3764fe0c89dfd3768569873897245f3adc387
[INFO] running `Command { std: "docker" "start" "-a" "b20f84ffec54ed3c377dd694f7a3764fe0c89dfd3768569873897245f3adc387", kill_on_drop: false }`
[INFO] [stderr]     Finished `test` profile [unoptimized + debuginfo] target(s) in 0.02s
[INFO] [stderr]      Running unittests src/lib.rs (/opt/rustwide/target/debug/deps/rustradio_macros-6bb4ef3c8c7f0939)
[INFO] [stdout] 
[INFO] [stdout] running 0 tests
[INFO] [stdout] 
[INFO] [stdout] test result: ok. 0 passed; 0 failed; 0 ignored; 0 measured; 0 filtered out; finished in 0.00s
[INFO] [stdout] 
[INFO] [stderr]    Doc-tests rustradio_macros
[INFO] [stdout] 
[INFO] [stdout] running 1 test
[INFO] [stdout] test src/lib.rs - derive_block (line 116) ... FAILED
[INFO] [stdout] 
[INFO] [stdout] failures:
[INFO] [stdout] 
[INFO] [stdout] ---- src/lib.rs - derive_block (line 116) stdout ----
[INFO] [stdout] error: unknown start of token: \u{2026}
[INFO] [stdout]   --> src/lib.rs:129:11
[INFO] [stdout]    |
[INFO] [stdout] 16 |   fn work(…) … {
[INFO] [stdout]    |           ^
[INFO] [stdout] 
[INFO] [stdout] error: unknown start of token: \u{2026}
[INFO] [stdout]   --> src/lib.rs:129:14
[INFO] [stdout]    |
[INFO] [stdout] 16 |   fn work(…) … {
[INFO] [stdout]    |              ^
[INFO] [stdout] 
[INFO] [stdout] error[E0433]: failed to resolve: use of undeclared crate or module `rustradio`
[INFO] [stdout]  --> src/lib.rs:118:10
[INFO] [stdout]   |
[INFO] [stdout] 5 | #[derive(rustradio_macros::Block)]
[INFO] [stdout]   |          ^^^^^^^^^^^^^^^^^^^^^^^ use of undeclared crate or module `rustradio`
[INFO] [stdout]   |
[INFO] [stdout]   = note: this error originates in the derive macro `rustradio_macros::Block` (in Nightly builds, run with -Z macro-backtrace for more info)
[INFO] [stdout] 
[INFO] [stdout] error[E0412]: cannot find type `Streamp` in this scope
[INFO] [stdout]  --> src/lib.rs:122:8
[INFO] [stdout]   |
[INFO] [stdout] 9 |   src: Streamp<T>,
[INFO] [stdout]   |        ^^^^^^^ not found in this scope
[INFO] [stdout] 
[INFO] [stdout] error[E0412]: cannot find type `Streamp` in this scope
[INFO] [stdout]   --> src/lib.rs:124:8
[INFO] [stdout]    |
[INFO] [stdout] 11 |   dst: Streamp<T>,
[INFO] [stdout]    |        ^^^^^^^ not found in this scope
[INFO] [stdout] 
[INFO] [stdout] error[E0405]: cannot find trait `Block` in this scope
[INFO] [stdout]   --> src/lib.rs:128:15
[INFO] [stdout]    |
[INFO] [stdout] 15 | impl<T: Copy> Block for MyBlock<T> {
[INFO] [stdout]    |               ^^^^^ not found in this scope
[INFO] [stdout] 
[INFO] [stdout] error: aborting due to 6 previous errors
[INFO] [stdout] 
[INFO] [stdout] Some errors have detailed explanations: E0405, E0412, E0433.
[INFO] [stdout] For more information about an error, try `rustc --explain E0405`.
[INFO] [stdout] Couldn't compile the test.
[INFO] [stdout] 
[INFO] [stdout] failures:
[INFO] [stdout]     src/lib.rs - derive_block (line 116)
[INFO] [stdout] 
[INFO] [stdout] test result: FAILED. 0 passed; 1 failed; 0 ignored; 0 measured; 0 filtered out; finished in 0.18s
[INFO] [stdout] 
[INFO] [stderr] error: doctest failed, to rerun pass `--doc`
[INFO] running `Command { std: "docker" "inspect" "b20f84ffec54ed3c377dd694f7a3764fe0c89dfd3768569873897245f3adc387", kill_on_drop: false }`
[INFO] running `Command { std: "docker" "rm" "-f" "b20f84ffec54ed3c377dd694f7a3764fe0c89dfd3768569873897245f3adc387", kill_on_drop: false }`
[INFO] [stdout] b20f84ffec54ed3c377dd694f7a3764fe0c89dfd3768569873897245f3adc387
