[INFO] fetching crate rustpython-parser 0.4.0...
[INFO] testing rustpython-parser-0.4.0 against 1.83.0 for beta-1.84.0-4-retry
[INFO] extracting crate rustpython-parser 0.4.0 into /workspace/builds/worker-2-tc1/source
[INFO] validating manifest of crates.io crate rustpython-parser 0.4.0 on toolchain 1.83.0
[INFO] running `Command { std: CARGO_HOME="/workspace/cargo-home" RUSTUP_HOME="/workspace/rustup-home" "/workspace/cargo-home/bin/cargo" "+1.83.0" "metadata" "--manifest-path" "Cargo.toml" "--no-deps", kill_on_drop: false }`
[INFO] started tweaking crates.io crate rustpython-parser 0.4.0
[INFO] finished tweaking crates.io crate rustpython-parser 0.4.0
[INFO] tweaked toml for crates.io crate rustpython-parser 0.4.0 written to /workspace/builds/worker-2-tc1/source/Cargo.toml
[INFO] running `Command { std: CARGO_HOME="/workspace/cargo-home" RUSTUP_HOME="/workspace/rustup-home" "/workspace/cargo-home/bin/cargo" "+1.83.0" "generate-lockfile" "--manifest-path" "Cargo.toml", kill_on_drop: false }`
[INFO] [stderr]     Blocking waiting for file lock on package cache
[INFO] [stderr]     Updating crates.io index
[INFO] [stderr]     Blocking waiting for file lock on package cache
[INFO] [stderr]      Locking 124 packages to latest compatible versions
[INFO] [stderr]       Adding itertools v0.11.0 (available: v0.13.0)
[INFO] [stderr]       Adding lalrpop v0.20.2 (available: v0.22.0)
[INFO] [stderr]       Adding lalrpop-util v0.20.2 (available: v0.22.0)
[INFO] [stderr]       Adding rustc-hash v1.1.0 (available: v2.1.0)
[INFO] running `Command { std: CARGO_HOME="/workspace/cargo-home" RUSTUP_HOME="/workspace/rustup-home" "/workspace/cargo-home/bin/cargo" "+1.83.0" "fetch" "--manifest-path" "Cargo.toml", kill_on_drop: false }`
[INFO] [stderr]  Downloading crates ...
[INFO] [stderr]   Downloaded rustpython-parser-vendored v0.4.0
[INFO] [stderr]   Downloaded rustpython-parser-core v0.4.0
[INFO] [stderr]   Downloaded rustpython-ast v0.4.0
[INFO] running `Command { std: "docker" "create" "-v" "/var/lib/crater-agent-workspace/builds/worker-2-tc1/target:/opt/rustwide/target:rw,Z" "-v" "/var/lib/crater-agent-workspace/builds/worker-2-tc1/source:/opt/rustwide/workdir:ro,Z" "-v" "/var/lib/crater-agent-workspace/cargo-home:/opt/rustwide/cargo-home:ro,Z" "-v" "/var/lib/crater-agent-workspace/rustup-home:/opt/rustwide/rustup-home:ro,Z" "-e" "SOURCE_DIR=/opt/rustwide/workdir" "-e" "CARGO_TARGET_DIR=/opt/rustwide/target" "-e" "CARGO_HOME=/opt/rustwide/cargo-home" "-e" "RUSTUP_HOME=/opt/rustwide/rustup-home" "-w" "/opt/rustwide/workdir" "-m" "1610612736" "--user" "0:0" "--network" "none" "ghcr.io/rust-lang/crates-build-env/linux@sha256:f3a9d4ad9d972b27faf3965f35b62e55ba32bbce8f20bc8fe909558a86702fde" "/opt/rustwide/cargo-home/bin/cargo" "+1.83.0" "metadata" "--no-deps" "--format-version=1", kill_on_drop: false }`
[INFO] [stdout] 66c4152ca6bc47b0f1f2dca295ad3e0979360860aeaa9ebcfa571158919ab4ac
[INFO] running `Command { std: "docker" "start" "-a" "66c4152ca6bc47b0f1f2dca295ad3e0979360860aeaa9ebcfa571158919ab4ac", kill_on_drop: false }`
[INFO] running `Command { std: "docker" "inspect" "66c4152ca6bc47b0f1f2dca295ad3e0979360860aeaa9ebcfa571158919ab4ac", kill_on_drop: false }`
[INFO] running `Command { std: "docker" "rm" "-f" "66c4152ca6bc47b0f1f2dca295ad3e0979360860aeaa9ebcfa571158919ab4ac", kill_on_drop: false }`
[INFO] [stdout] 66c4152ca6bc47b0f1f2dca295ad3e0979360860aeaa9ebcfa571158919ab4ac
[INFO] running `Command { std: "docker" "create" "-v" "/var/lib/crater-agent-workspace/builds/worker-2-tc1/target:/opt/rustwide/target:rw,Z" "-v" "/var/lib/crater-agent-workspace/builds/worker-2-tc1/source:/opt/rustwide/workdir:ro,Z" "-v" "/var/lib/crater-agent-workspace/cargo-home:/opt/rustwide/cargo-home:ro,Z" "-v" "/var/lib/crater-agent-workspace/rustup-home:/opt/rustwide/rustup-home:ro,Z" "-e" "SOURCE_DIR=/opt/rustwide/workdir" "-e" "CARGO_TARGET_DIR=/opt/rustwide/target" "-e" "CARGO_INCREMENTAL=0" "-e" "RUST_BACKTRACE=full" "-e" "RUSTFLAGS=--cap-lints=warn" "-e" "RUSTDOCFLAGS=--cap-lints=warn" "-e" "CARGO_HOME=/opt/rustwide/cargo-home" "-e" "RUSTUP_HOME=/opt/rustwide/rustup-home" "-w" "/opt/rustwide/workdir" "-m" "1610612736" "--user" "0:0" "--network" "none" "ghcr.io/rust-lang/crates-build-env/linux@sha256:f3a9d4ad9d972b27faf3965f35b62e55ba32bbce8f20bc8fe909558a86702fde" "/opt/rustwide/cargo-home/bin/cargo" "+1.83.0" "build" "--frozen" "--message-format=json", kill_on_drop: false }`
[INFO] [stdout] 3d24df817cf1cb7aef1fc9bf125985538a12a4f595bf828fbfd2a71e5d4f010f
[INFO] running `Command { std: "docker" "start" "-a" "3d24df817cf1cb7aef1fc9bf125985538a12a4f595bf828fbfd2a71e5d4f010f", kill_on_drop: false }`
[INFO] [stderr]    Compiling proc-macro2 v1.0.92
[INFO] [stderr]    Compiling unicode-ident v1.0.14
[INFO] [stderr]    Compiling cfg-if v1.0.0
[INFO] [stderr]    Compiling libc v0.2.168
[INFO] [stderr]    Compiling byteorder v1.5.0
[INFO] [stderr]    Compiling siphasher v0.3.11
[INFO] [stderr]    Compiling version_check v0.9.5
[INFO] [stderr]    Compiling once_cell v1.20.2
[INFO] [stderr]    Compiling zerocopy v0.7.35
[INFO] [stderr]    Compiling libm v0.2.11
[INFO] [stderr]    Compiling either v1.13.0
[INFO] [stderr]    Compiling malachite-nz v0.4.16
[INFO] [stderr]    Compiling autocfg v1.4.0
[INFO] [stderr]    Compiling ryu v1.0.18
[INFO] [stderr]    Compiling crunchy v0.2.2
[INFO] [stderr]    Compiling unicode-width v0.1.14
[INFO] [stderr]    Compiling anyhow v1.0.94
[INFO] [stderr]    Compiling tiny-keccak v2.0.2
[INFO] [stderr]    Compiling paste v1.0.15
[INFO] [stderr]    Compiling phf_shared v0.11.2
[INFO] [stderr]    Compiling log v0.4.22
[INFO] [stderr]    Compiling memchr v2.7.4
[INFO] [stderr]    Compiling ahash v0.8.11
[INFO] [stderr]    Compiling unic-common v0.9.0
[INFO] [stderr]    Compiling getopts v0.2.21
[INFO] [stderr]    Compiling heck v0.5.0
[INFO] [stderr]    Compiling itertools v0.11.0
[INFO] [stderr]    Compiling unic-char-range v0.9.0
[INFO] [stderr]    Compiling convert_case v0.4.0
[INFO] [stderr]    Compiling unic-char-property v0.9.0
[INFO] [stderr]    Compiling unic-ucd-version v0.9.0
[INFO] [stderr]    Compiling static_assertions v1.1.0
[INFO] [stderr]    Compiling unic-ucd-ident v0.9.0
[INFO] [stderr]    Compiling unic-emoji-char v0.9.0
[INFO] [stderr]    Compiling num-traits v0.2.19
[INFO] [stderr]    Compiling rustc-hash v1.1.0
[INFO] [stderr]    Compiling lalrpop-util v0.20.2
[INFO] [stderr]    Compiling phf v0.11.2
[INFO] [stderr]    Compiling rustpython-parser-vendored v0.4.0
[INFO] [stderr]    Compiling hashbrown v0.14.5
[INFO] [stderr]    Compiling quote v1.0.37
[INFO] [stderr]    Compiling getrandom v0.2.15
[INFO] [stderr]    Compiling rand_core v0.6.4
[INFO] [stderr]    Compiling syn v2.0.90
[INFO] [stderr]    Compiling num-integer v0.1.46
[INFO] [stderr]    Compiling malachite-base v0.4.16
[INFO] [stderr]    Compiling zerocopy-derive v0.7.35
[INFO] [stderr]    Compiling is-macro v0.3.7
[INFO] [stderr]    Compiling derive_more v0.99.18
[INFO] [stderr]    Compiling rustpython-parser-core v0.4.0
[INFO] [stderr]    Compiling ppv-lite86 v0.2.20
[INFO] [stderr]    Compiling rand_chacha v0.3.1
[INFO] [stderr]    Compiling rand v0.8.5
[INFO] [stderr]    Compiling phf_generator v0.11.2
[INFO] [stderr]    Compiling phf_codegen v0.11.2
[INFO] [stderr]    Compiling unicode_names2_generator v1.3.0
[INFO] [stderr]    Compiling rustpython-parser v0.4.0 (/opt/rustwide/workdir)
[INFO] [stderr]    Compiling unicode_names2 v1.3.0
[INFO] [stderr]    Compiling malachite-q v0.4.16
[INFO] [stderr]    Compiling malachite v0.4.16
[INFO] [stderr]    Compiling malachite-bigint v0.2.0
[INFO] [stderr]    Compiling rustpython-ast v0.4.0
[INFO] [stderr]     Finished `dev` profile [unoptimized + debuginfo] target(s) in 33.07s
[INFO] running `Command { std: "docker" "inspect" "3d24df817cf1cb7aef1fc9bf125985538a12a4f595bf828fbfd2a71e5d4f010f", kill_on_drop: false }`
[INFO] running `Command { std: "docker" "rm" "-f" "3d24df817cf1cb7aef1fc9bf125985538a12a4f595bf828fbfd2a71e5d4f010f", kill_on_drop: false }`
[INFO] [stdout] 3d24df817cf1cb7aef1fc9bf125985538a12a4f595bf828fbfd2a71e5d4f010f
[INFO] running `Command { std: "docker" "create" "-v" "/var/lib/crater-agent-workspace/builds/worker-2-tc1/target:/opt/rustwide/target:rw,Z" "-v" "/var/lib/crater-agent-workspace/builds/worker-2-tc1/source:/opt/rustwide/workdir:ro,Z" "-v" "/var/lib/crater-agent-workspace/cargo-home:/opt/rustwide/cargo-home:ro,Z" "-v" "/var/lib/crater-agent-workspace/rustup-home:/opt/rustwide/rustup-home:ro,Z" "-e" "SOURCE_DIR=/opt/rustwide/workdir" "-e" "CARGO_TARGET_DIR=/opt/rustwide/target" "-e" "CARGO_INCREMENTAL=0" "-e" "RUST_BACKTRACE=full" "-e" "RUSTFLAGS=--cap-lints=warn" "-e" "RUSTDOCFLAGS=--cap-lints=warn" "-e" "CARGO_HOME=/opt/rustwide/cargo-home" "-e" "RUSTUP_HOME=/opt/rustwide/rustup-home" "-w" "/opt/rustwide/workdir" "-m" "1610612736" "--user" "0:0" "--network" "none" "ghcr.io/rust-lang/crates-build-env/linux@sha256:f3a9d4ad9d972b27faf3965f35b62e55ba32bbce8f20bc8fe909558a86702fde" "/opt/rustwide/cargo-home/bin/cargo" "+1.83.0" "test" "--frozen" "--no-run" "--message-format=json", kill_on_drop: false }`
[INFO] [stdout] 5ff4025761695cf69fad17dfc65c9615208d6ec11c53c15d817b06478addf61f
[INFO] running `Command { std: "docker" "start" "-a" "5ff4025761695cf69fad17dfc65c9615208d6ec11c53c15d817b06478addf61f", kill_on_drop: false }`
[INFO] [stderr]    Compiling libc v0.2.168
[INFO] [stderr]    Compiling lazy_static v1.5.0
[INFO] [stderr]    Compiling similar v2.6.0
[INFO] [stderr]    Compiling linked-hash-map v0.5.6
[INFO] [stderr]    Compiling console v0.15.8
[INFO] [stderr]    Compiling insta v1.41.1
[INFO] [stderr]    Compiling rustpython-parser v0.4.0 (/opt/rustwide/workdir)
[INFO] [stderr]     Finished `test` profile [unoptimized + debuginfo] target(s) in 14.49s
[INFO] running `Command { std: "docker" "inspect" "5ff4025761695cf69fad17dfc65c9615208d6ec11c53c15d817b06478addf61f", kill_on_drop: false }`
[INFO] running `Command { std: "docker" "rm" "-f" "5ff4025761695cf69fad17dfc65c9615208d6ec11c53c15d817b06478addf61f", kill_on_drop: false }`
[INFO] [stdout] 5ff4025761695cf69fad17dfc65c9615208d6ec11c53c15d817b06478addf61f
[INFO] running `Command { std: "docker" "create" "-v" "/var/lib/crater-agent-workspace/builds/worker-2-tc1/target:/opt/rustwide/target:rw,Z" "-v" "/var/lib/crater-agent-workspace/builds/worker-2-tc1/source:/opt/rustwide/workdir:ro,Z" "-v" "/var/lib/crater-agent-workspace/cargo-home:/opt/rustwide/cargo-home:ro,Z" "-v" "/var/lib/crater-agent-workspace/rustup-home:/opt/rustwide/rustup-home:ro,Z" "-e" "SOURCE_DIR=/opt/rustwide/workdir" "-e" "CARGO_TARGET_DIR=/opt/rustwide/target" "-e" "CARGO_INCREMENTAL=0" "-e" "RUST_BACKTRACE=full" "-e" "RUSTFLAGS=--cap-lints=warn" "-e" "RUSTDOCFLAGS=--cap-lints=warn" "-e" "CARGO_HOME=/opt/rustwide/cargo-home" "-e" "RUSTUP_HOME=/opt/rustwide/rustup-home" "-w" "/opt/rustwide/workdir" "-m" "1610612736" "--user" "0:0" "--network" "none" "ghcr.io/rust-lang/crates-build-env/linux@sha256:f3a9d4ad9d972b27faf3965f35b62e55ba32bbce8f20bc8fe909558a86702fde" "/opt/rustwide/cargo-home/bin/cargo" "+1.83.0" "test" "--frozen", kill_on_drop: false }`
[INFO] [stdout] 73b2fb24e665c53612096fcd08ee9fecebb6ce88a66a380282824d2299b63678
[INFO] running `Command { std: "docker" "start" "-a" "73b2fb24e665c53612096fcd08ee9fecebb6ce88a66a380282824d2299b63678", kill_on_drop: false }`
[INFO] [stderr]     Finished `test` profile [unoptimized + debuginfo] target(s) in 0.19s
[INFO] [stderr]      Running unittests src/lib.rs (/opt/rustwide/target/debug/deps/rustpython_parser-4924fca312a77e0d)
[INFO] [stdout] 
[INFO] [stdout] running 102 tests
[INFO] [stdout] test function::tests::test_default_arg_error_f ... ok
[INFO] [stdout] test function::tests::test_duplicate_kw_f1 ... ok
[INFO] [stdout] test function::tests::test_default_arg_error_l ... ok
[INFO] [stdout] test function::tests::test_duplicates_f2 ... ok
[INFO] [stdout] test function::tests::test_duplicates_f3 ... ok
[INFO] [stdout] test function::tests::test_duplicates_f4 ... ok
[INFO] [stdout] test function::tests::test_duplicates_f5 ... ok
[INFO] [stdout] test function::tests::test_duplicates_l1 ... ok
[INFO] [stdout] test function::tests::test_duplicates_l2 ... ok
[INFO] [stdout] test function::tests::test_duplicates_l3 ... ok
[INFO] [stdout] test function::tests::test_duplicates_l4 ... ok
[INFO] [stdout] test function::tests::test_duplicates_l5 ... ok
[INFO] [stdout] test function::tests::test_positional_arg_error_f ... ok
[INFO] [stdout] test function::tests::test_unpacked_arg_error_f ... ok
[INFO] [stdout] test lexer::tests::test_assignment ... ok
[INFO] [stdout] test lexer::tests::test_escape_unicode_name ... ok
[INFO] [stdout] test lexer::tests::test_numbers ... ok
[INFO] [stdout] test lexer::tests::test_operators ... ok
[INFO] [stdout] test lexer::tests::test_string ... ok
[INFO] [stdout] test lexer::tests::test_string_continuation_mac_eol ... ok
[INFO] [stdout] test lexer::tests::test_string_continuation_unix_eol ... ok
[INFO] [stdout] test lexer::tests::test_string_continuation_windows_eol ... ok
[INFO] [stdout] test lexer::tests::test_triple_quoted_mac_eol ... ok
[INFO] [stdout] test lexer::tests::test_triple_quoted_unix_eol ... ok
[INFO] [stdout] test lexer::tests::test_triple_quoted_windows_eol ... ok
[INFO] [stdout] test function::tests::test_duplicates_f1 ... ok
[INFO] [stdout] test parser::tests::test_modes ... ok
[INFO] [stdout] test context::tests::test_ann_assign_name ... ok
[INFO] [stdout] test context::tests::test_assign_name ... ok
[INFO] [stdout] test context::tests::test_assign_for ... ok
[INFO] [stdout] test context::tests::test_assign_named_expr ... ok
[INFO] [stdout] test parser::tests::test_parse_empty ... ok
[INFO] [stdout] test context::tests::test_assign_attribute ... ok
[INFO] [stdout] test parser::tests::test_parse_identifier ... ok
[INFO] [stdout] test parser::tests::test_parse_if_elif_else ... ok
[INFO] [stdout] test parser::tests::test_parse_bool_op_or ... ok
[INFO] [stdout] test context::tests::test_aug_assign_name ... ok
[INFO] [stdout] test parser::tests::test_parse_constant ... ok
[INFO] [stdout] test context::tests::test_assign_tuple ... ok
[INFO] [stdout] test context::tests::test_del_attribute ... ok
[INFO] [stdout] test context::tests::test_assign_subscript ... ok
[INFO] [stdout] test context::tests::test_del_name ... ok
[INFO] [stdout] test context::tests::test_aug_assign_attribute ... ok
[INFO] [stdout] test context::tests::test_assign_starred ... ok
[INFO] [stdout] test context::tests::test_aug_assign_subscript ... ok
[INFO] [stdout] test context::tests::test_del_subscript ... ok
[INFO] [stdout] test parser::tests::test_parse_tuples ... ok
[INFO] [stdout] test parser::tests::test_parse_f_string ... ok
[INFO] [stdout] test string::tests::test_bell_alias ... ok
[INFO] [stdout] test parser::tests::test_parse_kwargs ... ok
[INFO] [stdout] test parser::tests::test_with_statement_invalid ... ok
[INFO] [stdout] test string::tests::test_backspace_alias ... ok
[INFO] [stdout] test parser::tests::test_parse_print_hello ... ok
[INFO] [stdout] test parser::tests::test_dict_unpacking ... ok
[INFO] [stdout] test parser::tests::test_parse_bool_op_and ... ok
[INFO] [stdout] test parser::tests::test_parse_string ... ok
[INFO] [stdout] test parser::tests::test_star_index ... ok
[INFO] [stdout] test string::tests::test_form_feed_alias ... ok
[INFO] [stdout] test string::tests::test_fstring_line_continuation ... ok
[INFO] [stdout] test string::tests::test_escape_octet ... ok
[INFO] [stdout] test parser::tests::test_parse_print_2 ... ok
[INFO] [stdout] test string::tests::test_escape_alias ... ok
[INFO] [stdout] test string::tests::test_fstring_escaped_character ... ok
[INFO] [stdout] test string::tests::test_carriage_return_alias ... ok
[INFO] [stdout] test parser::tests::test_slice ... ok
[INFO] [stdout] test string::tests::test_character_tabulation_with_justification_alias ... ok
[INFO] [stdout] test string::tests::test_fstring_escaped_newline ... ok
[INFO] [stdout] test string::tests::test_escape_char_in_byte_literal ... ok
[INFO] [stdout] test string::tests::test_delete_alias ... ok
[INFO] [stdout] test parser::tests::test_try ... ok
[INFO] [stdout] test string::tests::test_parse_empty_fstring ... ok
[INFO] [stdout] test string::tests::test_fstring_parse_self_documenting_base_more ... ok
[INFO] [stdout] test string::tests::test_hts_alias ... ok
[INFO] [stdout] test string::tests::test_parse_f_string_concat_2 ... ok
[INFO] [stdout] test string::tests::test_parse_f_string_concat_1 ... ok
[INFO] [stdout] test string::tests::test_fstring_unescaped_newline ... ok
[INFO] [stdout] test string::tests::test_parse_fstring ... ok
[INFO] [stdout] test string::tests::test_double_quoted_byte ... ok
[INFO] [stdout] test string::tests::test_parse_fstring_self_doc_trailing_space ... ok
[INFO] [stdout] test string::tests::test_parse_invalid_fstring ... ok
[INFO] [stdout] test string::tests::test_parse_fstring_escaped_brackets ... ok
[INFO] [stdout] test string::tests::test_fstring_parse_self_documenting_format ... ok
[INFO] [stdout] test string::tests::test_fstring_parse_self_documenting_base ... ok
[INFO] [stdout] test string::tests::test_parse_f_string_concat_3 ... ok
[INFO] [stdout] test string::tests::test_parse_fstring_yield_expr ... ok
[INFO] [stdout] test string::tests::test_parse_string_concat ... ok
[INFO] [stdout] test parser::tests::test_try_star ... ok
[INFO] [stdout] test string::tests::test_parse_fstring_equals ... ok
[INFO] [stdout] test string::tests::test_parse_fstring_nested_spec ... ok
[INFO] [stdout] test string::tests::test_parse_fstring_not_nested_spec ... ok
[INFO] [stdout] test string::tests::test_parse_fstring_self_doc_prec_space ... ok
[INFO] [stdout] test string::tests::test_parse_u_f_string_concat_2 ... ok
[INFO] [stdout] test string::tests::test_raw_byte_literal_2 ... ok
[INFO] [stdout] test string::tests::test_parse_fstring_not_equals ... ok
[INFO] [stdout] test string::tests::test_raw_fstring ... ok
[INFO] [stdout] test string::tests::test_parse_string_triple_quotes_with_kind ... ok
[INFO] [stdout] test string::tests::test_parse_u_string_concat_1 ... ok
[INFO] [stdout] test string::tests::test_triple_quoted_raw_fstring ... ok
[INFO] [stdout] test string::tests::test_parse_u_f_string_concat_1 ... ok
[INFO] [stdout] test string::tests::test_single_quoted_byte ... ok
[INFO] [stdout] test string::tests::test_raw_byte_literal_1 ... ok
[INFO] [stdout] test string::tests::test_parse_u_string_concat_2 ... ok
[INFO] [stdout] 
[INFO] [stdout] test result: ok. 102 passed; 0 failed; 0 ignored; 0 measured; 0 filtered out; finished in 0.19s
[INFO] [stdout] 
[INFO] [stderr]    Doc-tests rustpython_parser
[INFO] [stdout] 
[INFO] [stdout] running 14 tests
[INFO] [stdout] test src/parser.rs - parser::Parse (line 35) ... FAILED
[INFO] [stdout] test src/parser.rs - parser::parse (line 333) ... FAILED
[INFO] [stdout] test src/lib.rs - (line 80) ... ok
[INFO] [stdout] test src/lib.rs - (line 67) ... ok
[INFO] [stdout] test src/lexer.rs - lexer::lex (line 194) ... ok
[INFO] [stdout] test src/parser.rs - parser::parse_starts_at (line 365) ... ok
[INFO] [stdout] test src/lib.rs - (line 96) ... ok
[INFO] [stdout] test src/parser.rs - parser::Parse (line 50) ... ok
[INFO] [stdout] test src/parser.rs - parser::parse_program (line 258) ... ok
[INFO] [stdout] test src/parser.rs - parser::parse_tokens (line 399) ... ok
[INFO] [stdout] test src/lexer.rs - lexer (line 14) ... ok
[INFO] [stdout] test src/parser.rs - parser::parse_expression_starts_at (line 308) ... ok
[INFO] [stdout] test src/parser.rs - parser::parse (line 342) ... ok
[INFO] [stdout] test src/parser.rs - parser::parse_expression (line 286) ... ok
[INFO] [stdout] 
[INFO] [stdout] failures:
[INFO] [stdout] 
[INFO] [stdout] ---- src/parser.rs - parser::Parse (line 35) stdout ----
[INFO] [stdout] error: linking with `cc` failed: exit status: 1
[INFO] [stdout]   |
[INFO] [stdout]   = note: LC_ALL="C" PATH="/opt/rustwide/rustup-home/toolchains/1.83.0-x86_64-unknown-linux-gnu/lib/rustlib/x86_64-unknown-linux-gnu/bin:/opt/rustwide/cargo-home/bin:/usr/local/sbin:/usr/local/bin:/usr/sbin:/usr/bin:/sbin:/bin" VSLANG="1033" "cc" "-m64" "/tmp/rustc1rQsxw/symbols.o" "/tmp/rustdoctestF6ucZG/rust_out.rust_out.cb03291d53e4e161-cgu.0.rcgu.o" "/tmp/rustdoctestF6ucZG/rust_out.1s7umcihpz0t7nkz1uc2ifee9.rcgu.o" "-Wl,--as-needed" "-Wl,-Bstatic" "/opt/rustwide/target/debug/deps/librustpython_parser-87cfe870f516b2fe.rlib" "/opt/rustwide/target/debug/deps/libunicode_names2-1b6ee300d957879c.rlib" "/opt/rustwide/target/debug/deps/libphf-3e2f5ba824183b56.rlib" "/opt/rustwide/target/debug/deps/libphf_shared-f65c24852a10dcd2.rlib" "/opt/rustwide/target/debug/deps/libsiphasher-9a0e888a6230d9ab.rlib" "/opt/rustwide/target/debug/deps/liblalrpop_util-7d48ea0e10b93f9a.rlib" "/opt/rustwide/target/debug/deps/libunic_ucd_ident-63a43faa564b6f26.rlib" "/opt/rustwide/target/debug/deps/libunic_emoji_char-fd0e97ba79fe9419.rlib" "/opt/rustwide/target/debug/deps/libunic_ucd_version-2afcd883c4161492.rlib" "/opt/rustwide/target/debug/deps/libunic_common-13f8db2012b53100.rlib" "/opt/rustwide/target/debug/deps/libunic_char_property-bb900b7843325147.rlib" "/opt/rustwide/target/debug/deps/libunic_char_range-60c81e7c663b6930.rlib" "/opt/rustwide/target/debug/deps/liblog-2579a5a2dbce8c4d.rlib" "/opt/rustwide/target/debug/deps/librustc_hash-c9f1ca6ac0c62e13.rlib" "/opt/rustwide/target/debug/deps/librustpython_ast-b35558fa1040cd3d.rlib" "/opt/rustwide/target/debug/deps/librustpython_parser_core-7e2c76fc67ba0f00.rlib" "/opt/rustwide/target/debug/deps/librustpython_parser_vendored-2f5dca9c8e9b0080.rlib" "/opt/rustwide/target/debug/deps/libmemchr-a61794c77f52d343.rlib" "/opt/rustwide/target/debug/deps/libmalachite_bigint-9ca295874f2c733e.rlib" "/opt/rustwide/target/debug/deps/libnum_integer-f452db1d448a8a28.rlib" "/opt/rustwide/target/debug/deps/libnum_traits-15e1fbffc26ebd9a.rlib" "/opt/rustwide/target/debug/deps/libmalachite-f1343ea148369323.rlib" "/opt/rustwide/target/debug/deps/libmalachite_q-9990a99c81d6a8ae.rlib" "/opt/rustwide/target/debug/deps/libmalachite_nz-0f3e6078f70c08af.rlib" "/opt/rustwide/target/debug/deps/libmalachite_base-dc5047defee042ba.rlib" "/opt/rustwide/target/debug/deps/libryu-bba83beca99dd7c0.rlib" "/opt/rustwide/target/debug/deps/liblibm-2725a1c03b25acaf.rlib" "/opt/rustwide/target/debug/deps/libitertools-59665885b4776c81.rlib" "/opt/rustwide/target/debug/deps/libeither-41b3367888b49508.rlib" "/opt/rustwide/target/debug/deps/libhashbrown-a91b5bc85a484bae.rlib" "/opt/rustwide/target/debug/deps/libahash-414f2e9fcf3b21eb.rlib" "/opt/rustwide/target/debug/deps/libonce_cell-6f631f2a5f71cecc.rlib" "/opt/rustwide/target/debug/deps/libcfg_if-8217498f8667ada9.rlib" "/opt/rustwide/target/debug/deps/libzerocopy-9a2912bb2fae3461.rlib" "/opt/rustwide/rustup-home/toolchains/1.83.0-x86_64-unknown-linux-gnu/lib/rustlib/x86_64-unknown-linux-gnu/lib/libstd-ca74a2d9c5166d9f.rlib" "/opt/rustwide/rustup-home/toolchains/1.83.0-x86_64-unknown-linux-gnu/lib/rustlib/x86_64-unknown-linux-gnu/lib/libpanic_unwind-e31ab23316ed5080.rlib" "/opt/rustwide/rustup-home/toolchains/1.83.0-x86_64-unknown-linux-gnu/lib/rustlib/x86_64-unknown-linux-gnu/lib/libobject-27dc4aa955912662.rlib" "/opt/rustwide/rustup-home/toolchains/1.83.0-x86_64-unknown-linux-gnu/lib/rustlib/x86_64-unknown-linux-gnu/lib/libmemchr-bd0d6cccce077b99.rlib" "/opt/rustwide/rustup-home/toolchains/1.83.0-x86_64-unknown-linux-gnu/lib/rustlib/x86_64-unknown-linux-gnu/lib/libaddr2line-8d001680935b5e3c.rlib" "/opt/rustwide/rustup-home/toolchains/1.83.0-x86_64-unknown-linux-gnu/lib/rustlib/x86_64-unknown-linux-gnu/lib/libgimli-ba8ce71964f984f4.rlib" "/opt/rustwide/rustup-home/toolchains/1.83.0-x86_64-unknown-linux-gnu/lib/rustlib/x86_64-unknown-linux-gnu/lib/librustc_demangle-99a73526abcec14b.rlib" "/opt/rustwide/rustup-home/toolchains/1.83.0-x86_64-unknown-linux-gnu/lib/rustlib/x86_64-unknown-linux-gnu/lib/libstd_detect-63ac0d22cff92579.rlib" "/opt/rustwide/rustup-home/toolchains/1.83.0-x86_64-unknown-linux-gnu/lib/rustlib/x86_64-unknown-linux-gnu/lib/libhashbrown-9057355c92c922d5.rlib" "/opt/rustwide/rustup-home/toolchains/1.83.0-x86_64-unknown-linux-gnu/lib/rustlib/x86_64-unknown-linux-gnu/lib/librustc_std_workspace_alloc-358be9bc1f6bab04.rlib" "/opt/rustwide/rustup-home/toolchains/1.83.0-x86_64-unknown-linux-gnu/lib/rustlib/x86_64-unknown-linux-gnu/lib/libminiz_oxide-aca15549d5bff974.rlib" "/opt/rustwide/rustup-home/toolchains/1.83.0-x86_64-unknown-linux-gnu/lib/rustlib/x86_64-unknown-linux-gnu/lib/libadler-8251d2cef7072448.rlib" "/opt/rustwide/rustup-home/toolchains/1.83.0-x86_64-unknown-linux-gnu/lib/rustlib/x86_64-unknown-linux-gnu/lib/libunwind-7d50b86011c66411.rlib" "/opt/rustwide/rustup-home/toolchains/1.83.0-x86_64-unknown-linux-gnu/lib/rustlib/x86_64-unknown-linux-gnu/lib/libcfg_if-51ea098fce5006bf.rlib" "/opt/rustwide/rustup-home/toolchains/1.83.0-x86_64-unknown-linux-gnu/lib/rustlib/x86_64-unknown-linux-gnu/lib/liblibc-5a14e0d0b712e731.rlib" "/opt/rustwide/rustup-home/toolchains/1.83.0-x86_64-unknown-linux-gnu/lib/rustlib/x86_64-unknown-linux-gnu/lib/liballoc-8b83dbf3a7b8f999.rlib" "/opt/rustwide/rustup-home/toolchains/1.83.0-x86_64-unknown-linux-gnu/lib/rustlib/x86_64-unknown-linux-gnu/lib/librustc_std_workspace_core-c6fd227bdc7b39ff.rlib" "/opt/rustwide/rustup-home/toolchains/1.83.0-x86_64-unknown-linux-gnu/lib/rustlib/x86_64-unknown-linux-gnu/lib/libcore-959d3389fa3da8a5.rlib" "/opt/rustwide/rustup-home/toolchains/1.83.0-x86_64-unknown-linux-gnu/lib/rustlib/x86_64-unknown-linux-gnu/lib/libcompiler_builtins-abe05db089cc2c62.rlib" "-Wl,-Bdynamic" "-lgcc_s" "-lutil" "-lrt" "-lpthread" "-lm" "-ldl" "-lc" "-Wl,--eh-frame-hdr" "-Wl,-z,noexecstack" "-L" "/opt/rustwide/rustup-home/toolchains/1.83.0-x86_64-unknown-linux-gnu/lib/rustlib/x86_64-unknown-linux-gnu/lib" "-o" "/tmp/rustdoctestF6ucZG/rust_out" "-Wl,--gc-sections" "-pie" "-Wl,-z,relro,-z,now" "-nodefaultlibs"
[INFO] [stdout]   = note: collect2: fatal error: ld terminated with signal 9 [Killed]
[INFO] [stdout]           compilation terminated.
[INFO] [stdout]           
[INFO] [stdout] 
[INFO] [stdout] error: aborting due to 1 previous error
[INFO] [stdout] 
[INFO] [stdout] Couldn't compile the test.
[INFO] [stdout] ---- src/parser.rs - parser::parse (line 333) stdout ----
[INFO] [stdout] error: linking with `cc` failed: exit status: 1
[INFO] [stdout]   |
[INFO] [stdout]   = note: LC_ALL="C" PATH="/opt/rustwide/rustup-home/toolchains/1.83.0-x86_64-unknown-linux-gnu/lib/rustlib/x86_64-unknown-linux-gnu/bin:/opt/rustwide/cargo-home/bin:/usr/local/sbin:/usr/local/bin:/usr/sbin:/usr/bin:/sbin:/bin" VSLANG="1033" "cc" "-m64" "/tmp/rustczSBYpR/symbols.o" "/tmp/rustdoctestmA0gjk/rust_out.rust_out.cb03291d53e4e161-cgu.0.rcgu.o" "/tmp/rustdoctestmA0gjk/rust_out.1s7umcihpz0t7nkz1uc2ifee9.rcgu.o" "-Wl,--as-needed" "-Wl,-Bstatic" "/opt/rustwide/target/debug/deps/librustpython_parser-87cfe870f516b2fe.rlib" "/opt/rustwide/target/debug/deps/libunicode_names2-1b6ee300d957879c.rlib" "/opt/rustwide/target/debug/deps/libphf-3e2f5ba824183b56.rlib" "/opt/rustwide/target/debug/deps/libphf_shared-f65c24852a10dcd2.rlib" "/opt/rustwide/target/debug/deps/libsiphasher-9a0e888a6230d9ab.rlib" "/opt/rustwide/target/debug/deps/liblalrpop_util-7d48ea0e10b93f9a.rlib" "/opt/rustwide/target/debug/deps/libunic_ucd_ident-63a43faa564b6f26.rlib" "/opt/rustwide/target/debug/deps/libunic_emoji_char-fd0e97ba79fe9419.rlib" "/opt/rustwide/target/debug/deps/libunic_ucd_version-2afcd883c4161492.rlib" "/opt/rustwide/target/debug/deps/libunic_common-13f8db2012b53100.rlib" "/opt/rustwide/target/debug/deps/libunic_char_property-bb900b7843325147.rlib" "/opt/rustwide/target/debug/deps/libunic_char_range-60c81e7c663b6930.rlib" "/opt/rustwide/target/debug/deps/liblog-2579a5a2dbce8c4d.rlib" "/opt/rustwide/target/debug/deps/librustc_hash-c9f1ca6ac0c62e13.rlib" "/opt/rustwide/target/debug/deps/librustpython_ast-b35558fa1040cd3d.rlib" "/opt/rustwide/target/debug/deps/librustpython_parser_core-7e2c76fc67ba0f00.rlib" "/opt/rustwide/target/debug/deps/librustpython_parser_vendored-2f5dca9c8e9b0080.rlib" "/opt/rustwide/target/debug/deps/libmemchr-a61794c77f52d343.rlib" "/opt/rustwide/target/debug/deps/libmalachite_bigint-9ca295874f2c733e.rlib" "/opt/rustwide/target/debug/deps/libnum_integer-f452db1d448a8a28.rlib" "/opt/rustwide/target/debug/deps/libnum_traits-15e1fbffc26ebd9a.rlib" "/opt/rustwide/target/debug/deps/libmalachite-f1343ea148369323.rlib" "/opt/rustwide/target/debug/deps/libmalachite_q-9990a99c81d6a8ae.rlib" "/opt/rustwide/target/debug/deps/libmalachite_nz-0f3e6078f70c08af.rlib" "/opt/rustwide/target/debug/deps/libmalachite_base-dc5047defee042ba.rlib" "/opt/rustwide/target/debug/deps/libryu-bba83beca99dd7c0.rlib" "/opt/rustwide/target/debug/deps/liblibm-2725a1c03b25acaf.rlib" "/opt/rustwide/target/debug/deps/libitertools-59665885b4776c81.rlib" "/opt/rustwide/target/debug/deps/libeither-41b3367888b49508.rlib" "/opt/rustwide/target/debug/deps/libhashbrown-a91b5bc85a484bae.rlib" "/opt/rustwide/target/debug/deps/libahash-414f2e9fcf3b21eb.rlib" "/opt/rustwide/target/debug/deps/libonce_cell-6f631f2a5f71cecc.rlib" "/opt/rustwide/target/debug/deps/libcfg_if-8217498f8667ada9.rlib" "/opt/rustwide/target/debug/deps/libzerocopy-9a2912bb2fae3461.rlib" "/opt/rustwide/rustup-home/toolchains/1.83.0-x86_64-unknown-linux-gnu/lib/rustlib/x86_64-unknown-linux-gnu/lib/libstd-ca74a2d9c5166d9f.rlib" "/opt/rustwide/rustup-home/toolchains/1.83.0-x86_64-unknown-linux-gnu/lib/rustlib/x86_64-unknown-linux-gnu/lib/libpanic_unwind-e31ab23316ed5080.rlib" "/opt/rustwide/rustup-home/toolchains/1.83.0-x86_64-unknown-linux-gnu/lib/rustlib/x86_64-unknown-linux-gnu/lib/libobject-27dc4aa955912662.rlib" "/opt/rustwide/rustup-home/toolchains/1.83.0-x86_64-unknown-linux-gnu/lib/rustlib/x86_64-unknown-linux-gnu/lib/libmemchr-bd0d6cccce077b99.rlib" "/opt/rustwide/rustup-home/toolchains/1.83.0-x86_64-unknown-linux-gnu/lib/rustlib/x86_64-unknown-linux-gnu/lib/libaddr2line-8d001680935b5e3c.rlib" "/opt/rustwide/rustup-home/toolchains/1.83.0-x86_64-unknown-linux-gnu/lib/rustlib/x86_64-unknown-linux-gnu/lib/libgimli-ba8ce71964f984f4.rlib" "/opt/rustwide/rustup-home/toolchains/1.83.0-x86_64-unknown-linux-gnu/lib/rustlib/x86_64-unknown-linux-gnu/lib/librustc_demangle-99a73526abcec14b.rlib" "/opt/rustwide/rustup-home/toolchains/1.83.0-x86_64-unknown-linux-gnu/lib/rustlib/x86_64-unknown-linux-gnu/lib/libstd_detect-63ac0d22cff92579.rlib" "/opt/rustwide/rustup-home/toolchains/1.83.0-x86_64-unknown-linux-gnu/lib/rustlib/x86_64-unknown-linux-gnu/lib/libhashbrown-9057355c92c922d5.rlib" "/opt/rustwide/rustup-home/toolchains/1.83.0-x86_64-unknown-linux-gnu/lib/rustlib/x86_64-unknown-linux-gnu/lib/librustc_std_workspace_alloc-358be9bc1f6bab04.rlib" "/opt/rustwide/rustup-home/toolchains/1.83.0-x86_64-unknown-linux-gnu/lib/rustlib/x86_64-unknown-linux-gnu/lib/libminiz_oxide-aca15549d5bff974.rlib" "/opt/rustwide/rustup-home/toolchains/1.83.0-x86_64-unknown-linux-gnu/lib/rustlib/x86_64-unknown-linux-gnu/lib/libadler-8251d2cef7072448.rlib" "/opt/rustwide/rustup-home/toolchains/1.83.0-x86_64-unknown-linux-gnu/lib/rustlib/x86_64-unknown-linux-gnu/lib/libunwind-7d50b86011c66411.rlib" "/opt/rustwide/rustup-home/toolchains/1.83.0-x86_64-unknown-linux-gnu/lib/rustlib/x86_64-unknown-linux-gnu/lib/libcfg_if-51ea098fce5006bf.rlib" "/opt/rustwide/rustup-home/toolchains/1.83.0-x86_64-unknown-linux-gnu/lib/rustlib/x86_64-unknown-linux-gnu/lib/liblibc-5a14e0d0b712e731.rlib" "/opt/rustwide/rustup-home/toolchains/1.83.0-x86_64-unknown-linux-gnu/lib/rustlib/x86_64-unknown-linux-gnu/lib/liballoc-8b83dbf3a7b8f999.rlib" "/opt/rustwide/rustup-home/toolchains/1.83.0-x86_64-unknown-linux-gnu/lib/rustlib/x86_64-unknown-linux-gnu/lib/librustc_std_workspace_core-c6fd227bdc7b39ff.rlib" "/opt/rustwide/rustup-home/toolchains/1.83.0-x86_64-unknown-linux-gnu/lib/rustlib/x86_64-unknown-linux-gnu/lib/libcore-959d3389fa3da8a5.rlib" "/opt/rustwide/rustup-home/toolchains/1.83.0-x86_64-unknown-linux-gnu/lib/rustlib/x86_64-unknown-linux-gnu/lib/libcompiler_builtins-abe05db089cc2c62.rlib" "-Wl,-Bdynamic" "-lgcc_s" "-lutil" "-lrt" "-lpthread" "-lm" "-ldl" "-lc" "-Wl,--eh-frame-hdr" "-Wl,-z,noexecstack" "-L" "/opt/rustwide/rustup-home/toolchains/1.83.0-x86_64-unknown-linux-gnu/lib/rustlib/x86_64-unknown-linux-gnu/lib" "-o" "/tmp/rustdoctestmA0gjk/rust_out" "-Wl,--gc-sections" "-pie" "-Wl,-z,relro,-z,now" "-nodefaultlibs"
[INFO] [stdout]   = note: collect2: fatal error: ld terminated with signal 9 [Killed]
[INFO] [stdout]           compilation terminated.
[INFO] [stdout]           
[INFO] [stdout] 
[INFO] [stdout] error: aborting due to 1 previous error
[INFO] [stdout] 
[INFO] [stdout] Couldn't compile the test.
[INFO] [stdout] 
[INFO] [stdout] failures:
[INFO] [stdout]     src/parser.rs - parser::Parse (line 35)
[INFO] [stdout]     src/parser.rs - parser::parse (line 333)
[INFO] [stdout] 
[INFO] [stdout] test result: FAILED. 12 passed; 2 failed; 0 ignored; 0 measured; 0 filtered out; finished in 9.27s
[INFO] [stdout] 
[INFO] [stderr] error: doctest failed, to rerun pass `--doc`
[INFO] running `Command { std: "docker" "inspect" "73b2fb24e665c53612096fcd08ee9fecebb6ce88a66a380282824d2299b63678", kill_on_drop: false }`
[INFO] running `Command { std: "docker" "rm" "-f" "73b2fb24e665c53612096fcd08ee9fecebb6ce88a66a380282824d2299b63678", kill_on_drop: false }`
[INFO] [stdout] 73b2fb24e665c53612096fcd08ee9fecebb6ce88a66a380282824d2299b63678
