[INFO] fetching crate rustdns 0.4.0...
[INFO] testing rustdns-0.4.0 against 1.83.0 for beta-1.84.0-4-retry
[INFO] extracting crate rustdns 0.4.0 into /workspace/builds/worker-5-tc1/source
[INFO] validating manifest of crates.io crate rustdns 0.4.0 on toolchain 1.83.0
[INFO] running `Command { std: CARGO_HOME="/workspace/cargo-home" RUSTUP_HOME="/workspace/rustup-home" "/workspace/cargo-home/bin/cargo" "+1.83.0" "metadata" "--manifest-path" "Cargo.toml" "--no-deps", kill_on_drop: false }`
[INFO] started tweaking crates.io crate rustdns 0.4.0
[INFO] finished tweaking crates.io crate rustdns 0.4.0
[INFO] tweaked toml for crates.io crate rustdns 0.4.0 written to /workspace/builds/worker-5-tc1/source/Cargo.toml
[INFO] running `Command { std: CARGO_HOME="/workspace/cargo-home" RUSTUP_HOME="/workspace/rustup-home" "/workspace/cargo-home/bin/cargo" "+1.83.0" "generate-lockfile" "--manifest-path" "Cargo.toml", kill_on_drop: false }`
[INFO] [stderr]     Updating crates.io index
[INFO] [stderr]      Locking 194 packages to latest compatible versions
[INFO] [stderr]       Adding base64 v0.13.1 (available: v0.22.1)
[INFO] [stderr]       Adding env_logger v0.9.3 (available: v0.11.5)
[INFO] [stderr]       Adding http v0.2.12 (available: v1.2.0)
[INFO] [stderr]       Adding hyper v0.14.31 (available: v1.5.1)
[INFO] [stderr]       Adding hyper-alpn v0.3.0 (available: v0.4.1)
[INFO] [stderr]       Adding idna v0.2.3 (available: v1.0.3)
[INFO] [stderr]       Adding num-derive v0.3.3 (available: v0.4.2)
[INFO] [stderr]       Adding serde_yaml v0.8.26 (available: v0.9.34+deprecated)
[INFO] [stderr]       Adding strum v0.23.0 (available: v0.26.3)
[INFO] [stderr]       Adding strum_macros v0.23.1 (available: v0.26.4)
[INFO] [stderr]       Adding thiserror v1.0.69 (available: v2.0.7)
[INFO] running `Command { std: CARGO_HOME="/workspace/cargo-home" RUSTUP_HOME="/workspace/rustup-home" "/workspace/cargo-home/bin/cargo" "+1.83.0" "fetch" "--manifest-path" "Cargo.toml", kill_on_drop: false }`
[INFO] [stderr]  Downloading crates ...
[INFO] [stderr]   Downloaded hyper-alpn v0.3.0
[INFO] [stderr]   Downloaded test-env-log v0.2.8
[INFO] running `Command { std: "docker" "create" "-v" "/var/lib/crater-agent-workspace/builds/worker-5-tc1/target:/opt/rustwide/target:rw,Z" "-v" "/var/lib/crater-agent-workspace/builds/worker-5-tc1/source:/opt/rustwide/workdir:ro,Z" "-v" "/var/lib/crater-agent-workspace/cargo-home:/opt/rustwide/cargo-home:ro,Z" "-v" "/var/lib/crater-agent-workspace/rustup-home:/opt/rustwide/rustup-home:ro,Z" "-e" "SOURCE_DIR=/opt/rustwide/workdir" "-e" "CARGO_TARGET_DIR=/opt/rustwide/target" "-e" "CARGO_HOME=/opt/rustwide/cargo-home" "-e" "RUSTUP_HOME=/opt/rustwide/rustup-home" "-w" "/opt/rustwide/workdir" "-m" "1610612736" "--user" "0:0" "--network" "none" "ghcr.io/rust-lang/crates-build-env/linux@sha256:f3a9d4ad9d972b27faf3965f35b62e55ba32bbce8f20bc8fe909558a86702fde" "/opt/rustwide/cargo-home/bin/cargo" "+1.83.0" "metadata" "--no-deps" "--format-version=1", kill_on_drop: false }`
[INFO] [stdout] 94ef53161e02bf65ec109bf2011b45d57706aafdccbb27e6c7b4e53c4b630543
[INFO] running `Command { std: "docker" "start" "-a" "94ef53161e02bf65ec109bf2011b45d57706aafdccbb27e6c7b4e53c4b630543", kill_on_drop: false }`
[INFO] running `Command { std: "docker" "inspect" "94ef53161e02bf65ec109bf2011b45d57706aafdccbb27e6c7b4e53c4b630543", kill_on_drop: false }`
[INFO] running `Command { std: "docker" "rm" "-f" "94ef53161e02bf65ec109bf2011b45d57706aafdccbb27e6c7b4e53c4b630543", kill_on_drop: false }`
[INFO] [stdout] 94ef53161e02bf65ec109bf2011b45d57706aafdccbb27e6c7b4e53c4b630543
[INFO] running `Command { std: "docker" "create" "-v" "/var/lib/crater-agent-workspace/builds/worker-5-tc1/target:/opt/rustwide/target:rw,Z" "-v" "/var/lib/crater-agent-workspace/builds/worker-5-tc1/source:/opt/rustwide/workdir:ro,Z" "-v" "/var/lib/crater-agent-workspace/cargo-home:/opt/rustwide/cargo-home:ro,Z" "-v" "/var/lib/crater-agent-workspace/rustup-home:/opt/rustwide/rustup-home:ro,Z" "-e" "SOURCE_DIR=/opt/rustwide/workdir" "-e" "CARGO_TARGET_DIR=/opt/rustwide/target" "-e" "CARGO_INCREMENTAL=0" "-e" "RUST_BACKTRACE=full" "-e" "RUSTFLAGS=--cap-lints=warn" "-e" "RUSTDOCFLAGS=--cap-lints=warn" "-e" "CARGO_HOME=/opt/rustwide/cargo-home" "-e" "RUSTUP_HOME=/opt/rustwide/rustup-home" "-w" "/opt/rustwide/workdir" "-m" "1610612736" "--user" "0:0" "--network" "none" "ghcr.io/rust-lang/crates-build-env/linux@sha256:f3a9d4ad9d972b27faf3965f35b62e55ba32bbce8f20bc8fe909558a86702fde" "/opt/rustwide/cargo-home/bin/cargo" "+1.83.0" "build" "--frozen" "--message-format=json", kill_on_drop: false }`
[INFO] [stdout] a19fcf5f666d28e45893bfd83f1557f14c6e0c6ca7585632d01633fd26906c31
[INFO] running `Command { std: "docker" "start" "-a" "a19fcf5f666d28e45893bfd83f1557f14c6e0c6ca7585632d01633fd26906c31", kill_on_drop: false }`
[INFO] [stderr]    Compiling proc-macro2 v1.0.92
[INFO] [stderr]    Compiling unicode-ident v1.0.14
[INFO] [stderr]    Compiling libc v0.2.168
[INFO] [stderr]    Compiling memchr v2.7.4
[INFO] [stderr]    Compiling once_cell v1.20.2
[INFO] [stderr]    Compiling autocfg v1.4.0
[INFO] [stderr]    Compiling stable_deref_trait v1.2.0
[INFO] [stderr]    Compiling pin-project-lite v0.2.15
[INFO] [stderr]    Compiling shlex v1.3.0
[INFO] [stderr]    Compiling litemap v0.7.4
[INFO] [stderr]    Compiling futures-core v0.3.31
[INFO] [stderr]    Compiling bytes v1.9.0
[INFO] [stderr]    Compiling writeable v0.5.5
[INFO] [stderr]    Compiling futures-sink v0.3.31
[INFO] [stderr]    Compiling spin v0.5.2
[INFO] [stderr]    Compiling thiserror v2.0.7
[INFO] [stderr]    Compiling untrusted v0.7.1
[INFO] [stderr]    Compiling syn v1.0.109
[INFO] [stderr]    Compiling pin-utils v0.1.0
[INFO] [stderr]    Compiling futures-io v0.3.31
[INFO] [stderr]    Compiling cc v1.2.4
[INFO] [stderr]    Compiling futures-channel v0.3.31
[INFO] [stderr]    Compiling itoa v1.0.14
[INFO] [stderr]    Compiling icu_locid_transform_data v1.5.0
[INFO] [stderr]    Compiling futures-task v0.3.31
[INFO] [stderr]    Compiling fnv v1.0.7
[INFO] [stderr]    Compiling icu_properties_data v1.5.0
[INFO] [stderr]    Compiling ucd-trie v0.1.7
[INFO] [stderr]    Compiling http v0.2.12
[INFO] [stderr]    Compiling tracing-core v0.1.33
[INFO] [stderr]    Compiling utf16_iter v1.0.5
[INFO] [stderr]    Compiling httparse v1.9.5
[INFO] [stderr]    Compiling hashbrown v0.15.2
[INFO] [stderr]    Compiling smallvec v1.13.2
[INFO] [stderr]    Compiling cfg-if v1.0.0
[INFO] [stderr]    Compiling icu_normalizer_data v1.5.0
[INFO] [stderr]    Compiling equivalent v1.0.1
[INFO] [stderr]    Compiling byteorder v1.5.0
[INFO] [stderr]    Compiling write16 v1.0.0
[INFO] [stderr]    Compiling utf8_iter v1.0.4
[INFO] [stderr]    Compiling slab v0.4.9
[INFO] [stderr]    Compiling num-traits v0.2.19
[INFO] [stderr]    Compiling base64 v0.13.1
[INFO] [stderr]    Compiling tracing v0.1.41
[INFO] [stderr]    Compiling log v0.4.22
[INFO] [stderr]    Compiling try-lock v0.2.5
[INFO] [stderr]    Compiling tinyvec_macros v0.1.1
[INFO] [stderr]    Compiling serde v1.0.216
[INFO] [stderr]    Compiling rustversion v1.0.18
[INFO] [stderr]    Compiling want v0.3.1
[INFO] [stderr]    Compiling quote v1.0.37
[INFO] [stderr]    Compiling indexmap v2.7.0
[INFO] [stderr]    Compiling tinyvec v1.8.0
[INFO] [stderr]    Compiling aho-corasick v1.1.3
[INFO] [stderr]    Compiling http-body v0.4.6
[INFO] [stderr]    Compiling unicode-segmentation v1.12.0
[INFO] [stderr]    Compiling percent-encoding v2.3.1
[INFO] [stderr]    Compiling socket2 v0.5.8
[INFO] [stderr]    Compiling mio v1.0.3
[INFO] [stderr]    Compiling syn v2.0.90
[INFO] [stderr]    Compiling getrandom v0.2.15
[INFO] [stderr]    Compiling serde_json v1.0.133
[INFO] [stderr]    Compiling thiserror v1.0.69
[INFO] [stderr]    Compiling tower-service v0.3.3
[INFO] [stderr]    Compiling regex-syntax v0.8.5
[INFO] [stderr]    Compiling httpdate v1.0.3
[INFO] [stderr]    Compiling rand_core v0.6.4
[INFO] [stderr]    Compiling heck v0.3.3
[INFO] [stderr]    Compiling form_urlencoded v1.2.1
[INFO] [stderr]    Compiling ryu v1.0.18
[INFO] [stderr]    Compiling unicode-bidi v0.3.17
[INFO] [stderr]    Compiling unicode-normalization v0.1.24
[INFO] [stderr]    Compiling iana-time-zone v0.1.61
[INFO] [stderr]    Compiling matches v0.1.10
[INFO] [stderr]    Compiling lazy_static v1.5.0
[INFO] [stderr]    Compiling strum v0.23.0
[INFO] [stderr]    Compiling mime v0.3.17
[INFO] [stderr]    Compiling ring v0.16.20
[INFO] [stderr]    Compiling idna v0.2.3
[INFO] [stderr]    Compiling chrono v0.4.39
[INFO] [stderr]    Compiling regex-automata v0.4.9
[INFO] [stderr]    Compiling pest_consume_macros v1.1.0
[INFO] [stderr]    Compiling derivative v2.2.0
[INFO] [stderr]    Compiling num-derive v0.3.3
[INFO] [stderr]    Compiling strum_macros v0.23.1
[INFO] [stderr]    Compiling synstructure v0.13.1
[INFO] [stderr]    Compiling regex v1.11.1
[INFO] [stderr]    Compiling zerofrom-derive v0.1.5
[INFO] [stderr]    Compiling yoke-derive v0.7.5
[INFO] [stderr]    Compiling zerovec-derive v0.10.3
[INFO] [stderr]    Compiling displaydoc v0.2.5
[INFO] [stderr]    Compiling icu_provider_macros v1.5.0
[INFO] [stderr]    Compiling futures-macro v0.3.31
[INFO] [stderr]    Compiling thiserror-impl v2.0.7
[INFO] [stderr]    Compiling tokio-macros v2.4.0
[INFO] [stderr]    Compiling webpki v0.21.4
[INFO] [stderr]    Compiling zerocopy-derive v0.7.35
[INFO] [stderr]    Compiling sct v0.6.1
[INFO] [stderr]    Compiling rustls v0.19.1
[INFO] [stderr]    Compiling serde_derive v1.0.216
[INFO] [stderr]    Compiling webpki-roots v0.21.1
[INFO] [stderr]    Compiling thiserror-impl v1.0.69
[INFO] [stderr]    Compiling async-trait v0.1.83
[INFO] [stderr]    Compiling tokio v1.42.0
[INFO] [stderr]    Compiling futures-util v0.3.31
[INFO] [stderr]    Compiling zerocopy v0.7.35
[INFO] [stderr]    Compiling zerofrom v0.1.5
[INFO] [stderr]    Compiling yoke v0.7.5
[INFO] [stderr]    Compiling zerovec v0.10.4
[INFO] [stderr]    Compiling ppv-lite86 v0.2.20
[INFO] [stderr]    Compiling pest v2.7.15
[INFO] [stderr]    Compiling rand_chacha v0.3.1
[INFO] [stderr]    Compiling tinystr v0.7.6
[INFO] [stderr]    Compiling icu_collections v1.5.0
[INFO] [stderr]    Compiling icu_locid v1.5.0
[INFO] [stderr]    Compiling rand v0.8.5
[INFO] [stderr]    Compiling icu_provider v1.5.0
[INFO] [stderr]    Compiling futures-executor v0.3.31
[INFO] [stderr]    Compiling futures v0.3.31
[INFO] [stderr]    Compiling pest_meta v2.7.15
[INFO] [stderr]    Compiling icu_locid_transform v1.5.0
[INFO] [stderr]    Compiling icu_properties v1.5.1
[INFO] [stderr]    Compiling pest_generator v2.7.15
[INFO] [stderr]    Compiling tokio-util v0.7.13
[INFO] [stderr]    Compiling tokio-rustls v0.22.0
[INFO] [stderr]    Compiling pest_derive v2.7.15
[INFO] [stderr]    Compiling h2 v0.3.26
[INFO] [stderr]    Compiling icu_normalizer v1.5.0
[INFO] [stderr]    Compiling pest_consume v1.1.3
[INFO] [stderr]    Compiling idna_adapter v1.2.0
[INFO] [stderr]    Compiling idna v1.0.3
[INFO] [stderr]    Compiling url v2.5.4
[INFO] [stderr]    Compiling hyper v0.14.31
[INFO] [stderr]    Compiling hyper-alpn v0.3.0
[INFO] [stderr]    Compiling rustdns v0.4.0 (/opt/rustwide/workdir)
[INFO] [stdout] warning: unexpected `cfg` condition value: `arbitrary`
[INFO] [stdout]   --> src/types.rs:48:12
[INFO] [stdout]    |
[INFO] [stdout] 48 | #[cfg_attr(feature = "arbitrary", derive(arbitrary::Arbitrary))]
[INFO] [stdout]    |            ^^^^^^^^^^^^^^^^^^^^^
[INFO] [stdout]    |
[INFO] [stdout]    = note: expected values for `feature` are: `base64`, `clients`, `default`, `doh`, `http`, `http_deps`, `hyper`, `hyper-alpn`, `json`, `mime`, `pest`, `pest_consume`, `pest_derive`, `serde`, `serde_json`, `tcp`, `udp`, `url`, and `zones`
[INFO] [stdout]    = help: consider adding `arbitrary` as a feature in `Cargo.toml`
[INFO] [stdout]    = note: see <https://doc.rust-lang.org/nightly/rustc/check-cfg/cargo-specifics.html> for more information about checking conditional configuration
[INFO] [stdout]    = note: `#[warn(unexpected_cfgs)]` on by default
[INFO] [stdout] 
[INFO] [stdout] 
[INFO] [stdout] warning: unexpected `cfg` condition value: `arbitrary`
[INFO] [stdout]    --> src/types.rs:119:12
[INFO] [stdout]     |
[INFO] [stdout] 119 | #[cfg_attr(feature = "arbitrary", derive(arbitrary::Arbitrary))]
[INFO] [stdout]     |            ^^^^^^^^^^^^^^^^^^^^^
[INFO] [stdout]     |
[INFO] [stdout]     = note: expected values for `feature` are: `base64`, `clients`, `default`, `doh`, `http`, `http_deps`, `hyper`, `hyper-alpn`, `json`, `mime`, `pest`, `pest_consume`, `pest_derive`, `serde`, `serde_json`, `tcp`, `udp`, `url`, and `zones`
[INFO] [stdout]     = help: consider adding `arbitrary` as a feature in `Cargo.toml`
[INFO] [stdout]     = note: see <https://doc.rust-lang.org/nightly/rustc/check-cfg/cargo-specifics.html> for more information about checking conditional configuration
[INFO] [stdout] 
[INFO] [stdout] 
[INFO] [stdout] warning: unexpected `cfg` condition value: `arbitrary`
[INFO] [stdout]    --> src/types.rs:135:12
[INFO] [stdout]     |
[INFO] [stdout] 135 | #[cfg_attr(feature = "arbitrary", derive(arbitrary::Arbitrary))]
[INFO] [stdout]     |            ^^^^^^^^^^^^^^^^^^^^^
[INFO] [stdout]     |
[INFO] [stdout]     = note: expected values for `feature` are: `base64`, `clients`, `default`, `doh`, `http`, `http_deps`, `hyper`, `hyper-alpn`, `json`, `mime`, `pest`, `pest_consume`, `pest_derive`, `serde`, `serde_json`, `tcp`, `udp`, `url`, and `zones`
[INFO] [stdout]     = help: consider adding `arbitrary` as a feature in `Cargo.toml`
[INFO] [stdout]     = note: see <https://doc.rust-lang.org/nightly/rustc/check-cfg/cargo-specifics.html> for more information about checking conditional configuration
[INFO] [stdout] 
[INFO] [stdout] 
[INFO] [stdout] warning: unexpected `cfg` condition value: `arbitrary`
[INFO] [stdout]    --> src/types.rs:175:12
[INFO] [stdout]     |
[INFO] [stdout] 175 | #[cfg_attr(feature = "arbitrary", derive(arbitrary::Arbitrary))]
[INFO] [stdout]     |            ^^^^^^^^^^^^^^^^^^^^^
[INFO] [stdout]     |
[INFO] [stdout]     = note: expected values for `feature` are: `base64`, `clients`, `default`, `doh`, `http`, `http_deps`, `hyper`, `hyper-alpn`, `json`, `mime`, `pest`, `pest_consume`, `pest_derive`, `serde`, `serde_json`, `tcp`, `udp`, `url`, and `zones`
[INFO] [stdout]     = help: consider adding `arbitrary` as a feature in `Cargo.toml`
[INFO] [stdout]     = note: see <https://doc.rust-lang.org/nightly/rustc/check-cfg/cargo-specifics.html> for more information about checking conditional configuration
[INFO] [stdout] 
[INFO] [stdout] 
[INFO] [stdout] warning: unexpected `cfg` condition value: `arbitrary`
[INFO] [stdout]    --> src/types.rs:206:12
[INFO] [stdout]     |
[INFO] [stdout] 206 | #[cfg_attr(feature = "arbitrary", derive(arbitrary::Arbitrary))]
[INFO] [stdout]     |            ^^^^^^^^^^^^^^^^^^^^^
[INFO] [stdout]     |
[INFO] [stdout]     = note: expected values for `feature` are: `base64`, `clients`, `default`, `doh`, `http`, `http_deps`, `hyper`, `hyper-alpn`, `json`, `mime`, `pest`, `pest_consume`, `pest_derive`, `serde`, `serde_json`, `tcp`, `udp`, `url`, and `zones`
[INFO] [stdout]     = help: consider adding `arbitrary` as a feature in `Cargo.toml`
[INFO] [stdout]     = note: see <https://doc.rust-lang.org/nightly/rustc/check-cfg/cargo-specifics.html> for more information about checking conditional configuration
[INFO] [stdout] 
[INFO] [stdout] 
[INFO] [stdout] warning: non-local `impl` definition, `impl` blocks should be written at the same level as their item
[INFO] [stdout]    --> src/types.rs:261:61
[INFO] [stdout]     |
[INFO] [stdout] 261 | #[derive(Copy, Clone, Debug, Display, EnumString, Eq, Hash, FromPrimitive, PartialEq)]
[INFO] [stdout]     |                                                             ^------------
[INFO] [stdout]     |                                                             |
[INFO] [stdout]     |                                                             `FromPrimitive` is not local
[INFO] [stdout]     |                                                             move the `impl` block outside of this constant `_IMPL_NUM_FromPrimitive_FOR_Opcode`
[INFO] [stdout] ...
[INFO] [stdout] 264 | pub enum Opcode {
[INFO] [stdout]     |          ------ `Opcode` is not local
[INFO] [stdout]     |
[INFO] [stdout]     = note: the derive macro `FromPrimitive` defines the non-local `impl`, and may need to be changed
[INFO] [stdout]     = note: the derive macro `FromPrimitive` may come from an old version of the `num_derive` crate, try updating your dependency with `cargo update -p num_derive`
[INFO] [stdout]     = note: an `impl` is never scoped, even when it is nested inside an item, as it may impact type checking outside of that item, which can be the case if neither the trait or the self type are at the same nesting level as the `impl`
[INFO] [stdout]     = note: items in an anonymous const item (`const _: () = { ... }`) are treated as in the same scope as the anonymous const's declaration for the purpose of this lint
[INFO] [stdout]     = note: `#[warn(non_local_definitions)]` on by default
[INFO] [stdout]     = note: this warning originates in the derive macro `FromPrimitive` (in Nightly builds, run with -Z macro-backtrace for more info)
[INFO] [stdout] 
[INFO] [stdout] 
[INFO] [stdout] warning: non-local `impl` definition, `impl` blocks should be written at the same level as their item
[INFO] [stdout]    --> src/types.rs:303:61
[INFO] [stdout]     |
[INFO] [stdout] 303 | #[derive(Copy, Clone, Debug, Display, EnumString, Eq, Hash, FromPrimitive, PartialEq)]
[INFO] [stdout]     |                                                             ^------------
[INFO] [stdout]     |                                                             |
[INFO] [stdout]     |                                                             `FromPrimitive` is not local
[INFO] [stdout]     |                                                             move the `impl` block outside of this constant `_IMPL_NUM_FromPrimitive_FOR_Rcode`
[INFO] [stdout] ...
[INFO] [stdout] 306 | pub enum Rcode {
[INFO] [stdout]     |          ----- `Rcode` is not local
[INFO] [stdout]     |
[INFO] [stdout]     = note: the derive macro `FromPrimitive` defines the non-local `impl`, and may need to be changed
[INFO] [stdout]     = note: the derive macro `FromPrimitive` may come from an old version of the `num_derive` crate, try updating your dependency with `cargo update -p num_derive`
[INFO] [stdout]     = note: an `impl` is never scoped, even when it is nested inside an item, as it may impact type checking outside of that item, which can be the case if neither the trait or the self type are at the same nesting level as the `impl`
[INFO] [stdout]     = note: items in an anonymous const item (`const _: () = { ... }`) are treated as in the same scope as the anonymous const's declaration for the purpose of this lint
[INFO] [stdout]     = note: this warning originates in the derive macro `FromPrimitive` (in Nightly builds, run with -Z macro-backtrace for more info)
[INFO] [stdout] 
[INFO] [stdout] 
[INFO] [stdout] warning: non-local `impl` definition, `impl` blocks should be written at the same level as their item
[INFO] [stdout]    --> src/types.rs:391:55
[INFO] [stdout]     |
[INFO] [stdout] 391 | #[derive(Copy, Clone, Debug, Display, EnumString, Eq, FromPrimitive, Hash, PartialEq)]
[INFO] [stdout]     |                                                       ^------------
[INFO] [stdout]     |                                                       |
[INFO] [stdout]     |                                                       `FromPrimitive` is not local
[INFO] [stdout]     |                                                       move the `impl` block outside of this constant `_IMPL_NUM_FromPrimitive_FOR_Type`
[INFO] [stdout] ...
[INFO] [stdout] 394 | pub enum Type {
[INFO] [stdout]     |          ---- `Type` is not local
[INFO] [stdout]     |
[INFO] [stdout]     = note: the derive macro `FromPrimitive` defines the non-local `impl`, and may need to be changed
[INFO] [stdout]     = note: the derive macro `FromPrimitive` may come from an old version of the `num_derive` crate, try updating your dependency with `cargo update -p num_derive`
[INFO] [stdout]     = note: an `impl` is never scoped, even when it is nested inside an item, as it may impact type checking outside of that item, which can be the case if neither the trait or the self type are at the same nesting level as the `impl`
[INFO] [stdout]     = note: items in an anonymous const item (`const _: () = { ... }`) are treated as in the same scope as the anonymous const's declaration for the purpose of this lint
[INFO] [stdout]     = note: this warning originates in the derive macro `FromPrimitive` (in Nightly builds, run with -Z macro-backtrace for more info)
[INFO] [stdout] 
[INFO] [stdout] 
[INFO] [stdout] warning: non-local `impl` definition, `impl` blocks should be written at the same level as their item
[INFO] [stdout]    --> src/types.rs:446:55
[INFO] [stdout]     |
[INFO] [stdout] 446 | #[derive(Copy, Clone, Debug, Display, EnumString, Eq, FromPrimitive, Hash, PartialEq)]
[INFO] [stdout]     |                                                       ^------------
[INFO] [stdout]     |                                                       |
[INFO] [stdout]     |                                                       `FromPrimitive` is not local
[INFO] [stdout]     |                                                       move the `impl` block outside of this constant `_IMPL_NUM_FromPrimitive_FOR_Class`
[INFO] [stdout] 447 | #[repr(u16)]
[INFO] [stdout] 448 | pub enum Class {
[INFO] [stdout]     |          ----- `Class` is not local
[INFO] [stdout]     |
[INFO] [stdout]     = note: the derive macro `FromPrimitive` defines the non-local `impl`, and may need to be changed
[INFO] [stdout]     = note: the derive macro `FromPrimitive` may come from an old version of the `num_derive` crate, try updating your dependency with `cargo update -p num_derive`
[INFO] [stdout]     = note: an `impl` is never scoped, even when it is nested inside an item, as it may impact type checking outside of that item, which can be the case if neither the trait or the self type are at the same nesting level as the `impl`
[INFO] [stdout]     = note: items in an anonymous const item (`const _: () = { ... }`) are treated as in the same scope as the anonymous const's declaration for the purpose of this lint
[INFO] [stdout]     = note: this warning originates in the derive macro `FromPrimitive` (in Nightly builds, run with -Z macro-backtrace for more info)
[INFO] [stdout] 
[INFO] [stdout] 
[INFO] [stderr]     Finished `dev` profile [unoptimized + debuginfo] target(s) in 42.98s
[INFO] running `Command { std: "docker" "inspect" "a19fcf5f666d28e45893bfd83f1557f14c6e0c6ca7585632d01633fd26906c31", kill_on_drop: false }`
[INFO] running `Command { std: "docker" "rm" "-f" "a19fcf5f666d28e45893bfd83f1557f14c6e0c6ca7585632d01633fd26906c31", kill_on_drop: false }`
[INFO] [stdout] a19fcf5f666d28e45893bfd83f1557f14c6e0c6ca7585632d01633fd26906c31
[INFO] running `Command { std: "docker" "create" "-v" "/var/lib/crater-agent-workspace/builds/worker-5-tc1/target:/opt/rustwide/target:rw,Z" "-v" "/var/lib/crater-agent-workspace/builds/worker-5-tc1/source:/opt/rustwide/workdir:ro,Z" "-v" "/var/lib/crater-agent-workspace/cargo-home:/opt/rustwide/cargo-home:ro,Z" "-v" "/var/lib/crater-agent-workspace/rustup-home:/opt/rustwide/rustup-home:ro,Z" "-e" "SOURCE_DIR=/opt/rustwide/workdir" "-e" "CARGO_TARGET_DIR=/opt/rustwide/target" "-e" "CARGO_INCREMENTAL=0" "-e" "RUST_BACKTRACE=full" "-e" "RUSTFLAGS=--cap-lints=warn" "-e" "RUSTDOCFLAGS=--cap-lints=warn" "-e" "CARGO_HOME=/opt/rustwide/cargo-home" "-e" "RUSTUP_HOME=/opt/rustwide/rustup-home" "-w" "/opt/rustwide/workdir" "-m" "1610612736" "--user" "0:0" "--network" "none" "ghcr.io/rust-lang/crates-build-env/linux@sha256:f3a9d4ad9d972b27faf3965f35b62e55ba32bbce8f20bc8fe909558a86702fde" "/opt/rustwide/cargo-home/bin/cargo" "+1.83.0" "test" "--frozen" "--no-run" "--message-format=json", kill_on_drop: false }`
[INFO] [stdout] 0dba9cde9640e6440dfff2a2ee94be07c12c86bf641e1e07f2bfe20d151a0e00
[INFO] running `Command { std: "docker" "start" "-a" "0dba9cde9640e6440dfff2a2ee94be07c12c86bf641e1e07f2bfe20d151a0e00", kill_on_drop: false }`
[INFO] [stderr]    Compiling indexmap v1.9.3
[INFO] [stderr]    Compiling linked-hash-map v0.5.6
[INFO] [stderr]    Compiling hashbrown v0.12.3
[INFO] [stderr]    Compiling atty v0.2.14
[INFO] [stderr]    Compiling humantime v2.1.0
[INFO] [stderr]    Compiling yansi v1.0.1
[INFO] [stderr]    Compiling termcolor v1.4.1
[INFO] [stderr]    Compiling diff v0.1.13
[INFO] [stderr]    Compiling test-env-log v0.2.8
[INFO] [stderr]    Compiling hex v0.4.3
[INFO] [stderr]    Compiling json_comments v0.2.2
[INFO] [stdout] warning: unexpected `cfg` condition value: `arbitrary`
[INFO] [stdout]   --> src/types.rs:48:12
[INFO] [stdout]    |
[INFO] [stdout] 48 | #[cfg_attr(feature = "arbitrary", derive(arbitrary::Arbitrary))]
[INFO] [stdout]    |            ^^^^^^^^^^^^^^^^^^^^^
[INFO] [stdout]    |
[INFO] [stdout]    = note: expected values for `feature` are: `base64`, `clients`, `default`, `doh`, `http`, `http_deps`, `hyper`, `hyper-alpn`, `json`, `mime`, `pest`, `pest_consume`, `pest_derive`, `serde`, `serde_json`, `tcp`, `udp`, `url`, and `zones`
[INFO] [stdout]    = help: consider adding `arbitrary` as a feature in `Cargo.toml`
[INFO] [stdout]    = note: see <https://doc.rust-lang.org/nightly/rustc/check-cfg/cargo-specifics.html> for more information about checking conditional configuration
[INFO] [stdout]    = note: `#[warn(unexpected_cfgs)]` on by default
[INFO] [stdout] 
[INFO] [stdout] 
[INFO] [stdout] warning: unexpected `cfg` condition value: `arbitrary`
[INFO] [stdout]    --> src/types.rs:119:12
[INFO] [stdout]     |
[INFO] [stdout] 119 | #[cfg_attr(feature = "arbitrary", derive(arbitrary::Arbitrary))]
[INFO] [stdout]     |            ^^^^^^^^^^^^^^^^^^^^^
[INFO] [stdout]     |
[INFO] [stdout]     = note: expected values for `feature` are: `base64`, `clients`, `default`, `doh`, `http`, `http_deps`, `hyper`, `hyper-alpn`, `json`, `mime`, `pest`, `pest_consume`, `pest_derive`, `serde`, `serde_json`, `tcp`, `udp`, `url`, and `zones`
[INFO] [stdout]     = help: consider adding `arbitrary` as a feature in `Cargo.toml`
[INFO] [stdout]     = note: see <https://doc.rust-lang.org/nightly/rustc/check-cfg/cargo-specifics.html> for more information about checking conditional configuration
[INFO] [stdout] 
[INFO] [stdout] 
[INFO] [stdout] warning: unexpected `cfg` condition value: `arbitrary`
[INFO] [stdout]    --> src/types.rs:135:12
[INFO] [stdout]     |
[INFO] [stdout] 135 | #[cfg_attr(feature = "arbitrary", derive(arbitrary::Arbitrary))]
[INFO] [stdout]     |            ^^^^^^^^^^^^^^^^^^^^^
[INFO] [stdout]     |
[INFO] [stdout]     = note: expected values for `feature` are: `base64`, `clients`, `default`, `doh`, `http`, `http_deps`, `hyper`, `hyper-alpn`, `json`, `mime`, `pest`, `pest_consume`, `pest_derive`, `serde`, `serde_json`, `tcp`, `udp`, `url`, and `zones`
[INFO] [stdout]     = help: consider adding `arbitrary` as a feature in `Cargo.toml`
[INFO] [stdout]     = note: see <https://doc.rust-lang.org/nightly/rustc/check-cfg/cargo-specifics.html> for more information about checking conditional configuration
[INFO] [stdout] 
[INFO] [stdout] 
[INFO] [stdout] warning: unexpected `cfg` condition value: `arbitrary`
[INFO] [stdout]    --> src/types.rs:175:12
[INFO] [stdout]     |
[INFO] [stdout] 175 | #[cfg_attr(feature = "arbitrary", derive(arbitrary::Arbitrary))]
[INFO] [stdout]     |            ^^^^^^^^^^^^^^^^^^^^^
[INFO] [stdout]     |
[INFO] [stdout]     = note: expected values for `feature` are: `base64`, `clients`, `default`, `doh`, `http`, `http_deps`, `hyper`, `hyper-alpn`, `json`, `mime`, `pest`, `pest_consume`, `pest_derive`, `serde`, `serde_json`, `tcp`, `udp`, `url`, and `zones`
[INFO] [stdout]     = help: consider adding `arbitrary` as a feature in `Cargo.toml`
[INFO] [stdout]     = note: see <https://doc.rust-lang.org/nightly/rustc/check-cfg/cargo-specifics.html> for more information about checking conditional configuration
[INFO] [stdout] 
[INFO] [stdout] 
[INFO] [stdout] warning: unexpected `cfg` condition value: `arbitrary`
[INFO] [stdout]    --> src/types.rs:206:12
[INFO] [stdout]     |
[INFO] [stdout] 206 | #[cfg_attr(feature = "arbitrary", derive(arbitrary::Arbitrary))]
[INFO] [stdout]     |            ^^^^^^^^^^^^^^^^^^^^^
[INFO] [stdout]     |
[INFO] [stdout]     = note: expected values for `feature` are: `base64`, `clients`, `default`, `doh`, `http`, `http_deps`, `hyper`, `hyper-alpn`, `json`, `mime`, `pest`, `pest_consume`, `pest_derive`, `serde`, `serde_json`, `tcp`, `udp`, `url`, and `zones`
[INFO] [stdout]     = help: consider adding `arbitrary` as a feature in `Cargo.toml`
[INFO] [stdout]     = note: see <https://doc.rust-lang.org/nightly/rustc/check-cfg/cargo-specifics.html> for more information about checking conditional configuration
[INFO] [stdout] 
[INFO] [stdout] 
[INFO] [stdout] warning: non-local `impl` definition, `impl` blocks should be written at the same level as their item
[INFO] [stdout]    --> src/types.rs:261:61
[INFO] [stdout]     |
[INFO] [stdout] 261 | #[derive(Copy, Clone, Debug, Display, EnumString, Eq, Hash, FromPrimitive, PartialEq)]
[INFO] [stdout]     |                                                             ^------------
[INFO] [stdout]     |                                                             |
[INFO] [stdout]     |                                                             `FromPrimitive` is not local
[INFO] [stdout]     |                                                             move the `impl` block outside of this constant `_IMPL_NUM_FromPrimitive_FOR_Opcode`
[INFO] [stdout] ...
[INFO] [stdout] 264 | pub enum Opcode {
[INFO] [stdout]     |          ------ `Opcode` is not local
[INFO] [stdout]     |
[INFO] [stdout]     = note: the derive macro `FromPrimitive` defines the non-local `impl`, and may need to be changed
[INFO] [stdout]     = note: the derive macro `FromPrimitive` may come from an old version of the `num_derive` crate, try updating your dependency with `cargo update -p num_derive`
[INFO] [stdout]     = note: an `impl` is never scoped, even when it is nested inside an item, as it may impact type checking outside of that item, which can be the case if neither the trait or the self type are at the same nesting level as the `impl`
[INFO] [stdout]     = note: items in an anonymous const item (`const _: () = { ... }`) are treated as in the same scope as the anonymous const's declaration for the purpose of this lint
[INFO] [stdout]     = note: `#[warn(non_local_definitions)]` on by default
[INFO] [stdout]     = note: this warning originates in the derive macro `FromPrimitive` (in Nightly builds, run with -Z macro-backtrace for more info)
[INFO] [stdout] 
[INFO] [stdout] 
[INFO] [stdout] warning: non-local `impl` definition, `impl` blocks should be written at the same level as their item
[INFO] [stdout]    --> src/types.rs:303:61
[INFO] [stdout]     |
[INFO] [stdout] 303 | #[derive(Copy, Clone, Debug, Display, EnumString, Eq, Hash, FromPrimitive, PartialEq)]
[INFO] [stdout]     |                                                             ^------------
[INFO] [stdout]     |                                                             |
[INFO] [stdout]     |                                                             `FromPrimitive` is not local
[INFO] [stdout]     |                                                             move the `impl` block outside of this constant `_IMPL_NUM_FromPrimitive_FOR_Rcode`
[INFO] [stdout] ...
[INFO] [stdout] 306 | pub enum Rcode {
[INFO] [stdout]     |          ----- `Rcode` is not local
[INFO] [stdout]     |
[INFO] [stdout]     = note: the derive macro `FromPrimitive` defines the non-local `impl`, and may need to be changed
[INFO] [stdout]     = note: the derive macro `FromPrimitive` may come from an old version of the `num_derive` crate, try updating your dependency with `cargo update -p num_derive`
[INFO] [stdout]     = note: an `impl` is never scoped, even when it is nested inside an item, as it may impact type checking outside of that item, which can be the case if neither the trait or the self type are at the same nesting level as the `impl`
[INFO] [stdout]     = note: items in an anonymous const item (`const _: () = { ... }`) are treated as in the same scope as the anonymous const's declaration for the purpose of this lint
[INFO] [stdout]     = note: this warning originates in the derive macro `FromPrimitive` (in Nightly builds, run with -Z macro-backtrace for more info)
[INFO] [stdout] 
[INFO] [stdout] 
[INFO] [stdout] warning: non-local `impl` definition, `impl` blocks should be written at the same level as their item
[INFO] [stdout]    --> src/types.rs:391:55
[INFO] [stdout]     |
[INFO] [stdout] 391 | #[derive(Copy, Clone, Debug, Display, EnumString, Eq, FromPrimitive, Hash, PartialEq)]
[INFO] [stdout]     |                                                       ^------------
[INFO] [stdout]     |                                                       |
[INFO] [stdout]     |                                                       `FromPrimitive` is not local
[INFO] [stdout]     |                                                       move the `impl` block outside of this constant `_IMPL_NUM_FromPrimitive_FOR_Type`
[INFO] [stdout] ...
[INFO] [stdout] 394 | pub enum Type {
[INFO] [stdout]     |          ---- `Type` is not local
[INFO] [stdout]     |
[INFO] [stdout]     = note: the derive macro `FromPrimitive` defines the non-local `impl`, and may need to be changed
[INFO] [stdout]     = note: the derive macro `FromPrimitive` may come from an old version of the `num_derive` crate, try updating your dependency with `cargo update -p num_derive`
[INFO] [stdout]     = note: an `impl` is never scoped, even when it is nested inside an item, as it may impact type checking outside of that item, which can be the case if neither the trait or the self type are at the same nesting level as the `impl`
[INFO] [stdout]     = note: items in an anonymous const item (`const _: () = { ... }`) are treated as in the same scope as the anonymous const's declaration for the purpose of this lint
[INFO] [stdout]     = note: this warning originates in the derive macro `FromPrimitive` (in Nightly builds, run with -Z macro-backtrace for more info)
[INFO] [stdout] 
[INFO] [stdout] 
[INFO] [stdout] warning: non-local `impl` definition, `impl` blocks should be written at the same level as their item
[INFO] [stdout]    --> src/types.rs:446:55
[INFO] [stdout]     |
[INFO] [stdout] 446 | #[derive(Copy, Clone, Debug, Display, EnumString, Eq, FromPrimitive, Hash, PartialEq)]
[INFO] [stdout]     |                                                       ^------------
[INFO] [stdout]     |                                                       |
[INFO] [stdout]     |                                                       `FromPrimitive` is not local
[INFO] [stdout]     |                                                       move the `impl` block outside of this constant `_IMPL_NUM_FromPrimitive_FOR_Class`
[INFO] [stdout] 447 | #[repr(u16)]
[INFO] [stdout] 448 | pub enum Class {
[INFO] [stdout]     |          ----- `Class` is not local
[INFO] [stdout]     |
[INFO] [stdout]     = note: the derive macro `FromPrimitive` defines the non-local `impl`, and may need to be changed
[INFO] [stdout]     = note: the derive macro `FromPrimitive` may come from an old version of the `num_derive` crate, try updating your dependency with `cargo update -p num_derive`
[INFO] [stdout]     = note: an `impl` is never scoped, even when it is nested inside an item, as it may impact type checking outside of that item, which can be the case if neither the trait or the self type are at the same nesting level as the `impl`
[INFO] [stdout]     = note: items in an anonymous const item (`const _: () = { ... }`) are treated as in the same scope as the anonymous const's declaration for the purpose of this lint
[INFO] [stdout]     = note: this warning originates in the derive macro `FromPrimitive` (in Nightly builds, run with -Z macro-backtrace for more info)
[INFO] [stdout] 
[INFO] [stdout] 
[INFO] [stderr]    Compiling pretty_assertions v1.4.1
[INFO] [stderr]    Compiling yaml-rust v0.4.5
[INFO] [stderr]    Compiling env_logger v0.9.3
[INFO] [stderr]    Compiling serde_yaml v0.8.26
[INFO] [stderr]    Compiling rustdns v0.4.0 (/opt/rustwide/workdir)
[INFO] [stdout] warning: struct `MockClient` is never constructed
[INFO] [stdout]   --> tests/resolver.rs:14:12
[INFO] [stdout]    |
[INFO] [stdout] 14 |     struct MockClient {}
[INFO] [stdout]    |            ^^^^^^^^^^
[INFO] [stdout]    |
[INFO] [stdout]    = note: `#[warn(dead_code)]` on by default
[INFO] [stdout] 
[INFO] [stdout] 
[INFO] [stdout] warning: unexpected `cfg` condition value: `arbitrary`
[INFO] [stdout]   --> src/types.rs:48:12
[INFO] [stdout]    |
[INFO] [stdout] 48 | #[cfg_attr(feature = "arbitrary", derive(arbitrary::Arbitrary))]
[INFO] [stdout]    |            ^^^^^^^^^^^^^^^^^^^^^
[INFO] [stdout]    |
[INFO] [stdout]    = note: expected values for `feature` are: `base64`, `clients`, `default`, `doh`, `http`, `http_deps`, `hyper`, `hyper-alpn`, `json`, `mime`, `pest`, `pest_consume`, `pest_derive`, `serde`, `serde_json`, `tcp`, `udp`, `url`, and `zones`
[INFO] [stdout]    = help: consider adding `arbitrary` as a feature in `Cargo.toml`
[INFO] [stdout]    = note: see <https://doc.rust-lang.org/nightly/rustc/check-cfg/cargo-specifics.html> for more information about checking conditional configuration
[INFO] [stdout]    = note: `#[warn(unexpected_cfgs)]` on by default
[INFO] [stdout] 
[INFO] [stdout] 
[INFO] [stdout] warning: unexpected `cfg` condition value: `arbitrary`
[INFO] [stdout]    --> src/types.rs:119:12
[INFO] [stdout]     |
[INFO] [stdout] 119 | #[cfg_attr(feature = "arbitrary", derive(arbitrary::Arbitrary))]
[INFO] [stdout]     |            ^^^^^^^^^^^^^^^^^^^^^
[INFO] [stdout]     |
[INFO] [stdout]     = note: expected values for `feature` are: `base64`, `clients`, `default`, `doh`, `http`, `http_deps`, `hyper`, `hyper-alpn`, `json`, `mime`, `pest`, `pest_consume`, `pest_derive`, `serde`, `serde_json`, `tcp`, `udp`, `url`, and `zones`
[INFO] [stdout]     = help: consider adding `arbitrary` as a feature in `Cargo.toml`
[INFO] [stdout]     = note: see <https://doc.rust-lang.org/nightly/rustc/check-cfg/cargo-specifics.html> for more information about checking conditional configuration
[INFO] [stdout] 
[INFO] [stdout] 
[INFO] [stdout] warning: unexpected `cfg` condition value: `arbitrary`
[INFO] [stdout]    --> src/types.rs:135:12
[INFO] [stdout]     |
[INFO] [stdout] 135 | #[cfg_attr(feature = "arbitrary", derive(arbitrary::Arbitrary))]
[INFO] [stdout]     |            ^^^^^^^^^^^^^^^^^^^^^
[INFO] [stdout]     |
[INFO] [stdout]     = note: expected values for `feature` are: `base64`, `clients`, `default`, `doh`, `http`, `http_deps`, `hyper`, `hyper-alpn`, `json`, `mime`, `pest`, `pest_consume`, `pest_derive`, `serde`, `serde_json`, `tcp`, `udp`, `url`, and `zones`
[INFO] [stdout]     = help: consider adding `arbitrary` as a feature in `Cargo.toml`
[INFO] [stdout]     = note: see <https://doc.rust-lang.org/nightly/rustc/check-cfg/cargo-specifics.html> for more information about checking conditional configuration
[INFO] [stdout] 
[INFO] [stdout] 
[INFO] [stdout] warning: unexpected `cfg` condition value: `arbitrary`
[INFO] [stdout]    --> src/types.rs:175:12
[INFO] [stdout]     |
[INFO] [stdout] 175 | #[cfg_attr(feature = "arbitrary", derive(arbitrary::Arbitrary))]
[INFO] [stdout]     |            ^^^^^^^^^^^^^^^^^^^^^
[INFO] [stdout]     |
[INFO] [stdout]     = note: expected values for `feature` are: `base64`, `clients`, `default`, `doh`, `http`, `http_deps`, `hyper`, `hyper-alpn`, `json`, `mime`, `pest`, `pest_consume`, `pest_derive`, `serde`, `serde_json`, `tcp`, `udp`, `url`, and `zones`
[INFO] [stdout]     = help: consider adding `arbitrary` as a feature in `Cargo.toml`
[INFO] [stdout]     = note: see <https://doc.rust-lang.org/nightly/rustc/check-cfg/cargo-specifics.html> for more information about checking conditional configuration
[INFO] [stdout] 
[INFO] [stdout] 
[INFO] [stdout] warning: unexpected `cfg` condition value: `arbitrary`
[INFO] [stdout]    --> src/types.rs:206:12
[INFO] [stdout]     |
[INFO] [stdout] 206 | #[cfg_attr(feature = "arbitrary", derive(arbitrary::Arbitrary))]
[INFO] [stdout]     |            ^^^^^^^^^^^^^^^^^^^^^
[INFO] [stdout]     |
[INFO] [stdout]     = note: expected values for `feature` are: `base64`, `clients`, `default`, `doh`, `http`, `http_deps`, `hyper`, `hyper-alpn`, `json`, `mime`, `pest`, `pest_consume`, `pest_derive`, `serde`, `serde_json`, `tcp`, `udp`, `url`, and `zones`
[INFO] [stdout]     = help: consider adding `arbitrary` as a feature in `Cargo.toml`
[INFO] [stdout]     = note: see <https://doc.rust-lang.org/nightly/rustc/check-cfg/cargo-specifics.html> for more information about checking conditional configuration
[INFO] [stdout] 
[INFO] [stdout] 
[INFO] [stdout] warning: non-local `impl` definition, `impl` blocks should be written at the same level as their item
[INFO] [stdout]    --> src/types.rs:261:61
[INFO] [stdout]     |
[INFO] [stdout] 261 | #[derive(Copy, Clone, Debug, Display, EnumString, Eq, Hash, FromPrimitive, PartialEq)]
[INFO] [stdout]     |                                                             ^------------
[INFO] [stdout]     |                                                             |
[INFO] [stdout]     |                                                             `FromPrimitive` is not local
[INFO] [stdout]     |                                                             move the `impl` block outside of this constant `_IMPL_NUM_FromPrimitive_FOR_Opcode`
[INFO] [stdout] ...
[INFO] [stdout] 264 | pub enum Opcode {
[INFO] [stdout]     |          ------ `Opcode` is not local
[INFO] [stdout]     |
[INFO] [stdout]     = note: the derive macro `FromPrimitive` defines the non-local `impl`, and may need to be changed
[INFO] [stdout]     = note: the derive macro `FromPrimitive` may come from an old version of the `num_derive` crate, try updating your dependency with `cargo update -p num_derive`
[INFO] [stdout]     = note: an `impl` is never scoped, even when it is nested inside an item, as it may impact type checking outside of that item, which can be the case if neither the trait or the self type are at the same nesting level as the `impl`
[INFO] [stdout]     = note: items in an anonymous const item (`const _: () = { ... }`) are treated as in the same scope as the anonymous const's declaration for the purpose of this lint
[INFO] [stdout]     = note: `#[warn(non_local_definitions)]` on by default
[INFO] [stdout]     = note: this warning originates in the derive macro `FromPrimitive` (in Nightly builds, run with -Z macro-backtrace for more info)
[INFO] [stdout] 
[INFO] [stdout] 
[INFO] [stdout] warning: non-local `impl` definition, `impl` blocks should be written at the same level as their item
[INFO] [stdout]    --> src/types.rs:303:61
[INFO] [stdout]     |
[INFO] [stdout] 303 | #[derive(Copy, Clone, Debug, Display, EnumString, Eq, Hash, FromPrimitive, PartialEq)]
[INFO] [stdout]     |                                                             ^------------
[INFO] [stdout]     |                                                             |
[INFO] [stdout]     |                                                             `FromPrimitive` is not local
[INFO] [stdout]     |                                                             move the `impl` block outside of this constant `_IMPL_NUM_FromPrimitive_FOR_Rcode`
[INFO] [stdout] ...
[INFO] [stdout] 306 | pub enum Rcode {
[INFO] [stdout]     |          ----- `Rcode` is not local
[INFO] [stdout]     |
[INFO] [stdout]     = note: the derive macro `FromPrimitive` defines the non-local `impl`, and may need to be changed
[INFO] [stdout]     = note: the derive macro `FromPrimitive` may come from an old version of the `num_derive` crate, try updating your dependency with `cargo update -p num_derive`
[INFO] [stdout]     = note: an `impl` is never scoped, even when it is nested inside an item, as it may impact type checking outside of that item, which can be the case if neither the trait or the self type are at the same nesting level as the `impl`
[INFO] [stdout]     = note: items in an anonymous const item (`const _: () = { ... }`) are treated as in the same scope as the anonymous const's declaration for the purpose of this lint
[INFO] [stdout]     = note: this warning originates in the derive macro `FromPrimitive` (in Nightly builds, run with -Z macro-backtrace for more info)
[INFO] [stdout] 
[INFO] [stdout] 
[INFO] [stdout] warning: non-local `impl` definition, `impl` blocks should be written at the same level as their item
[INFO] [stdout]    --> src/types.rs:391:55
[INFO] [stdout]     |
[INFO] [stdout] 391 | #[derive(Copy, Clone, Debug, Display, EnumString, Eq, FromPrimitive, Hash, PartialEq)]
[INFO] [stdout]     |                                                       ^------------
[INFO] [stdout]     |                                                       |
[INFO] [stdout]     |                                                       `FromPrimitive` is not local
[INFO] [stdout]     |                                                       move the `impl` block outside of this constant `_IMPL_NUM_FromPrimitive_FOR_Type`
[INFO] [stdout] ...
[INFO] [stdout] 394 | pub enum Type {
[INFO] [stdout]     |          ---- `Type` is not local
[INFO] [stdout]     |
[INFO] [stdout]     = note: the derive macro `FromPrimitive` defines the non-local `impl`, and may need to be changed
[INFO] [stdout]     = note: the derive macro `FromPrimitive` may come from an old version of the `num_derive` crate, try updating your dependency with `cargo update -p num_derive`
[INFO] [stdout]     = note: an `impl` is never scoped, even when it is nested inside an item, as it may impact type checking outside of that item, which can be the case if neither the trait or the self type are at the same nesting level as the `impl`
[INFO] [stdout]     = note: items in an anonymous const item (`const _: () = { ... }`) are treated as in the same scope as the anonymous const's declaration for the purpose of this lint
[INFO] [stdout]     = note: this warning originates in the derive macro `FromPrimitive` (in Nightly builds, run with -Z macro-backtrace for more info)
[INFO] [stdout] 
[INFO] [stdout] 
[INFO] [stdout] warning: non-local `impl` definition, `impl` blocks should be written at the same level as their item
[INFO] [stdout]    --> src/types.rs:446:55
[INFO] [stdout]     |
[INFO] [stdout] 446 | #[derive(Copy, Clone, Debug, Display, EnumString, Eq, FromPrimitive, Hash, PartialEq)]
[INFO] [stdout]     |                                                       ^------------
[INFO] [stdout]     |                                                       |
[INFO] [stdout]     |                                                       `FromPrimitive` is not local
[INFO] [stdout]     |                                                       move the `impl` block outside of this constant `_IMPL_NUM_FromPrimitive_FOR_Class`
[INFO] [stdout] 447 | #[repr(u16)]
[INFO] [stdout] 448 | pub enum Class {
[INFO] [stdout]     |          ----- `Class` is not local
[INFO] [stdout]     |
[INFO] [stdout]     = note: the derive macro `FromPrimitive` defines the non-local `impl`, and may need to be changed
[INFO] [stdout]     = note: the derive macro `FromPrimitive` may come from an old version of the `num_derive` crate, try updating your dependency with `cargo update -p num_derive`
[INFO] [stdout]     = note: an `impl` is never scoped, even when it is nested inside an item, as it may impact type checking outside of that item, which can be the case if neither the trait or the self type are at the same nesting level as the `impl`
[INFO] [stdout]     = note: items in an anonymous const item (`const _: () = { ... }`) are treated as in the same scope as the anonymous const's declaration for the purpose of this lint
[INFO] [stdout]     = note: this warning originates in the derive macro `FromPrimitive` (in Nightly builds, run with -Z macro-backtrace for more info)
[INFO] [stdout] 
[INFO] [stdout] 
[INFO] [stderr]     Finished `test` profile [unoptimized + debuginfo] target(s) in 9.18s
[INFO] running `Command { std: "docker" "inspect" "0dba9cde9640e6440dfff2a2ee94be07c12c86bf641e1e07f2bfe20d151a0e00", kill_on_drop: false }`
[INFO] running `Command { std: "docker" "rm" "-f" "0dba9cde9640e6440dfff2a2ee94be07c12c86bf641e1e07f2bfe20d151a0e00", kill_on_drop: false }`
[INFO] [stdout] 0dba9cde9640e6440dfff2a2ee94be07c12c86bf641e1e07f2bfe20d151a0e00
[INFO] running `Command { std: "docker" "create" "-v" "/var/lib/crater-agent-workspace/builds/worker-5-tc1/target:/opt/rustwide/target:rw,Z" "-v" "/var/lib/crater-agent-workspace/builds/worker-5-tc1/source:/opt/rustwide/workdir:ro,Z" "-v" "/var/lib/crater-agent-workspace/cargo-home:/opt/rustwide/cargo-home:ro,Z" "-v" "/var/lib/crater-agent-workspace/rustup-home:/opt/rustwide/rustup-home:ro,Z" "-e" "SOURCE_DIR=/opt/rustwide/workdir" "-e" "CARGO_TARGET_DIR=/opt/rustwide/target" "-e" "CARGO_INCREMENTAL=0" "-e" "RUST_BACKTRACE=full" "-e" "RUSTFLAGS=--cap-lints=warn" "-e" "RUSTDOCFLAGS=--cap-lints=warn" "-e" "CARGO_HOME=/opt/rustwide/cargo-home" "-e" "RUSTUP_HOME=/opt/rustwide/rustup-home" "-w" "/opt/rustwide/workdir" "-m" "1610612736" "--user" "0:0" "--network" "none" "ghcr.io/rust-lang/crates-build-env/linux@sha256:f3a9d4ad9d972b27faf3965f35b62e55ba32bbce8f20bc8fe909558a86702fde" "/opt/rustwide/cargo-home/bin/cargo" "+1.83.0" "test" "--frozen", kill_on_drop: false }`
[INFO] [stdout] 9adfe5a7c01afae75094506acf5e6443768fb942e10f12a280a6d7fb84071470
[INFO] running `Command { std: "docker" "start" "-a" "9adfe5a7c01afae75094506acf5e6443768fb942e10f12a280a6d7fb84071470", kill_on_drop: false }`
[INFO] [stderr] warning: unexpected `cfg` condition value: `arbitrary`
[INFO] [stderr]   --> src/types.rs:48:12
[INFO] [stderr]    |
[INFO] [stderr] 48 | #[cfg_attr(feature = "arbitrary", derive(arbitrary::Arbitrary))]
[INFO] [stderr]    |            ^^^^^^^^^^^^^^^^^^^^^
[INFO] [stderr]    |
[INFO] [stderr]    = note: expected values for `feature` are: `base64`, `clients`, `default`, `doh`, `http`, `http_deps`, `hyper`, `hyper-alpn`, `json`, `mime`, `pest`, `pest_consume`, `pest_derive`, `serde`, `serde_json`, `tcp`, `udp`, `url`, and `zones`
[INFO] [stderr]    = help: consider adding `arbitrary` as a feature in `Cargo.toml`
[INFO] [stderr]    = note: see <https://doc.rust-lang.org/nightly/rustc/check-cfg/cargo-specifics.html> for more information about checking conditional configuration
[INFO] [stderr]    = note: `#[warn(unexpected_cfgs)]` on by default
[INFO] [stderr] 
[INFO] [stderr] warning: unexpected `cfg` condition value: `arbitrary`
[INFO] [stderr]    --> src/types.rs:119:12
[INFO] [stderr]     |
[INFO] [stderr] 119 | #[cfg_attr(feature = "arbitrary", derive(arbitrary::Arbitrary))]
[INFO] [stderr]     |            ^^^^^^^^^^^^^^^^^^^^^
[INFO] [stderr]     |
[INFO] [stderr]     = note: expected values for `feature` are: `base64`, `clients`, `default`, `doh`, `http`, `http_deps`, `hyper`, `hyper-alpn`, `json`, `mime`, `pest`, `pest_consume`, `pest_derive`, `serde`, `serde_json`, `tcp`, `udp`, `url`, and `zones`
[INFO] [stderr]     = help: consider adding `arbitrary` as a feature in `Cargo.toml`
[INFO] [stderr]     = note: see <https://doc.rust-lang.org/nightly/rustc/check-cfg/cargo-specifics.html> for more information about checking conditional configuration
[INFO] [stderr] 
[INFO] [stderr] warning: unexpected `cfg` condition value: `arbitrary`
[INFO] [stderr]    --> src/types.rs:135:12
[INFO] [stderr]     |
[INFO] [stderr] 135 | #[cfg_attr(feature = "arbitrary", derive(arbitrary::Arbitrary))]
[INFO] [stderr]     |            ^^^^^^^^^^^^^^^^^^^^^
[INFO] [stderr]     |
[INFO] [stderr]     = note: expected values for `feature` are: `base64`, `clients`, `default`, `doh`, `http`, `http_deps`, `hyper`, `hyper-alpn`, `json`, `mime`, `pest`, `pest_consume`, `pest_derive`, `serde`, `serde_json`, `tcp`, `udp`, `url`, and `zones`
[INFO] [stderr]     = help: consider adding `arbitrary` as a feature in `Cargo.toml`
[INFO] [stderr]     = note: see <https://doc.rust-lang.org/nightly/rustc/check-cfg/cargo-specifics.html> for more information about checking conditional configuration
[INFO] [stderr] 
[INFO] [stderr] warning: unexpected `cfg` condition value: `arbitrary`
[INFO] [stderr]    --> src/types.rs:175:12
[INFO] [stderr]     |
[INFO] [stderr] 175 | #[cfg_attr(feature = "arbitrary", derive(arbitrary::Arbitrary))]
[INFO] [stderr]     |            ^^^^^^^^^^^^^^^^^^^^^
[INFO] [stderr]     |
[INFO] [stderr]     = note: expected values for `feature` are: `base64`, `clients`, `default`, `doh`, `http`, `http_deps`, `hyper`, `hyper-alpn`, `json`, `mime`, `pest`, `pest_consume`, `pest_derive`, `serde`, `serde_json`, `tcp`, `udp`, `url`, and `zones`
[INFO] [stderr]     = help: consider adding `arbitrary` as a feature in `Cargo.toml`
[INFO] [stderr]     = note: see <https://doc.rust-lang.org/nightly/rustc/check-cfg/cargo-specifics.html> for more information about checking conditional configuration
[INFO] [stderr] 
[INFO] [stderr] warning: unexpected `cfg` condition value: `arbitrary`
[INFO] [stderr]    --> src/types.rs:206:12
[INFO] [stderr]     |
[INFO] [stderr] 206 | #[cfg_attr(feature = "arbitrary", derive(arbitrary::Arbitrary))]
[INFO] [stderr]     |            ^^^^^^^^^^^^^^^^^^^^^
[INFO] [stderr]     |
[INFO] [stderr]     = note: expected values for `feature` are: `base64`, `clients`, `default`, `doh`, `http`, `http_deps`, `hyper`, `hyper-alpn`, `json`, `mime`, `pest`, `pest_consume`, `pest_derive`, `serde`, `serde_json`, `tcp`, `udp`, `url`, and `zones`
[INFO] [stderr]     = help: consider adding `arbitrary` as a feature in `Cargo.toml`
[INFO] [stderr]     = note: see <https://doc.rust-lang.org/nightly/rustc/check-cfg/cargo-specifics.html> for more information about checking conditional configuration
[INFO] [stderr] 
[INFO] [stderr] warning: non-local `impl` definition, `impl` blocks should be written at the same level as their item
[INFO] [stderr]    --> src/types.rs:261:61
[INFO] [stderr]     |
[INFO] [stderr] 261 | #[derive(Copy, Clone, Debug, Display, EnumString, Eq, Hash, FromPrimitive, PartialEq)]
[INFO] [stderr]     |                                                             ^------------
[INFO] [stderr]     |                                                             |
[INFO] [stderr]     |                                                             `FromPrimitive` is not local
[INFO] [stderr]     |                                                             move the `impl` block outside of this constant `_IMPL_NUM_FromPrimitive_FOR_Opcode`
[INFO] [stderr] ...
[INFO] [stderr] 264 | pub enum Opcode {
[INFO] [stderr]     |          ------ `Opcode` is not local
[INFO] [stderr]     |
[INFO] [stderr]     = note: the derive macro `FromPrimitive` defines the non-local `impl`, and may need to be changed
[INFO] [stderr]     = note: the derive macro `FromPrimitive` may come from an old version of the `num_derive` crate, try updating your dependency with `cargo update -p num_derive`
[INFO] [stderr]     = note: an `impl` is never scoped, even when it is nested inside an item, as it may impact type checking outside of that item, which can be the case if neither the trait or the self type are at the same nesting level as the `impl`
[INFO] [stderr]     = note: items in an anonymous const item (`const _: () = { ... }`) are treated as in the same scope as the anonymous const's declaration for the purpose of this lint
[INFO] [stderr]     = note: `#[warn(non_local_definitions)]` on by default
[INFO] [stderr]     = note: this warning originates in the derive macro `FromPrimitive` (in Nightly builds, run with -Z macro-backtrace for more info)
[INFO] [stderr] 
[INFO] [stderr] warning: non-local `impl` definition, `impl` blocks should be written at the same level as their item
[INFO] [stderr]    --> src/types.rs:303:61
[INFO] [stderr]     |
[INFO] [stderr] 303 | #[derive(Copy, Clone, Debug, Display, EnumString, Eq, Hash, FromPrimitive, PartialEq)]
[INFO] [stderr]     |                                                             ^------------
[INFO] [stderr]     |                                                             |
[INFO] [stderr]     |                                                             `FromPrimitive` is not local
[INFO] [stderr]     |                                                             move the `impl` block outside of this constant `_IMPL_NUM_FromPrimitive_FOR_Rcode`
[INFO] [stderr] ...
[INFO] [stderr] 306 | pub enum Rcode {
[INFO] [stderr]     |          ----- `Rcode` is not local
[INFO] [stderr]     |
[INFO] [stderr]     = note: the derive macro `FromPrimitive` defines the non-local `impl`, and may need to be changed
[INFO] [stderr]     = note: the derive macro `FromPrimitive` may come from an old version of the `num_derive` crate, try updating your dependency with `cargo update -p num_derive`
[INFO] [stderr]     = note: an `impl` is never scoped, even when it is nested inside an item, as it may impact type checking outside of that item, which can be the case if neither the trait or the self type are at the same nesting level as the `impl`
[INFO] [stderr]     = note: items in an anonymous const item (`const _: () = { ... }`) are treated as in the same scope as the anonymous const's declaration for the purpose of this lint
[INFO] [stderr]     = note: this warning originates in the derive macro `FromPrimitive` (in Nightly builds, run with -Z macro-backtrace for more info)
[INFO] [stderr] 
[INFO] [stderr] warning: non-local `impl` definition, `impl` blocks should be written at the same level as their item
[INFO] [stderr]    --> src/types.rs:391:55
[INFO] [stderr]     |
[INFO] [stderr] 391 | #[derive(Copy, Clone, Debug, Display, EnumString, Eq, FromPrimitive, Hash, PartialEq)]
[INFO] [stderr]     |                                                       ^------------
[INFO] [stderr]     |                                                       |
[INFO] [stderr]     |                                                       `FromPrimitive` is not local
[INFO] [stderr]     |                                                       move the `impl` block outside of this constant `_IMPL_NUM_FromPrimitive_FOR_Type`
[INFO] [stderr] ...
[INFO] [stderr] 394 | pub enum Type {
[INFO] [stderr]     |          ---- `Type` is not local
[INFO] [stderr]     |
[INFO] [stderr]     = note: the derive macro `FromPrimitive` defines the non-local `impl`, and may need to be changed
[INFO] [stderr]     = note: the derive macro `FromPrimitive` may come from an old version of the `num_derive` crate, try updating your dependency with `cargo update -p num_derive`
[INFO] [stderr]     = note: an `impl` is never scoped, even when it is nested inside an item, as it may impact type checking outside of that item, which can be the case if neither the trait or the self type are at the same nesting level as the `impl`
[INFO] [stderr]     = note: items in an anonymous const item (`const _: () = { ... }`) are treated as in the same scope as the anonymous const's declaration for the purpose of this lint
[INFO] [stderr]     = note: this warning originates in the derive macro `FromPrimitive` (in Nightly builds, run with -Z macro-backtrace for more info)
[INFO] [stderr] 
[INFO] [stderr] warning: non-local `impl` definition, `impl` blocks should be written at the same level as their item
[INFO] [stderr]    --> src/types.rs:446:55
[INFO] [stderr]     |
[INFO] [stderr] 446 | #[derive(Copy, Clone, Debug, Display, EnumString, Eq, FromPrimitive, Hash, PartialEq)]
[INFO] [stderr]     |                                                       ^------------
[INFO] [stderr]     |                                                       |
[INFO] [stderr]     |                                                       `FromPrimitive` is not local
[INFO] [stderr]     |                                                       move the `impl` block outside of this constant `_IMPL_NUM_FromPrimitive_FOR_Class`
[INFO] [stderr] 447 | #[repr(u16)]
[INFO] [stderr] 448 | pub enum Class {
[INFO] [stderr]     |          ----- `Class` is not local
[INFO] [stderr]     |
[INFO] [stderr]     = note: the derive macro `FromPrimitive` defines the non-local `impl`, and may need to be changed
[INFO] [stderr]     = note: the derive macro `FromPrimitive` may come from an old version of the `num_derive` crate, try updating your dependency with `cargo update -p num_derive`
[INFO] [stderr]     = note: an `impl` is never scoped, even when it is nested inside an item, as it may impact type checking outside of that item, which can be the case if neither the trait or the self type are at the same nesting level as the `impl`
[INFO] [stderr]     = note: items in an anonymous const item (`const _: () = { ... }`) are treated as in the same scope as the anonymous const's declaration for the purpose of this lint
[INFO] [stderr]     = note: this warning originates in the derive macro `FromPrimitive` (in Nightly builds, run with -Z macro-backtrace for more info)
[INFO] [stderr] 
[INFO] [stderr] warning: `rustdns` (lib) generated 9 warnings
[INFO] [stderr] warning: `rustdns` (lib test) generated 9 warnings (9 duplicates)
[INFO] [stderr] warning: struct `MockClient` is never constructed
[INFO] [stderr]   --> tests/resolver.rs:14:12
[INFO] [stderr]    |
[INFO] [stderr] 14 |     struct MockClient {}
[INFO] [stderr]    |            ^^^^^^^^^^
[INFO] [stderr]    |
[INFO] [stderr]    = note: `#[warn(dead_code)]` on by default
[INFO] [stderr] 
[INFO] [stderr] warning: `rustdns` (test "resolver") generated 1 warning
[INFO] [stderr]     Finished `test` profile [unoptimized + debuginfo] target(s) in 0.12s
[INFO] [stderr]      Running unittests src/lib.rs (/opt/rustwide/target/debug/deps/rustdns-73fa246d51883ae0)
[INFO] [stdout] 
[INFO] [stdout] running 13 tests
[INFO] [stdout] test display::tests::test_display ... ok
[INFO] [stdout] test resource::tests::test_soa_rname_from_email ... ok
[INFO] [stdout] test resource::tests::test_soa_rname_to_email ... ok
[INFO] [stdout] test util::test_reverse ... ok
[INFO] [stdout] test zones::parser_tests::tests::test_parse_record_errors ... ok
[INFO] [stdout] test zones::parser_tests::tests::test_parse_combinations ... ok
[INFO] [stdout] test zones::preprocessor::tests::test_preprocessor ... ok
[INFO] [stdout] test zones::parser_tests::tests::test_parse_record ... ok
[INFO] [stdout] test clients::json::tests::test_parse_response ... ok
[INFO] [stdout] test zones::process::tests::test_into_records ... ok
[INFO] [stdout] test zones::parser_tests::tests::test_parse ... ok
[INFO] [stdout] test display::tests::test_identity ... ok
[INFO] [stdout] test display::tests::test_from_str ... ok
[INFO] [stdout] 
[INFO] [stdout] test result: ok. 13 passed; 0 failed; 0 ignored; 0 measured; 0 filtered out; finished in 0.02s
[INFO] [stdout] 
[INFO] [stderr]      Running tests/dns.rs (/opt/rustwide/target/debug/deps/dns-6d44cf328b6d4ef3)
[INFO] [stdout] 
[INFO] [stdout] running 1 test
[INFO] [stdout] test tests ... ok
[INFO] [stdout] 
[INFO] [stdout] test result: ok. 1 passed; 0 failed; 0 ignored; 0 measured; 0 filtered out; finished in 0.02s
[INFO] [stdout] 
[INFO] [stderr]      Running tests/resolver.rs (/opt/rustwide/target/debug/deps/resolver-566a72db67337fe3)
[INFO] [stdout] 
[INFO] [stdout] running 1 test
[INFO] [stdout] test tests::test_resolver ... FAILED
[INFO] [stdout] 
[INFO] [stdout] failures:
[INFO] [stdout] 
[INFO] [stdout] ---- tests::test_resolver stdout ----
[INFO] [stdout] thread 'tests::test_resolver' panicked at tests/resolver.rs:76:54:
[INFO] [stdout] failed to lookup: IoError(Os { code: 97, kind: Uncategorized, message: "Address family not supported by protocol" })
[INFO] [stdout] stack backtrace:
[INFO] [stdout]    0:     0x61fbcd8fdf3a - std::backtrace_rs::backtrace::libunwind::trace::h5a5b8284f2d0c266
[INFO] [stdout]                                at /rustc/90b35a6239c3d8bdabc530a6a0816f7ff89a0aaf/library/std/src/../../backtrace/src/backtrace/libunwind.rs:116:5
[INFO] [stdout]    1:     0x61fbcd8fdf3a - std::backtrace_rs::backtrace::trace_unsynchronized::h76d4f1c9b0b875e3
[INFO] [stdout]                                at /rustc/90b35a6239c3d8bdabc530a6a0816f7ff89a0aaf/library/std/src/../../backtrace/src/backtrace/mod.rs:66:5
[INFO] [stdout]    2:     0x61fbcd8fdf3a - std::sys::backtrace::_print_fmt::hc4546b8364a537c6
[INFO] [stdout]                                at /rustc/90b35a6239c3d8bdabc530a6a0816f7ff89a0aaf/library/std/src/sys/backtrace.rs:66:9
[INFO] [stdout]    3:     0x61fbcd8fdf3a - <std::sys::backtrace::BacktraceLock::print::DisplayBacktrace as core::fmt::Display>::fmt::h5b6bd5631a6d1f6b
[INFO] [stdout]                                at /rustc/90b35a6239c3d8bdabc530a6a0816f7ff89a0aaf/library/std/src/sys/backtrace.rs:39:26
[INFO] [stdout]    4:     0x61fbcd9254f3 - core::fmt::rt::Argument::fmt::h270f6602a2b96f62
[INFO] [stdout]                                at /rustc/90b35a6239c3d8bdabc530a6a0816f7ff89a0aaf/library/core/src/fmt/rt.rs:177:76
[INFO] [stdout]    5:     0x61fbcd9254f3 - core::fmt::write::h7550c97b06c86515
[INFO] [stdout]                                at /rustc/90b35a6239c3d8bdabc530a6a0816f7ff89a0aaf/library/core/src/fmt/mod.rs:1186:21
[INFO] [stdout]    6:     0x61fbcd8faa43 - std::io::Write::write_fmt::h509ff860e5956e5e
[INFO] [stdout]                                at /rustc/90b35a6239c3d8bdabc530a6a0816f7ff89a0aaf/library/std/src/io/mod.rs:1839:15
[INFO] [stdout]    7:     0x61fbcd8fdd82 - std::sys::backtrace::BacktraceLock::print::h2395ccd2c84ba3aa
[INFO] [stdout]                                at /rustc/90b35a6239c3d8bdabc530a6a0816f7ff89a0aaf/library/std/src/sys/backtrace.rs:42:9
[INFO] [stdout]    8:     0x61fbcd8ff39a - std::panicking::default_hook::{{closure}}::he19d4c7230e07961
[INFO] [stdout]                                at /rustc/90b35a6239c3d8bdabc530a6a0816f7ff89a0aaf/library/std/src/panicking.rs:268:22
[INFO] [stdout]    9:     0x61fbcd8ff1a4 - std::panicking::default_hook::hf614597d3c67bbdb
[INFO] [stdout]                                at /rustc/90b35a6239c3d8bdabc530a6a0816f7ff89a0aaf/library/std/src/panicking.rs:292:9
[INFO] [stdout]   10:     0x61fbcd821e09 - <alloc::boxed::Box<F,A> as core::ops::function::Fn<Args>>::call::h39b51ce4599c23d1
[INFO] [stdout]                                at /rustc/90b35a6239c3d8bdabc530a6a0816f7ff89a0aaf/library/alloc/src/boxed.rs:2468:9
[INFO] [stdout]   11:     0x61fbcd821e09 - test::test_main::{{closure}}::he977ae839a582784
[INFO] [stdout]                                at /rustc/90b35a6239c3d8bdabc530a6a0816f7ff89a0aaf/library/test/src/lib.rs:133:21
[INFO] [stdout]   12:     0x61fbcd8ffa38 - <alloc::boxed::Box<F,A> as core::ops::function::Fn<Args>>::call::h9455091b6b06f9fb
[INFO] [stdout]                                at /rustc/90b35a6239c3d8bdabc530a6a0816f7ff89a0aaf/library/alloc/src/boxed.rs:2468:9
[INFO] [stdout]   13:     0x61fbcd8ffa38 - std::panicking::rust_panic_with_hook::h8942133a8b252070
[INFO] [stdout]                                at /rustc/90b35a6239c3d8bdabc530a6a0816f7ff89a0aaf/library/std/src/panicking.rs:809:13
[INFO] [stdout]   14:     0x61fbcd8ff7fa - std::panicking::begin_panic_handler::{{closure}}::hb5f5963570096b29
[INFO] [stdout]                                at /rustc/90b35a6239c3d8bdabc530a6a0816f7ff89a0aaf/library/std/src/panicking.rs:674:13
[INFO] [stdout]   15:     0x61fbcd8fe419 - std::sys::backtrace::__rust_end_short_backtrace::h6208cedc1922feda
[INFO] [stdout]                                at /rustc/90b35a6239c3d8bdabc530a6a0816f7ff89a0aaf/library/std/src/sys/backtrace.rs:170:18
[INFO] [stdout]   16:     0x61fbcd8ff48c - rust_begin_unwind
[INFO] [stdout]                                at /rustc/90b35a6239c3d8bdabc530a6a0816f7ff89a0aaf/library/std/src/panicking.rs:665:5
[INFO] [stdout]   17:     0x61fbcd7d40e0 - core::panicking::panic_fmt::h0c3082644d1bf418
[INFO] [stdout]                                at /rustc/90b35a6239c3d8bdabc530a6a0816f7ff89a0aaf/library/core/src/panicking.rs:74:14
[INFO] [stdout]   18:     0x61fbcd7d4526 - core::result::unwrap_failed::hd20b4aa073bda1e2
[INFO] [stdout]                                at /rustc/90b35a6239c3d8bdabc530a6a0816f7ff89a0aaf/library/core/src/result.rs:1700:5
[INFO] [stdout]   19:     0x61fbcd7e27c3 - core::result::Result<T,E>::expect::h9b777f7ccaa35617
[INFO] [stdout]                                at /rustc/90b35a6239c3d8bdabc530a6a0816f7ff89a0aaf/library/core/src/result.rs:1061:23
[INFO] [stdout]   20:     0x61fbcd7e601c - resolver::tests::test_resolver::hc4f4214a09724f69
[INFO] [stdout]                                at /opt/rustwide/workdir/tests/resolver.rs:76:27
[INFO] [stdout]   21:     0x61fbcd7e58b7 - resolver::tests::test_resolver::{{closure}}::h925402d747e5ce66
[INFO] [stdout]                                at /opt/rustwide/workdir/tests/resolver.rs:43:23
[INFO] [stdout]   22:     0x61fbcd7e6956 - core::ops::function::FnOnce::call_once::h479884ddcf6844fd
[INFO] [stdout]                                at /rustc/90b35a6239c3d8bdabc530a6a0816f7ff89a0aaf/library/core/src/ops/function.rs:250:5
[INFO] [stdout]   23:     0x61fbcd8267cb - core::ops::function::FnOnce::call_once::h109cf8051a59b34e
[INFO] [stdout]                                at /rustc/90b35a6239c3d8bdabc530a6a0816f7ff89a0aaf/library/core/src/ops/function.rs:250:5
[INFO] [stdout]   24:     0x61fbcd8267cb - test::__rust_begin_short_backtrace::hf4fff89d377446ba
[INFO] [stdout]                                at /rustc/90b35a6239c3d8bdabc530a6a0816f7ff89a0aaf/library/test/src/lib.rs:621:18
[INFO] [stdout]   25:     0x61fbcd826007 - test::run_test_in_process::{{closure}}::h0e39181dd7ee5a43
[INFO] [stdout]                                at /rustc/90b35a6239c3d8bdabc530a6a0816f7ff89a0aaf/library/test/src/lib.rs:644:60
[INFO] [stdout]   26:     0x61fbcd826007 - <core::panic::unwind_safe::AssertUnwindSafe<F> as core::ops::function::FnOnce<()>>::call_once::hc5a66a30f0bdfd1f
[INFO] [stdout]                                at /rustc/90b35a6239c3d8bdabc530a6a0816f7ff89a0aaf/library/core/src/panic/unwind_safe.rs:272:9
[INFO] [stdout]   27:     0x61fbcd826007 - std::panicking::try::do_call::h873b7cf639554a5e
[INFO] [stdout]                                at /rustc/90b35a6239c3d8bdabc530a6a0816f7ff89a0aaf/library/std/src/panicking.rs:557:40
[INFO] [stdout]   28:     0x61fbcd826007 - std::panicking::try::hdb19862fad9c8bd1
[INFO] [stdout]                                at /rustc/90b35a6239c3d8bdabc530a6a0816f7ff89a0aaf/library/std/src/panicking.rs:520:19
[INFO] [stdout]   29:     0x61fbcd826007 - std::panic::catch_unwind::h281fe732d236d260
[INFO] [stdout]                                at /rustc/90b35a6239c3d8bdabc530a6a0816f7ff89a0aaf/library/std/src/panic.rs:358:14
[INFO] [stdout]   30:     0x61fbcd826007 - test::run_test_in_process::h949b6df8457ed338
[INFO] [stdout]                                at /rustc/90b35a6239c3d8bdabc530a6a0816f7ff89a0aaf/library/test/src/lib.rs:644:27
[INFO] [stdout]   31:     0x61fbcd826007 - test::run_test::{{closure}}::h52c556a6d4740e10
[INFO] [stdout]                                at /rustc/90b35a6239c3d8bdabc530a6a0816f7ff89a0aaf/library/test/src/lib.rs:565:43
[INFO] [stdout]   32:     0x61fbcd7eb2e4 - test::run_test::{{closure}}::h4237f6381c45ccb9
[INFO] [stdout]                                at /rustc/90b35a6239c3d8bdabc530a6a0816f7ff89a0aaf/library/test/src/lib.rs:595:41
[INFO] [stdout]   33:     0x61fbcd7eb2e4 - std::sys::backtrace::__rust_begin_short_backtrace::h505c97a579eca628
[INFO] [stdout]                                at /rustc/90b35a6239c3d8bdabc530a6a0816f7ff89a0aaf/library/std/src/sys/backtrace.rs:154:18
[INFO] [stdout]   34:     0x61fbcd7ee9ae - std::thread::Builder::spawn_unchecked_::{{closure}}::{{closure}}::h9e86b2e2bc107ea3
[INFO] [stdout]                                at /rustc/90b35a6239c3d8bdabc530a6a0816f7ff89a0aaf/library/std/src/thread/mod.rs:538:17
[INFO] [stdout]   35:     0x61fbcd7ee9ae - <core::panic::unwind_safe::AssertUnwindSafe<F> as core::ops::function::FnOnce<()>>::call_once::h8b06ddb275ff4a25
[INFO] [stdout]                                at /rustc/90b35a6239c3d8bdabc530a6a0816f7ff89a0aaf/library/core/src/panic/unwind_safe.rs:272:9
[INFO] [stdout]   36:     0x61fbcd7ee9ae - std::panicking::try::do_call::hb26ecd7cd9a9355d
[INFO] [stdout]                                at /rustc/90b35a6239c3d8bdabc530a6a0816f7ff89a0aaf/library/std/src/panicking.rs:557:40
[INFO] [stdout]   37:     0x61fbcd7ee9ae - std::panicking::try::h8ddeca9d705f9069
[INFO] [stdout]                                at /rustc/90b35a6239c3d8bdabc530a6a0816f7ff89a0aaf/library/std/src/panicking.rs:520:19
[INFO] [stdout]   38:     0x61fbcd7ee9ae - std::panic::catch_unwind::h49e1c33078844c46
[INFO] [stdout]                                at /rustc/90b35a6239c3d8bdabc530a6a0816f7ff89a0aaf/library/std/src/panic.rs:358:14
[INFO] [stdout]   39:     0x61fbcd7ee9ae - std::thread::Builder::spawn_unchecked_::{{closure}}::h6073db6ff56ad35d
[INFO] [stdout]                                at /rustc/90b35a6239c3d8bdabc530a6a0816f7ff89a0aaf/library/std/src/thread/mod.rs:537:30
[INFO] [stdout]   40:     0x61fbcd7ee9ae - core::ops::function::FnOnce::call_once{{vtable.shim}}::h2c5a5f3779c774f1
[INFO] [stdout]                                at /rustc/90b35a6239c3d8bdabc530a6a0816f7ff89a0aaf/library/core/src/ops/function.rs:250:5
[INFO] [stdout]   41:     0x61fbcd90379b - <alloc::boxed::Box<F,A> as core::ops::function::FnOnce<Args>>::call_once::hf75717d9f28faebf
[INFO] [stdout]                                at /rustc/90b35a6239c3d8bdabc530a6a0816f7ff89a0aaf/library/alloc/src/boxed.rs:2454:9
[INFO] [stdout]   42:     0x61fbcd90379b - <alloc::boxed::Box<F,A> as core::ops::function::FnOnce<Args>>::call_once::h7bd883a5f3c5f3c1
[INFO] [stdout]                                at /rustc/90b35a6239c3d8bdabc530a6a0816f7ff89a0aaf/library/alloc/src/boxed.rs:2454:9
[INFO] [stdout]   43:     0x61fbcd90379b - std::sys::pal::unix::thread::Thread::new::thread_start::hcc78f3943333fa94
[INFO] [stdout]                                at /rustc/90b35a6239c3d8bdabc530a6a0816f7ff89a0aaf/library/std/src/sys/pal/unix/thread.rs:105:17
[INFO] [stdout]   44:     0x72cbec5d9ac3 - <unknown>
[INFO] [stdout]   45:     0x72cbec66aa04 - clone
[INFO] [stdout]   46:                0x0 - <unknown>
[INFO] [stdout] 
[INFO] [stdout] 
[INFO] [stdout] failures:
[INFO] [stdout]     tests::test_resolver
[INFO] [stdout] 
[INFO] [stdout] test result: FAILED. 0 passed; 1 failed; 0 ignored; 0 measured; 0 filtered out; finished in 0.05s
[INFO] [stdout] 
[INFO] [stderr] error: test failed, to rerun pass `--test resolver`
[INFO] running `Command { std: "docker" "inspect" "9adfe5a7c01afae75094506acf5e6443768fb942e10f12a280a6d7fb84071470", kill_on_drop: false }`
[INFO] running `Command { std: "docker" "rm" "-f" "9adfe5a7c01afae75094506acf5e6443768fb942e10f12a280a6d7fb84071470", kill_on_drop: false }`
[INFO] [stdout] 9adfe5a7c01afae75094506acf5e6443768fb942e10f12a280a6d7fb84071470
