[INFO] fetching crate rust_html_macros 1.1.4...
[INFO] testing rust_html_macros-1.1.4 against 1.83.0 for beta-1.84.0-4-retry
[INFO] extracting crate rust_html_macros 1.1.4 into /workspace/builds/worker-3-tc1/source
[INFO] validating manifest of crates.io crate rust_html_macros 1.1.4 on toolchain 1.83.0
[INFO] running `Command { std: CARGO_HOME="/workspace/cargo-home" RUSTUP_HOME="/workspace/rustup-home" "/workspace/cargo-home/bin/cargo" "+1.83.0" "metadata" "--manifest-path" "Cargo.toml" "--no-deps", kill_on_drop: false }`
[INFO] started tweaking crates.io crate rust_html_macros 1.1.4
[INFO] finished tweaking crates.io crate rust_html_macros 1.1.4
[INFO] tweaked toml for crates.io crate rust_html_macros 1.1.4 written to /workspace/builds/worker-3-tc1/source/Cargo.toml
[INFO] running `Command { std: CARGO_HOME="/workspace/cargo-home" RUSTUP_HOME="/workspace/rustup-home" "/workspace/cargo-home/bin/cargo" "+1.83.0" "generate-lockfile" "--manifest-path" "Cargo.toml", kill_on_drop: false }`
[INFO] [stderr]     Updating crates.io index
[INFO] [stderr]      Locking 71 packages to latest compatible versions
[INFO] [stderr]       Adding scraper v0.21.0 (available: v0.22.0)
[INFO] running `Command { std: CARGO_HOME="/workspace/cargo-home" RUSTUP_HOME="/workspace/rustup-home" "/workspace/cargo-home/bin/cargo" "+1.83.0" "fetch" "--manifest-path" "Cargo.toml", kill_on_drop: false }`
[INFO] running `Command { std: "docker" "create" "-v" "/var/lib/crater-agent-workspace/builds/worker-3-tc1/target:/opt/rustwide/target:rw,Z" "-v" "/var/lib/crater-agent-workspace/builds/worker-3-tc1/source:/opt/rustwide/workdir:ro,Z" "-v" "/var/lib/crater-agent-workspace/cargo-home:/opt/rustwide/cargo-home:ro,Z" "-v" "/var/lib/crater-agent-workspace/rustup-home:/opt/rustwide/rustup-home:ro,Z" "-e" "SOURCE_DIR=/opt/rustwide/workdir" "-e" "CARGO_TARGET_DIR=/opt/rustwide/target" "-e" "CARGO_HOME=/opt/rustwide/cargo-home" "-e" "RUSTUP_HOME=/opt/rustwide/rustup-home" "-w" "/opt/rustwide/workdir" "-m" "1610612736" "--user" "0:0" "--network" "none" "ghcr.io/rust-lang/crates-build-env/linux@sha256:f3a9d4ad9d972b27faf3965f35b62e55ba32bbce8f20bc8fe909558a86702fde" "/opt/rustwide/cargo-home/bin/cargo" "+1.83.0" "metadata" "--no-deps" "--format-version=1", kill_on_drop: false }`
[INFO] [stdout] acd176b293fbf3ad0dc7676e040ec18b5d749ea863b7c901fd23749f80a070f5
[INFO] running `Command { std: "docker" "start" "-a" "acd176b293fbf3ad0dc7676e040ec18b5d749ea863b7c901fd23749f80a070f5", kill_on_drop: false }`
[INFO] running `Command { std: "docker" "inspect" "acd176b293fbf3ad0dc7676e040ec18b5d749ea863b7c901fd23749f80a070f5", kill_on_drop: false }`
[INFO] running `Command { std: "docker" "rm" "-f" "acd176b293fbf3ad0dc7676e040ec18b5d749ea863b7c901fd23749f80a070f5", kill_on_drop: false }`
[INFO] [stdout] acd176b293fbf3ad0dc7676e040ec18b5d749ea863b7c901fd23749f80a070f5
[INFO] running `Command { std: "docker" "create" "-v" "/var/lib/crater-agent-workspace/builds/worker-3-tc1/target:/opt/rustwide/target:rw,Z" "-v" "/var/lib/crater-agent-workspace/builds/worker-3-tc1/source:/opt/rustwide/workdir:ro,Z" "-v" "/var/lib/crater-agent-workspace/cargo-home:/opt/rustwide/cargo-home:ro,Z" "-v" "/var/lib/crater-agent-workspace/rustup-home:/opt/rustwide/rustup-home:ro,Z" "-e" "SOURCE_DIR=/opt/rustwide/workdir" "-e" "CARGO_TARGET_DIR=/opt/rustwide/target" "-e" "CARGO_INCREMENTAL=0" "-e" "RUST_BACKTRACE=full" "-e" "RUSTFLAGS=--cap-lints=warn" "-e" "RUSTDOCFLAGS=--cap-lints=warn" "-e" "CARGO_HOME=/opt/rustwide/cargo-home" "-e" "RUSTUP_HOME=/opt/rustwide/rustup-home" "-w" "/opt/rustwide/workdir" "-m" "1610612736" "--user" "0:0" "--network" "none" "ghcr.io/rust-lang/crates-build-env/linux@sha256:f3a9d4ad9d972b27faf3965f35b62e55ba32bbce8f20bc8fe909558a86702fde" "/opt/rustwide/cargo-home/bin/cargo" "+1.83.0" "build" "--frozen" "--message-format=json", kill_on_drop: false }`
[INFO] [stdout] bd69ca3c8527bc9e61947071ef4c1d01fb6c35b7c25e8dbeb4e18cb22c1104fd
[INFO] running `Command { std: "docker" "start" "-a" "bd69ca3c8527bc9e61947071ef4c1d01fb6c35b7c25e8dbeb4e18cb22c1104fd", kill_on_drop: false }`
[INFO] [stderr]    Compiling proc-macro2 v1.0.92
[INFO] [stderr]    Compiling unicode-ident v1.0.14
[INFO] [stderr]    Compiling libc v0.2.168
[INFO] [stderr]    Compiling cfg-if v1.0.0
[INFO] [stderr]    Compiling byteorder v1.5.0
[INFO] [stderr]    Compiling siphasher v0.3.11
[INFO] [stderr]    Compiling autocfg v1.4.0
[INFO] [stderr]    Compiling smallvec v1.13.2
[INFO] [stderr]    Compiling new_debug_unreachable v1.0.6
[INFO] [stderr]    Compiling parking_lot_core v0.9.10
[INFO] [stderr]    Compiling scopeguard v1.2.0
[INFO] [stderr]    Compiling serde v1.0.216
[INFO] [stderr]    Compiling mac v0.1.1
[INFO] [stderr]    Compiling precomputed-hash v0.1.1
[INFO] [stderr]    Compiling once_cell v1.20.2
[INFO] [stderr]    Compiling dtoa v1.0.9
[INFO] [stderr]    Compiling version_check v0.9.5
[INFO] [stderr]    Compiling futf v0.1.5
[INFO] [stderr]    Compiling utf-8 v0.7.6
[INFO] [stderr]    Compiling log v0.4.22
[INFO] [stderr]    Compiling stable_deref_trait v1.2.0
[INFO] [stderr]    Compiling phf_shared v0.11.2
[INFO] [stderr]    Compiling phf_shared v0.10.0
[INFO] [stderr]    Compiling dtoa-short v0.3.5
[INFO] [stderr]    Compiling itoa v1.0.14
[INFO] [stderr]    Compiling servo_arc v0.4.0
[INFO] [stderr]    Compiling fxhash v0.2.1
[INFO] [stderr]    Compiling unicode-width v0.1.14
[INFO] [stderr]    Compiling tendril v0.4.3
[INFO] [stderr]    Compiling bitflags v2.6.0
[INFO] [stderr]    Compiling ego-tree v0.9.0
[INFO] [stderr]    Compiling getopts v0.2.21
[INFO] [stderr]    Compiling lock_api v0.4.12
[INFO] [stderr]    Compiling ahash v0.8.11
[INFO] [stderr]    Compiling quote v1.0.37
[INFO] [stderr]    Compiling litrs v0.4.1
[INFO] [stderr]    Compiling syn v2.0.90
[INFO] [stderr]    Compiling getrandom v0.2.15
[INFO] [stderr]    Compiling rand_core v0.6.4
[INFO] [stderr]    Compiling parking_lot v0.12.3
[INFO] [stderr]    Compiling string_cache v0.8.7
[INFO] [stderr]    Compiling zerocopy-derive v0.7.35
[INFO] [stderr]    Compiling html5ever v0.29.0
[INFO] [stderr]    Compiling cssparser-macros v0.6.1
[INFO] [stderr]    Compiling derive_more v0.99.18
[INFO] [stderr]    Compiling zerocopy v0.7.35
[INFO] [stderr]    Compiling ppv-lite86 v0.2.20
[INFO] [stderr]    Compiling rand_chacha v0.3.1
[INFO] [stderr]    Compiling rand v0.8.5
[INFO] [stderr]    Compiling phf_generator v0.11.2
[INFO] [stderr]    Compiling phf_generator v0.10.0
[INFO] [stderr]    Compiling string_cache_codegen v0.5.2
[INFO] [stderr]    Compiling phf_codegen v0.11.2
[INFO] [stderr]    Compiling phf_macros v0.11.2
[INFO] [stderr]    Compiling selectors v0.26.0
[INFO] [stderr]    Compiling markup5ever v0.14.0
[INFO] [stderr]    Compiling phf v0.11.2
[INFO] [stderr]    Compiling cssparser v0.34.0
[INFO] [stderr]    Compiling scraper v0.21.0
[INFO] [stderr]    Compiling rust_html_macros v1.1.4 (/opt/rustwide/workdir)
[INFO] [stderr]     Finished `dev` profile [unoptimized + debuginfo] target(s) in 19.01s
[INFO] running `Command { std: "docker" "inspect" "bd69ca3c8527bc9e61947071ef4c1d01fb6c35b7c25e8dbeb4e18cb22c1104fd", kill_on_drop: false }`
[INFO] running `Command { std: "docker" "rm" "-f" "bd69ca3c8527bc9e61947071ef4c1d01fb6c35b7c25e8dbeb4e18cb22c1104fd", kill_on_drop: false }`
[INFO] [stdout] bd69ca3c8527bc9e61947071ef4c1d01fb6c35b7c25e8dbeb4e18cb22c1104fd
[INFO] running `Command { std: "docker" "create" "-v" "/var/lib/crater-agent-workspace/builds/worker-3-tc1/target:/opt/rustwide/target:rw,Z" "-v" "/var/lib/crater-agent-workspace/builds/worker-3-tc1/source:/opt/rustwide/workdir:ro,Z" "-v" "/var/lib/crater-agent-workspace/cargo-home:/opt/rustwide/cargo-home:ro,Z" "-v" "/var/lib/crater-agent-workspace/rustup-home:/opt/rustwide/rustup-home:ro,Z" "-e" "SOURCE_DIR=/opt/rustwide/workdir" "-e" "CARGO_TARGET_DIR=/opt/rustwide/target" "-e" "CARGO_INCREMENTAL=0" "-e" "RUST_BACKTRACE=full" "-e" "RUSTFLAGS=--cap-lints=warn" "-e" "RUSTDOCFLAGS=--cap-lints=warn" "-e" "CARGO_HOME=/opt/rustwide/cargo-home" "-e" "RUSTUP_HOME=/opt/rustwide/rustup-home" "-w" "/opt/rustwide/workdir" "-m" "1610612736" "--user" "0:0" "--network" "none" "ghcr.io/rust-lang/crates-build-env/linux@sha256:f3a9d4ad9d972b27faf3965f35b62e55ba32bbce8f20bc8fe909558a86702fde" "/opt/rustwide/cargo-home/bin/cargo" "+1.83.0" "test" "--frozen" "--no-run" "--message-format=json", kill_on_drop: false }`
[INFO] [stdout] 413217d59622580d8273da3a9789ba03bac03a526de0df014f8aea4840f4d667
[INFO] running `Command { std: "docker" "start" "-a" "413217d59622580d8273da3a9789ba03bac03a526de0df014f8aea4840f4d667", kill_on_drop: false }`
[INFO] [stderr]    Compiling rust_html_macros v1.1.4 (/opt/rustwide/workdir)
[INFO] [stderr]     Finished `test` profile [unoptimized + debuginfo] target(s) in 1.46s
[INFO] running `Command { std: "docker" "inspect" "413217d59622580d8273da3a9789ba03bac03a526de0df014f8aea4840f4d667", kill_on_drop: false }`
[INFO] running `Command { std: "docker" "rm" "-f" "413217d59622580d8273da3a9789ba03bac03a526de0df014f8aea4840f4d667", kill_on_drop: false }`
[INFO] [stdout] 413217d59622580d8273da3a9789ba03bac03a526de0df014f8aea4840f4d667
[INFO] running `Command { std: "docker" "create" "-v" "/var/lib/crater-agent-workspace/builds/worker-3-tc1/target:/opt/rustwide/target:rw,Z" "-v" "/var/lib/crater-agent-workspace/builds/worker-3-tc1/source:/opt/rustwide/workdir:ro,Z" "-v" "/var/lib/crater-agent-workspace/cargo-home:/opt/rustwide/cargo-home:ro,Z" "-v" "/var/lib/crater-agent-workspace/rustup-home:/opt/rustwide/rustup-home:ro,Z" "-e" "SOURCE_DIR=/opt/rustwide/workdir" "-e" "CARGO_TARGET_DIR=/opt/rustwide/target" "-e" "CARGO_INCREMENTAL=0" "-e" "RUST_BACKTRACE=full" "-e" "RUSTFLAGS=--cap-lints=warn" "-e" "RUSTDOCFLAGS=--cap-lints=warn" "-e" "CARGO_HOME=/opt/rustwide/cargo-home" "-e" "RUSTUP_HOME=/opt/rustwide/rustup-home" "-w" "/opt/rustwide/workdir" "-m" "1610612736" "--user" "0:0" "--network" "none" "ghcr.io/rust-lang/crates-build-env/linux@sha256:f3a9d4ad9d972b27faf3965f35b62e55ba32bbce8f20bc8fe909558a86702fde" "/opt/rustwide/cargo-home/bin/cargo" "+1.83.0" "test" "--frozen", kill_on_drop: false }`
[INFO] [stdout] eb62fabef84b51f166c9fd90de46a58bf702b9ffc9b510ed650e8eb7f13a30dc
[INFO] running `Command { std: "docker" "start" "-a" "eb62fabef84b51f166c9fd90de46a58bf702b9ffc9b510ed650e8eb7f13a30dc", kill_on_drop: false }`
[INFO] [stderr]     Finished `test` profile [unoptimized + debuginfo] target(s) in 0.07s
[INFO] [stderr]      Running unittests src/lib.rs (/opt/rustwide/target/debug/deps/rust_html_macros-e80cfdc1f5a536a6)
[INFO] [stdout] 
[INFO] [stdout] running 16 tests
[INFO] [stdout] test parse::test_html_validation::test_article ... ok
[INFO] [stdout] test parse::test_html_validation::test_br ... ok
[INFO] [stdout] test parse::test_html_validation::test_comment ... ok
[INFO] [stdout] test parse::test_html_validation::test_bad_attributes ... ok
[INFO] [stdout] test parse::test_html_validation::test_button ... ok
[INFO] [stdout] test parse::test_html_validation::test_fonts ... ok
[INFO] [stdout] test parse::test_html_validation::test_div ... ok
[INFO] [stdout] test parse::test_html_validation::test_input_label ... ok
[INFO] [stdout] test parse::test_html_validation::test_table ... ok
[INFO] [stdout] test parse::test_html_validation::test_iframe ... ok
[INFO] [stdout] test parse::test_html_validation::test_script ... ok
[INFO] [stdout] test parse::test_html_validation::test_root ... ok
[INFO] [stdout] test parse::test_html_validation::test_table_fragments ... ok
[INFO] [stdout] test parse::test_html_validation::test_table_rows ... ok
[INFO] [stdout] test parse::test_html_validation::test_video ... ok
[INFO] [stdout] test parse::test_html_validation::test_full_website ... ok
[INFO] [stdout] 
[INFO] [stdout] test result: ok. 16 passed; 0 failed; 0 ignored; 0 measured; 0 filtered out; finished in 0.07s
[INFO] [stdout] 
[INFO] [stderr]    Doc-tests rust_html_macros
[INFO] [stdout] 
[INFO] [stdout] running 5 tests
[INFO] [stdout] test src/lib.rs - rhtml (line 80) - compile fail ... ok
[INFO] [stdout] test src/lib.rs - rhtml (line 25) ... FAILED
[INFO] [stdout] test src/lib.rs - rhtml (line 57) ... FAILED
[INFO] [stdout] test src/lib.rs - rhtml (line 34) ... FAILED
[INFO] [stdout] test src/lib.rs - rhtml (line 69) ... FAILED
[INFO] [stdout] 
[INFO] [stdout] failures:
[INFO] [stdout] 
[INFO] [stdout] ---- src/lib.rs - rhtml (line 25) stdout ----
[INFO] [stdout] error[E0432]: unresolved import `rust_html`
[INFO] [stdout]  --> src/lib.rs:26:5
[INFO] [stdout]   |
[INFO] [stdout] 3 | use rust_html::rhtml;
[INFO] [stdout]   |     ^^^^^^^^^ use of undeclared crate or module `rust_html`
[INFO] [stdout] 
[INFO] [stdout] error: aborting due to 1 previous error
[INFO] [stdout] 
[INFO] [stdout] For more information about this error, try `rustc --explain E0432`.
[INFO] [stdout] Couldn't compile the test.
[INFO] [stdout] ---- src/lib.rs - rhtml (line 57) stdout ----
[INFO] [stdout] error[E0432]: unresolved import `rust_html`
[INFO] [stdout]  --> src/lib.rs:58:5
[INFO] [stdout]   |
[INFO] [stdout] 3 | use rust_html::rhtml;
[INFO] [stdout]   |     ^^^^^^^^^ use of undeclared crate or module `rust_html`
[INFO] [stdout] 
[INFO] [stdout] error: aborting due to 1 previous error
[INFO] [stdout] 
[INFO] [stdout] For more information about this error, try `rustc --explain E0432`.
[INFO] [stdout] Couldn't compile the test.
[INFO] [stdout] ---- src/lib.rs - rhtml (line 34) stdout ----
[INFO] [stdout] error[E0432]: unresolved import `rust_html`
[INFO] [stdout]  --> src/lib.rs:35:5
[INFO] [stdout]   |
[INFO] [stdout] 3 | use rust_html::rhtml;
[INFO] [stdout]   |     ^^^^^^^^^ use of undeclared crate or module `rust_html`
[INFO] [stdout] 
[INFO] [stdout] error: aborting due to 1 previous error
[INFO] [stdout] 
[INFO] [stdout] For more information about this error, try `rustc --explain E0432`.
[INFO] [stdout] Couldn't compile the test.
[INFO] [stdout] ---- src/lib.rs - rhtml (line 69) stdout ----
[INFO] [stdout] error[E0432]: unresolved import `rust_html`
[INFO] [stdout]  --> src/lib.rs:70:5
[INFO] [stdout]   |
[INFO] [stdout] 3 | use rust_html::{rhtml, Unescaped};
[INFO] [stdout]   |     ^^^^^^^^^ use of undeclared crate or module `rust_html`
[INFO] [stdout] 
[INFO] [stdout] error: aborting due to 1 previous error
[INFO] [stdout] 
[INFO] [stdout] For more information about this error, try `rustc --explain E0432`.
[INFO] [stdout] Couldn't compile the test.
[INFO] [stdout] 
[INFO] [stdout] failures:
[INFO] [stdout]     src/lib.rs - rhtml (line 25)
[INFO] [stdout]     src/lib.rs - rhtml (line 34)
[INFO] [stdout]     src/lib.rs - rhtml (line 57)
[INFO] [stdout]     src/lib.rs - rhtml (line 69)
[INFO] [stdout] 
[INFO] [stdout] test result: FAILED. 1 passed; 4 failed; 0 ignored; 0 measured; 0 filtered out; finished in 0.19s
[INFO] [stdout] 
[INFO] [stderr] error: doctest failed, to rerun pass `--doc`
[INFO] running `Command { std: "docker" "inspect" "eb62fabef84b51f166c9fd90de46a58bf702b9ffc9b510ed650e8eb7f13a30dc", kill_on_drop: false }`
[INFO] running `Command { std: "docker" "rm" "-f" "eb62fabef84b51f166c9fd90de46a58bf702b9ffc9b510ed650e8eb7f13a30dc", kill_on_drop: false }`
[INFO] [stdout] eb62fabef84b51f166c9fd90de46a58bf702b9ffc9b510ed650e8eb7f13a30dc
