[INFO] fetching crate rust_hdl_lib_core 0.44.1...
[INFO] testing rust_hdl_lib_core-0.44.1 against beta-2024-12-08 for beta-1.84.0-4-retry
[INFO] extracting crate rust_hdl_lib_core 0.44.1 into /workspace/builds/worker-2-tc2/source
[INFO] validating manifest of crates.io crate rust_hdl_lib_core 0.44.1 on toolchain beta-2024-12-08
[INFO] running `Command { std: CARGO_HOME="/workspace/cargo-home" RUSTUP_HOME="/workspace/rustup-home" "/workspace/cargo-home/bin/cargo" "+beta-2024-12-08" "metadata" "--manifest-path" "Cargo.toml" "--no-deps", kill_on_drop: false }`
[INFO] started tweaking crates.io crate rust_hdl_lib_core 0.44.1
[INFO] finished tweaking crates.io crate rust_hdl_lib_core 0.44.1
[INFO] tweaked toml for crates.io crate rust_hdl_lib_core 0.44.1 written to /workspace/builds/worker-2-tc2/source/Cargo.toml
[INFO] running `Command { std: CARGO_HOME="/workspace/cargo-home" RUSTUP_HOME="/workspace/rustup-home" "/workspace/cargo-home/bin/cargo" "+beta-2024-12-08" "generate-lockfile" "--manifest-path" "Cargo.toml", kill_on_drop: false }`
[INFO] [stderr]     Updating crates.io index
[INFO] [stderr]      Locking 46 packages to latest compatible versions
[INFO] [stderr]       Adding evalexpr v6.6.0 (available: v12.0.1)
[INFO] [stderr]       Adding svg v0.10.0 (available: v0.18.0)
[INFO] [stderr]       Adding vcd v0.6.1 (available: v0.7.0)
[INFO] running `Command { std: CARGO_HOME="/workspace/cargo-home" RUSTUP_HOME="/workspace/rustup-home" "/workspace/cargo-home/bin/cargo" "+beta-2024-12-08" "fetch" "--manifest-path" "Cargo.toml", kill_on_drop: false }`
[INFO] running `Command { std: "docker" "create" "-v" "/var/lib/crater-agent-workspace/builds/worker-2-tc2/target:/opt/rustwide/target:rw,Z" "-v" "/var/lib/crater-agent-workspace/builds/worker-2-tc2/source:/opt/rustwide/workdir:ro,Z" "-v" "/var/lib/crater-agent-workspace/cargo-home:/opt/rustwide/cargo-home:ro,Z" "-v" "/var/lib/crater-agent-workspace/rustup-home:/opt/rustwide/rustup-home:ro,Z" "-e" "SOURCE_DIR=/opt/rustwide/workdir" "-e" "CARGO_TARGET_DIR=/opt/rustwide/target" "-e" "CARGO_HOME=/opt/rustwide/cargo-home" "-e" "RUSTUP_HOME=/opt/rustwide/rustup-home" "-w" "/opt/rustwide/workdir" "-m" "1610612736" "--user" "0:0" "--network" "none" "ghcr.io/rust-lang/crates-build-env/linux@sha256:f3a9d4ad9d972b27faf3965f35b62e55ba32bbce8f20bc8fe909558a86702fde" "/opt/rustwide/cargo-home/bin/cargo" "+beta-2024-12-08" "metadata" "--no-deps" "--format-version=1", kill_on_drop: false }`
[INFO] [stdout] 279fa55bfcb3c2eea6922655b38283ccec3bda40bf0be2e41abd6e5d8b7535c2
[INFO] running `Command { std: "docker" "start" "-a" "279fa55bfcb3c2eea6922655b38283ccec3bda40bf0be2e41abd6e5d8b7535c2", kill_on_drop: false }`
[INFO] running `Command { std: "docker" "inspect" "279fa55bfcb3c2eea6922655b38283ccec3bda40bf0be2e41abd6e5d8b7535c2", kill_on_drop: false }`
[INFO] running `Command { std: "docker" "rm" "-f" "279fa55bfcb3c2eea6922655b38283ccec3bda40bf0be2e41abd6e5d8b7535c2", kill_on_drop: false }`
[INFO] [stdout] 279fa55bfcb3c2eea6922655b38283ccec3bda40bf0be2e41abd6e5d8b7535c2
[INFO] running `Command { std: "docker" "create" "-v" "/var/lib/crater-agent-workspace/builds/worker-2-tc2/target:/opt/rustwide/target:rw,Z" "-v" "/var/lib/crater-agent-workspace/builds/worker-2-tc2/source:/opt/rustwide/workdir:ro,Z" "-v" "/var/lib/crater-agent-workspace/cargo-home:/opt/rustwide/cargo-home:ro,Z" "-v" "/var/lib/crater-agent-workspace/rustup-home:/opt/rustwide/rustup-home:ro,Z" "-e" "SOURCE_DIR=/opt/rustwide/workdir" "-e" "CARGO_TARGET_DIR=/opt/rustwide/target" "-e" "CARGO_INCREMENTAL=0" "-e" "RUST_BACKTRACE=full" "-e" "RUSTFLAGS=--cap-lints=warn" "-e" "RUSTDOCFLAGS=--cap-lints=warn" "-e" "CARGO_HOME=/opt/rustwide/cargo-home" "-e" "RUSTUP_HOME=/opt/rustwide/rustup-home" "-w" "/opt/rustwide/workdir" "-m" "1610612736" "--user" "0:0" "--network" "none" "ghcr.io/rust-lang/crates-build-env/linux@sha256:f3a9d4ad9d972b27faf3965f35b62e55ba32bbce8f20bc8fe909558a86702fde" "/opt/rustwide/cargo-home/bin/cargo" "+beta-2024-12-08" "build" "--frozen" "--message-format=json", kill_on_drop: false }`
[INFO] [stdout] bf7b8ff1957aebd0403e8d893aaca19b4f6d3706541399ef9088b1a928b09546
[INFO] running `Command { std: "docker" "start" "-a" "bf7b8ff1957aebd0403e8d893aaca19b4f6d3706541399ef9088b1a928b09546", kill_on_drop: false }`
[INFO] [stderr]    Compiling proc-macro2 v1.0.92
[INFO] [stderr]    Compiling unicode-ident v1.0.14
[INFO] [stderr]    Compiling autocfg v1.4.0
[INFO] [stderr]    Compiling crossbeam-utils v0.8.20
[INFO] [stderr]    Compiling libc v0.2.168
[INFO] [stderr]    Compiling cfg-if v1.0.0
[INFO] [stderr]    Compiling memchr v2.7.4
[INFO] [stderr]    Compiling byteorder v1.5.0
[INFO] [stderr]    Compiling syn v1.0.109
[INFO] [stderr]    Compiling regex-syntax v0.8.5
[INFO] [stderr]    Compiling equivalent v1.0.1
[INFO] [stderr]    Compiling hashbrown v0.15.2
[INFO] [stderr]    Compiling anyhow v1.0.94
[INFO] [stderr]    Compiling fixedbitset v0.4.2
[INFO] [stderr]    Compiling base64 v0.13.1
[INFO] [stderr]    Compiling array-init v2.1.0
[INFO] [stderr]    Compiling vcd v0.6.1
[INFO] [stderr]    Compiling evalexpr v6.6.0
[INFO] [stderr]    Compiling svg v0.10.0
[INFO] [stderr]    Compiling seq-macro v0.3.5
[INFO] [stderr]    Compiling num-traits v0.2.19
[INFO] [stderr]    Compiling substring v1.4.5
[INFO] [stderr]    Compiling indexmap v2.7.0
[INFO] [stderr]    Compiling aho-corasick v1.1.3
[INFO] [stderr]    Compiling crossbeam-epoch v0.9.18
[INFO] [stderr]    Compiling crossbeam-queue v0.3.11
[INFO] [stderr]    Compiling crossbeam-channel v0.5.13
[INFO] [stderr]    Compiling quote v1.0.37
[INFO] [stderr]    Compiling getrandom v0.2.15
[INFO] [stderr]    Compiling rand_core v0.6.4
[INFO] [stderr]    Compiling petgraph v0.6.5
[INFO] [stderr]    Compiling syn v2.0.90
[INFO] [stderr]    Compiling crossbeam-deque v0.8.5
[INFO] [stderr]    Compiling crossbeam v0.8.4
[INFO] [stderr]    Compiling num-integer v0.1.46
[INFO] [stderr]    Compiling num-bigint v0.4.6
[INFO] [stderr]    Compiling regex-automata v0.4.9
[INFO] [stderr]    Compiling zerocopy-derive v0.7.35
[INFO] [stderr]    Compiling regex v1.11.1
[INFO] [stderr]    Compiling zerocopy v0.7.35
[INFO] [stderr]    Compiling embed-doc-image v0.1.4
[INFO] [stderr]    Compiling ppv-lite86 v0.2.20
[INFO] [stderr]    Compiling rand_chacha v0.3.1
[INFO] [stderr]    Compiling rand v0.8.5
[INFO] [stderr]    Compiling rust_hdl_lib_macros v0.44.1
[INFO] [stderr]    Compiling rust_hdl_lib_core v0.44.1 (/opt/rustwide/workdir)
[INFO] [stdout] warning: unused import: `crate::bits::Bits`
[INFO] [stdout]  --> src/constant.rs:3:5
[INFO] [stdout]   |
[INFO] [stdout] 3 | use crate::bits::Bits;
[INFO] [stdout]   |     ^^^^^^^^^^^^^^^^^
[INFO] [stdout]   |
[INFO] [stdout]   = note: `#[warn(unused_imports)]` on by default
[INFO] [stdout] 
[INFO] [stdout] 
[INFO] [stdout] warning: unused import: `Signal`
[INFO] [stdout]  --> src/constant.rs:8:36
[INFO] [stdout]   |
[INFO] [stdout] 8 | use crate::signal::{get_signal_id, Signal};
[INFO] [stdout]   |                                    ^^^^^^
[INFO] [stdout] 
[INFO] [stdout] 
[INFO] [stdout] warning: unused import: `crate::sim_assert_eq`
[INFO] [stdout]  --> src/constant.rs:9:5
[INFO] [stdout]   |
[INFO] [stdout] 9 | use crate::sim_assert_eq;
[INFO] [stdout]   |     ^^^^^^^^^^^^^^^^^^^^
[INFO] [stdout] 
[INFO] [stdout] 
[INFO] [stdout] warning: unused imports: `Sim` and `Simulation`
[INFO] [stdout]   --> src/constant.rs:10:23
[INFO] [stdout]    |
[INFO] [stdout] 10 | use crate::simulate::{Sim, Simulation};
[INFO] [stdout]    |                       ^^^  ^^^^^^^^^^
[INFO] [stdout] 
[INFO] [stdout] 
[INFO] [stdout] warning: unused imports: `ast::Verilog` and `timing::TimingInfo`
[INFO] [stdout]  --> src/top_wrap.rs:1:13
[INFO] [stdout]   |
[INFO] [stdout] 1 | use crate::{ast::Verilog, block::Block, logic::Logic, probe::Probe, timing::TimingInfo};
[INFO] [stdout]   |             ^^^^^^^^^^^^                                            ^^^^^^^^^^^^^^^^^^
[INFO] [stdout] 
[INFO] [stdout] 
[INFO] [stdout] warning: unused variable: `module`
[INFO] [stdout]    --> src/check_timing.rs:122:28
[INFO] [stdout]     |
[INFO] [stdout] 122 |     fn add_code(&mut self, module: &str, code: Verilog) {
[INFO] [stdout]     |                            ^^^^^^ help: if this is intentional, prefix it with an underscore: `_module`
[INFO] [stdout]     |
[INFO] [stdout]     = note: `#[warn(unused_variables)]` on by default
[INFO] [stdout] 
[INFO] [stdout] 
[INFO] [stdout] warning: unused variable: `width`
[INFO] [stdout]    --> src/check_timing.rs:188:9
[INFO] [stdout]     |
[INFO] [stdout] 188 |         width: &usize,
[INFO] [stdout]     |         ^^^^^ help: if this is intentional, prefix it with an underscore: `_width`
[INFO] [stdout] 
[INFO] [stdout] 
[INFO] [stdout] warning: unused variable: `dot`
[INFO] [stdout]    --> src/check_timing.rs:375:9
[INFO] [stdout]     |
[INFO] [stdout] 375 |     let dot = scan.graph.dot();
[INFO] [stdout]     |         ^^^ help: if this is intentional, prefix it with an underscore: `_dot`
[INFO] [stdout] 
[INFO] [stdout] 
[INFO] [stdout] warning: variable does not need to be mutable
[INFO] [stdout]    --> src/check_timing.rs:387:9
[INFO] [stdout]     |
[INFO] [stdout] 387 |     let mut labels = vertex_sets.into_labeling();
[INFO] [stdout]     |         ----^^^^^^
[INFO] [stdout]     |         |
[INFO] [stdout]     |         help: remove this `mut`
[INFO] [stdout]     |
[INFO] [stdout]     = note: `#[warn(unused_mut)]` on by default
[INFO] [stdout] 
[INFO] [stdout] 
[INFO] [stdout] warning: variant `Reset` is never constructed
[INFO] [stdout]   --> src/check_timing.rs:30:5
[INFO] [stdout]    |
[INFO] [stdout] 26 | enum SignalEdgeKind {
[INFO] [stdout]    |      -------------- variant in this enum
[INFO] [stdout] ...
[INFO] [stdout] 30 |     Reset,
[INFO] [stdout]    |     ^^^^^
[INFO] [stdout]    |
[INFO] [stdout]    = note: `SignalEdgeKind` has derived impls for the traits `Debug` and `Clone`, but these are intentionally ignored during dead code analysis
[INFO] [stdout]    = note: `#[warn(dead_code)]` on by default
[INFO] [stdout] 
[INFO] [stdout] 
[INFO] [stdout] warning: methods `set_write_mode` and `set_read_mode` are never used
[INFO] [stdout]    --> src/check_timing.rs:97:8
[INFO] [stdout]     |
[INFO] [stdout] 96  | impl TimingChecker {
[INFO] [stdout]     | ------------------ methods in this implementation
[INFO] [stdout] 97  |     fn set_write_mode(&mut self) {
[INFO] [stdout]     |        ^^^^^^^^^^^^^^
[INFO] [stdout] ...
[INFO] [stdout] 100 |     fn set_read_mode(&mut self) {
[INFO] [stdout]     |        ^^^^^^^^^^^^^
[INFO] [stdout] 
[INFO] [stdout] 
[INFO] [stderr]     Finished `dev` profile [unoptimized + debuginfo] target(s) in 19.59s
[INFO] [stderr] warning: the following packages contain code that will be rejected by a future version of Rust: svg v0.10.0
[INFO] [stderr] note: to see what the problems were, use the option `--future-incompat-report`, or run `cargo report future-incompatibilities --id 1`
[INFO] running `Command { std: "docker" "inspect" "bf7b8ff1957aebd0403e8d893aaca19b4f6d3706541399ef9088b1a928b09546", kill_on_drop: false }`
[INFO] running `Command { std: "docker" "rm" "-f" "bf7b8ff1957aebd0403e8d893aaca19b4f6d3706541399ef9088b1a928b09546", kill_on_drop: false }`
[INFO] [stdout] bf7b8ff1957aebd0403e8d893aaca19b4f6d3706541399ef9088b1a928b09546
[INFO] running `Command { std: "docker" "create" "-v" "/var/lib/crater-agent-workspace/builds/worker-2-tc2/target:/opt/rustwide/target:rw,Z" "-v" "/var/lib/crater-agent-workspace/builds/worker-2-tc2/source:/opt/rustwide/workdir:ro,Z" "-v" "/var/lib/crater-agent-workspace/cargo-home:/opt/rustwide/cargo-home:ro,Z" "-v" "/var/lib/crater-agent-workspace/rustup-home:/opt/rustwide/rustup-home:ro,Z" "-e" "SOURCE_DIR=/opt/rustwide/workdir" "-e" "CARGO_TARGET_DIR=/opt/rustwide/target" "-e" "CARGO_INCREMENTAL=0" "-e" "RUST_BACKTRACE=full" "-e" "RUSTFLAGS=--cap-lints=warn" "-e" "RUSTDOCFLAGS=--cap-lints=warn" "-e" "CARGO_HOME=/opt/rustwide/cargo-home" "-e" "RUSTUP_HOME=/opt/rustwide/rustup-home" "-w" "/opt/rustwide/workdir" "-m" "1610612736" "--user" "0:0" "--network" "none" "ghcr.io/rust-lang/crates-build-env/linux@sha256:f3a9d4ad9d972b27faf3965f35b62e55ba32bbce8f20bc8fe909558a86702fde" "/opt/rustwide/cargo-home/bin/cargo" "+beta-2024-12-08" "test" "--frozen" "--no-run" "--message-format=json", kill_on_drop: false }`
[INFO] [stdout] 6dd9c1cb92faf407be60a59035da8e89cf484924995002a137b638ee4f68fd79
[INFO] running `Command { std: "docker" "start" "-a" "6dd9c1cb92faf407be60a59035da8e89cf484924995002a137b638ee4f68fd79", kill_on_drop: false }`
[INFO] [stderr]    Compiling rust_hdl_lib_core v0.44.1 (/opt/rustwide/workdir)
[INFO] [stdout] warning: unused import: `crate::bits::Bits`
[INFO] [stdout]  --> src/constant.rs:3:5
[INFO] [stdout]   |
[INFO] [stdout] 3 | use crate::bits::Bits;
[INFO] [stdout]   |     ^^^^^^^^^^^^^^^^^
[INFO] [stdout]   |
[INFO] [stdout]   = note: `#[warn(unused_imports)]` on by default
[INFO] [stdout] 
[INFO] [stdout] 
[INFO] [stdout] warning: unused import: `Signal`
[INFO] [stdout]  --> src/constant.rs:8:36
[INFO] [stdout]   |
[INFO] [stdout] 8 | use crate::signal::{get_signal_id, Signal};
[INFO] [stdout]   |                                    ^^^^^^
[INFO] [stdout] 
[INFO] [stdout] 
[INFO] [stdout] warning: unused import: `crate::sim_assert_eq`
[INFO] [stdout]  --> src/constant.rs:9:5
[INFO] [stdout]   |
[INFO] [stdout] 9 | use crate::sim_assert_eq;
[INFO] [stdout]   |     ^^^^^^^^^^^^^^^^^^^^
[INFO] [stdout] 
[INFO] [stdout] 
[INFO] [stdout] warning: unused imports: `Sim` and `Simulation`
[INFO] [stdout]   --> src/constant.rs:10:23
[INFO] [stdout]    |
[INFO] [stdout] 10 | use crate::simulate::{Sim, Simulation};
[INFO] [stdout]    |                       ^^^  ^^^^^^^^^^
[INFO] [stdout] 
[INFO] [stdout] 
[INFO] [stdout] warning: unused imports: `ast::Verilog` and `timing::TimingInfo`
[INFO] [stdout]  --> src/top_wrap.rs:1:13
[INFO] [stdout]   |
[INFO] [stdout] 1 | use crate::{ast::Verilog, block::Block, logic::Logic, probe::Probe, timing::TimingInfo};
[INFO] [stdout]   |             ^^^^^^^^^^^^                                            ^^^^^^^^^^^^^^^^^^
[INFO] [stdout] 
[INFO] [stdout] 
[INFO] [stdout] warning: unused variable: `module`
[INFO] [stdout]    --> src/check_timing.rs:122:28
[INFO] [stdout]     |
[INFO] [stdout] 122 |     fn add_code(&mut self, module: &str, code: Verilog) {
[INFO] [stdout]     |                            ^^^^^^ help: if this is intentional, prefix it with an underscore: `_module`
[INFO] [stdout]     |
[INFO] [stdout]     = note: `#[warn(unused_variables)]` on by default
[INFO] [stdout] 
[INFO] [stdout] 
[INFO] [stdout] warning: unused variable: `width`
[INFO] [stdout]    --> src/check_timing.rs:188:9
[INFO] [stdout]     |
[INFO] [stdout] 188 |         width: &usize,
[INFO] [stdout]     |         ^^^^^ help: if this is intentional, prefix it with an underscore: `_width`
[INFO] [stdout] 
[INFO] [stdout] 
[INFO] [stdout] warning: unused variable: `dot`
[INFO] [stdout]    --> src/check_timing.rs:375:9
[INFO] [stdout]     |
[INFO] [stdout] 375 |     let dot = scan.graph.dot();
[INFO] [stdout]     |         ^^^ help: if this is intentional, prefix it with an underscore: `_dot`
[INFO] [stdout] 
[INFO] [stdout] 
[INFO] [stdout] warning: variable does not need to be mutable
[INFO] [stdout]    --> src/check_timing.rs:387:9
[INFO] [stdout]     |
[INFO] [stdout] 387 |     let mut labels = vertex_sets.into_labeling();
[INFO] [stdout]     |         ----^^^^^^
[INFO] [stdout]     |         |
[INFO] [stdout]     |         help: remove this `mut`
[INFO] [stdout]     |
[INFO] [stdout]     = note: `#[warn(unused_mut)]` on by default
[INFO] [stdout] 
[INFO] [stdout] 
[INFO] [stdout] warning: variant `Reset` is never constructed
[INFO] [stdout]   --> src/check_timing.rs:30:5
[INFO] [stdout]    |
[INFO] [stdout] 26 | enum SignalEdgeKind {
[INFO] [stdout]    |      -------------- variant in this enum
[INFO] [stdout] ...
[INFO] [stdout] 30 |     Reset,
[INFO] [stdout]    |     ^^^^^
[INFO] [stdout]    |
[INFO] [stdout]    = note: `SignalEdgeKind` has derived impls for the traits `Debug` and `Clone`, but these are intentionally ignored during dead code analysis
[INFO] [stdout]    = note: `#[warn(dead_code)]` on by default
[INFO] [stdout] 
[INFO] [stdout] 
[INFO] [stdout] warning: methods `set_write_mode` and `set_read_mode` are never used
[INFO] [stdout]    --> src/check_timing.rs:97:8
[INFO] [stdout]     |
[INFO] [stdout] 96  | impl TimingChecker {
[INFO] [stdout]     | ------------------ methods in this implementation
[INFO] [stdout] 97  |     fn set_write_mode(&mut self) {
[INFO] [stdout]     |        ^^^^^^^^^^^^^^
[INFO] [stdout] ...
[INFO] [stdout] 100 |     fn set_read_mode(&mut self) {
[INFO] [stdout]     |        ^^^^^^^^^^^^^
[INFO] [stdout] 
[INFO] [stdout] 
[INFO] [stdout] warning: unused import: `crate::bits::Bits`
[INFO] [stdout]  --> src/constant.rs:3:5
[INFO] [stdout]   |
[INFO] [stdout] 3 | use crate::bits::Bits;
[INFO] [stdout]   |     ^^^^^^^^^^^^^^^^^
[INFO] [stdout]   |
[INFO] [stdout]   = note: `#[warn(unused_imports)]` on by default
[INFO] [stdout] 
[INFO] [stdout] 
[INFO] [stdout] warning: unused import: `Signal`
[INFO] [stdout]  --> src/constant.rs:8:36
[INFO] [stdout]   |
[INFO] [stdout] 8 | use crate::signal::{get_signal_id, Signal};
[INFO] [stdout]   |                                    ^^^^^^
[INFO] [stdout] 
[INFO] [stdout] 
[INFO] [stdout] warning: unused import: `crate::sim_assert_eq`
[INFO] [stdout]  --> src/constant.rs:9:5
[INFO] [stdout]   |
[INFO] [stdout] 9 | use crate::sim_assert_eq;
[INFO] [stdout]   |     ^^^^^^^^^^^^^^^^^^^^
[INFO] [stdout] 
[INFO] [stdout] 
[INFO] [stdout] warning: unused imports: `Sim` and `Simulation`
[INFO] [stdout]   --> src/constant.rs:10:23
[INFO] [stdout]    |
[INFO] [stdout] 10 | use crate::simulate::{Sim, Simulation};
[INFO] [stdout]    |                       ^^^  ^^^^^^^^^^
[INFO] [stdout] 
[INFO] [stdout] 
[INFO] [stdout] warning: unused imports: `ast::Verilog` and `timing::TimingInfo`
[INFO] [stdout]  --> src/top_wrap.rs:1:13
[INFO] [stdout]   |
[INFO] [stdout] 1 | use crate::{ast::Verilog, block::Block, logic::Logic, probe::Probe, timing::TimingInfo};
[INFO] [stdout]   |             ^^^^^^^^^^^^                                            ^^^^^^^^^^^^^^^^^^
[INFO] [stdout] 
[INFO] [stdout] 
[INFO] [stdout] warning: unused variable: `module`
[INFO] [stdout]    --> src/check_timing.rs:122:28
[INFO] [stdout]     |
[INFO] [stdout] 122 |     fn add_code(&mut self, module: &str, code: Verilog) {
[INFO] [stdout]     |                            ^^^^^^ help: if this is intentional, prefix it with an underscore: `_module`
[INFO] [stdout]     |
[INFO] [stdout]     = note: `#[warn(unused_variables)]` on by default
[INFO] [stdout] 
[INFO] [stdout] 
[INFO] [stdout] warning: unused variable: `width`
[INFO] [stdout]    --> src/check_timing.rs:188:9
[INFO] [stdout]     |
[INFO] [stdout] 188 |         width: &usize,
[INFO] [stdout]     |         ^^^^^ help: if this is intentional, prefix it with an underscore: `_width`
[INFO] [stdout] 
[INFO] [stdout] 
[INFO] [stdout] warning: unused variable: `dot`
[INFO] [stdout]    --> src/check_timing.rs:375:9
[INFO] [stdout]     |
[INFO] [stdout] 375 |     let dot = scan.graph.dot();
[INFO] [stdout]     |         ^^^ help: if this is intentional, prefix it with an underscore: `_dot`
[INFO] [stdout] 
[INFO] [stdout] 
[INFO] [stdout] warning: variable does not need to be mutable
[INFO] [stdout]    --> src/check_timing.rs:387:9
[INFO] [stdout]     |
[INFO] [stdout] 387 |     let mut labels = vertex_sets.into_labeling();
[INFO] [stdout]     |         ----^^^^^^
[INFO] [stdout]     |         |
[INFO] [stdout]     |         help: remove this `mut`
[INFO] [stdout]     |
[INFO] [stdout]     = note: `#[warn(unused_mut)]` on by default
[INFO] [stdout] 
[INFO] [stdout] 
[INFO] [stdout] warning: variant `Reset` is never constructed
[INFO] [stdout]   --> src/check_timing.rs:30:5
[INFO] [stdout]    |
[INFO] [stdout] 26 | enum SignalEdgeKind {
[INFO] [stdout]    |      -------------- variant in this enum
[INFO] [stdout] ...
[INFO] [stdout] 30 |     Reset,
[INFO] [stdout]    |     ^^^^^
[INFO] [stdout]    |
[INFO] [stdout]    = note: `SignalEdgeKind` has derived impls for the traits `Debug` and `Clone`, but these are intentionally ignored during dead code analysis
[INFO] [stdout]    = note: `#[warn(dead_code)]` on by default
[INFO] [stdout] 
[INFO] [stdout] 
[INFO] [stdout] warning: methods `set_write_mode` and `set_read_mode` are never used
[INFO] [stdout]    --> src/check_timing.rs:97:8
[INFO] [stdout]     |
[INFO] [stdout] 96  | impl TimingChecker {
[INFO] [stdout]     | ------------------ methods in this implementation
[INFO] [stdout] 97  |     fn set_write_mode(&mut self) {
[INFO] [stdout]     |        ^^^^^^^^^^^^^^
[INFO] [stdout] ...
[INFO] [stdout] 100 |     fn set_read_mode(&mut self) {
[INFO] [stdout]     |        ^^^^^^^^^^^^^
[INFO] [stdout] 
[INFO] [stdout] 
[INFO] [stderr]     Finished `test` profile [unoptimized + debuginfo] target(s) in 38.68s
[INFO] [stderr] warning: the following packages contain code that will be rejected by a future version of Rust: svg v0.10.0
[INFO] [stderr] note: to see what the problems were, use the option `--future-incompat-report`, or run `cargo report future-incompatibilities --id 1`
[INFO] running `Command { std: "docker" "inspect" "6dd9c1cb92faf407be60a59035da8e89cf484924995002a137b638ee4f68fd79", kill_on_drop: false }`
[INFO] running `Command { std: "docker" "rm" "-f" "6dd9c1cb92faf407be60a59035da8e89cf484924995002a137b638ee4f68fd79", kill_on_drop: false }`
[INFO] [stdout] 6dd9c1cb92faf407be60a59035da8e89cf484924995002a137b638ee4f68fd79
[INFO] running `Command { std: "docker" "create" "-v" "/var/lib/crater-agent-workspace/builds/worker-2-tc2/target:/opt/rustwide/target:rw,Z" "-v" "/var/lib/crater-agent-workspace/builds/worker-2-tc2/source:/opt/rustwide/workdir:ro,Z" "-v" "/var/lib/crater-agent-workspace/cargo-home:/opt/rustwide/cargo-home:ro,Z" "-v" "/var/lib/crater-agent-workspace/rustup-home:/opt/rustwide/rustup-home:ro,Z" "-e" "SOURCE_DIR=/opt/rustwide/workdir" "-e" "CARGO_TARGET_DIR=/opt/rustwide/target" "-e" "CARGO_INCREMENTAL=0" "-e" "RUST_BACKTRACE=full" "-e" "RUSTFLAGS=--cap-lints=warn" "-e" "RUSTDOCFLAGS=--cap-lints=warn" "-e" "CARGO_HOME=/opt/rustwide/cargo-home" "-e" "RUSTUP_HOME=/opt/rustwide/rustup-home" "-w" "/opt/rustwide/workdir" "-m" "1610612736" "--user" "0:0" "--network" "none" "ghcr.io/rust-lang/crates-build-env/linux@sha256:f3a9d4ad9d972b27faf3965f35b62e55ba32bbce8f20bc8fe909558a86702fde" "/opt/rustwide/cargo-home/bin/cargo" "+beta-2024-12-08" "test" "--frozen", kill_on_drop: false }`
[INFO] [stdout] 4458066800a9f8bb1a7b05b2bff42c2b7db70efc9b394083c11302a4d6a3a14f
[INFO] running `Command { std: "docker" "start" "-a" "4458066800a9f8bb1a7b05b2bff42c2b7db70efc9b394083c11302a4d6a3a14f", kill_on_drop: false }`
[INFO] [stderr] warning: unused import: `crate::bits::Bits`
[INFO] [stderr]  --> src/constant.rs:3:5
[INFO] [stderr]   |
[INFO] [stderr] 3 | use crate::bits::Bits;
[INFO] [stderr]   |     ^^^^^^^^^^^^^^^^^
[INFO] [stderr]   |
[INFO] [stderr]   = note: `#[warn(unused_imports)]` on by default
[INFO] [stderr] 
[INFO] [stderr] warning: unused import: `Signal`
[INFO] [stderr]  --> src/constant.rs:8:36
[INFO] [stderr]   |
[INFO] [stderr] 8 | use crate::signal::{get_signal_id, Signal};
[INFO] [stderr]   |                                    ^^^^^^
[INFO] [stderr] 
[INFO] [stderr] warning: unused import: `crate::sim_assert_eq`
[INFO] [stderr]  --> src/constant.rs:9:5
[INFO] [stderr]   |
[INFO] [stderr] 9 | use crate::sim_assert_eq;
[INFO] [stderr]   |     ^^^^^^^^^^^^^^^^^^^^
[INFO] [stderr] 
[INFO] [stderr] warning: unused imports: `Sim` and `Simulation`
[INFO] [stderr]   --> src/constant.rs:10:23
[INFO] [stderr]    |
[INFO] [stderr] 10 | use crate::simulate::{Sim, Simulation};
[INFO] [stderr]    |                       ^^^  ^^^^^^^^^^
[INFO] [stderr] 
[INFO] [stderr] warning: unused imports: `ast::Verilog` and `timing::TimingInfo`
[INFO] [stderr]  --> src/top_wrap.rs:1:13
[INFO] [stderr]   |
[INFO] [stderr] 1 | use crate::{ast::Verilog, block::Block, logic::Logic, probe::Probe, timing::TimingInfo};
[INFO] [stderr]   |             ^^^^^^^^^^^^                                            ^^^^^^^^^^^^^^^^^^
[INFO] [stderr] 
[INFO] [stderr] warning: unused variable: `module`
[INFO] [stderr]    --> src/check_timing.rs:122:28
[INFO] [stderr]     |
[INFO] [stderr] 122 |     fn add_code(&mut self, module: &str, code: Verilog) {
[INFO] [stderr]     |                            ^^^^^^ help: if this is intentional, prefix it with an underscore: `_module`
[INFO] [stderr]     |
[INFO] [stderr]     = note: `#[warn(unused_variables)]` on by default
[INFO] [stderr] 
[INFO] [stderr] warning: unused variable: `width`
[INFO] [stderr]    --> src/check_timing.rs:188:9
[INFO] [stderr]     |
[INFO] [stderr] 188 |         width: &usize,
[INFO] [stderr]     |         ^^^^^ help: if this is intentional, prefix it with an underscore: `_width`
[INFO] [stderr] 
[INFO] [stderr] warning: unused variable: `dot`
[INFO] [stderr]    --> src/check_timing.rs:375:9
[INFO] [stderr]     |
[INFO] [stderr] 375 |     let dot = scan.graph.dot();
[INFO] [stderr]     |         ^^^ help: if this is intentional, prefix it with an underscore: `_dot`
[INFO] [stderr] 
[INFO] [stderr] warning: variable does not need to be mutable
[INFO] [stderr]    --> src/check_timing.rs:387:9
[INFO] [stderr]     |
[INFO] [stderr] 387 |     let mut labels = vertex_sets.into_labeling();
[INFO] [stderr]     |         ----^^^^^^
[INFO] [stderr]     |         |
[INFO] [stderr]     |         help: remove this `mut`
[INFO] [stderr]     |
[INFO] [stderr]     = note: `#[warn(unused_mut)]` on by default
[INFO] [stderr] 
[INFO] [stderr] warning: variant `Reset` is never constructed
[INFO] [stderr]   --> src/check_timing.rs:30:5
[INFO] [stderr]    |
[INFO] [stderr] 26 | enum SignalEdgeKind {
[INFO] [stderr]    |      -------------- variant in this enum
[INFO] [stderr] ...
[INFO] [stderr] 30 |     Reset,
[INFO] [stderr]    |     ^^^^^
[INFO] [stderr]    |
[INFO] [stderr]    = note: `SignalEdgeKind` has derived impls for the traits `Debug` and `Clone`, but these are intentionally ignored during dead code analysis
[INFO] [stderr]    = note: `#[warn(dead_code)]` on by default
[INFO] [stderr] 
[INFO] [stderr] warning: methods `set_write_mode` and `set_read_mode` are never used
[INFO] [stderr]    --> src/check_timing.rs:97:8
[INFO] [stderr]     |
[INFO] [stderr] 96  | impl TimingChecker {
[INFO] [stderr]     | ------------------ methods in this implementation
[INFO] [stderr] 97  |     fn set_write_mode(&mut self) {
[INFO] [stderr]     |        ^^^^^^^^^^^^^^
[INFO] [stderr] ...
[INFO] [stderr] 100 |     fn set_read_mode(&mut self) {
[INFO] [stderr]     |        ^^^^^^^^^^^^^
[INFO] [stderr] 
[INFO] [stderr] warning: `rust_hdl_lib_core` (lib) generated 11 warnings (run `cargo fix --lib -p rust_hdl_lib_core` to apply 6 suggestions)
[INFO] [stderr] warning: `rust_hdl_lib_core` (lib test) generated 11 warnings (11 duplicates)
[INFO] [stderr]     Finished `test` profile [unoptimized + debuginfo] target(s) in 0.12s
[INFO] [stderr] warning: the following packages contain code that will be rejected by a future version of Rust: svg v0.10.0
[INFO] [stderr] note: to see what the problems were, use the option `--future-incompat-report`, or run `cargo report future-incompatibilities --id 1`
[INFO] [stderr]      Running unittests src/lib.rs (/opt/rustwide/target/debug/deps/rust_hdl_lib_core-9e53ce22d4fb615a)
[INFO] [stdout] 
[INFO] [stdout] running 87 tests
[INFO] [stdout] test bits::test_bits_from_int_via_bits ... ok
[INFO] [stdout] test bits::test_clog2_is_correct ... ok
[INFO] [stdout] test bits::test_cast_from_biguint ... ok
[INFO] [stdout] test bits::tests::add_int_works ... ok
[INFO] [stdout] test bits::tests::add_works ... ok
[INFO] [stdout] test bits::tests::add_works_with_overflow ... ok
[INFO] [stdout] test bits::tests::and_test ... ok
[INFO] [stdout] test bits::test_print_as_uppercase_hex ... ok
[INFO] [stdout] test bits::tests::get_bit_works ... ok
[INFO] [stdout] test bits::tests::eq_works ... ok
[INFO] [stdout] test bits::tests::mask_works ... ok
[INFO] [stdout] test bits::tests::not_test ... ok
[INFO] [stdout] test bits::test_print_as_lowercase_hex ... ok
[INFO] [stdout] test bits::tests::or_test ... ok
[INFO] [stdout] test bits::tests::shl_test ... ok
[INFO] [stdout] test bits::tests::shl_test_pair ... ok
[INFO] [stdout] test bits::tests::shr_test_pair ... ok
[INFO] [stdout] test bits::tests::sub_int_works ... ok
[INFO] [stdout] test bits::tests::sub_works ... ok
[INFO] [stdout] test bits::test_print_as_binary ... ok
[INFO] [stdout] test bits::tests::shr_test ... ok
[INFO] [stdout] test bits::tests::test_bit_extract_long ... ok
[INFO] [stdout] test bits::tests::test_clog2 ... ok
[INFO] [stdout] test bits::tests::test_bit_cast_long ... ok
[INFO] [stdout] test bits::tests::test_clog2_inline ... ok
[INFO] [stdout] test bits::tests::test_constants_and_bits ... ok
[INFO] [stdout] test bits::tests::test_bitcast ... ok
[INFO] [stdout] test bits::tests::test_get_bits_section ... ok
[INFO] [stdout] test bits::tests::test_from_u32 ... ok
[INFO] [stdout] test bits::tests::test_bit_cast_short ... ok
[INFO] [stdout] test bits::tests::test_default ... ok
[INFO] [stdout] test bits::tests::test_set_bit ... ok
[INFO] [stdout] test bits::tests::test_set_bits ... ok
[INFO] [stdout] test bits::tests::test_any ... ok
[INFO] [stdout] test bits::tests::test_shl_to_zero ... ok
[INFO] [stdout] test bits::tests::test_shl_var_bitwidths_driver ... ok
[INFO] [stdout] test bits::tests::test_short_from_u16 ... ok
[INFO] [stdout] test bits::tests::test_short_from_u32 ... ok
[INFO] [stdout] test bits::tests::test_short_from_u8 ... ok
[INFO] [stdout] test bits::tests::test_add ... ok
[INFO] [stdout] test bits::tests::test_all ... ok
[INFO] [stdout] test bits::test_biguint_roundtrip ... ok
[INFO] [stdout] test bits::tests::xor_test ... ok
[INFO] [stdout] test bitvec::tests::add_works ... ok
[INFO] [stdout] test bits::tests::test_bitand ... ok
[INFO] [stdout] test bitvec::tests::add_works_with_overflow ... ok
[INFO] [stdout] test bitvec::tests::all_works ... ok
[INFO] [stdout] test bitvec::tests::and_test ... ok
[INFO] [stdout] test bitvec::tests::not_test ... ok
[INFO] [stdout] test bitvec::tests::eq_works ... ok
[INFO] [stdout] test bitvec::tests::shl_test ... ok
[INFO] [stdout] test bitvec::tests::or_test ... ok
[INFO] [stdout] test bitvec::tests::shl_test_pair ... ok
[INFO] [stdout] test bitvec::tests::shr_test_pair ... ok
[INFO] [stdout] test bitvec::tests::sub_works ... ok
[INFO] [stdout] test bitvec::tests::xor_test ... ok
[INFO] [stdout] test clock::test_freq_to_period_mapping ... ok
[INFO] [stdout] test short_bit_vec::test_max_legal_calc ... ok
[INFO] [stdout] test signed::tests::signed_displays_correctly ... ok
[INFO] [stdout] test signed::tests::test_max_range_correct ... ok
[INFO] [stdout] test signed::tests::test_min_range_correct ... ok
[INFO] [stdout] test signed::tests::test_neg_operator ... ok
[INFO] [stdout] test signed::tests::test_neg_operator_larger ... ok
[INFO] [stdout] test signed::tests::test_signed_cast ... ok
[INFO] [stdout] test bitvec::tests::shr_test ... ok
[INFO] [stdout] test signed::tests::test_signed_import_small ... ok
[INFO] [stdout] test signed::tests::test_unsigned_cast ... ok
[INFO] [stdout] test bits::tests::test_le ... ok
[INFO] [stdout] test bits::tests::test_shr_var_bitwidths_driver ... ok
[INFO] [stdout] test bits::tests::test_gt ... ok
[INFO] [stdout] test verilog_gen::test_array_replacement ... ok
[INFO] [stdout] test verilog_gen::test_filter_bb_directives ... ok
[INFO] [stdout] test bits::tests::test_not ... ok
[INFO] [stdout] test bits::tests::test_bitor ... ok
[INFO] [stdout] test bits::tests::test_bitxor ... ok
[INFO] [stdout] test bits::tests::test_ge ... ok
[INFO] [stdout] test bits::tests::test_lt ... ok
[INFO] [stdout] test bits::tests::test_eq ... ok
[INFO] [stdout] test bits::tests::test_sub ... ok
[INFO] [stdout] test bits::tests::test_neq ... ok
[INFO] [stdout] test bits::tests::test_shl ... ok
[INFO] [stdout] test signed::tests::time_adds_bitvec_small ... ok
[INFO] [stdout] test bits::tests::test_shr ... ok
[INFO] [stdout] test signed::tests::time_adds_bigint ... ok
[INFO] [stdout] test signed::tests::test_signed_import_large ... ok
[INFO] [stdout] test bits::tests::test_get_bits ... ok
[INFO] [stdout] test signed::tests::time_adds_bitvec ... ok
[INFO] [stdout] 
[INFO] [stdout] test result: ok. 87 passed; 0 failed; 0 ignored; 0 measured; 0 filtered out; finished in 18.17s
[INFO] [stdout] 
[INFO] [stderr]      Running tests/addnum_test.rs (/opt/rustwide/target/debug/deps/addnum_test-b9d3b6ee85573f1a)
[INFO] [stdout] 
[INFO] [stdout] running 1 test
[INFO] [stdout] test test_addnum ... ok
[INFO] [stdout] 
[INFO] [stdout] test result: ok. 1 passed; 0 failed; 0 ignored; 0 measured; 0 filtered out; finished in 0.00s
[INFO] [stdout] 
[INFO] [stderr]      Running tests/struct_valued.rs (/opt/rustwide/target/debug/deps/struct_valued-21d30020e8e617bb)
[INFO] [stdout] 
[INFO] [stdout] running 2 tests
[INFO] [stdout] test test_composite ... ok
[INFO] [stdout] test test_test_block_synthesizes ... FAILED
[INFO] [stdout] 
[INFO] [stdout] failures:
[INFO] [stdout] 
[INFO] [stdout] ---- test_test_block_synthesizes stdout ----
[INFO] [stdout] thread 'test_test_block_synthesizes' panicked at src/yosys.rs:35:10:
[INFO] [stdout] called `Result::unwrap()` on an `Err` value: Os { code: 2, kind: NotFound, message: "No such file or directory" }
[INFO] [stdout] stack backtrace:
[INFO] [stdout]    0:     0x6020b7d99ada - std::backtrace_rs::backtrace::libunwind::trace::h8810477743020387
[INFO] [stdout]                                at /rustc/202008a1b8de96d2e5b6bc02d379db03a877d34d/library/std/src/../../backtrace/src/backtrace/libunwind.rs:116:5
[INFO] [stdout]    1:     0x6020b7d99ada - std::backtrace_rs::backtrace::trace_unsynchronized::h3aa55355dd6c54a6
[INFO] [stdout]                                at /rustc/202008a1b8de96d2e5b6bc02d379db03a877d34d/library/std/src/../../backtrace/src/backtrace/mod.rs:66:5
[INFO] [stdout]    2:     0x6020b7d99ada - std::sys::backtrace::_print_fmt::h8588b0f62410823f
[INFO] [stdout]                                at /rustc/202008a1b8de96d2e5b6bc02d379db03a877d34d/library/std/src/sys/backtrace.rs:66:9
[INFO] [stdout]    3:     0x6020b7d99ada - <std::sys::backtrace::BacktraceLock::print::DisplayBacktrace as core::fmt::Display>::fmt::h98c26ac25ffe89bb
[INFO] [stdout]                                at /rustc/202008a1b8de96d2e5b6bc02d379db03a877d34d/library/std/src/sys/backtrace.rs:39:26
[INFO] [stdout]    4:     0x6020b7dc34b3 - core::fmt::rt::Argument::fmt::hf95377f4aebd453b
[INFO] [stdout]                                at /rustc/202008a1b8de96d2e5b6bc02d379db03a877d34d/library/core/src/fmt/rt.rs:177:76
[INFO] [stdout]    5:     0x6020b7dc34b3 - core::fmt::write::h0dd5f6e2238c7982
[INFO] [stdout]                                at /rustc/202008a1b8de96d2e5b6bc02d379db03a877d34d/library/core/src/fmt/mod.rs:1189:21
[INFO] [stdout]    6:     0x6020b7d96ad3 - std::io::Write::write_fmt::h03bb0ca26e6faf8c
[INFO] [stdout]                                at /rustc/202008a1b8de96d2e5b6bc02d379db03a877d34d/library/std/src/io/mod.rs:1884:15
[INFO] [stdout]    7:     0x6020b7d99922 - std::sys::backtrace::BacktraceLock::print::h5c19c1c038ee186d
[INFO] [stdout]                                at /rustc/202008a1b8de96d2e5b6bc02d379db03a877d34d/library/std/src/sys/backtrace.rs:42:9
[INFO] [stdout]    8:     0x6020b7d9af5d - std::panicking::default_hook::{{closure}}::h77172f079a1fcb13
[INFO] [stdout]                                at /rustc/202008a1b8de96d2e5b6bc02d379db03a877d34d/library/std/src/panicking.rs:268:22
[INFO] [stdout]    9:     0x6020b7d9ad67 - std::panicking::default_hook::he5f8e3b203ccddba
[INFO] [stdout]                                at /rustc/202008a1b8de96d2e5b6bc02d379db03a877d34d/library/std/src/panicking.rs:292:9
[INFO] [stdout]   10:     0x6020b7a4a097 - <alloc::boxed::Box<F,A> as core::ops::function::Fn<Args>>::call::h7a3c7b4a1ae77f2f
[INFO] [stdout]                                at /rustc/202008a1b8de96d2e5b6bc02d379db03a877d34d/library/alloc/src/boxed.rs:1986:9
[INFO] [stdout]   11:     0x6020b7a4a097 - test::test_main::{{closure}}::hf0d3b69ae9b353d1
[INFO] [stdout]                                at /rustc/202008a1b8de96d2e5b6bc02d379db03a877d34d/library/test/src/lib.rs:134:21
[INFO] [stdout]   12:     0x6020b7d9b608 - <alloc::boxed::Box<F,A> as core::ops::function::Fn<Args>>::call::h6332e82e7b189abd
[INFO] [stdout]                                at /rustc/202008a1b8de96d2e5b6bc02d379db03a877d34d/library/alloc/src/boxed.rs:1986:9
[INFO] [stdout]   13:     0x6020b7d9b608 - std::panicking::rust_panic_with_hook::h53863d4e9018df39
[INFO] [stdout]                                at /rustc/202008a1b8de96d2e5b6bc02d379db03a877d34d/library/std/src/panicking.rs:809:13
[INFO] [stdout]   14:     0x6020b7d9b3ca - std::panicking::begin_panic_handler::{{closure}}::h67280e6fa0757873
[INFO] [stdout]                                at /rustc/202008a1b8de96d2e5b6bc02d379db03a877d34d/library/std/src/panicking.rs:674:13
[INFO] [stdout]   15:     0x6020b7d99fb9 - std::sys::backtrace::__rust_end_short_backtrace::h1dac3f54d6fbbeb2
[INFO] [stdout]                                at /rustc/202008a1b8de96d2e5b6bc02d379db03a877d34d/library/std/src/sys/backtrace.rs:170:18
[INFO] [stdout]   16:     0x6020b7d9b05c - rust_begin_unwind
[INFO] [stdout]                                at /rustc/202008a1b8de96d2e5b6bc02d379db03a877d34d/library/std/src/panicking.rs:665:5
[INFO] [stdout]   17:     0x6020b79fe230 - core::panicking::panic_fmt::h6792bd1b2bf01041
[INFO] [stdout]                                at /rustc/202008a1b8de96d2e5b6bc02d379db03a877d34d/library/core/src/panicking.rs:76:14
[INFO] [stdout]   18:     0x6020b79fe6b6 - core::result::unwrap_failed::h05e0602ed34287c5
[INFO] [stdout]                                at /rustc/202008a1b8de96d2e5b6bc02d379db03a877d34d/library/core/src/result.rs:1699:5
[INFO] [stdout]   19:     0x6020b7a778ef - core::result::Result<T,E>::unwrap::h53d504b818c3e5bc
[INFO] [stdout]                                at /rustc/202008a1b8de96d2e5b6bc02d379db03a877d34d/library/core/src/result.rs:1104:23
[INFO] [stdout]   20:     0x6020b7a778ef - rust_hdl_lib_core::yosys::yosys_validate::hd153c0a0a46fd6ec
[INFO] [stdout]                                at /opt/rustwide/workdir/src/yosys.rs:29:18
[INFO] [stdout]   21:     0x6020b7a106e6 - struct_valued::test_test_block_synthesizes::h38a9e01d71510d74
[INFO] [stdout]                                at /opt/rustwide/workdir/tests/struct_valued.rs:83:5
[INFO] [stdout]   22:     0x6020b7a105f7 - struct_valued::test_test_block_synthesizes::{{closure}}::h9ff6d8f093cc098a
[INFO] [stdout]                                at /opt/rustwide/workdir/tests/struct_valued.rs:80:33
[INFO] [stdout]   23:     0x6020b7a00556 - core::ops::function::FnOnce::call_once::h29c88f2d73c3e71d
[INFO] [stdout]                                at /rustc/202008a1b8de96d2e5b6bc02d379db03a877d34d/library/core/src/ops/function.rs:250:5
[INFO] [stdout]   24:     0x6020b7a4ebbb - core::ops::function::FnOnce::call_once::h871bf86719ec9aa4
[INFO] [stdout]                                at /rustc/202008a1b8de96d2e5b6bc02d379db03a877d34d/library/core/src/ops/function.rs:250:5
[INFO] [stdout]   25:     0x6020b7a4ebbb - test::__rust_begin_short_backtrace::h2167df1e2b7d76fd
[INFO] [stdout]                                at /rustc/202008a1b8de96d2e5b6bc02d379db03a877d34d/library/test/src/lib.rs:632:18
[INFO] [stdout]   26:     0x6020b7a4e5a8 - test::run_test_in_process::{{closure}}::h15d92f75a3adfb79
[INFO] [stdout]                                at /rustc/202008a1b8de96d2e5b6bc02d379db03a877d34d/library/test/src/lib.rs:655:60
[INFO] [stdout]   27:     0x6020b7a4e5a8 - <core::panic::unwind_safe::AssertUnwindSafe<F> as core::ops::function::FnOnce<()>>::call_once::hb6c8955835a8dbbb
[INFO] [stdout]                                at /rustc/202008a1b8de96d2e5b6bc02d379db03a877d34d/library/core/src/panic/unwind_safe.rs:272:9
[INFO] [stdout]   28:     0x6020b7a4e5a8 - std::panicking::try::do_call::hc79d0fc888a0bd30
[INFO] [stdout]                                at /rustc/202008a1b8de96d2e5b6bc02d379db03a877d34d/library/std/src/panicking.rs:557:40
[INFO] [stdout]   29:     0x6020b7a4e5a8 - std::panicking::try::hb8a7878e3a8589d6
[INFO] [stdout]                                at /rustc/202008a1b8de96d2e5b6bc02d379db03a877d34d/library/std/src/panicking.rs:520:19
[INFO] [stdout]   30:     0x6020b7a4e5a8 - std::panic::catch_unwind::hb8e4600ff0ff5cfa
[INFO] [stdout]                                at /rustc/202008a1b8de96d2e5b6bc02d379db03a877d34d/library/std/src/panic.rs:358:14
[INFO] [stdout]   31:     0x6020b7a4e5a8 - test::run_test_in_process::hc2900b0b18688dd6
[INFO] [stdout]                                at /rustc/202008a1b8de96d2e5b6bc02d379db03a877d34d/library/test/src/lib.rs:655:27
[INFO] [stdout]   32:     0x6020b7a4e5a8 - test::run_test::{{closure}}::hac2a9cb07be3d48d
[INFO] [stdout]                                at /rustc/202008a1b8de96d2e5b6bc02d379db03a877d34d/library/test/src/lib.rs:576:43
[INFO] [stdout]   33:     0x6020b7a1204a - test::run_test::{{closure}}::h4a5b729e66a38cd8
[INFO] [stdout]                                at /rustc/202008a1b8de96d2e5b6bc02d379db03a877d34d/library/test/src/lib.rs:606:41
[INFO] [stdout]   34:     0x6020b7a1204a - std::sys::backtrace::__rust_begin_short_backtrace::h0496fb742492f573
[INFO] [stdout]                                at /rustc/202008a1b8de96d2e5b6bc02d379db03a877d34d/library/std/src/sys/backtrace.rs:154:18
[INFO] [stdout]   35:     0x6020b7a159c4 - std::thread::Builder::spawn_unchecked_::{{closure}}::{{closure}}::hbb6d257c550a54bd
[INFO] [stdout]                                at /rustc/202008a1b8de96d2e5b6bc02d379db03a877d34d/library/std/src/thread/mod.rs:561:17
[INFO] [stdout]   36:     0x6020b7a159c4 - <core::panic::unwind_safe::AssertUnwindSafe<F> as core::ops::function::FnOnce<()>>::call_once::h46696fe4a6832328
[INFO] [stdout]                                at /rustc/202008a1b8de96d2e5b6bc02d379db03a877d34d/library/core/src/panic/unwind_safe.rs:272:9
[INFO] [stdout]   37:     0x6020b7a159c4 - std::panicking::try::do_call::h2625a51b667bfb64
[INFO] [stdout]                                at /rustc/202008a1b8de96d2e5b6bc02d379db03a877d34d/library/std/src/panicking.rs:557:40
[INFO] [stdout]   38:     0x6020b7a159c4 - std::panicking::try::hb956a59a1973aa4c
[INFO] [stdout]                                at /rustc/202008a1b8de96d2e5b6bc02d379db03a877d34d/library/std/src/panicking.rs:520:19
[INFO] [stdout]   39:     0x6020b7a159c4 - std::panic::catch_unwind::h64f3b9d1067ef6a0
[INFO] [stdout]                                at /rustc/202008a1b8de96d2e5b6bc02d379db03a877d34d/library/std/src/panic.rs:358:14
[INFO] [stdout]   40:     0x6020b7a159c4 - std::thread::Builder::spawn_unchecked_::{{closure}}::h42b2841295b6c0b2
[INFO] [stdout]                                at /rustc/202008a1b8de96d2e5b6bc02d379db03a877d34d/library/std/src/thread/mod.rs:559:30
[INFO] [stdout]   41:     0x6020b7a159c4 - core::ops::function::FnOnce::call_once{{vtable.shim}}::h6127de71b8124639
[INFO] [stdout]                                at /rustc/202008a1b8de96d2e5b6bc02d379db03a877d34d/library/core/src/ops/function.rs:250:5
[INFO] [stdout]   42:     0x6020b7da00bb - <alloc::boxed::Box<F,A> as core::ops::function::FnOnce<Args>>::call_once::h42f0ba71002a1b2c
[INFO] [stdout]                                at /rustc/202008a1b8de96d2e5b6bc02d379db03a877d34d/library/alloc/src/boxed.rs:1972:9
[INFO] [stdout]   43:     0x6020b7da00bb - <alloc::boxed::Box<F,A> as core::ops::function::FnOnce<Args>>::call_once::had9e47d7a3dcecb8
[INFO] [stdout]                                at /rustc/202008a1b8de96d2e5b6bc02d379db03a877d34d/library/alloc/src/boxed.rs:1972:9
[INFO] [stdout]   44:     0x6020b7da00bb - std::sys::pal::unix::thread::Thread::new::thread_start::h48cf765408f6f5f2
[INFO] [stdout]                                at /rustc/202008a1b8de96d2e5b6bc02d379db03a877d34d/library/std/src/sys/pal/unix/thread.rs:105:17
[INFO] [stdout]   45:     0x7eb621e88ac3 - <unknown>
[INFO] [stdout]   46:     0x7eb621f19a04 - clone
[INFO] [stdout]   47:                0x0 - <unknown>
[INFO] [stdout] 
[INFO] [stdout] 
[INFO] [stdout] failures:
[INFO] [stdout]     test_test_block_synthesizes
[INFO] [stdout] 
[INFO] [stdout] test result: FAILED. 1 passed; 1 failed; 0 ignored; 0 measured; 0 filtered out; finished in 0.02s
[INFO] [stdout] 
[INFO] [stderr] error: test failed, to rerun pass `--test struct_valued`
[INFO] running `Command { std: "docker" "inspect" "4458066800a9f8bb1a7b05b2bff42c2b7db70efc9b394083c11302a4d6a3a14f", kill_on_drop: false }`
[INFO] running `Command { std: "docker" "rm" "-f" "4458066800a9f8bb1a7b05b2bff42c2b7db70efc9b394083c11302a4d6a3a14f", kill_on_drop: false }`
[INFO] [stdout] 4458066800a9f8bb1a7b05b2bff42c2b7db70efc9b394083c11302a4d6a3a14f
