[INFO] fetching crate rust-web-server 16.1.0...
[INFO] testing rust-web-server-16.1.0 against 1.83.0 for beta-1.84.0-4-retry
[INFO] extracting crate rust-web-server 16.1.0 into /workspace/builds/worker-3-tc1/source
[INFO] validating manifest of crates.io crate rust-web-server 16.1.0 on toolchain 1.83.0
[INFO] running `Command { std: CARGO_HOME="/workspace/cargo-home" RUSTUP_HOME="/workspace/rustup-home" "/workspace/cargo-home/bin/cargo" "+1.83.0" "metadata" "--manifest-path" "Cargo.toml" "--no-deps", kill_on_drop: false }`
[INFO] removed /workspace/builds/worker-3-tc1/source/.cargo/config
[INFO] started tweaking crates.io crate rust-web-server 16.1.0
[INFO] finished tweaking crates.io crate rust-web-server 16.1.0
[INFO] tweaked toml for crates.io crate rust-web-server 16.1.0 written to /workspace/builds/worker-3-tc1/source/Cargo.toml
[INFO] running `Command { std: CARGO_HOME="/workspace/cargo-home" RUSTUP_HOME="/workspace/rustup-home" "/workspace/cargo-home/bin/cargo" "+1.83.0" "generate-lockfile" "--manifest-path" "Cargo.toml", kill_on_drop: false }`
[INFO] [stderr]     Updating crates.io index
[INFO] [stderr]      Locking 3 packages to latest compatible versions
[INFO] running `Command { std: CARGO_HOME="/workspace/cargo-home" RUSTUP_HOME="/workspace/rustup-home" "/workspace/cargo-home/bin/cargo" "+1.83.0" "fetch" "--manifest-path" "Cargo.toml", kill_on_drop: false }`
[INFO] [stderr]  Downloading crates ...
[INFO] [stderr]   Downloaded file-ext v12.0.0
[INFO] [stderr]   Downloaded url-search-params v12.0.0
[INFO] [stderr]   Downloaded url-build-parse v12.1.0
[INFO] running `Command { std: "docker" "create" "-v" "/var/lib/crater-agent-workspace/builds/worker-3-tc1/target:/opt/rustwide/target:rw,Z" "-v" "/var/lib/crater-agent-workspace/builds/worker-3-tc1/source:/opt/rustwide/workdir:ro,Z" "-v" "/var/lib/crater-agent-workspace/cargo-home:/opt/rustwide/cargo-home:ro,Z" "-v" "/var/lib/crater-agent-workspace/rustup-home:/opt/rustwide/rustup-home:ro,Z" "-e" "SOURCE_DIR=/opt/rustwide/workdir" "-e" "CARGO_TARGET_DIR=/opt/rustwide/target" "-e" "CARGO_HOME=/opt/rustwide/cargo-home" "-e" "RUSTUP_HOME=/opt/rustwide/rustup-home" "-w" "/opt/rustwide/workdir" "-m" "1610612736" "--user" "0:0" "--network" "none" "ghcr.io/rust-lang/crates-build-env/linux@sha256:f3a9d4ad9d972b27faf3965f35b62e55ba32bbce8f20bc8fe909558a86702fde" "/opt/rustwide/cargo-home/bin/cargo" "+1.83.0" "metadata" "--no-deps" "--format-version=1", kill_on_drop: false }`
[INFO] [stdout] 4b4b51d0ae4c65fa186c7ede7fcbdf85dfe948ddcf1b4397a1c6e61a8d75c75d
[INFO] running `Command { std: "docker" "start" "-a" "4b4b51d0ae4c65fa186c7ede7fcbdf85dfe948ddcf1b4397a1c6e61a8d75c75d", kill_on_drop: false }`
[INFO] running `Command { std: "docker" "inspect" "4b4b51d0ae4c65fa186c7ede7fcbdf85dfe948ddcf1b4397a1c6e61a8d75c75d", kill_on_drop: false }`
[INFO] running `Command { std: "docker" "rm" "-f" "4b4b51d0ae4c65fa186c7ede7fcbdf85dfe948ddcf1b4397a1c6e61a8d75c75d", kill_on_drop: false }`
[INFO] [stdout] 4b4b51d0ae4c65fa186c7ede7fcbdf85dfe948ddcf1b4397a1c6e61a8d75c75d
[INFO] running `Command { std: "docker" "create" "-v" "/var/lib/crater-agent-workspace/builds/worker-3-tc1/target:/opt/rustwide/target:rw,Z" "-v" "/var/lib/crater-agent-workspace/builds/worker-3-tc1/source:/opt/rustwide/workdir:ro,Z" "-v" "/var/lib/crater-agent-workspace/cargo-home:/opt/rustwide/cargo-home:ro,Z" "-v" "/var/lib/crater-agent-workspace/rustup-home:/opt/rustwide/rustup-home:ro,Z" "-e" "SOURCE_DIR=/opt/rustwide/workdir" "-e" "CARGO_TARGET_DIR=/opt/rustwide/target" "-e" "CARGO_INCREMENTAL=0" "-e" "RUST_BACKTRACE=full" "-e" "RUSTFLAGS=--cap-lints=warn" "-e" "RUSTDOCFLAGS=--cap-lints=warn" "-e" "CARGO_HOME=/opt/rustwide/cargo-home" "-e" "RUSTUP_HOME=/opt/rustwide/rustup-home" "-w" "/opt/rustwide/workdir" "-m" "1610612736" "--user" "0:0" "--network" "none" "ghcr.io/rust-lang/crates-build-env/linux@sha256:f3a9d4ad9d972b27faf3965f35b62e55ba32bbce8f20bc8fe909558a86702fde" "/opt/rustwide/cargo-home/bin/cargo" "+1.83.0" "build" "--frozen" "--message-format=json", kill_on_drop: false }`
[INFO] [stdout] 759a8981c6469016d6b08f4ce868da95d00964b3149dc2eb8ab01587073946d9
[INFO] running `Command { std: "docker" "start" "-a" "759a8981c6469016d6b08f4ce868da95d00964b3149dc2eb8ab01587073946d9", kill_on_drop: false }`
[INFO] [stderr]    Compiling url-search-params v12.0.0
[INFO] [stderr]    Compiling file-ext v12.0.0
[INFO] [stderr]    Compiling url-build-parse v12.1.0
[INFO] [stderr]    Compiling rust-web-server v16.1.0 (/opt/rustwide/workdir)
[INFO] [stderr]     Finished `dev` profile [unoptimized + debuginfo] target(s) in 3.64s
[INFO] running `Command { std: "docker" "inspect" "759a8981c6469016d6b08f4ce868da95d00964b3149dc2eb8ab01587073946d9", kill_on_drop: false }`
[INFO] running `Command { std: "docker" "rm" "-f" "759a8981c6469016d6b08f4ce868da95d00964b3149dc2eb8ab01587073946d9", kill_on_drop: false }`
[INFO] [stdout] 759a8981c6469016d6b08f4ce868da95d00964b3149dc2eb8ab01587073946d9
[INFO] running `Command { std: "docker" "create" "-v" "/var/lib/crater-agent-workspace/builds/worker-3-tc1/target:/opt/rustwide/target:rw,Z" "-v" "/var/lib/crater-agent-workspace/builds/worker-3-tc1/source:/opt/rustwide/workdir:ro,Z" "-v" "/var/lib/crater-agent-workspace/cargo-home:/opt/rustwide/cargo-home:ro,Z" "-v" "/var/lib/crater-agent-workspace/rustup-home:/opt/rustwide/rustup-home:ro,Z" "-e" "SOURCE_DIR=/opt/rustwide/workdir" "-e" "CARGO_TARGET_DIR=/opt/rustwide/target" "-e" "CARGO_INCREMENTAL=0" "-e" "RUST_BACKTRACE=full" "-e" "RUSTFLAGS=--cap-lints=warn" "-e" "RUSTDOCFLAGS=--cap-lints=warn" "-e" "CARGO_HOME=/opt/rustwide/cargo-home" "-e" "RUSTUP_HOME=/opt/rustwide/rustup-home" "-w" "/opt/rustwide/workdir" "-m" "1610612736" "--user" "0:0" "--network" "none" "ghcr.io/rust-lang/crates-build-env/linux@sha256:f3a9d4ad9d972b27faf3965f35b62e55ba32bbce8f20bc8fe909558a86702fde" "/opt/rustwide/cargo-home/bin/cargo" "+1.83.0" "test" "--frozen" "--no-run" "--message-format=json", kill_on_drop: false }`
[INFO] [stdout] a1d0668d41a7f1ed5a40e6b7a76e84d876213341d16aa29a816f0b34f7087964
[INFO] running `Command { std: "docker" "start" "-a" "a1d0668d41a7f1ed5a40e6b7a76e84d876213341d16aa29a816f0b34f7087964", kill_on_drop: false }`
[INFO] [stderr]    Compiling rust-web-server v16.1.0 (/opt/rustwide/workdir)
[INFO] [stderr]     Finished `test` profile [unoptimized + debuginfo] target(s) in 8.55s
[INFO] running `Command { std: "docker" "inspect" "a1d0668d41a7f1ed5a40e6b7a76e84d876213341d16aa29a816f0b34f7087964", kill_on_drop: false }`
[INFO] running `Command { std: "docker" "rm" "-f" "a1d0668d41a7f1ed5a40e6b7a76e84d876213341d16aa29a816f0b34f7087964", kill_on_drop: false }`
[INFO] [stdout] a1d0668d41a7f1ed5a40e6b7a76e84d876213341d16aa29a816f0b34f7087964
[INFO] running `Command { std: "docker" "create" "-v" "/var/lib/crater-agent-workspace/builds/worker-3-tc1/target:/opt/rustwide/target:rw,Z" "-v" "/var/lib/crater-agent-workspace/builds/worker-3-tc1/source:/opt/rustwide/workdir:ro,Z" "-v" "/var/lib/crater-agent-workspace/cargo-home:/opt/rustwide/cargo-home:ro,Z" "-v" "/var/lib/crater-agent-workspace/rustup-home:/opt/rustwide/rustup-home:ro,Z" "-e" "SOURCE_DIR=/opt/rustwide/workdir" "-e" "CARGO_TARGET_DIR=/opt/rustwide/target" "-e" "CARGO_INCREMENTAL=0" "-e" "RUST_BACKTRACE=full" "-e" "RUSTFLAGS=--cap-lints=warn" "-e" "RUSTDOCFLAGS=--cap-lints=warn" "-e" "CARGO_HOME=/opt/rustwide/cargo-home" "-e" "RUSTUP_HOME=/opt/rustwide/rustup-home" "-w" "/opt/rustwide/workdir" "-m" "1610612736" "--user" "0:0" "--network" "none" "ghcr.io/rust-lang/crates-build-env/linux@sha256:f3a9d4ad9d972b27faf3965f35b62e55ba32bbce8f20bc8fe909558a86702fde" "/opt/rustwide/cargo-home/bin/cargo" "+1.83.0" "test" "--frozen", kill_on_drop: false }`
[INFO] [stdout] 6c674d23d0f558c38a587cbfec998ebbf0ccebf9edab369f1de57234a41a8c82
[INFO] running `Command { std: "docker" "start" "-a" "6c674d23d0f558c38a587cbfec998ebbf0ccebf9edab369f1de57234a41a8c82", kill_on_drop: false }`
[INFO] [stderr]     Finished `test` profile [unoptimized + debuginfo] target(s) in 0.02s
[INFO] [stderr]      Running unittests src/lib.rs (/opt/rustwide/target/debug/deps/rust_web_server-88923601ab5126ae)
[INFO] [stdout] 
[INFO] [stdout] running 450 tests
[INFO] [stdout] test app::controller::static_resource::tests::directory_index_html ... ok
[INFO] [stdout] test app::controller::static_resource::tests::directory_index_html_no_slash_and_query ... ok
[INFO] [stdout] test app::controller::static_resource::tests::directory_index_html_no_slash ... ok
[INFO] [stdout] test app::controller::static_resource::tests::file_retrieval ... ok
[INFO] [stdout] test app::controller::static_resource::tests::malformed ... ok
[INFO] [stdout] test app::controller::static_resource::tests::file_retrieval_no_html_suffix ... ok
[INFO] [stdout] test app::tests::not_found ... ok
[INFO] [stdout] test app::controller::static_resource::tests::directory_index_html_with_query ... ok
[INFO] [stdout] test app::controller::static_resource::tests::file_retrieval_no_html_suffix_with_query_params ... ok
[INFO] [stdout] test app::controller::static_resource::tests::file_retrieval_with_query_params ... ok
[INFO] [stdout] test body::example::body_in_request ... ok
[INFO] [stdout] test body::example::body_in_response ... ok
[INFO] [stdout] test body::example::form_urlencoded ... ok
[INFO] [stdout] test app::tests::index ... ok
[INFO] [stdout] test body::example::json_body_in_response ... ok
[INFO] [stdout] test body::example::json_in_request ... ok
[INFO] [stdout] test body::example::multipart_form_data_body_in_request ... ok
[INFO] [stdout] test body::multipart_form_data::tests::generate_part ... ok
[INFO] [stdout] test body::example::multipart_form_data_body_in_response ... ok
[INFO] [stdout] test body::multipart_form_data::tests::generate_part_no_headers ... ok
[INFO] [stdout] test body::example::multipart_body_in_response ... ok
[INFO] [stdout] test body::multipart_form_data::tests::parse_multipart_request_body ... ok
[INFO] [stdout] test app::controller::static_resource::tests::not_found ... ok
[INFO] [stdout] test app::tests::static_file_cors_off_options_preflight_request_client_hints ... ok
[INFO] [stdout] test body::multipart_form_data::tests::parse_multipart_request_body_audio ... ok
[INFO] [stdout] test body::multipart_form_data::tests::parse_multipart_request_body_malformed_content_disposition_header ... ok
[INFO] [stdout] test body::multipart_form_data::tests::parse_multipart_request_body_video_no_content_disposition ... ok
[INFO] [stdout] test body::multipart_form_data::tests::parse_multipart_request_body_video_zero_length_payload ... ok
[INFO] [stdout] test body::multipart_form_data::tests::parse_multipart_request_body_video_no_header_body_delimiter ... ok
[INFO] [stdout] test client_hint::tests::accept_client_hints ... ok
[INFO] [stdout] test client_hint::tests::critical_client_hints ... ok
[INFO] [stdout] test client_hint::tests::consts ... ok
[INFO] [stdout] test client_hint::tests::critical_client_hints_header ... ok
[INFO] [stdout] test client_hint::tests::hint_list ... ok
[INFO] [stdout] test client_hint::tests::accept_client_hints_header ... ok
[INFO] [stdout] test client_hint::tests::vary ... ok
[INFO] [stdout] test core::base64::tests::basic_text_encode ... ok
[INFO] [stdout] test body::multipart_form_data::tests::parse_multipart_request_body_image_no_start_boundary ... ok
[INFO] [stdout] test core::base64::tests::encode_one_char ... ok
[INFO] [stdout] test core::base64::tests::encode_two_chars ... ok
[INFO] [stdout] test app::tests::static_file_cors_options_preflight_request_client_hints ... ok
[INFO] [stdout] test core::base64::tests::no_text_encode ... ok
[INFO] [stdout] test cors::tests::cors_process ... ok
[INFO] [stdout] test core::base64::tests::encode_three_chars ... ok
[INFO] [stdout] test cors::tests::actual_request_after_preflight ... ok
[INFO] [stdout] test cors::tests::cors_options_preflight_request ... ok
[INFO] [stdout] test cors::tests::cors_allow_all ... ok
[INFO] [stdout] test cors::tests::cors_process_default_config ... ok
[INFO] [stdout] test body::multipart_form_data::tests::parse_multipart_request_body_image_extra_new_line_before_starting_payload_boundary ... ok
[INFO] [stdout] test app::controller::favicon::tests::favicon_retrieval ... FAILED
[INFO] [stdout] test cors::tests::cors_process_empty_config ... ok
[INFO] [stdout] test entry_point::command_line_args::tests::_override ... ok
[INFO] [stdout] test app::controller::script::tests::file_retrieval ... FAILED
[INFO] [stdout] test app::controller::index::tests::file_retrieval ... FAILED
[INFO] [stdout] test body::multipart_form_data::tests::parse_multipart_request_body_video ... ok
[INFO] [stdout] test body::multipart_form_data::tests::generate_part_image ... ok
[INFO] [stdout] test entry_point::command_line_args::tests::command_line_arg_ip ... ok
[INFO] [stdout] test entry_point::command_line_args::tests::command_line_arg_request_allocation_size ... ok
[INFO] [stdout] test entry_point::command_line_args::tests::command_line_arg_thread_cors_allow_headers ... ok
[INFO] [stdout] test entry_point::command_line_args::tests::command_line_arg_thread_cors_allow_methods ... ok
[INFO] [stdout] test entry_point::command_line_args::tests::command_line_arg_thread_cors_allow_credentials ... ok
[INFO] [stdout] test entry_point::command_line_args::tests::command_line_arg_thread_cors_expose_headers ... ok
[INFO] [stdout] test entry_point::command_line_args::tests::command_line_arg_thread_cors_allow_origins ... ok
[INFO] [stdout] test entry_point::command_line_args::tests::command_line_arg_thread_cors_max_age ... ok
[INFO] [stdout] test entry_point::command_line_args::tests::command_line_arg_thread_cors_allow_all ... ok
[INFO] [stdout] test entry_point::command_line_args::tests::command_line_arg_port ... ok
[INFO] [stdout] test header::content_disposition::tests::as_string_form_data_field_filename ... ok
[INFO] [stdout] test entry_point::command_line_args::tests::parse ... ok
[INFO] [stdout] test entry_point::command_line_args::tests::parse_long_form ... ok
[INFO] [stdout] test entry_point::environment_variables::tests::env_vars ... ok
[INFO] [stdout] test ext::date_time_ext::tests::now_as_nanos ... ok
[INFO] [stdout] test ext::date_time_ext::tests::system_to_nanos ... ok
[INFO] [stdout] test header::content_disposition::tests::as_string_attachment_extra_name ... ok
[INFO] [stdout] test header::content_disposition::tests::as_string_attachment ... ok
[INFO] [stdout] test header::content_disposition::tests::as_string_attachment_no_field ... ok
[INFO] [stdout] test entry_point::tests::base ... ok
[INFO] [stdout] test entry_point::command_line_args::tests::command_line_arg_thread_count ... ok
[INFO] [stdout] test header::content_disposition::tests::as_string_form_data_field_specified ... ok
[INFO] [stdout] test header::content_disposition::tests::as_string_form_data_no_field ... ok
[INFO] [stdout] test header::content_disposition::tests::as_string_inline_extra_filename ... ok
[INFO] [stdout] test header::content_disposition::tests::as_string_inline_extra_name ... ok
[INFO] [stdout] test header::content_disposition::tests::attachment ... ok
[INFO] [stdout] test header::content_disposition::tests::attachment_filename ... ok
[INFO] [stdout] test header::content_disposition::tests::form_data_field ... ok
[INFO] [stdout] test header::content_disposition::tests::inline ... ok
[INFO] [stdout] test header::content_disposition::tests::not_proper_value ... ok
[INFO] [stdout] test header::content_disposition::tests::not_valid_form_data_field_filename_v2 ... ok
[INFO] [stdout] test header::content_disposition::tests::not_valid_form_data_field_filename ... ok
[INFO] [stdout] test header::example::build ... ok
[INFO] [stdout] test header::content_disposition::tests::form_data_field_filename ... ok
[INFO] [stdout] test header::content_disposition::tests::as_string_inline_no_field ... ok
[INFO] [stdout] test header::tests::header_constants ... ok
[INFO] [stdout] test header::example::parse ... ok
[INFO] [stdout] test http::tests::test_version ... ok
[INFO] [stdout] test json::array::boolean::example_list_bool::vector_to_json ... ok
[INFO] [stdout] test header::tests::parse ... ok
[INFO] [stdout] test header::tests::header_test ... ok
[INFO] [stdout] test header::tests::parse_not_valid_header ... ok
[INFO] [stdout] test json::array::boolean::example_list_bool_with_asserts::json_to_vector ... ok
[INFO] [stdout] test json::array::boolean::example_list_bool_with_asserts::vector_to_json ... ok
[INFO] [stdout] test json::array::boolean::example_list_bool::json_to_vector ... ok
[INFO] [stdout] test json::array::integer::example_list_i128::json_to_vector ... ok
[INFO] [stdout] test json::array::float::example_list_f32_with_asserts::json_to_vector ... ok
[INFO] [stdout] test json::array::float::example_list_f32::vector_to_json ... ok
[INFO] [stdout] test json::array::float::example_list_f32_with_asserts::vector_to_json ... ok
[INFO] [stdout] test json::array::float::example_list_f64::json_to_vector ... ok
[INFO] [stdout] test json::array::float::example_list_f64::vector_to_json ... ok
[INFO] [stdout] test json::array::float::example_list_f64_with_asserts::json_to_vector ... ok
[INFO] [stdout] test json::array::float::example_list_f64_with_asserts::vector_to_json ... ok
[INFO] [stdout] test json::array::integer::example_list_i128::vector_to_json ... ok
[INFO] [stdout] test app::tests::static_file ... ok
[INFO] [stdout] test json::array::float::example_list_f32::json_to_vector ... ok
[INFO] [stdout] test json::array::integer::example_list_i128_with_asserts::json_to_vector ... ok
[INFO] [stdout] test json::array::integer::example_list_i16_with_asserts::json_to_vector ... ok
[INFO] [stdout] test json::array::integer::example_list_i32_with_asserts::vector_to_json ... ok
[INFO] [stdout] test json::array::integer::example_list_i64_with_asserts::json_to_vector ... ok
[INFO] [stdout] test json::array::integer::example_list_i16::vector_to_json ... ok
[INFO] [stdout] test json::array::integer::example_list_i16::json_to_vector ... ok
[INFO] [stdout] test json::array::integer::example_list_i16_with_asserts::vector_to_json ... ok
[INFO] [stdout] test json::array::integer::example_list_i64::vector_to_json ... ok
[INFO] [stdout] test json::array::integer::example_list_i32::json_to_vector ... ok
[INFO] [stdout] test json::array::integer::example_list_i32::vector_to_json ... ok
[INFO] [stdout] test json::array::integer::example_list_i128_with_asserts::vector_to_json ... ok
[INFO] [stdout] test json::array::integer::example_list_i8_with_asserts::json_to_vector ... ok
[INFO] [stdout] test json::array::integer::example_list_i64::json_to_vector ... ok
[INFO] [stdout] test json::array::integer::example_list_i32_with_asserts::json_to_vector ... ok
[INFO] [stdout] test json::array::integer::example_list_u128::vector_to_json ... ok
[INFO] [stdout] test json::array::integer::example_list_u128_with_asserts::json_to_vector ... ok
[INFO] [stdout] test json::array::integer::example_list_u128_with_asserts::vector_to_json ... ok
[INFO] [stdout] test json::array::integer::example_list_u16::vector_to_json ... ok
[INFO] [stdout] test json::array::integer::example_list_u16_with_asserts::json_to_vector ... ok
[INFO] [stdout] test json::array::integer::example_list_u16::json_to_vector ... ok
[INFO] [stdout] test json::array::integer::example_list_u128::json_to_vector ... ok
[INFO] [stdout] test json::array::integer::example_list_u32::vector_to_json ... ok
[INFO] [stdout] test json::array::integer::example_list_u32::json_to_vector ... ok
[INFO] [stdout] test json::array::integer::example_list_u16_with_asserts::vector_to_json ... ok
[INFO] [stdout] test json::array::integer::example_list_u32_with_asserts::json_to_vector ... ok
[INFO] [stdout] test json::array::integer::example_list_u32_with_asserts::vector_to_json ... ok
[INFO] [stdout] test json::array::integer::example_list_u64::vector_to_json ... ok
[INFO] [stdout] test json::array::integer::example_list_u64_with_asserts::json_to_vector ... ok
[INFO] [stdout] test json::array::integer::example_list_i64_with_asserts::vector_to_json ... ok
[INFO] [stdout] test json::array::integer::example_list_i8::json_to_vector ... ok
[INFO] [stdout] test json::array::integer::example_list_i8_with_asserts::vector_to_json ... ok
[INFO] [stdout] test json::array::integer::example_list_i8::vector_to_json ... ok
[INFO] [stdout] test json::array::integer::example_list_u64_with_asserts::vector_to_json ... ok
[INFO] [stdout] test json::array::integer::example_list_u64::json_to_vector ... ok
[INFO] [stdout] test json::array::integer::example_list_u8::json_to_vector ... ok
[INFO] [stdout] test json::array::integer::example_list_u8::vector_to_json ... ok
[INFO] [stdout] test json::array::integer::example_list_u8_with_asserts::json_to_vector ... ok
[INFO] [stdout] test json::array::integer::example_list_u8_with_asserts::vector_to_json ... ok
[INFO] [stdout] test json::array::null::example_list_null::json_to_vector ... ok
[INFO] [stdout] test json::array::null::example_list_null::vector_to_json ... ok
[INFO] [stdout] test json::array::null::example_list_null_with_asserts::json_to_vector ... ok
[INFO] [stdout] test json::array::null::example_list_null_with_asserts::vector_to_json ... ok
[INFO] [stdout] test json::array::object::example_multi_nested_object::vector_to_json ... ok
[INFO] [stdout] test json::array::object::example_multi_nested_object::json_to_vector ... ok
[INFO] [stdout] test json::array::object::example_multi_nested_object_with_asserts::vector_to_json ... ok
[INFO] [stdout] test json::array::string::example_list_string::vector_to_json ... ok
[INFO] [stdout] test json::array::tests::json_array_ends_with_random_chars::json_array_ends_with_random_chars ... ok
[INFO] [stdout] test json::array::string::example_list_string_with_asserts::vector_to_json ... ok
[INFO] [stdout] test json::array::tests::example::json_to_vector ... ok
[INFO] [stdout] test json::array::tests::example::vector_to_json ... ok
[INFO] [stdout] test json::array::tests::json_array::json_array ... ok
[INFO] [stdout] test json::array::string::example_list_string::json_to_vector ... ok
[INFO] [stdout] test json::array::string::example_list_string_with_asserts::json_to_vector ... ok
[INFO] [stdout] test json::array::object::example_multi_nested_object_with_asserts::json_to_vector ... ok
[INFO] [stdout] test json::array::tests::json_array_missing_comma::json_array_missing_comma ... ok
[INFO] [stdout] test json::array::tests::json_array_float::json_array_float ... ok
[INFO] [stdout] test json::array::tests::example_with_asserts::vector_to_json ... ok
[INFO] [stdout] test json::array::tests::json_array_false_element::json_array_false_element ... ok
[INFO] [stdout] test json::array::tests::json_array_multiple_elements::json_array_multiple_elements ... ok
[INFO] [stdout] test json::array::tests::json_array_multiple_false_elements::json_array_multiple_false_elements ... ok
[INFO] [stdout] test json::array::tests::json_array_multiple_null_elements::json_array_multiple_null_elements ... ok
[INFO] [stdout] test json::array::tests::json_array_multi_nested_array_multiple_items::json_array_multi_nested_array_multiple_items ... ok
[INFO] [stdout] test json::array::tests::json_array_multiple_true_elements::json_array_multiple_true_elements ... ok
[INFO] [stdout] test json::array::tests::json_array_nested_array::json_array_nested_array ... ok
[INFO] [stdout] test json::array::tests::json_array_nested_array_multiple_items::json_array_nested_array_multiple_items ... ok
[INFO] [stdout] test json::array::tests::json_array_nested_empty_object::json_array_nested_empty_object ... ok
[INFO] [stdout] test json::array::tests::json_array_no_starting_square_bracket::json_array_no_starting_square_bracket ... ok
[INFO] [stdout] test json::array::tests::json_array_nested_object::json_array_nested_object ... ok
[INFO] [stdout] test json::array::tests::example_with_asserts::json_to_vector ... ok
[INFO] [stdout] test json::array::tests::json_array_null_element::json_array_null_element ... ok
[INFO] [stdout] test json::array::tests::json_array_true_element::json_array_true_element ... ok
[INFO] [stdout] test json::array::tests::json_array_whitespace_before_array::json_array_whitespace_before_array ... ok
[INFO] [stdout] test json::array::tests::json_array_whitespace_before_first_element::json_array_whitespace_before_first_element ... ok
[INFO] [stdout] test json::array::tests::json_array_starts_with_random_chars::json_array_starts_with_random_chars ... ok
[INFO] [stdout] test json::array::tests::json_array_strings_multichar::json_array_strings_multichar ... ok
[INFO] [stdout] test json::array::tests::json_array_whitespaces::json_array_whitespaces ... ok
[INFO] [stdout] test json::array::tests::json_array_strings::json_array_strings ... ok
[INFO] [stdout] test json::array::tests::json_array_no_closing_square_bracket::json_array_no_closing_square_bracket ... ok
[INFO] [stdout] test json::array::tests::json_array_whitespace_after_last_element::json_array_whitespace_after_last_element ... ok
[INFO] [stdout] test json::array::tests::json_array_whitespace_after_array::json_array_whitespace_after_array ... ok
[INFO] [stdout] test json::array::tests::json_array_nested_object_nested_array::json_array_nested_object_nested_array ... ok
[INFO] [stdout] test json::array::tests::json_array_wrong_element::json_array_wrong_element ... ok
[INFO] [stdout] test json::array::tests::json_array_wrong_element_duplicate_exponent::json_array_wrong_element_duplicate_exponent ... ok
[INFO] [stdout] test json::array::tests::json_array_wrong_element_random_char::json_array_wrong_element_random_char ... ok
[INFO] [stdout] test json::array::tests::json_array_wrong_element_duplicate_point::json_array_wrong_element_duplicate_point ... ok
[INFO] [stdout] test json::array::tests::json_array_wrong_element_duplicate_minus::json_array_wrong_element_duplicate_minus ... ok
[INFO] [stdout] test json::object::tests::deserialize_json_extra_comma_after_boolean_false_property::deserialize_json_extra_comma_after_boolean_false_property ... ok
[INFO] [stdout] test json::array::tests::json_empty_array::json_empty_array ... ok
[INFO] [stdout] test json::object::tests::deserialize_json_extra_comma_after_array_property::deserialize_json_extra_comma_after_array_property ... ok
[INFO] [stdout] test json::object::tests::deserialize_json_extra_comma_after_null_last_property::deserialize_json_extra_comma_after_null_last_property ... ok
[INFO] [stdout] test json::object::tests::deserialize_json_extra_comma_after_boolean_true_property::deserialize_json_extra_comma_after_boolean_true_property ... ok
[INFO] [stdout] test json::object::tests::deserialize_json_extra_comma_after_integer_property::deserialize_json_extra_comma_after_integer_property ... ok
[INFO] [stdout] test json::object::tests::deserialize_json_missing_comma_after_boolean_false::deserialize_json_missing_comma_after_boolean_true ... ok
[INFO] [stdout] test json::object::tests::deserialize_json_extra_comma_after_float_property::deserialize_json_extra_comma_after_float_property ... ok
[INFO] [stdout] test json::object::tests::deserialize_json_extra_comma_after_object_property::deserialize_json_extra_comma_after_object_property ... ok
[INFO] [stdout] test json::object::tests::deserialize_json_missing_comma_after_null::deserialize_json_missing_comma_after_null ... ok
[INFO] [stdout] test json::object::tests::deserialize_json_missing_comma_after_object::deserialize_json_missing_comma_after_object ... ok
[INFO] [stdout] test json::object::tests::deserialize_json_missing_comma_after_array::deserialize_json_missing_comma_after_array ... ok
[INFO] [stdout] test json::object::tests::deserialize_json_missing_comma_after_integer::deserialize_json_missing_comma_after_integer ... ok
[INFO] [stdout] test json::object::tests::deserialize_json_missing_comma_after_string::deserialize_json_missing_comma_after_string ... ok
[INFO] [stdout] test json::object::tests::deserialize_json_missing_comma_after_float::deserialize_json_missing_comma_after_float ... ok
[INFO] [stdout] test json::object::tests::deserialize_json_no_delimiter::deserialize_json_no_delimiter ... ok
[INFO] [stdout] test json::object::tests::deserialize_json_no_closing_curly_brace::deserialize_json_no_closing_curly_brace ... ok
[INFO] [stdout] test json::object::tests::deserialize_json_no_key::deserialize_json_no_key ... ok
[INFO] [stdout] test json::object::tests::deserialize_json_no_value::deserialize_json_no_value ... ok
[INFO] [stdout] test json::object::tests::deserialize_json_extra_comma_after_string_property::deserialize_json_extra_comma_after_string_property ... ok
[INFO] [stdout] test json::object::tests::deserialize_json_missing_comma_after_boolean_true::deserialize_json_missing_comma_after_boolean_true ... ok
[INFO] [stdout] test json::object::tests::deserialize_json_random_text::deserialize_json_random_text ... ok
[INFO] [stdout] test json::object::tests::deserialize_json_no_opening_curly_brace::deserialize_json_no_opening_curly_brace ... ok
[INFO] [stdout] test json::object::tests::deserialize_json_to_struct_containing_nested_struct::deserialize_json_to_struct_containing_nested_struct ... ok
[INFO] [stdout] test json::object::tests::deserialize_json_with_nested_object_none_to_struct::deserialize_json_with_nested_object_none_to_struct ... ok
[INFO] [stdout] test json::object::tests::deserialize_json_with_nested_object_null_field_to_struct::parse_nested_object_property_null ... ok
[INFO] [stdout] test json::object::tests::deserialize_json_with_nested_object_null_to_struct::deserialize_json_with_nested_object_null_to_struct ... ok
[INFO] [stdout] test json::object::tests::example_multi_nested_object::to_json ... ok
[INFO] [stdout] test json::property::tests::parse_raw_property_boolean_false ... ok
[INFO] [stdout] test json::object::tests::example::parse_json ... ok
[INFO] [stdout] test json::object::tests::example::to_json ... ok
[INFO] [stdout] test json::object::tests::deserialize_json_with_nested_object_null_to_struct_check_overrides::deserialize_json_with_nested_object_null_to_struct_check_overrides ... ok
[INFO] [stdout] test json::object::tests::deserialize_json_with_null_fields_to_struct::parse_null ... ok
[INFO] [stdout] test json::object::tests::deserialize_json_with_multiple_nested_objects_to_struct::deserialize_json_with_multiple_nested_objects_to_struct ... ok
[INFO] [stdout] test json::property::tests::parse_raw_property_number_integer ... ok
[INFO] [stdout] test json::property::tests::parse_raw_property_number_integer_parse_error ... ok
[INFO] [stdout] test json::property::tests::parse_raw_property_string ... ok
[INFO] [stdout] test json::property::tests::parse_raw_property_number_float_parse_error ... ok
[INFO] [stdout] test json::tests::to_string_boolean ... ok
[INFO] [stdout] test json::object::tests::deserialize_json_to_struct_another_example::deserialize_json_to_struct_another_example ... ok
[INFO] [stdout] test json::tests::to_string_f64 ... ok
[INFO] [stdout] test json::object::tests::deserialize_json_to_struct_check_internals::deserialize_json_to_struct_check_internals ... ok
[INFO] [stdout] test json::tests::to_string_f64_2 ... ok
[INFO] [stdout] test json::object::tests::deserialize_json_with_extra_new_lines_to_struct::parse_new_lines_carriage_returns ... ok
[INFO] [stdout] test json::property::tests::parse_raw_property_boolean_true ... ok
[INFO] [stdout] test json::property::tests::parse_raw_property_null ... ok
[INFO] [stdout] test json::object::tests::example_multi_nested_object::parse_json ... ok
[INFO] [stdout] test json::tests::to_string_f64_3 ... ok
[INFO] [stdout] test json::tests::to_string_array ... ok
[INFO] [stdout] test json::tests::to_string_f64_precision ... ok
[INFO] [stdout] test json::tests::to_string_f64_precision_2 ... ok
[INFO] [stdout] test json::tests::to_string_f64_precision_3 ... ok
[INFO] [stdout] test json::tests::to_string_int ... ok
[INFO] [stdout] test json::tests::to_string_not_set ... ok
[INFO] [stdout] test json::property::tests::parse_raw_property_number_float ... ok
[INFO] [stdout] test mime_type::tests::detect_mime_type_for_abiword_file ... ok
[INFO] [stdout] test json::tests::to_string_null ... ok
[INFO] [stdout] test log::tests::log_request_response ... ok
[INFO] [stdout] test log::tests::usage_info ... ok
[INFO] [stdout] test json::tests::json_types ... ok
[INFO] [stdout] test mime_type::tests::detect_mime_type_for_3g2_file ... ok
[INFO] [stdout] test mime_type::tests::detect_mime_type_for_audio_wav_file ... ok
[INFO] [stdout] test mime_type::tests::detect_mime_type_for_audio_oga_file ... ok
[INFO] [stdout] test mime_type::tests::detect_mime_type_for_azv_file ... ok
[INFO] [stdout] test mime_type::tests::detect_mime_type_for_avi_file ... ok
[INFO] [stdout] test mime_type::tests::detect_mime_type_for_cda_file ... ok
[INFO] [stdout] test mime_type::tests::detect_mime_type_for_bz_file ... ok
[INFO] [stdout] test mime_type::tests::detect_mime_type_for_bz2_file ... ok
[INFO] [stdout] test mime_type::tests::detect_mime_type_for_crt_file ... ok
[INFO] [stdout] test mime_type::tests::detect_mime_type_for_bin_file ... ok
[INFO] [stdout] test mime_type::tests::detect_mime_type_for_binary_file ... ok
[INFO] [stdout] test mime_type::tests::detect_mime_type_for_css_file ... ok
[INFO] [stdout] test mime_type::tests::detect_mime_type_for_csh_file ... ok
[INFO] [stdout] test mime_type::tests::detect_mime_type_for_doc_file ... ok
[INFO] [stdout] test json::tests::to_string_object ... ok
[INFO] [stdout] test json::tests::to_string_string ... ok
[INFO] [stdout] test mime_type::tests::detect_mime_type_for_docx_file ... ok
[INFO] [stdout] test language::tests::language ... ok
[INFO] [stdout] test mime_type::tests::detect_mime_type_for_audio_aac_file ... ok
[INFO] [stdout] test mime_type::tests::detect_mime_type_for_eot_file ... ok
[INFO] [stdout] test mime_type::tests::detect_mime_type_for_audio_flac_file ... ok
[INFO] [stdout] test mime_type::tests::detect_mime_type_for_csv_file ... ok
[INFO] [stdout] test mime_type::tests::detect_mime_type_for_gz_file ... ok
[INFO] [stdout] test mime_type::tests::detect_mime_type_for_7z_file ... ok
[INFO] [stdout] test mime_type::tests::detect_mime_type_for_htm_file ... ok
[INFO] [stdout] test mime_type::tests::detect_mime_type_for_html_file ... ok
[INFO] [stdout] test mime_type::tests::detect_mime_type_for_ics_file ... ok
[INFO] [stdout] test mime_type::tests::detect_mime_type_for_image_apng_file ... ok
[INFO] [stdout] test mime_type::tests::detect_mime_type_for_image_avif_file ... ok
[INFO] [stdout] test mime_type::tests::detect_mime_type_for_image_tif_file ... ok
[INFO] [stdout] test mime_type::tests::detect_mime_type_for_image_bmp_file ... ok
[INFO] [stdout] test mime_type::tests::detect_mime_type_for_image_gif_file ... ok
[INFO] [stdout] test mime_type::tests::detect_mime_type_for_image_tiff_file ... ok
[INFO] [stdout] test mime_type::tests::detect_mime_type_for_image_ico_file ... ok
[INFO] [stdout] test mime_type::tests::detect_mime_type_for_image_jfif_file ... ok
[INFO] [stdout] test mime_type::tests::detect_mime_type_for_image_jif_file ... ok
[INFO] [stdout] test mime_type::tests::detect_mime_type_for_image_jpg_file ... ok
[INFO] [stdout] test mime_type::tests::detect_mime_type_for_image_cur_file ... ok
[INFO] [stdout] test mime_type::tests::detect_mime_type_for_image_svg_file ... ok
[INFO] [stdout] test mime_type::tests::detect_mime_type_for_image_webp_file ... ok
[INFO] [stdout] test mime_type::tests::detect_mime_type_for_jar_file ... ok
[INFO] [stdout] test mime_type::tests::detect_mime_type_for_image_jpe_file ... ok
[INFO] [stdout] test mime_type::tests::detect_mime_type_for_image_jpeg_file ... ok
[INFO] [stdout] test mime_type::tests::detect_mime_type_for_js_file ... ok
[INFO] [stdout] test mime_type::tests::detect_mime_type_for_midi_file ... ok
[INFO] [stdout] test mime_type::tests::detect_mime_type_for_mjs_file ... ok
[INFO] [stdout] test mime_type::tests::detect_mime_type_for_mp3_file ... ok
[INFO] [stdout] test mime_type::tests::detect_mime_type_for_mp4_file ... ok
[INFO] [stdout] test mime_type::tests::detect_mime_type_for_mpkg_file ... ok
[INFO] [stdout] test mime_type::tests::detect_mime_type_for_odt_file ... ok
[INFO] [stdout] test mime_type::tests::detect_mime_type_for_rar_file ... ok
[INFO] [stdout] test mime_type::tests::detect_mime_type_for_rtf_file ... ok
[INFO] [stdout] test mime_type::tests::detect_mime_type_for_php_file ... ok
[INFO] [stdout] test mime_type::tests::detect_mime_type_for_swf_file ... ok
[INFO] [stdout] test mime_type::tests::detect_mime_type_for_sh_file ... ok
[INFO] [stdout] test mime_type::tests::detect_mime_type_for_json_file ... ok
[INFO] [stdout] test mime_type::tests::detect_mime_type_for_jsonld_file ... ok
[INFO] [stdout] test mime_type::tests::detect_mime_type_for_mid_file ... ok
[INFO] [stdout] test mime_type::tests::detect_mime_type_for_tar_file ... ok
[INFO] [stdout] test mime_type::tests::detect_mime_type_for_video_3gp_file ... ok
[INFO] [stdout] test mime_type::tests::detect_mime_type_for_text_file ... ok
[INFO] [stdout] test mime_type::tests::detect_mime_type_for_ts_file ... ok
[INFO] [stdout] test mime_type::tests::detect_mime_type_for_ttf_file ... ok
[INFO] [stdout] test mime_type::tests::detect_mime_type_for_odp_file ... ok
[INFO] [stdout] test mime_type::tests::detect_mime_type_for_ods_file ... ok
[INFO] [stdout] test mime_type::tests::detect_mime_type_for_video_m4p_file ... ok
[INFO] [stdout] test mime_type::tests::detect_mime_type_for_video_m4v_file ... ok
[INFO] [stdout] test mime_type::tests::detect_mime_type_for_video_mpeg_file ... ok
[INFO] [stdout] test mime_type::tests::detect_mime_type_for_video_ogg_file ... ok
[INFO] [stdout] test mime_type::tests::detect_mime_type_for_video_ogv_file ... ok
[INFO] [stdout] test mime_type::tests::detect_mime_type_for_video_pdf_file ... ok
[INFO] [stdout] test mime_type::tests::detect_mime_type_for_video_ogx_file ... ok
[INFO] [stdout] test mime_type::tests::detect_mime_type_for_video_quicktime_file ... ok
[INFO] [stdout] test mime_type::tests::detect_mime_type_for_video_webm_file ... ok
[INFO] [stdout] test mime_type::tests::detect_mime_type_for_vsd_file ... ok
[INFO] [stdout] test mime_type::tests::detect_mime_type_for_webm_file ... ok
[INFO] [stdout] test mime_type::tests::detect_mime_type_for_video_opus_file ... ok
[INFO] [stdout] test log::tests::info ... ok
[INFO] [stdout] test mime_type::tests::detect_mime_type_for_woff_file ... ok
[INFO] [stdout] test mime_type::tests::detect_mime_type_for_video_mp4_file ... ok
[INFO] [stdout] test mime_type::tests::detect_mime_type_for_video_mpg_file ... ok
[INFO] [stdout] test mime_type::tests::detect_mime_type_for_video_otf_file ... ok
[INFO] [stdout] test mime_type::tests::detect_mime_type_for_xhtml_file ... ok
[INFO] [stdout] test mime_type::tests::detect_mime_type_for_ppt_file ... ok
[INFO] [stdout] test mime_type::tests::detect_mime_type_for_pptx_file ... ok
[INFO] [stdout] test mime_type::tests::detect_mime_type_for_xls_file ... ok
[INFO] [stdout] test mime_type::tests::detect_mime_type_for_xml_file ... ok
[INFO] [stdout] test mime_type::tests::detect_mime_type_for_xul_file ... ok
[INFO] [stdout] test null::tests::null_check ... ok
[INFO] [stdout] test range::example::as_response ... ok
[INFO] [stdout] test range::example::as_response_range_shortcut ... ok
[INFO] [stdout] test mime_type::tests::detect_mime_type_for_xlsx_file ... ok
[INFO] [stdout] test range::tests::content_range_raw_regex ... ok
[INFO] [stdout] test mime_type::tests::detect_mime_type_for_zip_file ... ok
[INFO] [stdout] test range::tests::content_range_raw_regex_bytes_random_case ... ok
[INFO] [stdout] test range::tests::content_range_raw_regex_empty_string ... ok
[INFO] [stdout] test range::tests::content_range_raw_regex_end_not_a_number ... ok
[INFO] [stdout] test range::tests::content_range_raw_regex_random_string ... ok
[INFO] [stdout] test range::tests::content_range_raw_regex_size_not_a_number ... ok
[INFO] [stdout] test range::tests::content_range_raw_regex_start_not_a_number ... ok
[INFO] [stdout] test range::tests::check_range_response_is_ok_two_part ... ok
[INFO] [stdout] test mime_type::tests::detect_mime_type_for_image_png_file ... ok
[INFO] [stdout] test range::tests::content_range_raw_regex_malformed_bytes ... ok
[INFO] [stdout] test range::tests::check_range_response_is_ok_single_part ... ok
[INFO] [stdout] test range::tests::content_range_raw_regex_whitespace_uppercase ... ok
[INFO] [stdout] test range::tests::content_range_raw_regex_whitespace ... ok
[INFO] [stdout] test range::tests::end_bigger_than_filesize_parse_content_range_header_value ... ok
[INFO] [stdout] test range::tests::no_empty_string_between_header_and_body_in_parse_multipart_body ... ok
[INFO] [stdout] test range::tests::parse_content_range_header_value ... ok
[INFO] [stdout] test range::tests::parse_multipart_body ... ok
[INFO] [stdout] test range::tests::start_after_end_parse_content_range_header_value ... ok
[INFO] [stdout] test range::tests::parse_range_test ... ok
[INFO] [stdout] test range::tests::start_bigger_than_filesize_parse_content_range_header_value ... ok
[INFO] [stdout] test mime_type::tests::detect_mime_type_for_woff2_file ... ok
[INFO] [stdout] test request::example::parse_array_of_bytes_as_request ... ok
[INFO] [stdout] test request::tests::form_urlencoded_content_type ... ok
[INFO] [stdout] test request::tests::get_domain_no_port ... ok
[INFO] [stdout] test request::example::generate ... ok
[INFO] [stdout] test request::tests::form_urlencoded_content_type_ends_with_new_line ... ok
[INFO] [stdout] test request::tests::get_port ... ok
[INFO] [stdout] test range::tests::malformed_header_parse_content_range_header_value ... ok
[INFO] [stdout] test request::example::query ... ok
[INFO] [stdout] test request::tests::get_domain_no_host ... ok
[INFO] [stdout] test request::tests::get_path ... ok
[INFO] [stdout] test request::tests::get_domain_port_present ... ok
[INFO] [stdout] test request::tests::get_port_no_host ... ok
[INFO] [stdout] test request::tests::get_port_empty_host ... ok
[INFO] [stdout] test request::tests::get_port_no_port ... ok
[INFO] [stdout] test request::tests::method ... ok
[INFO] [stdout] test request::tests::test_request_lowercase ... ok
[INFO] [stdout] test request::tests::method_and_request_uri_and_http_version_regex ... ok
[INFO] [stdout] test request::tests::test_request_not_ok ... ok
[INFO] [stdout] test request::tests::test_request_not_ok_dummy_not_valid_request ... ok
[INFO] [stdout] test request::tests::test_request_lowercase_not_valid_utf_8 ... ok
[INFO] [stdout] test request::tests::test_request_empty_request_uri ... ok
[INFO] [stdout] test request::tests::multipart_form_data_content_type ... ok
[INFO] [stdout] test request::tests::get_domain_empty_host ... ok
[INFO] [stdout] test request::tests::test_request_ok ... ok
[INFO] [stdout] test request::tests::get_query ... ok
[INFO] [stdout] test request::tests::get_path_no_path ... ok
[INFO] [stdout] test request::tests::get_query_no_query ... ok
[INFO] [stdout] test request::tests::test_request_not_ok_empty_request ... ok
[INFO] [stdout] test request::tests::test_request_not_ok_zeros_request ... ok
[INFO] [stdout] test request::tests::test_request_ok_with_special_characters ... ok
[INFO] [stdout] test request::example::path ... ok
[INFO] [stdout] test request::tests::test_request_ok_with_ukrainian_characters ... ok
[INFO] [stdout] test request::tests::test_request_randomcase ... ok
[INFO] [stdout] test request::tests::text_plain_content_type ... ok
[INFO] [stdout] test response::example::build ... ok
[INFO] [stdout] test response::example::parse ... ok
[INFO] [stdout] test response::tests::http_version_and_status_code_and_reason_phrase_404_regex ... ok
[INFO] [stdout] test response::tests::http_version_and_status_code_and_reason_phrase_empty_string ... ok
[INFO] [stdout] test response::tests::it_generates_successful_response_with_additional_headers ... ok
[INFO] [stdout] test response::tests::parse_no_boundary_at_the_beginning ... ok
[INFO] [stdout] test response::tests::http_version_and_status_code_and_reason_phrase_empty_string_newline ... ok
[INFO] [stdout] test server::tests::check_range_response_for_not_proper_range_header ... ok
[INFO] [stdout] test response::tests::check_is_multipart_byteranges_content_type ... ok
[INFO] [stdout] test response::tests::http_version_and_status_code_and_reason_phrase_200_regex_random_case ... ok
[INFO] [stdout] test response::tests::error ... ok
[INFO] [stdout] test response::tests::http_version_and_status_code_and_reason_phrase_200_regex ... ok
[INFO] [stdout] test response::tests::status_code_reason_phrase ... ok
[INFO] [stdout] test server::tests::check_range_response_for_not_proper_range_header_range_end_malformed ... ok
[INFO] [stdout] test server::tests::check_range_response_for_not_proper_range_header_malformed ... ok
[INFO] [stdout] test server::tests::check_range_response_for_not_proper_range_header_range_start_malformed ... ok
[INFO] [stdout] test server::tests::it_generates_bad_request_for_non_ut8_char_in_request ... ok
[INFO] [stdout] test server::tests::it_generates_not_found_page_for_absent_route ... ok
[INFO] [stdout] test server::tests::it_generates_not_found_page_for_absent_static_file ... ok
[INFO] [stdout] test server::tests::check_range_response_for_not_proper_range_header_range_start_bigger_than_end ... ok
[INFO] [stdout] test response::tests::parse_no_boundary_at_the_end ... ok
[INFO] [stdout] test server::tests::check_range_response_for_not_proper_range_header_range_end_bigger_than_filesize ... ok
[INFO] [stdout] test range::tests::get_right_content_range_of_a_file ... ok
[INFO] [stdout] test symbol::tests::symbol_check ... ok
[INFO] [stdout] test url::example::build_url ... ok
[INFO] [stdout] test server::tests::it_generates_successful_response_with_index_html ... ok
[INFO] [stdout] test url::example::build_query ... ok
[INFO] [stdout] test server::tests::it_generates_successful_response_with_static_file_in_multiple_static_directories ... ok
[INFO] [stdout] test server::tests::it_generates_successful_response_with_static_file_in_subdirectory_to_head_request ... ok
[INFO] [stdout] test thread_pool::tests::thread_pool_test ... ok
[INFO] [stdout] test server::tests::it_generates_not_found_page_for_static_directory ... ok
[INFO] [stdout] test server::tests::it_generates_not_found_page_for_static_subdirectory ... ok
[INFO] [stdout] test url::example::uri_encode ... ok
[INFO] [stdout] test url::tests::encode_decode ... ok
[INFO] [stdout] test server::tests::it_generates_successful_response_with_static_file_in_subdirectory ... ok
[INFO] [stdout] test url::example::parse_url ... ok
[INFO] [stdout] test server::tests::it_generates_successful_response_with_index_html_as_symlink ... FAILED
[INFO] [stdout] test url::example::parse_query ... ok
[INFO] [stdout] test server::tests::it_generates_successful_response_with_static_file ... ok
[INFO] [stdout] test url::example::uri_decode ... ok
[INFO] [stdout] test response::tests::it_generates_successful_response_with_additional_headers_and_non_utf8_file ... ok
[INFO] [stdout] test body::multipart_form_data::tests::parse_multipart_request_body_image ... ok
[INFO] [stdout] test body::multipart_form_data::tests::parse_multipart_request_body_image_no_end_boundary ... ok
[INFO] [stdout] test body::multipart_form_data::tests::generate ... ok
[INFO] [stdout] 
[INFO] [stdout] failures:
[INFO] [stdout] 
[INFO] [stdout] ---- app::controller::favicon::tests::favicon_retrieval stdout ----
[INFO] [stdout] thread 'app::controller::favicon::tests::favicon_retrieval' panicked at src/app/controller/favicon/tests.rs:47:41:
[INFO] [stdout] called `Result::unwrap()` on an `Err` value: "unable to create file: Read-only file system (os error 30)"
[INFO] [stdout] stack backtrace:
[INFO] [stdout]    0:     0x585840850f1a - std::backtrace_rs::backtrace::libunwind::trace::h5a5b8284f2d0c266
[INFO] [stdout]                                at /rustc/90b35a6239c3d8bdabc530a6a0816f7ff89a0aaf/library/std/src/../../backtrace/src/backtrace/libunwind.rs:116:5
[INFO] [stdout]    1:     0x585840850f1a - std::backtrace_rs::backtrace::trace_unsynchronized::h76d4f1c9b0b875e3
[INFO] [stdout]                                at /rustc/90b35a6239c3d8bdabc530a6a0816f7ff89a0aaf/library/std/src/../../backtrace/src/backtrace/mod.rs:66:5
[INFO] [stdout]    2:     0x585840850f1a - std::sys::backtrace::_print_fmt::hc4546b8364a537c6
[INFO] [stdout]                                at /rustc/90b35a6239c3d8bdabc530a6a0816f7ff89a0aaf/library/std/src/sys/backtrace.rs:66:9
[INFO] [stdout]    3:     0x585840850f1a - <std::sys::backtrace::BacktraceLock::print::DisplayBacktrace as core::fmt::Display>::fmt::h5b6bd5631a6d1f6b
[INFO] [stdout]                                at /rustc/90b35a6239c3d8bdabc530a6a0816f7ff89a0aaf/library/std/src/sys/backtrace.rs:39:26
[INFO] [stdout]    4:     0x58584087ba43 - core::fmt::rt::Argument::fmt::h270f6602a2b96f62
[INFO] [stdout]                                at /rustc/90b35a6239c3d8bdabc530a6a0816f7ff89a0aaf/library/core/src/fmt/rt.rs:177:76
[INFO] [stdout]    5:     0x58584087ba43 - core::fmt::write::h7550c97b06c86515
[INFO] [stdout]                                at /rustc/90b35a6239c3d8bdabc530a6a0816f7ff89a0aaf/library/core/src/fmt/mod.rs:1186:21
[INFO] [stdout]    6:     0x58584084dfe3 - std::io::Write::write_fmt::h509ff860e5956e5e
[INFO] [stdout]                                at /rustc/90b35a6239c3d8bdabc530a6a0816f7ff89a0aaf/library/std/src/io/mod.rs:1839:15
[INFO] [stdout]    7:     0x585840850d62 - std::sys::backtrace::BacktraceLock::print::h2395ccd2c84ba3aa
[INFO] [stdout]                                at /rustc/90b35a6239c3d8bdabc530a6a0816f7ff89a0aaf/library/std/src/sys/backtrace.rs:42:9
[INFO] [stdout]    8:     0x58584085237a - std::panicking::default_hook::{{closure}}::he19d4c7230e07961
[INFO] [stdout]                                at /rustc/90b35a6239c3d8bdabc530a6a0816f7ff89a0aaf/library/std/src/panicking.rs:268:22
[INFO] [stdout]    9:     0x585840852184 - std::panicking::default_hook::hf614597d3c67bbdb
[INFO] [stdout]                                at /rustc/90b35a6239c3d8bdabc530a6a0816f7ff89a0aaf/library/std/src/panicking.rs:292:9
[INFO] [stdout]   10:     0x5858407d4359 - <alloc::boxed::Box<F,A> as core::ops::function::Fn<Args>>::call::h39b51ce4599c23d1
[INFO] [stdout]                                at /rustc/90b35a6239c3d8bdabc530a6a0816f7ff89a0aaf/library/alloc/src/boxed.rs:2468:9
[INFO] [stdout]   11:     0x5858407d4359 - test::test_main::{{closure}}::he977ae839a582784
[INFO] [stdout]                                at /rustc/90b35a6239c3d8bdabc530a6a0816f7ff89a0aaf/library/test/src/lib.rs:133:21
[INFO] [stdout]   12:     0x585840852a18 - <alloc::boxed::Box<F,A> as core::ops::function::Fn<Args>>::call::h9455091b6b06f9fb
[INFO] [stdout]                                at /rustc/90b35a6239c3d8bdabc530a6a0816f7ff89a0aaf/library/alloc/src/boxed.rs:2468:9
[INFO] [stdout]   13:     0x585840852a18 - std::panicking::rust_panic_with_hook::h8942133a8b252070
[INFO] [stdout]                                at /rustc/90b35a6239c3d8bdabc530a6a0816f7ff89a0aaf/library/std/src/panicking.rs:809:13
[INFO] [stdout]   14:     0x5858408527da - std::panicking::begin_panic_handler::{{closure}}::hb5f5963570096b29
[INFO] [stdout]                                at /rustc/90b35a6239c3d8bdabc530a6a0816f7ff89a0aaf/library/std/src/panicking.rs:674:13
[INFO] [stdout]   15:     0x5858408513f9 - std::sys::backtrace::__rust_end_short_backtrace::h6208cedc1922feda
[INFO] [stdout]                                at /rustc/90b35a6239c3d8bdabc530a6a0816f7ff89a0aaf/library/std/src/sys/backtrace.rs:170:18
[INFO] [stdout]   16:     0x58584085246c - rust_begin_unwind
[INFO] [stdout]                                at /rustc/90b35a6239c3d8bdabc530a6a0816f7ff89a0aaf/library/std/src/panicking.rs:665:5
[INFO] [stdout]   17:     0x585840565c10 - core::panicking::panic_fmt::h0c3082644d1bf418
[INFO] [stdout]                                at /rustc/90b35a6239c3d8bdabc530a6a0816f7ff89a0aaf/library/core/src/panicking.rs:74:14
[INFO] [stdout]   18:     0x585840566096 - core::result::unwrap_failed::hd20b4aa073bda1e2
[INFO] [stdout]                                at /rustc/90b35a6239c3d8bdabc530a6a0816f7ff89a0aaf/library/core/src/result.rs:1700:5
[INFO] [stdout]   19:     0x5858406f5321 - core::result::Result<T,E>::unwrap::hdb8232c13cd3a36a
[INFO] [stdout]                                at /rustc/90b35a6239c3d8bdabc530a6a0816f7ff89a0aaf/library/core/src/result.rs:1104:23
[INFO] [stdout]   20:     0x5858406f5321 - rust_web_server::app::controller::favicon::tests::favicon_retrieval::h40abe1550879fb74
[INFO] [stdout]                                at /opt/rustwide/workdir/src/app/controller/favicon/tests.rs:47:5
[INFO] [stdout]   21:     0x5858406f4747 - rust_web_server::app::controller::favicon::tests::favicon_retrieval::{{closure}}::hdcd439cf6d3d912b
[INFO] [stdout]                                at /opt/rustwide/workdir/src/app/controller/favicon/tests.rs:11:23
[INFO] [stdout]   22:     0x585840784f96 - core::ops::function::FnOnce::call_once::h232f20022d9ec6b0
[INFO] [stdout]                                at /rustc/90b35a6239c3d8bdabc530a6a0816f7ff89a0aaf/library/core/src/ops/function.rs:250:5
[INFO] [stdout]   23:     0x5858407d8d1b - core::ops::function::FnOnce::call_once::h109cf8051a59b34e
[INFO] [stdout]                                at /rustc/90b35a6239c3d8bdabc530a6a0816f7ff89a0aaf/library/core/src/ops/function.rs:250:5
[INFO] [stdout]   24:     0x5858407d8d1b - test::__rust_begin_short_backtrace::hf4fff89d377446ba
[INFO] [stdout]                                at /rustc/90b35a6239c3d8bdabc530a6a0816f7ff89a0aaf/library/test/src/lib.rs:621:18
[INFO] [stdout]   25:     0x5858407d8557 - test::run_test_in_process::{{closure}}::h0e39181dd7ee5a43
[INFO] [stdout]                                at /rustc/90b35a6239c3d8bdabc530a6a0816f7ff89a0aaf/library/test/src/lib.rs:644:60
[INFO] [stdout]   26:     0x5858407d8557 - <core::panic::unwind_safe::AssertUnwindSafe<F> as core::ops::function::FnOnce<()>>::call_once::hc5a66a30f0bdfd1f
[INFO] [stdout]                                at /rustc/90b35a6239c3d8bdabc530a6a0816f7ff89a0aaf/library/core/src/panic/unwind_safe.rs:272:9
[INFO] [stdout]   27:     0x5858407d8557 - std::panicking::try::do_call::h873b7cf639554a5e
[INFO] [stdout]                                at /rustc/90b35a6239c3d8bdabc530a6a0816f7ff89a0aaf/library/std/src/panicking.rs:557:40
[INFO] [stdout]   28:     0x5858407d8557 - std::panicking::try::hdb19862fad9c8bd1
[INFO] [stdout]                                at /rustc/90b35a6239c3d8bdabc530a6a0816f7ff89a0aaf/library/std/src/panicking.rs:520:19
[INFO] [stdout]   29:     0x5858407d8557 - std::panic::catch_unwind::h281fe732d236d260
[INFO] [stdout]                                at /rustc/90b35a6239c3d8bdabc530a6a0816f7ff89a0aaf/library/std/src/panic.rs:358:14
[INFO] [stdout]   30:     0x5858407d8557 - test::run_test_in_process::h949b6df8457ed338
[INFO] [stdout]                                at /rustc/90b35a6239c3d8bdabc530a6a0816f7ff89a0aaf/library/test/src/lib.rs:644:27
[INFO] [stdout]   31:     0x5858407d8557 - test::run_test::{{closure}}::h52c556a6d4740e10
[INFO] [stdout]                                at /rustc/90b35a6239c3d8bdabc530a6a0816f7ff89a0aaf/library/test/src/lib.rs:565:43
[INFO] [stdout]   32:     0x58584079d834 - test::run_test::{{closure}}::h4237f6381c45ccb9
[INFO] [stdout]                                at /rustc/90b35a6239c3d8bdabc530a6a0816f7ff89a0aaf/library/test/src/lib.rs:595:41
[INFO] [stdout]   33:     0x58584079d834 - std::sys::backtrace::__rust_begin_short_backtrace::h505c97a579eca628
[INFO] [stdout]                                at /rustc/90b35a6239c3d8bdabc530a6a0816f7ff89a0aaf/library/std/src/sys/backtrace.rs:154:18
[INFO] [stdout]   34:     0x5858407a0efe - std::thread::Builder::spawn_unchecked_::{{closure}}::{{closure}}::h9e86b2e2bc107ea3
[INFO] [stdout]                                at /rustc/90b35a6239c3d8bdabc530a6a0816f7ff89a0aaf/library/std/src/thread/mod.rs:538:17
[INFO] [stdout]   35:     0x5858407a0efe - <core::panic::unwind_safe::AssertUnwindSafe<F> as core::ops::function::FnOnce<()>>::call_once::h8b06ddb275ff4a25
[INFO] [stdout]                                at /rustc/90b35a6239c3d8bdabc530a6a0816f7ff89a0aaf/library/core/src/panic/unwind_safe.rs:272:9
[INFO] [stdout]   36:     0x5858407a0efe - std::panicking::try::do_call::hb26ecd7cd9a9355d
[INFO] [stdout]                                at /rustc/90b35a6239c3d8bdabc530a6a0816f7ff89a0aaf/library/std/src/panicking.rs:557:40
[INFO] [stdout]   37:     0x5858407a0efe - std::panicking::try::h8ddeca9d705f9069
[INFO] [stdout]                                at /rustc/90b35a6239c3d8bdabc530a6a0816f7ff89a0aaf/library/std/src/panicking.rs:520:19
[INFO] [stdout]   38:     0x5858407a0efe - std::panic::catch_unwind::h49e1c33078844c46
[INFO] [stdout]                                at /rustc/90b35a6239c3d8bdabc530a6a0816f7ff89a0aaf/library/std/src/panic.rs:358:14
[INFO] [stdout]   39:     0x5858407a0efe - std::thread::Builder::spawn_unchecked_::{{closure}}::h6073db6ff56ad35d
[INFO] [stdout]                                at /rustc/90b35a6239c3d8bdabc530a6a0816f7ff89a0aaf/library/std/src/thread/mod.rs:537:30
[INFO] [stdout]   40:     0x5858407a0efe - core::ops::function::FnOnce::call_once{{vtable.shim}}::h2c5a5f3779c774f1
[INFO] [stdout]                                at /rustc/90b35a6239c3d8bdabc530a6a0816f7ff89a0aaf/library/core/src/ops/function.rs:250:5
[INFO] [stdout]   41:     0x585840856e0b - <alloc::boxed::Box<F,A> as core::ops::function::FnOnce<Args>>::call_once::hf75717d9f28faebf
[INFO] [stdout]                                at /rustc/90b35a6239c3d8bdabc530a6a0816f7ff89a0aaf/library/alloc/src/boxed.rs:2454:9
[INFO] [stdout]   42:     0x585840856e0b - <alloc::boxed::Box<F,A> as core::ops::function::FnOnce<Args>>::call_once::h7bd883a5f3c5f3c1
[INFO] [stdout]                                at /rustc/90b35a6239c3d8bdabc530a6a0816f7ff89a0aaf/library/alloc/src/boxed.rs:2454:9
[INFO] [stdout]   43:     0x585840856e0b - std::sys::pal::unix::thread::Thread::new::thread_start::hcc78f3943333fa94
[INFO] [stdout]                                at /rustc/90b35a6239c3d8bdabc530a6a0816f7ff89a0aaf/library/std/src/sys/pal/unix/thread.rs:105:17
[INFO] [stdout]   44:     0x750184fe7ac3 - <unknown>
[INFO] [stdout]   45:     0x750185078a04 - clone
[INFO] [stdout]   46:                0x0 - <unknown>
[INFO] [stdout] 
[INFO] [stdout] ---- app::controller::script::tests::file_retrieval stdout ----
[INFO] [stdout] thread 'app::controller::script::tests::file_retrieval' panicked at src/app/controller/script/tests.rs:47:39:
[INFO] [stdout] called `Result::unwrap()` on an `Err` value: "unable to create file: Read-only file system (os error 30)"
[INFO] [stdout] stack backtrace:
[INFO] [stdout]    0:     0x585840850f1a - std::backtrace_rs::backtrace::libunwind::trace::h5a5b8284f2d0c266
[INFO] [stdout]                                at /rustc/90b35a6239c3d8bdabc530a6a0816f7ff89a0aaf/library/std/src/../../backtrace/src/backtrace/libunwind.rs:116:5
[INFO] [stdout]    1:     0x585840850f1a - std::backtrace_rs::backtrace::trace_unsynchronized::h76d4f1c9b0b875e3
[INFO] [stdout]                                at /rustc/90b35a6239c3d8bdabc530a6a0816f7ff89a0aaf/library/std/src/../../backtrace/src/backtrace/mod.rs:66:5
[INFO] [stdout]    2:     0x585840850f1a - std::sys::backtrace::_print_fmt::hc4546b8364a537c6
[INFO] [stdout]                                at /rustc/90b35a6239c3d8bdabc530a6a0816f7ff89a0aaf/library/std/src/sys/backtrace.rs:66:9
[INFO] [stdout]    3:     0x585840850f1a - <std::sys::backtrace::BacktraceLock::print::DisplayBacktrace as core::fmt::Display>::fmt::h5b6bd5631a6d1f6b
[INFO] [stdout]                                at /rustc/90b35a6239c3d8bdabc530a6a0816f7ff89a0aaf/library/std/src/sys/backtrace.rs:39:26
[INFO] [stdout]    4:     0x58584087ba43 - core::fmt::rt::Argument::fmt::h270f6602a2b96f62
[INFO] [stdout]                                at /rustc/90b35a6239c3d8bdabc530a6a0816f7ff89a0aaf/library/core/src/fmt/rt.rs:177:76
[INFO] [stdout]    5:     0x58584087ba43 - core::fmt::write::h7550c97b06c86515
[INFO] [stdout]                                at /rustc/90b35a6239c3d8bdabc530a6a0816f7ff89a0aaf/library/core/src/fmt/mod.rs:1186:21
[INFO] [stdout]    6:     0x58584084dfe3 - std::io::Write::write_fmt::h509ff860e5956e5e
[INFO] [stdout]                                at /rustc/90b35a6239c3d8bdabc530a6a0816f7ff89a0aaf/library/std/src/io/mod.rs:1839:15
[INFO] [stdout]    7:     0x585840850d62 - std::sys::backtrace::BacktraceLock::print::h2395ccd2c84ba3aa
[INFO] [stdout]                                at /rustc/90b35a6239c3d8bdabc530a6a0816f7ff89a0aaf/library/std/src/sys/backtrace.rs:42:9
[INFO] [stdout]    8:     0x58584085237a - std::panicking::default_hook::{{closure}}::he19d4c7230e07961
[INFO] [stdout]                                at /rustc/90b35a6239c3d8bdabc530a6a0816f7ff89a0aaf/library/std/src/panicking.rs:268:22
[INFO] [stdout]    9:     0x585840852184 - std::panicking::default_hook::hf614597d3c67bbdb
[INFO] [stdout]                                at /rustc/90b35a6239c3d8bdabc530a6a0816f7ff89a0aaf/library/std/src/panicking.rs:292:9
[INFO] [stdout]   10:     0x5858407d4359 - <alloc::boxed::Box<F,A> as core::ops::function::Fn<Args>>::call::h39b51ce4599c23d1
[INFO] [stdout]                                at /rustc/90b35a6239c3d8bdabc530a6a0816f7ff89a0aaf/library/alloc/src/boxed.rs:2468:9
[INFO] [stdout]   11:     0x5858407d4359 - test::test_main::{{closure}}::he977ae839a582784
[INFO] [stdout]                                at /rustc/90b35a6239c3d8bdabc530a6a0816f7ff89a0aaf/library/test/src/lib.rs:133:21
[INFO] [stdout]   12:     0x585840852a18 - <alloc::boxed::Box<F,A> as core::ops::function::Fn<Args>>::call::h9455091b6b06f9fb
[INFO] [stdout]                                at /rustc/90b35a6239c3d8bdabc530a6a0816f7ff89a0aaf/library/alloc/src/boxed.rs:2468:9
[INFO] [stdout]   13:     0x585840852a18 - std::panicking::rust_panic_with_hook::h8942133a8b252070
[INFO] [stdout]                                at /rustc/90b35a6239c3d8bdabc530a6a0816f7ff89a0aaf/library/std/src/panicking.rs:809:13
[INFO] [stdout]   14:     0x5858408527da - std::panicking::begin_panic_handler::{{closure}}::hb5f5963570096b29
[INFO] [stdout]                                at /rustc/90b35a6239c3d8bdabc530a6a0816f7ff89a0aaf/library/std/src/panicking.rs:674:13
[INFO] [stdout]   15:     0x5858408513f9 - std::sys::backtrace::__rust_end_short_backtrace::h6208cedc1922feda
[INFO] [stdout]                                at /rustc/90b35a6239c3d8bdabc530a6a0816f7ff89a0aaf/library/std/src/sys/backtrace.rs:170:18
[INFO] [stdout]   16:     0x58584085246c - rust_begin_unwind
[INFO] [stdout]                                at /rustc/90b35a6239c3d8bdabc530a6a0816f7ff89a0aaf/library/std/src/panicking.rs:665:5
[INFO] [stdout]   17:     0x585840565c10 - core::panicking::panic_fmt::h0c3082644d1bf418
[INFO] [stdout]                                at /rustc/90b35a6239c3d8bdabc530a6a0816f7ff89a0aaf/library/core/src/panicking.rs:74:14
[INFO] [stdout]   18:     0x585840566096 - core::result::unwrap_failed::hd20b4aa073bda1e2
[INFO] [stdout]                                at /rustc/90b35a6239c3d8bdabc530a6a0816f7ff89a0aaf/library/core/src/result.rs:1700:5
[INFO] [stdout]   19:     0x5858406f6617 - core::result::Result<T,E>::unwrap::hdb8232c13cd3a36a
[INFO] [stdout]                                at /rustc/90b35a6239c3d8bdabc530a6a0816f7ff89a0aaf/library/core/src/result.rs:1104:23
[INFO] [stdout]   20:     0x5858406f6617 - rust_web_server::app::controller::script::tests::file_retrieval::hb5dd0a30d31eded4
[INFO] [stdout]                                at /opt/rustwide/workdir/src/app/controller/script/tests.rs:47:5
[INFO] [stdout]   21:     0x5858406f5a17 - rust_web_server::app::controller::script::tests::file_retrieval::{{closure}}::hbef779bdf28982e4
[INFO] [stdout]                                at /opt/rustwide/workdir/src/app/controller/script/tests.rs:11:20
[INFO] [stdout]   22:     0x585840789e26 - core::ops::function::FnOnce::call_once::hd4e9f24a75b95694
[INFO] [stdout]                                at /rustc/90b35a6239c3d8bdabc530a6a0816f7ff89a0aaf/library/core/src/ops/function.rs:250:5
[INFO] [stdout]   23:     0x5858407d8d1b - core::ops::function::FnOnce::call_once::h109cf8051a59b34e
[INFO] [stdout]                                at /rustc/90b35a6239c3d8bdabc530a6a0816f7ff89a0aaf/library/core/src/ops/function.rs:250:5
[INFO] [stdout]   24:     0x5858407d8d1b - test::__rust_begin_short_backtrace::hf4fff89d377446ba
[INFO] [stdout]                                at /rustc/90b35a6239c3d8bdabc530a6a0816f7ff89a0aaf/library/test/src/lib.rs:621:18
[INFO] [stdout]   25:     0x5858407d8557 - test::run_test_in_process::{{closure}}::h0e39181dd7ee5a43
[INFO] [stdout]                                at /rustc/90b35a6239c3d8bdabc530a6a0816f7ff89a0aaf/library/test/src/lib.rs:644:60
[INFO] [stdout]   26:     0x5858407d8557 - <core::panic::unwind_safe::AssertUnwindSafe<F> as core::ops::function::FnOnce<()>>::call_once::hc5a66a30f0bdfd1f
[INFO] [stdout]                                at /rustc/90b35a6239c3d8bdabc530a6a0816f7ff89a0aaf/library/core/src/panic/unwind_safe.rs:272:9
[INFO] [stdout]   27:     0x5858407d8557 - std::panicking::try::do_call::h873b7cf639554a5e
[INFO] [stdout]                                at /rustc/90b35a6239c3d8bdabc530a6a0816f7ff89a0aaf/library/std/src/panicking.rs:557:40
[INFO] [stdout]   28:     0x5858407d8557 - std::panicking::try::hdb19862fad9c8bd1
[INFO] [stdout]                                at /rustc/90b35a6239c3d8bdabc530a6a0816f7ff89a0aaf/library/std/src/panicking.rs:520:19
[INFO] [stdout]   29:     0x5858407d8557 - std::panic::catch_unwind::h281fe732d236d260
[INFO] [stdout]                                at /rustc/90b35a6239c3d8bdabc530a6a0816f7ff89a0aaf/library/std/src/panic.rs:358:14
[INFO] [stdout]   30:     0x5858407d8557 - test::run_test_in_process::h949b6df8457ed338
[INFO] [stdout]                                at /rustc/90b35a6239c3d8bdabc530a6a0816f7ff89a0aaf/library/test/src/lib.rs:644:27
[INFO] [stdout]   31:     0x5858407d8557 - test::run_test::{{closure}}::h52c556a6d4740e10
[INFO] [stdout]                                at /rustc/90b35a6239c3d8bdabc530a6a0816f7ff89a0aaf/library/test/src/lib.rs:565:43
[INFO] [stdout]   32:     0x58584079d834 - test::run_test::{{closure}}::h4237f6381c45ccb9
[INFO] [stdout]                                at /rustc/90b35a6239c3d8bdabc530a6a0816f7ff89a0aaf/library/test/src/lib.rs:595:41
[INFO] [stdout]   33:     0x58584079d834 - std::sys::backtrace::__rust_begin_short_backtrace::h505c97a579eca628
[INFO] [stdout]                                at /rustc/90b35a6239c3d8bdabc530a6a0816f7ff89a0aaf/library/std/src/sys/backtrace.rs:154:18
[INFO] [stdout]   34:     0x5858407a0efe - std::thread::Builder::spawn_unchecked_::{{closure}}::{{closure}}::h9e86b2e2bc107ea3
[INFO] [stdout]                                at /rustc/90b35a6239c3d8bdabc530a6a0816f7ff89a0aaf/library/std/src/thread/mod.rs:538:17
[INFO] [stdout]   35:     0x5858407a0efe - <core::panic::unwind_safe::AssertUnwindSafe<F> as core::ops::function::FnOnce<()>>::call_once::h8b06ddb275ff4a25
[INFO] [stdout]                                at /rustc/90b35a6239c3d8bdabc530a6a0816f7ff89a0aaf/library/core/src/panic/unwind_safe.rs:272:9
[INFO] [stdout]   36:     0x5858407a0efe - std::panicking::try::do_call::hb26ecd7cd9a9355d
[INFO] [stdout]                                at /rustc/90b35a6239c3d8bdabc530a6a0816f7ff89a0aaf/library/std/src/panicking.rs:557:40
[INFO] [stdout]   37:     0x5858407a0efe - std::panicking::try::h8ddeca9d705f9069
[INFO] [stdout]                                at /rustc/90b35a6239c3d8bdabc530a6a0816f7ff89a0aaf/library/std/src/panicking.rs:520:19
[INFO] [stdout]   38:     0x5858407a0efe - std::panic::catch_unwind::h49e1c33078844c46
[INFO] [stdout]                                at /rustc/90b35a6239c3d8bdabc530a6a0816f7ff89a0aaf/library/std/src/panic.rs:358:14
[INFO] [stdout]   39:     0x5858407a0efe - std::thread::Builder::spawn_unchecked_::{{closure}}::h6073db6ff56ad35d
[INFO] [stdout]                                at /rustc/90b35a6239c3d8bdabc530a6a0816f7ff89a0aaf/library/std/src/thread/mod.rs:537:30
[INFO] [stdout]   40:     0x5858407a0efe - core::ops::function::FnOnce::call_once{{vtable.shim}}::h2c5a5f3779c774f1
[INFO] [stdout]                                at /rustc/90b35a6239c3d8bdabc530a6a0816f7ff89a0aaf/library/core/src/ops/function.rs:250:5
[INFO] [stdout]   41:     0x585840856e0b - <alloc::boxed::Box<F,A> as core::ops::function::FnOnce<Args>>::call_once::hf75717d9f28faebf
[INFO] [stdout]                                at /rustc/90b35a6239c3d8bdabc530a6a0816f7ff89a0aaf/library/alloc/src/boxed.rs:2454:9
[INFO] [stdout]   42:     0x585840856e0b - <alloc::boxed::Box<F,A> as core::ops::function::FnOnce<Args>>::call_once::h7bd883a5f3c5f3c1
[INFO] [stdout]                                at /rustc/90b35a6239c3d8bdabc530a6a0816f7ff89a0aaf/library/alloc/src/boxed.rs:2454:9
[INFO] [stdout]   43:     0x585840856e0b - std::sys::pal::unix::thread::Thread::new::thread_start::hcc78f3943333fa94
[INFO] [stdout]                                at /rustc/90b35a6239c3d8bdabc530a6a0816f7ff89a0aaf/library/std/src/sys/pal/unix/thread.rs:105:17
[INFO] [stdout]   44:     0x750184fe7ac3 - <unknown>
[INFO] [stdout]   45:     0x750185078a04 - clone
[INFO] [stdout]   46:                0x0 - <unknown>
[INFO] [stdout] 
[INFO] [stdout] ---- app::controller::index::tests::file_retrieval stdout ----
[INFO] [stdout] thread 'app::controller::index::tests::file_retrieval' panicked at src/app/controller/index/tests.rs:48:7:
[INFO] [stdout] called `Result::unwrap()` on an `Err` value: "unable to create file: Read-only file system (os error 30)"
[INFO] [stdout] stack backtrace:
[INFO] [stdout]    0:     0x585840850f1a - std::backtrace_rs::backtrace::libunwind::trace::h5a5b8284f2d0c266
[INFO] [stdout]                                at /rustc/90b35a6239c3d8bdabc530a6a0816f7ff89a0aaf/library/std/src/../../backtrace/src/backtrace/libunwind.rs:116:5
[INFO] [stdout]    1:     0x585840850f1a - std::backtrace_rs::backtrace::trace_unsynchronized::h76d4f1c9b0b875e3
[INFO] [stdout]                                at /rustc/90b35a6239c3d8bdabc530a6a0816f7ff89a0aaf/library/std/src/../../backtrace/src/backtrace/mod.rs:66:5
[INFO] [stdout]    2:     0x585840850f1a - std::sys::backtrace::_print_fmt::hc4546b8364a537c6
[INFO] [stdout]                                at /rustc/90b35a6239c3d8bdabc530a6a0816f7ff89a0aaf/library/std/src/sys/backtrace.rs:66:9
[INFO] [stdout]    3:     0x585840850f1a - <std::sys::backtrace::BacktraceLock::print::DisplayBacktrace as core::fmt::Display>::fmt::h5b6bd5631a6d1f6b
[INFO] [stdout]                                at /rustc/90b35a6239c3d8bdabc530a6a0816f7ff89a0aaf/library/std/src/sys/backtrace.rs:39:26
[INFO] [stdout]    4:     0x58584087ba43 - core::fmt::rt::Argument::fmt::h270f6602a2b96f62
[INFO] [stdout]                                at /rustc/90b35a6239c3d8bdabc530a6a0816f7ff89a0aaf/library/core/src/fmt/rt.rs:177:76
[INFO] [stdout]    5:     0x58584087ba43 - core::fmt::write::h7550c97b06c86515
[INFO] [stdout]                                at /rustc/90b35a6239c3d8bdabc530a6a0816f7ff89a0aaf/library/core/src/fmt/mod.rs:1186:21
[INFO] [stdout]    6:     0x58584084dfe3 - std::io::Write::write_fmt::h509ff860e5956e5e
[INFO] [stdout]                                at /rustc/90b35a6239c3d8bdabc530a6a0816f7ff89a0aaf/library/std/src/io/mod.rs:1839:15
[INFO] [stdout]    7:     0x585840850d62 - std::sys::backtrace::BacktraceLock::print::h2395ccd2c84ba3aa
[INFO] [stdout]                                at /rustc/90b35a6239c3d8bdabc530a6a0816f7ff89a0aaf/library/std/src/sys/backtrace.rs:42:9
[INFO] [stdout]    8:     0x58584085237a - std::panicking::default_hook::{{closure}}::he19d4c7230e07961
[INFO] [stdout]                                at /rustc/90b35a6239c3d8bdabc530a6a0816f7ff89a0aaf/library/std/src/panicking.rs:268:22
[INFO] [stdout]    9:     0x585840852184 - std::panicking::default_hook::hf614597d3c67bbdb
[INFO] [stdout]                                at /rustc/90b35a6239c3d8bdabc530a6a0816f7ff89a0aaf/library/std/src/panicking.rs:292:9
[INFO] [stdout]   10:     0x5858407d4359 - <alloc::boxed::Box<F,A> as core::ops::function::Fn<Args>>::call::h39b51ce4599c23d1
[INFO] [stdout]                                at /rustc/90b35a6239c3d8bdabc530a6a0816f7ff89a0aaf/library/alloc/src/boxed.rs:2468:9
[INFO] [stdout]   11:     0x5858407d4359 - test::test_main::{{closure}}::he977ae839a582784
[INFO] [stdout]                                at /rustc/90b35a6239c3d8bdabc530a6a0816f7ff89a0aaf/library/test/src/lib.rs:133:21
[INFO] [stdout]   12:     0x585840852a18 - <alloc::boxed::Box<F,A> as core::ops::function::Fn<Args>>::call::h9455091b6b06f9fb
[INFO] [stdout]                                at /rustc/90b35a6239c3d8bdabc530a6a0816f7ff89a0aaf/library/alloc/src/boxed.rs:2468:9
[INFO] [stdout]   13:     0x585840852a18 - std::panicking::rust_panic_with_hook::h8942133a8b252070
[INFO] [stdout]                                at /rustc/90b35a6239c3d8bdabc530a6a0816f7ff89a0aaf/library/std/src/panicking.rs:809:13
[INFO] [stdout]   14:     0x5858408527da - std::panicking::begin_panic_handler::{{closure}}::hb5f5963570096b29
[INFO] [stdout]                                at /rustc/90b35a6239c3d8bdabc530a6a0816f7ff89a0aaf/library/std/src/panicking.rs:674:13
[INFO] [stdout]   15:     0x5858408513f9 - std::sys::backtrace::__rust_end_short_backtrace::h6208cedc1922feda
[INFO] [stdout]                                at /rustc/90b35a6239c3d8bdabc530a6a0816f7ff89a0aaf/library/std/src/sys/backtrace.rs:170:18
[INFO] [stdout]   16:     0x58584085246c - rust_begin_unwind
[INFO] [stdout]                                at /rustc/90b35a6239c3d8bdabc530a6a0816f7ff89a0aaf/library/std/src/panicking.rs:665:5
[INFO] [stdout]   17:     0x585840565c10 - core::panicking::panic_fmt::h0c3082644d1bf418
[INFO] [stdout]                                at /rustc/90b35a6239c3d8bdabc530a6a0816f7ff89a0aaf/library/core/src/panicking.rs:74:14
[INFO] [stdout]   18:     0x585840566096 - core::result::unwrap_failed::hd20b4aa073bda1e2
[INFO] [stdout]                                at /rustc/90b35a6239c3d8bdabc530a6a0816f7ff89a0aaf/library/core/src/result.rs:1700:5
[INFO] [stdout]   19:     0x5858406edaa1 - core::result::Result<T,E>::unwrap::hdb8232c13cd3a36a
[INFO] [stdout]                                at /rustc/90b35a6239c3d8bdabc530a6a0816f7ff89a0aaf/library/core/src/result.rs:1104:23
[INFO] [stdout]   20:     0x5858406edaa1 - rust_web_server::app::controller::index::tests::file_retrieval::h916575a665f96f19
[INFO] [stdout]                                at /opt/rustwide/workdir/src/app/controller/index/tests.rs:45:5
[INFO] [stdout]   21:     0x5858406ecc27 - rust_web_server::app::controller::index::tests::file_retrieval::{{closure}}::ha4ea825e77f34383
[INFO] [stdout]                                at /opt/rustwide/workdir/src/app/controller/index/tests.rs:11:20
[INFO] [stdout]   22:     0x5858407881a6 - core::ops::function::FnOnce::call_once::h96815fafbe25e388
[INFO] [stdout]                                at /rustc/90b35a6239c3d8bdabc530a6a0816f7ff89a0aaf/library/core/src/ops/function.rs:250:5
[INFO] [stdout]   23:     0x5858407d8d1b - core::ops::function::FnOnce::call_once::h109cf8051a59b34e
[INFO] [stdout]                                at /rustc/90b35a6239c3d8bdabc530a6a0816f7ff89a0aaf/library/core/src/ops/function.rs:250:5
[INFO] [stdout]   24:     0x5858407d8d1b - test::__rust_begin_short_backtrace::hf4fff89d377446ba
[INFO] [stdout]                                at /rustc/90b35a6239c3d8bdabc530a6a0816f7ff89a0aaf/library/test/src/lib.rs:621:18
[INFO] [stdout]   25:     0x5858407d8557 - test::run_test_in_process::{{closure}}::h0e39181dd7ee5a43
[INFO] [stdout]                                at /rustc/90b35a6239c3d8bdabc530a6a0816f7ff89a0aaf/library/test/src/lib.rs:644:60
[INFO] [stdout]   26:     0x5858407d8557 - <core::panic::unwind_safe::AssertUnwindSafe<F> as core::ops::function::FnOnce<()>>::call_once::hc5a66a30f0bdfd1f
[INFO] [stdout]                                at /rustc/90b35a6239c3d8bdabc530a6a0816f7ff89a0aaf/library/core/src/panic/unwind_safe.rs:272:9
[INFO] [stdout]   27:     0x5858407d8557 - std::panicking::try::do_call::h873b7cf639554a5e
[INFO] [stdout]                                at /rustc/90b35a6239c3d8bdabc530a6a0816f7ff89a0aaf/library/std/src/panicking.rs:557:40
[INFO] [stdout]   28:     0x5858407d8557 - std::panicking::try::hdb19862fad9c8bd1
[INFO] [stdout]                                at /rustc/90b35a6239c3d8bdabc530a6a0816f7ff89a0aaf/library/std/src/panicking.rs:520:19
[INFO] [stdout]   29:     0x5858407d8557 - std::panic::catch_unwind::h281fe732d236d260
[INFO] [stdout]                                at /rustc/90b35a6239c3d8bdabc530a6a0816f7ff89a0aaf/library/std/src/panic.rs:358:14
[INFO] [stdout]   30:     0x5858407d8557 - test::run_test_in_process::h949b6df8457ed338
[INFO] [stdout]                                at /rustc/90b35a6239c3d8bdabc530a6a0816f7ff89a0aaf/library/test/src/lib.rs:644:27
[INFO] [stdout]   31:     0x5858407d8557 - test::run_test::{{closure}}::h52c556a6d4740e10
[INFO] [stdout]                                at /rustc/90b35a6239c3d8bdabc530a6a0816f7ff89a0aaf/library/test/src/lib.rs:565:43
[INFO] [stdout]   32:     0x58584079d834 - test::run_test::{{closure}}::h4237f6381c45ccb9
[INFO] [stdout]                                at /rustc/90b35a6239c3d8bdabc530a6a0816f7ff89a0aaf/library/test/src/lib.rs:595:41
[INFO] [stdout]   33:     0x58584079d834 - std::sys::backtrace::__rust_begin_short_backtrace::h505c97a579eca628
[INFO] [stdout]                                at /rustc/90b35a6239c3d8bdabc530a6a0816f7ff89a0aaf/library/std/src/sys/backtrace.rs:154:18
[INFO] [stdout]   34:     0x5858407a0efe - std::thread::Builder::spawn_unchecked_::{{closure}}::{{closure}}::h9e86b2e2bc107ea3
[INFO] [stdout]                                at /rustc/90b35a6239c3d8bdabc530a6a0816f7ff89a0aaf/library/std/src/thread/mod.rs:538:17
[INFO] [stdout]   35:     0x5858407a0efe - <core::panic::unwind_safe::AssertUnwindSafe<F> as core::ops::function::FnOnce<()>>::call_once::h8b06ddb275ff4a25
[INFO] [stdout]                                at /rustc/90b35a6239c3d8bdabc530a6a0816f7ff89a0aaf/library/core/src/panic/unwind_safe.rs:272:9
[INFO] [stdout]   36:     0x5858407a0efe - std::panicking::try::do_call::hb26ecd7cd9a9355d
[INFO] [stdout]                                at /rustc/90b35a6239c3d8bdabc530a6a0816f7ff89a0aaf/library/std/src/panicking.rs:557:40
[INFO] [stdout]   37:     0x5858407a0efe - std::panicking::try::h8ddeca9d705f9069
[INFO] [stdout]                                at /rustc/90b35a6239c3d8bdabc530a6a0816f7ff89a0aaf/library/std/src/panicking.rs:520:19
[INFO] [stdout]   38:     0x5858407a0efe - std::panic::catch_unwind::h49e1c33078844c46
[INFO] [stdout]                                at /rustc/90b35a6239c3d8bdabc530a6a0816f7ff89a0aaf/library/std/src/panic.rs:358:14
[INFO] [stdout]   39:     0x5858407a0efe - std::thread::Builder::spawn_unchecked_::{{closure}}::h6073db6ff56ad35d
[INFO] [stdout]                                at /rustc/90b35a6239c3d8bdabc530a6a0816f7ff89a0aaf/library/std/src/thread/mod.rs:537:30
[INFO] [stdout]   40:     0x5858407a0efe - core::ops::function::FnOnce::call_once{{vtable.shim}}::h2c5a5f3779c774f1
[INFO] [stdout]                                at /rustc/90b35a6239c3d8bdabc530a6a0816f7ff89a0aaf/library/core/src/ops/function.rs:250:5
[INFO] [stdout]   41:     0x585840856e0b - <alloc::boxed::Box<F,A> as core::ops::function::FnOnce<Args>>::call_once::hf75717d9f28faebf
[INFO] [stdout]                                at /rustc/90b35a6239c3d8bdabc530a6a0816f7ff89a0aaf/library/alloc/src/boxed.rs:2454:9
[INFO] [stdout]   42:     0x585840856e0b - <alloc::boxed::Box<F,A> as core::ops::function::FnOnce<Args>>::call_once::h7bd883a5f3c5f3c1
[INFO] [stdout]                                at /rustc/90b35a6239c3d8bdabc530a6a0816f7ff89a0aaf/library/alloc/src/boxed.rs:2454:9
[INFO] [stdout]   43:     0x585840856e0b - std::sys::pal::unix::thread::Thread::new::thread_start::hcc78f3943333fa94
[INFO] [stdout]                                at /rustc/90b35a6239c3d8bdabc530a6a0816f7ff89a0aaf/library/std/src/sys/pal/unix/thread.rs:105:17
[INFO] [stdout]   44:     0x750184fe7ac3 - <unknown>
[INFO] [stdout]   45:     0x750185078a04 - clone
[INFO] [stdout]   46:                0x0 - <unknown>
[INFO] [stdout] 
[INFO] [stdout] ---- server::tests::it_generates_successful_response_with_index_html_as_symlink stdout ----
[INFO] [stdout] unable to get content-type header for GET /index_rewrite
[INFO] [stdout] 
[INFO] [stdout] 
[INFO] [stdout] Request (thread id: server::tests::it_generates_successful_response_with_index_html_as_symlink peer address is 0.0.0.0:0):
[INFO] [stdout]   HTTP/1.1 GET /index_rewrite  
[INFO] [stdout]   Host: localhost:7777
[INFO] [stdout]   Body: 11946 byte(s) total (including default initialization vector)
[INFO] [stdout] End of Request
[INFO] [stdout] Response:
[INFO] [stdout]   200 OK 
[INFO] [stdout]   Accept-CH: Sec-CH-UA-Arch, Sec-CH-UA-Bitness, Sec-CH-UA-Full-Version-List, Sec-CH-UA-Model, Sec-CH-UA-Platform-Version, Downlink, ECT, RTT, Save-Data, Device-Memory, Sec-CH-Prefers-Reduced-Motion, Sec-CH-Prefers-Color-Scheme
[INFO] [stdout]   Critical-CH: Sec-CH-UA-Arch, Sec-CH-UA-Bitness, Sec-CH-UA-Full-Version-List, Sec-CH-UA-Model, Sec-CH-UA-Platform-Version, Downlink, ECT, RTT, Save-Data, Device-Memory, Sec-CH-Prefers-Reduced-Motion, Sec-CH-Prefers-Color-Scheme
[INFO] [stdout]   Vary: Origin, Sec-CH-UA-Arch, Sec-CH-UA-Bitness, Sec-CH-UA-Full-Version-List, Sec-CH-UA-Model, Sec-CH-UA-Platform-Version, Save-Data, Device-Memory, Upgrade-Insecure-Requests, Sec-CH-Prefers-Reduced-Motion, Sec-CH-Prefers-Color-Scheme
[INFO] [stdout]   X-Content-Type-Options: nosniff
[INFO] [stdout]   Accept-Ranges: bytes
[INFO] [stdout]   X-Frame-Options: SAMEORIGIN
[INFO] [stdout]   Date-Unix-Epoch-Nanos: 1734239699693669463
[INFO] [stdout]   Cache-Control: no-store, no-cache, private, max-age=0, must-revalidate, proxy-revalidate
[INFO] [stdout]   Last-Modified-Unix-Epoch-Nanos: 1153704088000000000
[INFO] [stdout] 
[INFO] [stdout]   Body: 1 part(s), 503 byte(s) total
[INFO] [stdout] End of Response
[INFO] [stdout] thread 'server::tests::it_generates_successful_response_with_index_html_as_symlink' panicked at src/server/tests.rs:170:5:
[INFO] [stdout] assertion `left == right` failed
[INFO] [stdout]   left: "text/html"
[INFO] [stdout]  right: "application/octet-stream"
[INFO] [stdout] stack backtrace:
[INFO] [stdout]    0:     0x585840850f1a - std::backtrace_rs::backtrace::libunwind::trace::h5a5b8284f2d0c266
[INFO] [stdout]                                at /rustc/90b35a6239c3d8bdabc530a6a0816f7ff89a0aaf/library/std/src/../../backtrace/src/backtrace/libunwind.rs:116:5
[INFO] [stdout]    1:     0x585840850f1a - std::backtrace_rs::backtrace::trace_unsynchronized::h76d4f1c9b0b875e3
[INFO] [stdout]                                at /rustc/90b35a6239c3d8bdabc530a6a0816f7ff89a0aaf/library/std/src/../../backtrace/src/backtrace/mod.rs:66:5
[INFO] [stdout]    2:     0x585840850f1a - std::sys::backtrace::_print_fmt::hc4546b8364a537c6
[INFO] [stdout]                                at /rustc/90b35a6239c3d8bdabc530a6a0816f7ff89a0aaf/library/std/src/sys/backtrace.rs:66:9
[INFO] [stdout]    3:     0x585840850f1a - <std::sys::backtrace::BacktraceLock::print::DisplayBacktrace as core::fmt::Display>::fmt::h5b6bd5631a6d1f6b
[INFO] [stdout]                                at /rustc/90b35a6239c3d8bdabc530a6a0816f7ff89a0aaf/library/std/src/sys/backtrace.rs:39:26
[INFO] [stdout]    4:     0x58584087ba43 - core::fmt::rt::Argument::fmt::h270f6602a2b96f62
[INFO] [stdout]                                at /rustc/90b35a6239c3d8bdabc530a6a0816f7ff89a0aaf/library/core/src/fmt/rt.rs:177:76
[INFO] [stdout]    5:     0x58584087ba43 - core::fmt::write::h7550c97b06c86515
[INFO] [stdout]                                at /rustc/90b35a6239c3d8bdabc530a6a0816f7ff89a0aaf/library/core/src/fmt/mod.rs:1186:21
[INFO] [stdout]    6:     0x58584084dfe3 - std::io::Write::write_fmt::h509ff860e5956e5e
[INFO] [stdout]                                at /rustc/90b35a6239c3d8bdabc530a6a0816f7ff89a0aaf/library/std/src/io/mod.rs:1839:15
[INFO] [stdout]    7:     0x585840850d62 - std::sys::backtrace::BacktraceLock::print::h2395ccd2c84ba3aa
[INFO] [stdout]                                at /rustc/90b35a6239c3d8bdabc530a6a0816f7ff89a0aaf/library/std/src/sys/backtrace.rs:42:9
[INFO] [stdout]    8:     0x58584085237a - std::panicking::default_hook::{{closure}}::he19d4c7230e07961
[INFO] [stdout]                                at /rustc/90b35a6239c3d8bdabc530a6a0816f7ff89a0aaf/library/std/src/panicking.rs:268:22
[INFO] [stdout]    9:     0x585840852184 - std::panicking::default_hook::hf614597d3c67bbdb
[INFO] [stdout]                                at /rustc/90b35a6239c3d8bdabc530a6a0816f7ff89a0aaf/library/std/src/panicking.rs:292:9
[INFO] [stdout]   10:     0x5858407d4359 - <alloc::boxed::Box<F,A> as core::ops::function::Fn<Args>>::call::h39b51ce4599c23d1
[INFO] [stdout]                                at /rustc/90b35a6239c3d8bdabc530a6a0816f7ff89a0aaf/library/alloc/src/boxed.rs:2468:9
[INFO] [stdout]   11:     0x5858407d4359 - test::test_main::{{closure}}::he977ae839a582784
[INFO] [stdout]                                at /rustc/90b35a6239c3d8bdabc530a6a0816f7ff89a0aaf/library/test/src/lib.rs:133:21
[INFO] [stdout]   12:     0x585840852a18 - <alloc::boxed::Box<F,A> as core::ops::function::Fn<Args>>::call::h9455091b6b06f9fb
[INFO] [stdout]                                at /rustc/90b35a6239c3d8bdabc530a6a0816f7ff89a0aaf/library/alloc/src/boxed.rs:2468:9
[INFO] [stdout]   13:     0x585840852a18 - std::panicking::rust_panic_with_hook::h8942133a8b252070
[INFO] [stdout]                                at /rustc/90b35a6239c3d8bdabc530a6a0816f7ff89a0aaf/library/std/src/panicking.rs:809:13
[INFO] [stdout]   14:     0x5858408527da - std::panicking::begin_panic_handler::{{closure}}::hb5f5963570096b29
[INFO] [stdout]                                at /rustc/90b35a6239c3d8bdabc530a6a0816f7ff89a0aaf/library/std/src/panicking.rs:674:13
[INFO] [stdout]   15:     0x5858408513f9 - std::sys::backtrace::__rust_end_short_backtrace::h6208cedc1922feda
[INFO] [stdout]                                at /rustc/90b35a6239c3d8bdabc530a6a0816f7ff89a0aaf/library/std/src/sys/backtrace.rs:170:18
[INFO] [stdout]   16:     0x58584085246c - rust_begin_unwind
[INFO] [stdout]                                at /rustc/90b35a6239c3d8bdabc530a6a0816f7ff89a0aaf/library/std/src/panicking.rs:665:5
[INFO] [stdout]   17:     0x585840565c10 - core::panicking::panic_fmt::h0c3082644d1bf418
[INFO] [stdout]                                at /rustc/90b35a6239c3d8bdabc530a6a0816f7ff89a0aaf/library/core/src/panicking.rs:74:14
[INFO] [stdout]   18:     0x585840566014 - core::panicking::assert_failed_inner::h2ddf1fcc067fa858
[INFO] [stdout]   19:     0x58584066ef4d - core::panicking::assert_failed::h5bc08e50871f0b4b
[INFO] [stdout]                                at /rustc/90b35a6239c3d8bdabc530a6a0816f7ff89a0aaf/library/core/src/panicking.rs:367:5
[INFO] [stdout]   20:     0x5858405f9fa2 - rust_web_server::server::tests::it_generates_successful_response_with_index_html_as_symlink::hd8aaee4360009c74
[INFO] [stdout]                                at /opt/rustwide/workdir/src/server/tests.rs:170:5
[INFO] [stdout]   21:     0x5858405f8c87 - rust_web_server::server::tests::it_generates_successful_response_with_index_html_as_symlink::{{closure}}::h32b4acb9f17be5f4
[INFO] [stdout]                                at /opt/rustwide/workdir/src/server/tests.rs:114:65
[INFO] [stdout]   22:     0x5858407865b6 - core::ops::function::FnOnce::call_once::h4ab834e88175bd90
[INFO] [stdout]                                at /rustc/90b35a6239c3d8bdabc530a6a0816f7ff89a0aaf/library/core/src/ops/function.rs:250:5
[INFO] [stdout]   23:     0x5858407d8d1b - core::ops::function::FnOnce::call_once::h109cf8051a59b34e
[INFO] [stdout]                                at /rustc/90b35a6239c3d8bdabc530a6a0816f7ff89a0aaf/library/core/src/ops/function.rs:250:5
[INFO] [stdout]   24:     0x5858407d8d1b - test::__rust_begin_short_backtrace::hf4fff89d377446ba
[INFO] [stdout]                                at /rustc/90b35a6239c3d8bdabc530a6a0816f7ff89a0aaf/library/test/src/lib.rs:621:18
[INFO] [stdout]   25:     0x5858407d8557 - test::run_test_in_process::{{closure}}::h0e39181dd7ee5a43
[INFO] [stdout]                                at /rustc/90b35a6239c3d8bdabc530a6a0816f7ff89a0aaf/library/test/src/lib.rs:644:60
[INFO] [stdout]   26:     0x5858407d8557 - <core::panic::unwind_safe::AssertUnwindSafe<F> as core::ops::function::FnOnce<()>>::call_once::hc5a66a30f0bdfd1f
[INFO] [stdout]                                at /rustc/90b35a6239c3d8bdabc530a6a0816f7ff89a0aaf/library/core/src/panic/unwind_safe.rs:272:9
[INFO] [stdout]   27:     0x5858407d8557 - std::panicking::try::do_call::h873b7cf639554a5e
[INFO] [stdout]                                at /rustc/90b35a6239c3d8bdabc530a6a0816f7ff89a0aaf/library/std/src/panicking.rs:557:40
[INFO] [stdout]   28:     0x5858407d8557 - std::panicking::try::hdb19862fad9c8bd1
[INFO] [stdout]                                at /rustc/90b35a6239c3d8bdabc530a6a0816f7ff89a0aaf/library/std/src/panicking.rs:520:19
[INFO] [stdout]   29:     0x5858407d8557 - std::panic::catch_unwind::h281fe732d236d260
[INFO] [stdout]                                at /rustc/90b35a6239c3d8bdabc530a6a0816f7ff89a0aaf/library/std/src/panic.rs:358:14
[INFO] [stdout]   30:     0x5858407d8557 - test::run_test_in_process::h949b6df8457ed338
[INFO] [stdout]                                at /rustc/90b35a6239c3d8bdabc530a6a0816f7ff89a0aaf/library/test/src/lib.rs:644:27
[INFO] [stdout]   31:     0x5858407d8557 - test::run_test::{{closure}}::h52c556a6d4740e10
[INFO] [stdout]                                at /rustc/90b35a6239c3d8bdabc530a6a0816f7ff89a0aaf/library/test/src/lib.rs:565:43
[INFO] [stdout]   32:     0x58584079d834 - test::run_test::{{closure}}::h4237f6381c45ccb9
[INFO] [stdout]                                at /rustc/90b35a6239c3d8bdabc530a6a0816f7ff89a0aaf/library/test/src/lib.rs:595:41
[INFO] [stdout]   33:     0x58584079d834 - std::sys::backtrace::__rust_begin_short_backtrace::h505c97a579eca628
[INFO] [stdout]                                at /rustc/90b35a6239c3d8bdabc530a6a0816f7ff89a0aaf/library/std/src/sys/backtrace.rs:154:18
[INFO] [stdout]   34:     0x5858407a0efe - std::thread::Builder::spawn_unchecked_::{{closure}}::{{closure}}::h9e86b2e2bc107ea3
[INFO] [stdout]                                at /rustc/90b35a6239c3d8bdabc530a6a0816f7ff89a0aaf/library/std/src/thread/mod.rs:538:17
[INFO] [stdout]   35:     0x5858407a0efe - <core::panic::unwind_safe::AssertUnwindSafe<F> as core::ops::function::FnOnce<()>>::call_once::h8b06ddb275ff4a25
[INFO] [stdout]                                at /rustc/90b35a6239c3d8bdabc530a6a0816f7ff89a0aaf/library/core/src/panic/unwind_safe.rs:272:9
[INFO] [stdout]   36:     0x5858407a0efe - std::panicking::try::do_call::hb26ecd7cd9a9355d
[INFO] [stdout]                                at /rustc/90b35a6239c3d8bdabc530a6a0816f7ff89a0aaf/library/std/src/panicking.rs:557:40
[INFO] [stdout]   37:     0x5858407a0efe - std::panicking::try::h8ddeca9d705f9069
[INFO] [stdout]                                at /rustc/90b35a6239c3d8bdabc530a6a0816f7ff89a0aaf/library/std/src/panicking.rs:520:19
[INFO] [stdout]   38:     0x5858407a0efe - std::panic::catch_unwind::h49e1c33078844c46
[INFO] [stdout]                                at /rustc/90b35a6239c3d8bdabc530a6a0816f7ff89a0aaf/library/std/src/panic.rs:358:14
[INFO] [stdout]   39:     0x5858407a0efe - std::thread::Builder::spawn_unchecked_::{{closure}}::h6073db6ff56ad35d
[INFO] [stdout]                                at /rustc/90b35a6239c3d8bdabc530a6a0816f7ff89a0aaf/library/std/src/thread/mod.rs:537:30
[INFO] [stdout]   40:     0x5858407a0efe - core::ops::function::FnOnce::call_once{{vtable.shim}}::h2c5a5f3779c774f1
[INFO] [stdout]                                at /rustc/90b35a6239c3d8bdabc530a6a0816f7ff89a0aaf/library/core/src/ops/function.rs:250:5
[INFO] [stdout]   41:     0x585840856e0b - <alloc::boxed::Box<F,A> as core::ops::function::FnOnce<Args>>::call_once::hf75717d9f28faebf
[INFO] [stdout]                                at /rustc/90b35a6239c3d8bdabc530a6a0816f7ff89a0aaf/library/alloc/src/boxed.rs:2454:9
[INFO] [stdout]   42:     0x585840856e0b - <alloc::boxed::Box<F,A> as core::ops::function::FnOnce<Args>>::call_once::h7bd883a5f3c5f3c1
[INFO] [stdout]                                at /rustc/90b35a6239c3d8bdabc530a6a0816f7ff89a0aaf/library/alloc/src/boxed.rs:2454:9
[INFO] [stdout]   43:     0x585840856e0b - std::sys::pal::unix::thread::Thread::new::thread_start::hcc78f3943333fa94
[INFO] [stdout]                                at /rustc/90b35a6239c3d8bdabc530a6a0816f7ff89a0aaf/library/std/src/sys/pal/unix/thread.rs:105:17
[INFO] [stdout]   44:     0x750184fe7ac3 - <unknown>
[INFO] [stdout]   45:     0x750185078a04 - clone
[INFO] [stdout]   46:                0x0 - <unknown>
[INFO] [stdout] 
[INFO] [stdout] 
[INFO] [stdout] failures:
[INFO] [stdout]     app::controller::favicon::tests::favicon_retrieval
[INFO] [stdout]     app::controller::index::tests::file_retrieval
[INFO] [stdout]     app::controller::script::tests::file_retrieval
[INFO] [stdout]     server::tests::it_generates_successful_response_with_index_html_as_symlink
[INFO] [stdout] 
[INFO] [stdout] test result: FAILED. 446 passed; 4 failed; 0 ignored; 0 measured; 0 filtered out; finished in 0.57s
[INFO] [stdout] 
[INFO] [stderr] error: test failed, to rerun pass `--lib`
[INFO] running `Command { std: "docker" "inspect" "6c674d23d0f558c38a587cbfec998ebbf0ccebf9edab369f1de57234a41a8c82", kill_on_drop: false }`
[INFO] running `Command { std: "docker" "rm" "-f" "6c674d23d0f558c38a587cbfec998ebbf0ccebf9edab369f1de57234a41a8c82", kill_on_drop: false }`
[INFO] [stdout] 6c674d23d0f558c38a587cbfec998ebbf0ccebf9edab369f1de57234a41a8c82
