[INFO] fetching crate rust-pgdatadiff 0.1.6...
[INFO] testing rust-pgdatadiff-0.1.6 against 1.83.0 for beta-1.84.0-4-retry
[INFO] extracting crate rust-pgdatadiff 0.1.6 into /workspace/builds/worker-7-tc1/source
[INFO] validating manifest of crates.io crate rust-pgdatadiff 0.1.6 on toolchain 1.83.0
[INFO] running `Command { std: CARGO_HOME="/workspace/cargo-home" RUSTUP_HOME="/workspace/rustup-home" "/workspace/cargo-home/bin/cargo" "+1.83.0" "metadata" "--manifest-path" "Cargo.toml" "--no-deps", kill_on_drop: false }`
[INFO] started tweaking crates.io crate rust-pgdatadiff 0.1.6
[INFO] finished tweaking crates.io crate rust-pgdatadiff 0.1.6
[INFO] tweaked toml for crates.io crate rust-pgdatadiff 0.1.6 written to /workspace/builds/worker-7-tc1/source/Cargo.toml
[INFO] crate crates.io crate rust-pgdatadiff 0.1.6 already has a lockfile, it will not be regenerated
[INFO] running `Command { std: CARGO_HOME="/workspace/cargo-home" RUSTUP_HOME="/workspace/rustup-home" "/workspace/cargo-home/bin/cargo" "+1.83.0" "fetch" "--manifest-path" "Cargo.toml", kill_on_drop: false }`
[INFO] [stderr]     Updating crates.io index
[INFO] [stderr]  Downloading crates ...
[INFO] [stderr]   Downloaded target-spec-miette v0.4.0
[INFO] [stderr]   Downloaded cargo-nextest v0.9.72
[INFO] [stderr]   Downloaded swrite v0.1.0
[INFO] [stderr]   Downloaded guppy-workspace-hack v0.1.0
[INFO] [stderr]   Downloaded nextest-workspace-hack v0.1.0
[INFO] [stderr]   Downloaded display-error-chain v0.2.0
[INFO] [stderr]   Downloaded atomicwrites v0.4.3
[INFO] [stderr]   Downloaded mukti-metadata v0.2.1
[INFO] [stderr]   Downloaded enable-ansi-support v0.2.1
[INFO] [stderr]   Downloaded camino-tempfile v1.1.1
[INFO] [stderr]   Downloaded nextest-filtering v0.9.0
[INFO] [stderr]   Downloaded nextest-metadata v0.11.0
[INFO] [stderr]   Downloaded os_pipe v1.2.0
[INFO] [stderr]   Downloaded future-queue v0.3.0
[INFO] [stderr]   Downloaded nextest-runner v0.56.1
[INFO] [stderr]   Downloaded guppy v0.17.5
[INFO] [stderr]   Downloaded newtype-uuid v1.1.0
[INFO] [stderr]   Downloaded quick-junit v0.4.0
[INFO] [stderr]   Downloaded async-scoped v0.9.0
[INFO] [stderr]   Downloaded debug-ignore v1.0.5
[INFO] [stderr]   Downloaded target-spec v3.1.0
[INFO] [stderr]   Downloaded win32job v2.0.0
[INFO] running `Command { std: "docker" "create" "-v" "/var/lib/crater-agent-workspace/builds/worker-7-tc1/target:/opt/rustwide/target:rw,Z" "-v" "/var/lib/crater-agent-workspace/builds/worker-7-tc1/source:/opt/rustwide/workdir:ro,Z" "-v" "/var/lib/crater-agent-workspace/cargo-home:/opt/rustwide/cargo-home:ro,Z" "-v" "/var/lib/crater-agent-workspace/rustup-home:/opt/rustwide/rustup-home:ro,Z" "-e" "SOURCE_DIR=/opt/rustwide/workdir" "-e" "CARGO_TARGET_DIR=/opt/rustwide/target" "-e" "CARGO_HOME=/opt/rustwide/cargo-home" "-e" "RUSTUP_HOME=/opt/rustwide/rustup-home" "-w" "/opt/rustwide/workdir" "-m" "1610612736" "--user" "0:0" "--network" "none" "ghcr.io/rust-lang/crates-build-env/linux@sha256:f3a9d4ad9d972b27faf3965f35b62e55ba32bbce8f20bc8fe909558a86702fde" "/opt/rustwide/cargo-home/bin/cargo" "+1.83.0" "metadata" "--no-deps" "--format-version=1", kill_on_drop: false }`
[INFO] [stdout] dd79478e24db491d9fa02a8f3639336c091e61be1e68d3b948cd258f5ef42e38
[INFO] running `Command { std: "docker" "start" "-a" "dd79478e24db491d9fa02a8f3639336c091e61be1e68d3b948cd258f5ef42e38", kill_on_drop: false }`
[INFO] running `Command { std: "docker" "inspect" "dd79478e24db491d9fa02a8f3639336c091e61be1e68d3b948cd258f5ef42e38", kill_on_drop: false }`
[INFO] running `Command { std: "docker" "rm" "-f" "dd79478e24db491d9fa02a8f3639336c091e61be1e68d3b948cd258f5ef42e38", kill_on_drop: false }`
[INFO] [stdout] dd79478e24db491d9fa02a8f3639336c091e61be1e68d3b948cd258f5ef42e38
[INFO] running `Command { std: "docker" "create" "-v" "/var/lib/crater-agent-workspace/builds/worker-7-tc1/target:/opt/rustwide/target:rw,Z" "-v" "/var/lib/crater-agent-workspace/builds/worker-7-tc1/source:/opt/rustwide/workdir:ro,Z" "-v" "/var/lib/crater-agent-workspace/cargo-home:/opt/rustwide/cargo-home:ro,Z" "-v" "/var/lib/crater-agent-workspace/rustup-home:/opt/rustwide/rustup-home:ro,Z" "-e" "SOURCE_DIR=/opt/rustwide/workdir" "-e" "CARGO_TARGET_DIR=/opt/rustwide/target" "-e" "CARGO_INCREMENTAL=0" "-e" "RUST_BACKTRACE=full" "-e" "RUSTFLAGS=--cap-lints=warn" "-e" "RUSTDOCFLAGS=--cap-lints=warn" "-e" "CARGO_HOME=/opt/rustwide/cargo-home" "-e" "RUSTUP_HOME=/opt/rustwide/rustup-home" "-w" "/opt/rustwide/workdir" "-m" "1610612736" "--user" "0:0" "--network" "none" "ghcr.io/rust-lang/crates-build-env/linux@sha256:f3a9d4ad9d972b27faf3965f35b62e55ba32bbce8f20bc8fe909558a86702fde" "/opt/rustwide/cargo-home/bin/cargo" "+1.83.0" "build" "--frozen" "--message-format=json", kill_on_drop: false }`
[INFO] [stdout] f70f1fc6a2636f95ea8dc1058129cffa67357a9c5e70b39e4bad665a13fdd5dc
[INFO] running `Command { std: "docker" "start" "-a" "f70f1fc6a2636f95ea8dc1058129cffa67357a9c5e70b39e4bad665a13fdd5dc", kill_on_drop: false }`
[INFO] [stderr]    Compiling proc-macro2 v1.0.85
[INFO] [stderr]    Compiling unicode-ident v1.0.12
[INFO] [stderr]    Compiling libc v0.2.155
[INFO] [stderr]    Compiling cfg-if v1.0.0
[INFO] [stderr]    Compiling once_cell v1.19.0
[INFO] [stderr]    Compiling serde v1.0.203
[INFO] [stderr]    Compiling memchr v2.7.2
[INFO] [stderr]    Compiling autocfg v1.3.0
[INFO] [stderr]    Compiling smallvec v1.13.2
[INFO] [stderr]    Compiling pin-project-lite v0.2.14
[INFO] [stderr]    Compiling version_check v0.9.4
[INFO] [stderr]    Compiling bytes v1.6.0
[INFO] [stderr]    Compiling bitflags v2.5.0
[INFO] [stderr]    Compiling parking_lot_core v0.9.10
[INFO] [stderr]    Compiling scopeguard v1.2.0
[INFO] [stderr]    Compiling itoa v1.0.11
[INFO] [stderr]    Compiling log v0.4.21
[INFO] [stderr]    Compiling futures-sink v0.3.30
[INFO] [stderr]    Compiling pkg-config v0.3.30
[INFO] [stderr]    Compiling futures-core v0.3.30
[INFO] [stderr]    Compiling rustix v0.38.34
[INFO] [stderr]    Compiling futures-task v0.3.30
[INFO] [stderr]    Compiling futures-channel v0.3.30
[INFO] [stderr]    Compiling futures-io v0.3.30
[INFO] [stderr]    Compiling hashbrown v0.14.5
[INFO] [stderr]    Compiling equivalent v1.0.1
[INFO] [stderr]    Compiling pin-utils v0.1.0
[INFO] [stderr]    Compiling linux-raw-sys v0.4.14
[INFO] [stderr]    Compiling tinyvec_macros v0.1.1
[INFO] [stderr]    Compiling typenum v1.17.0
[INFO] [stderr]    Compiling generic-array v0.14.7
[INFO] [stderr]    Compiling tinyvec v1.6.0
[INFO] [stderr]    Compiling ryu v1.0.18
[INFO] [stderr]    Compiling serde_json v1.0.117
[INFO] [stderr]    Compiling lock_api v0.4.12
[INFO] [stderr]    Compiling slab v0.4.9
[INFO] [stderr]    Compiling unicode-bidi v0.3.15
[INFO] [stderr]    Compiling thiserror v1.0.61
[INFO] [stderr]    Compiling tracing-core v0.1.32
[INFO] [stderr]    Compiling camino v1.1.7
[INFO] [stderr]    Compiling adler v1.0.2
[INFO] [stderr]    Compiling untrusted v0.9.0
[INFO] [stderr]    Compiling miniz_oxide v0.7.3
[INFO] [stderr]    Compiling base64 v0.21.7
[INFO] [stderr]    Compiling fnv v1.0.7
[INFO] [stderr]    Compiling target-lexicon v0.12.14
[INFO] [stderr]    Compiling unicode-width v0.1.13
[INFO] [stderr]    Compiling quote v1.0.36
[INFO] [stderr]    Compiling unicode-normalization v0.1.23
[INFO] [stderr]    Compiling lazy_static v1.4.0
[INFO] [stderr]    Compiling jobserver v0.1.31
[INFO] [stderr]    Compiling syn v2.0.66
[INFO] [stderr]    Compiling percent-encoding v2.3.1
[INFO] [stderr]    Compiling spin v0.9.8
[INFO] [stderr]    Compiling vcpkg v0.2.15
[INFO] [stderr]    Compiling cc v1.0.99
[INFO] [stderr]    Compiling subtle v2.5.0
[INFO] [stderr]    Compiling ppv-lite86 v0.2.17
[INFO] [stderr]    Compiling semver v1.0.23
[INFO] [stderr]    Compiling guppy-workspace-hack v0.1.0
[INFO] [stderr]    Compiling utf8parse v0.2.1
[INFO] [stderr]    Compiling gimli v0.28.1
[INFO] [stderr]    Compiling http v0.2.12
[INFO] [stderr]    Compiling object v0.32.2
[INFO] [stderr]    Compiling target-spec v3.1.0
[INFO] [stderr]    Compiling httparse v1.8.0
[INFO] [stderr]    Compiling rustls v0.21.12
[INFO] [stderr]    Compiling fastrand v2.1.0
[INFO] [stderr]    Compiling is_ci v1.2.0
[INFO] [stderr]    Compiling rustc-demangle v0.1.24
[INFO] [stderr]    Compiling cfg-expr v0.15.8
[INFO] [stderr]    Compiling aho-corasick v1.1.3
[INFO] [stderr]    Compiling regex-syntax v0.8.3
[INFO] [stderr]    Compiling try-lock v0.2.5
[INFO] [stderr]    Compiling form_urlencoded v1.2.1
[INFO] [stderr]    Compiling want v0.3.1
[INFO] [stderr]    Compiling num-traits v0.2.19
[INFO] [stderr]    Compiling getrandom v0.2.15
[INFO] [stderr]    Compiling signal-hook-registry v1.4.2
[INFO] [stderr]    Compiling num_cpus v1.16.0
[INFO] [stderr]    Compiling parking_lot v0.12.3
[INFO] [stderr]    Compiling socket2 v0.5.7
[INFO] [stderr]    Compiling mio v0.8.11
[INFO] [stderr]    Compiling block-buffer v0.10.4
[INFO] [stderr]    Compiling crypto-common v0.1.6
[INFO] [stderr]    Compiling rand_core v0.6.4
[INFO] [stderr]    Compiling digest v0.10.7
[INFO] [stderr]    Compiling tempfile v3.10.1
[INFO] [stderr]    Compiling rand_chacha v0.3.1
[INFO] [stderr]    Compiling is-terminal v0.4.12
[INFO] [stderr]    Compiling http-body v0.4.6
[INFO] [stderr]    Compiling ahash v0.8.11
[INFO] [stderr]    Compiling supports-color v2.1.0
[INFO] [stderr]    Compiling unicode-linebreak v0.1.5
[INFO] [stderr]    Compiling rand v0.8.5
[INFO] [stderr]    Compiling unicode-properties v0.1.1
[INFO] [stderr]    Compiling smawk v0.3.2
[INFO] [stderr]    Compiling either v1.12.0
[INFO] [stderr]    Compiling nextest-workspace-hack v0.1.0
[INFO] [stderr]    Compiling portable-atomic v1.6.0
[INFO] [stderr]    Compiling cpufeatures v0.2.12
[INFO] [stderr]    Compiling httpdate v1.0.3
[INFO] [stderr]    Compiling winnow v0.6.13
[INFO] [stderr]    Compiling tower-service v0.3.2
[INFO] [stderr]    Compiling sha2 v0.10.8
[INFO] [stderr]    Compiling ring v0.17.8
[INFO] [stderr]    Compiling backtrace v0.3.71
[INFO] [stderr]    Compiling openssl-sys v0.9.102
[INFO] [stderr]    Compiling zstd-sys v2.0.10+zstd.1.5.6
[INFO] [stderr]    Compiling stringprep v0.1.5
[INFO] [stderr]    Compiling textwrap v0.16.1
[INFO] [stderr]    Compiling addr2line v0.21.0
[INFO] [stderr]    Compiling regex-automata v0.4.6
[INFO] [stderr]    Compiling owo-colors v4.0.0
[INFO] [stderr]    Compiling md-5 v0.10.6
[INFO] [stderr]    Compiling hmac v0.12.1
[INFO] [stderr]    Compiling terminal_size v0.3.0
[INFO] [stderr]    Compiling console v0.15.8
[INFO] [stderr]    Compiling supports-color v3.0.0
[INFO] [stderr]    Compiling idna v0.5.0
[INFO] [stderr]    Compiling vte_generate_state_changes v0.1.1
[INFO] [stderr]    Compiling siphasher v0.3.11
[INFO] [stderr]    Compiling zstd-safe v7.1.0
[INFO] [stderr]    Compiling cfg_aliases v0.1.1
[INFO] [stderr]    Compiling foreign-types-shared v0.1.1
[INFO] [stderr]    Compiling supports-hyperlinks v3.0.0
[INFO] [stderr]    Compiling fixedbitset v0.4.2
[INFO] [stderr]    Compiling openssl v0.10.64
[INFO] [stderr]    Compiling byteorder v1.5.0
[INFO] [stderr]    Compiling zerocopy v0.7.34
[INFO] [stderr]    Compiling supports-unicode v3.0.0
[INFO] [stderr]    Compiling fallible-iterator v0.2.0
[INFO] [stderr]    Compiling url v2.5.0
[INFO] [stderr]    Compiling vte v0.11.1
[INFO] [stderr]    Compiling phf_shared v0.11.2
[INFO] [stderr]    Compiling foreign-types v0.3.2
[INFO] [stderr]    Compiling nix v0.28.0
[INFO] [stderr]    Compiling postgres-protocol v0.6.6
[INFO] [stderr]    Compiling itertools v0.12.1
[INFO] [stderr]    Compiling xattr v1.3.1
[INFO] [stderr]    Compiling uuid v1.8.0
[INFO] [stderr]    Compiling filetime v0.2.23
[INFO] [stderr]    Compiling anstyle-parse v0.2.4
[INFO] [stderr]    Compiling regex v1.10.4
[INFO] [stderr]    Compiling rustls-pemfile v1.0.4
[INFO] [stderr]    Compiling bstr v1.9.1
[INFO] [stderr]    Compiling crc32fast v1.4.2
[INFO] [stderr]    Compiling encoding_rs v0.8.34
[INFO] [stderr]    Compiling anstyle-query v1.1.0
[INFO] [stderr]    Compiling nested v0.1.1
[INFO] [stderr]    Compiling eyre v0.6.12
[INFO] [stderr]    Compiling colorchoice v1.0.1
[INFO] [stderr]    Compiling ipnet v2.9.0
[INFO] [stderr]    Compiling mime v0.3.17
[INFO] [stderr]    Compiling anstyle v1.0.7
[INFO] [stderr]    Compiling number_prefix v0.4.0
[INFO] [stderr]    Compiling native-tls v0.2.12
[INFO] [stderr]    Compiling minimal-lexical v0.2.1
[INFO] [stderr]    Compiling backtrace-ext v0.2.1
[INFO] [stderr]    Compiling webpki-roots v0.25.4
[INFO] [stderr]    Compiling is_terminal_polyfill v1.70.0
[INFO] [stderr]    Compiling iana-time-zone v0.1.60
[INFO] [stderr]    Compiling sync_wrapper v0.1.2
[INFO] [stderr]    Compiling static_assertions v1.1.0
[INFO] [stderr]    Compiling self_update v0.39.0
[INFO] [stderr]    Compiling debug-ignore v1.0.5
[INFO] [stderr]    Compiling anstream v0.6.14
[INFO] [stderr]    Compiling chrono v0.4.38
[INFO] [stderr]    Compiling nom v7.1.3
[INFO] [stderr]    Compiling globset v0.4.14
[INFO] [stderr]    Compiling indicatif v0.17.8
[INFO] [stderr]    Compiling flate2 v1.0.30
[INFO] [stderr]    Compiling newtype-uuid v1.1.0
[INFO] [stderr]    Compiling tar v0.4.41
[INFO] [stderr]    Compiling strip-ansi-escapes v0.2.0
[INFO] [stderr]    Compiling postgres-types v0.2.6
[INFO] [stderr]    Compiling phf v0.11.2
[INFO] [stderr]    Compiling self-replace v1.3.7
[INFO] [stderr]    Compiling os_pipe v1.2.0
[INFO] [stderr]    Compiling serde_derive v1.0.203
[INFO] [stderr]    Compiling tokio-macros v2.3.0
[INFO] [stderr]    Compiling futures-macro v0.3.30
[INFO] [stderr]    Compiling thiserror-impl v1.0.61
[INFO] [stderr]    Compiling tracing-attributes v0.1.27
[INFO] [stderr]    Compiling miette-derive v7.2.0
[INFO] [stderr]    Compiling pin-project-internal v1.1.5
[INFO] [stderr]    Compiling openssl-macros v0.1.1
[INFO] [stderr]    Compiling tokio v1.38.0
[INFO] [stderr]    Compiling async-trait v0.1.80
[INFO] [stderr]    Compiling shared_child v1.0.0
[INFO] [stderr]    Compiling quick-xml v0.31.0
[INFO] [stderr]    Compiling futures-util v0.3.30
[INFO] [stderr]    Compiling quick-xml v0.23.1
[INFO] [stderr]    Compiling shell-words v1.1.0
[INFO] [stderr]    Compiling strsim v0.11.1
[INFO] [stderr]    Compiling humantime v2.1.0
[INFO] [stderr]    Compiling whoami v1.5.1
[INFO] [stderr]    Compiling indenter v0.3.3
[INFO] [stderr]    Compiling openssl-probe v0.1.5
[INFO] [stderr]    Compiling clap_lex v0.7.1
[INFO] [stderr]    Compiling rustls-webpki v0.101.7
[INFO] [stderr]    Compiling sct v0.7.1
[INFO] [stderr]    Compiling miette v7.2.0
[INFO] [stderr]    Compiling recursion v0.5.2
[INFO] [stderr]    Compiling heck v0.5.0
[INFO] [stderr]    Compiling urlencoding v2.1.3
[INFO] [stderr]    Compiling clap_builder v4.5.6
[INFO] [stderr]    Compiling tracing v0.1.40
[INFO] [stderr]    Compiling duct v0.13.7
[INFO] [stderr]    Compiling clap_derive v4.5.5
[INFO] [stderr]    Compiling atomicwrites v0.4.3
[INFO] [stderr]    Compiling env_filter v0.1.0
[INFO] [stderr]    Compiling pin-project v1.1.5
[INFO] [stderr]    Compiling zeroize v1.8.1
[INFO] [stderr]    Compiling display-error-chain v0.2.0
[INFO] [stderr]    Compiling overload v0.1.1
[INFO] [stderr]    Compiling anyhow v1.0.86
[INFO] [stderr]    Compiling xxhash-rust v0.8.10
[INFO] [stderr]    Compiling owo-colors v3.5.0
[INFO] [stderr]    Compiling home v0.5.9
[INFO] [stderr]    Compiling nu-ansi-term v0.46.0
[INFO] [stderr]    Compiling dialoguer v0.11.0
[INFO] [stderr]    Compiling env_logger v0.11.3
[INFO] [stderr]    Compiling sharded-slab v0.1.7
[INFO] [stderr]    Compiling tracing-log v0.2.0
[INFO] [stderr]    Compiling thread_local v1.1.8
[INFO] [stderr]    Compiling enable-ansi-support v0.2.1
[INFO] [stderr]    Compiling diff v0.1.13
[INFO] [stderr]    Compiling yansi v0.5.1
[INFO] [stderr]    Compiling swrite v0.1.0
[INFO] [stderr]    Compiling colored v2.1.0
[INFO] [stderr]    Compiling pretty_assertions v1.4.0
[INFO] [stderr]    Compiling tracing-subscriber v0.3.18
[INFO] [stderr]    Compiling color-eyre v0.6.3
[INFO] [stderr]    Compiling futures-executor v0.3.30
[INFO] [stderr]    Compiling future-queue v0.3.0
[INFO] [stderr]    Compiling futures v0.3.30
[INFO] [stderr]    Compiling clap v4.5.6
[INFO] [stderr]    Compiling tokio-util v0.7.11
[INFO] [stderr]    Compiling tokio-rustls v0.24.1
[INFO] [stderr]    Compiling async-scoped v0.9.0
[INFO] [stderr]    Compiling deadpool-runtime v0.1.4
[INFO] [stderr]    Compiling tokio-native-tls v0.3.1
[INFO] [stderr]    Compiling deadpool v0.12.1
[INFO] [stderr]    Compiling zstd v0.13.1
[INFO] [stderr]    Compiling tokio-postgres v0.7.10
[INFO] [stderr]    Compiling indexmap v2.2.6
[INFO] [stderr]    Compiling serde_spanned v0.6.6
[INFO] [stderr]    Compiling toml_datetime v0.6.6
[INFO] [stderr]    Compiling cargo-platform v0.1.8
[INFO] [stderr]    Compiling smol_str v0.2.2
[INFO] [stderr]    Compiling serde_urlencoded v0.7.1
[INFO] [stderr]    Compiling humantime-serde v1.1.1
[INFO] [stderr]    Compiling serde_path_to_error v0.1.16
[INFO] [stderr]    Compiling serde_ignored v0.1.10
[INFO] [stderr]    Compiling pathdiff v0.2.1
[INFO] [stderr]    Compiling camino-tempfile v1.1.1
[INFO] [stderr]    Compiling postgres-native-tls v0.5.0
[INFO] [stderr]    Compiling deadpool-postgres v0.14.0
[INFO] [stderr]    Compiling h2 v0.3.26
[INFO] [stderr]    Compiling toml_edit v0.22.14
[INFO] [stderr]    Compiling petgraph v0.6.5
[INFO] [stderr]    Compiling quick-junit v0.4.0
[INFO] [stderr]    Compiling cargo_metadata v0.18.1
[INFO] [stderr]    Compiling mukti-metadata v0.2.1
[INFO] [stderr]    Compiling nextest-metadata v0.11.0
[INFO] [stderr]    Compiling target-spec-miette v0.4.0
[INFO] [stderr]    Compiling guppy v0.17.5
[INFO] [stderr]    Compiling hyper v0.14.29
[INFO] [stderr]    Compiling toml v0.8.14
[INFO] [stderr]    Compiling config v0.14.0
[INFO] [stderr]    Compiling nextest-filtering v0.9.0
[INFO] [stderr]    Compiling hyper-rustls v0.24.2
[INFO] [stderr]    Compiling reqwest v0.11.27
[INFO] [stderr]    Compiling nextest-runner v0.56.1
[INFO] [stderr]    Compiling cargo-nextest v0.9.72
[INFO] [stderr]    Compiling rust-pgdatadiff v0.1.6 (/opt/rustwide/workdir)
[INFO] [stderr]     Finished `dev` profile [unoptimized + debuginfo] target(s) in 1m 06s
[INFO] running `Command { std: "docker" "inspect" "f70f1fc6a2636f95ea8dc1058129cffa67357a9c5e70b39e4bad665a13fdd5dc", kill_on_drop: false }`
[INFO] running `Command { std: "docker" "rm" "-f" "f70f1fc6a2636f95ea8dc1058129cffa67357a9c5e70b39e4bad665a13fdd5dc", kill_on_drop: false }`
[INFO] [stdout] f70f1fc6a2636f95ea8dc1058129cffa67357a9c5e70b39e4bad665a13fdd5dc
[INFO] running `Command { std: "docker" "create" "-v" "/var/lib/crater-agent-workspace/builds/worker-7-tc1/target:/opt/rustwide/target:rw,Z" "-v" "/var/lib/crater-agent-workspace/builds/worker-7-tc1/source:/opt/rustwide/workdir:ro,Z" "-v" "/var/lib/crater-agent-workspace/cargo-home:/opt/rustwide/cargo-home:ro,Z" "-v" "/var/lib/crater-agent-workspace/rustup-home:/opt/rustwide/rustup-home:ro,Z" "-e" "SOURCE_DIR=/opt/rustwide/workdir" "-e" "CARGO_TARGET_DIR=/opt/rustwide/target" "-e" "CARGO_INCREMENTAL=0" "-e" "RUST_BACKTRACE=full" "-e" "RUSTFLAGS=--cap-lints=warn" "-e" "RUSTDOCFLAGS=--cap-lints=warn" "-e" "CARGO_HOME=/opt/rustwide/cargo-home" "-e" "RUSTUP_HOME=/opt/rustwide/rustup-home" "-w" "/opt/rustwide/workdir" "-m" "1610612736" "--user" "0:0" "--network" "none" "ghcr.io/rust-lang/crates-build-env/linux@sha256:f3a9d4ad9d972b27faf3965f35b62e55ba32bbce8f20bc8fe909558a86702fde" "/opt/rustwide/cargo-home/bin/cargo" "+1.83.0" "test" "--frozen" "--no-run" "--message-format=json", kill_on_drop: false }`
[INFO] [stdout] 9517851c0a5a0c0bb3138fb48dfff1fd3490c372be2f5f6ba1c1004f0a75517c
[INFO] running `Command { std: "docker" "start" "-a" "9517851c0a5a0c0bb3138fb48dfff1fd3490c372be2f5f6ba1c1004f0a75517c", kill_on_drop: false }`
[INFO] [stderr]    Compiling predicates-core v1.0.6
[INFO] [stderr]    Compiling termtree v0.4.1
[INFO] [stderr]    Compiling mockall_derive v0.12.1
[INFO] [stderr]    Compiling downcast v0.11.0
[INFO] [stderr]    Compiling fragile v2.0.0
[INFO] [stderr]    Compiling predicates v3.1.0
[INFO] [stderr]    Compiling predicates-tree v1.0.9
[INFO] [stderr]    Compiling mockall v0.12.1
[INFO] [stderr]    Compiling rust-pgdatadiff v0.1.6 (/opt/rustwide/workdir)
[INFO] [stderr]     Finished `test` profile [unoptimized + debuginfo] target(s) in 10.90s
[INFO] running `Command { std: "docker" "inspect" "9517851c0a5a0c0bb3138fb48dfff1fd3490c372be2f5f6ba1c1004f0a75517c", kill_on_drop: false }`
[INFO] running `Command { std: "docker" "rm" "-f" "9517851c0a5a0c0bb3138fb48dfff1fd3490c372be2f5f6ba1c1004f0a75517c", kill_on_drop: false }`
[INFO] [stdout] 9517851c0a5a0c0bb3138fb48dfff1fd3490c372be2f5f6ba1c1004f0a75517c
[INFO] running `Command { std: "docker" "create" "-v" "/var/lib/crater-agent-workspace/builds/worker-7-tc1/target:/opt/rustwide/target:rw,Z" "-v" "/var/lib/crater-agent-workspace/builds/worker-7-tc1/source:/opt/rustwide/workdir:ro,Z" "-v" "/var/lib/crater-agent-workspace/cargo-home:/opt/rustwide/cargo-home:ro,Z" "-v" "/var/lib/crater-agent-workspace/rustup-home:/opt/rustwide/rustup-home:ro,Z" "-e" "SOURCE_DIR=/opt/rustwide/workdir" "-e" "CARGO_TARGET_DIR=/opt/rustwide/target" "-e" "CARGO_INCREMENTAL=0" "-e" "RUST_BACKTRACE=full" "-e" "RUSTFLAGS=--cap-lints=warn" "-e" "RUSTDOCFLAGS=--cap-lints=warn" "-e" "CARGO_HOME=/opt/rustwide/cargo-home" "-e" "RUSTUP_HOME=/opt/rustwide/rustup-home" "-w" "/opt/rustwide/workdir" "-m" "1610612736" "--user" "0:0" "--network" "none" "ghcr.io/rust-lang/crates-build-env/linux@sha256:f3a9d4ad9d972b27faf3965f35b62e55ba32bbce8f20bc8fe909558a86702fde" "/opt/rustwide/cargo-home/bin/cargo" "+1.83.0" "test" "--frozen", kill_on_drop: false }`
[INFO] [stdout] 309ce23709f02a8b4372e5a284498aa1e7f94ceda05266331f596da7da1406e4
[INFO] running `Command { std: "docker" "start" "-a" "309ce23709f02a8b4372e5a284498aa1e7f94ceda05266331f596da7da1406e4", kill_on_drop: false }`
[INFO] [stderr]     Finished `test` profile [unoptimized + debuginfo] target(s) in 0.35s
[INFO] [stderr]      Running unittests src/lib.rs (/opt/rustwide/target/debug/deps/rust_pgdatadiff-76bd8e9b17ed2b2a)
[INFO] [stdout] 
[INFO] [stdout] running 18 tests
[INFO] [stdout] test diff::sequence::sequence_differ_tests::tests::test_diff_all_sequences ... ok
[INFO] [stdout] test diff::sequence::query::sequence_query::tests::test_sequence_last_value_query ... ok
[INFO] [stdout] test diff::sequence::sequence_differ_tests::tests::test_get_all_sequences ... ok
[INFO] [stdout] test diff::table::query::output::tests::test_skip_table_when_needed ... ok
[INFO] [stdout] test diff::table::query::table_query::tests::test_display_find_primary_key_for_table ... ok
[INFO] [stdout] test diff::sequence::query::sequence_query::tests::test_all_sequences_query ... ok
[INFO] [stdout] test diff::table::query::table_query::tests::test_display_all_tables_for_schema_with_excluded_tables ... ok
[INFO] [stdout] test diff::table::query::table_query::tests::test_display_count_rows_for_table ... ok
[INFO] [stdout] test diff::table::query::table_query::tests::test_display_all_tables_for_schema_with_included_tables ... ok
[INFO] [stdout] test diff::table::query::table_query::tests::test_display_hash_query ... ok
[INFO] [stdout] test diff::table::query::table_types::tests::test_excluded_tables_when_exclude_tables_not_empty ... ok
[INFO] [stdout] test diff::table::query::table_types::tests::test_included_tables_when_include_tables_not_empty ... ok
[INFO] [stdout] test diff::table::query::table_types::tests::test_when_included_tables_and_excluded_tables_empty ... ok
[INFO] [stdout] test diff::table::table_differ_tests::tests::test_get_all_tables_from_table_differ ... ok
[INFO] [stdout] test diff::table::table_differ_tests::tests::test_diff_all_table_data_from_table_differ_when_same_counts ... ok
[INFO] [stdout] test diff::table::table_differ_tests::tests::test_not_diff_table_data_from_table_differ_when_different_counts ... ok
[INFO] [stdout] test diff::diff_payload::tests::test_new_diff_payload - should panic ... ok
[INFO] [stdout] test diff::table::query::table_types::tests::test_when_included_tables_and_excluded_tables_are_both_not_empty - should panic ... ok
[INFO] [stdout] 
[INFO] [stdout] test result: ok. 18 passed; 0 failed; 0 ignored; 0 measured; 0 filtered out; finished in 0.08s
[INFO] [stdout] 
[INFO] [stderr]    Doc-tests rust_pgdatadiff
[INFO] [stdout] 
[INFO] [stdout] running 4 tests
[INFO] [stdout] test src/diff/table/query/table_query_executor.rs - diff::table::query::table_query_executor::Result (line 9) - compile ... FAILED
[INFO] [stdout] test src/diff/sequence/query/sequence_query_executor.rs - diff::sequence::query::sequence_query_executor (line 9) - compile ... FAILED
[INFO] [stdout] test src/diff/sequence/query/sequence_query_executor.rs - diff::sequence::query::sequence_query_executor::QueryLastValuesInput (line 9) - compile ... FAILED
[INFO] [stdout] test src/diff/sequence/query/sequence_query_executor.rs - diff::sequence::query::sequence_query_executor::QueryAllSequencesInput (line 9) - compile ... FAILED
[INFO] [stdout] 
[INFO] [stdout] failures:
[INFO] [stdout] 
[INFO] [stdout] ---- src/diff/table/query/table_query_executor.rs - diff::table::query::table_query_executor::Result (line 9) stdout ----
[INFO] [stdout] error[E0433]: failed to resolve: use of undeclared crate or module `sqlx`
[INFO] [stdout]  --> src/diff/table/query/table_query_executor.rs:11:5
[INFO] [stdout]   |
[INFO] [stdout] 4 | use sqlx::postgres::PgPool;
[INFO] [stdout]   |     ^^^^ use of undeclared crate or module `sqlx`
[INFO] [stdout] 
[INFO] [stdout] error: aborting due to 1 previous error
[INFO] [stdout] 
[INFO] [stdout] For more information about this error, try `rustc --explain E0433`.
[INFO] [stdout] Couldn't compile the test.
[INFO] [stdout] ---- src/diff/sequence/query/sequence_query_executor.rs - diff::sequence::query::sequence_query_executor (line 9) stdout ----
[INFO] [stdout] error[E0433]: failed to resolve: use of undeclared type `Config`
[INFO] [stdout]   --> src/diff/sequence/query/sequence_query_executor.rs:23:19
[INFO] [stdout]    |
[INFO] [stdout] 16 |     let mut cfg = Config::new();
[INFO] [stdout]    |                   ^^^^^^ use of undeclared type `Config`
[INFO] [stdout]    |
[INFO] [stdout] help: consider importing this struct
[INFO] [stdout]    |
[INFO] [stdout] 4  + use deadpool_postgres::Config;
[INFO] [stdout]    |
[INFO] [stdout] 
[INFO] [stdout] error[E0412]: cannot find type `Pool` in this scope
[INFO] [stdout]   --> src/diff/sequence/query/sequence_query_executor.rs:26:18
[INFO] [stdout]    |
[INFO] [stdout] 19 |     let db_pool: Pool = cfg
[INFO] [stdout]    |                  ^^^^
[INFO] [stdout]    |
[INFO] [stdout] help: a builtin type with a similar name exists
[INFO] [stdout]    |
[INFO] [stdout] 19 |     let db_pool: bool = cfg
[INFO] [stdout]    |                  ~~~~
[INFO] [stdout] help: consider importing this type alias
[INFO] [stdout]    |
[INFO] [stdout] 4  + use deadpool_postgres::Pool;
[INFO] [stdout]    |
[INFO] [stdout] 
[INFO] [stdout] error[E0433]: failed to resolve: use of undeclared type `Runtime`
[INFO] [stdout]   --> src/diff/sequence/query/sequence_query_executor.rs:27:27
[INFO] [stdout]    |
[INFO] [stdout] 20 |         .create_pool(Some(Runtime::Tokio1), NoTls)
[INFO] [stdout]    |                           ^^^^^^^ use of undeclared type `Runtime`
[INFO] [stdout]    |
[INFO] [stdout] help: consider importing one of these items
[INFO] [stdout]    |
[INFO] [stdout] 4  + use deadpool_postgres::Runtime;
[INFO] [stdout]    |
[INFO] [stdout] 4  + use tokio::runtime::Runtime;
[INFO] [stdout]    |
[INFO] [stdout] 
[INFO] [stdout] error[E0425]: cannot find value `NoTls` in this scope
[INFO] [stdout]   --> src/diff/sequence/query/sequence_query_executor.rs:27:45
[INFO] [stdout]    |
[INFO] [stdout] 20 |         .create_pool(Some(Runtime::Tokio1), NoTls)
[INFO] [stdout]    |                                             ^^^^^ not found in this scope
[INFO] [stdout] 
[INFO] [stdout] error[E0433]: failed to resolve: use of undeclared type `Config`
[INFO] [stdout]   --> src/diff/sequence/query/sequence_query_executor.rs:40:25
[INFO] [stdout]    |
[INFO] [stdout] 33 |     let mut first_cfg = Config::new();
[INFO] [stdout]    |                         ^^^^^^ use of undeclared type `Config`
[INFO] [stdout]    |
[INFO] [stdout] help: consider importing this struct
[INFO] [stdout]    |
[INFO] [stdout] 4  + use deadpool_postgres::Config;
[INFO] [stdout]    |
[INFO] [stdout] 
[INFO] [stdout] error[E0433]: failed to resolve: use of undeclared type `Config`
[INFO] [stdout]   --> src/diff/sequence/query/sequence_query_executor.rs:43:26
[INFO] [stdout]    |
[INFO] [stdout] 36 |     let mut second_cfg = Config::new();
[INFO] [stdout]    |                          ^^^^^^ use of undeclared type `Config`
[INFO] [stdout]    |
[INFO] [stdout] help: consider importing this struct
[INFO] [stdout]    |
[INFO] [stdout] 4  + use deadpool_postgres::Config;
[INFO] [stdout]    |
[INFO] [stdout] 
[INFO] [stdout] error[E0412]: cannot find type `Pool` in this scope
[INFO] [stdout]   --> src/diff/sequence/query/sequence_query_executor.rs:46:24
[INFO] [stdout]    |
[INFO] [stdout] 39 |     let first_db_pool: Pool = first_cfg
[INFO] [stdout]    |                        ^^^^
[INFO] [stdout]    |
[INFO] [stdout] help: a builtin type with a similar name exists
[INFO] [stdout]    |
[INFO] [stdout] 39 |     let first_db_pool: bool = first_cfg
[INFO] [stdout]    |                        ~~~~
[INFO] [stdout] help: consider importing this type alias
[INFO] [stdout]    |
[INFO] [stdout] 4  + use deadpool_postgres::Pool;
[INFO] [stdout]    |
[INFO] [stdout] 
[INFO] [stdout] error[E0433]: failed to resolve: use of undeclared type `Runtime`
[INFO] [stdout]   --> src/diff/sequence/query/sequence_query_executor.rs:47:27
[INFO] [stdout]    |
[INFO] [stdout] 40 |         .create_pool(Some(Runtime::Tokio1), NoTls)
[INFO] [stdout]    |                           ^^^^^^^ use of undeclared type `Runtime`
[INFO] [stdout]    |
[INFO] [stdout] help: consider importing one of these items
[INFO] [stdout]    |
[INFO] [stdout] 4  + use deadpool_postgres::Runtime;
[INFO] [stdout]    |
[INFO] [stdout] 4  + use tokio::runtime::Runtime;
[INFO] [stdout]    |
[INFO] [stdout] 
[INFO] [stdout] error[E0425]: cannot find value `NoTls` in this scope
[INFO] [stdout]   --> src/diff/sequence/query/sequence_query_executor.rs:47:45
[INFO] [stdout]    |
[INFO] [stdout] 40 |         .create_pool(Some(Runtime::Tokio1), NoTls)
[INFO] [stdout]    |                                             ^^^^^ not found in this scope
[INFO] [stdout] 
[INFO] [stdout] error[E0412]: cannot find type `Pool` in this scope
[INFO] [stdout]   --> src/diff/sequence/query/sequence_query_executor.rs:50:25
[INFO] [stdout]    |
[INFO] [stdout] 43 |     let second_db_pool: Pool = second_cfg
[INFO] [stdout]    |                         ^^^^
[INFO] [stdout]    |
[INFO] [stdout] help: a builtin type with a similar name exists
[INFO] [stdout]    |
[INFO] [stdout] 43 |     let second_db_pool: bool = second_cfg
[INFO] [stdout]    |                         ~~~~
[INFO] [stdout] help: consider importing this type alias
[INFO] [stdout]    |
[INFO] [stdout] 4  + use deadpool_postgres::Pool;
[INFO] [stdout]    |
[INFO] [stdout] 
[INFO] [stdout] error[E0433]: failed to resolve: use of undeclared type `Runtime`
[INFO] [stdout]   --> src/diff/sequence/query/sequence_query_executor.rs:51:27
[INFO] [stdout]    |
[INFO] [stdout] 44 |         .create_pool(Some(Runtime::Tokio1), NoTls)
[INFO] [stdout]    |                           ^^^^^^^ use of undeclared type `Runtime`
[INFO] [stdout]    |
[INFO] [stdout] help: consider importing one of these items
[INFO] [stdout]    |
[INFO] [stdout] 4  + use deadpool_postgres::Runtime;
[INFO] [stdout]    |
[INFO] [stdout] 4  + use tokio::runtime::Runtime;
[INFO] [stdout]    |
[INFO] [stdout] 
[INFO] [stdout] error[E0425]: cannot find value `NoTls` in this scope
[INFO] [stdout]   --> src/diff/sequence/query/sequence_query_executor.rs:51:45
[INFO] [stdout]    |
[INFO] [stdout] 44 |         .create_pool(Some(Runtime::Tokio1), NoTls)
[INFO] [stdout]    |                                             ^^^^^ not found in this scope
[INFO] [stdout] 
[INFO] [stdout] error: aborting due to 12 previous errors
[INFO] [stdout] 
[INFO] [stdout] Some errors have detailed explanations: E0412, E0425, E0433.
[INFO] [stdout] For more information about an error, try `rustc --explain E0412`.
[INFO] [stdout] Couldn't compile the test.
[INFO] [stdout] ---- src/diff/sequence/query/sequence_query_executor.rs - diff::sequence::query::sequence_query_executor::QueryLastValuesInput (line 9) stdout ----
[INFO] [stdout] error[E0433]: failed to resolve: use of undeclared type `Config`
[INFO] [stdout]   --> src/diff/sequence/query/sequence_query_executor.rs:23:19
[INFO] [stdout]    |
[INFO] [stdout] 16 |     let mut cfg = Config::new();
[INFO] [stdout]    |                   ^^^^^^ use of undeclared type `Config`
[INFO] [stdout]    |
[INFO] [stdout] help: consider importing this struct
[INFO] [stdout]    |
[INFO] [stdout] 4  + use deadpool_postgres::Config;
[INFO] [stdout]    |
[INFO] [stdout] 
[INFO] [stdout] error[E0412]: cannot find type `Pool` in this scope
[INFO] [stdout]   --> src/diff/sequence/query/sequence_query_executor.rs:26:18
[INFO] [stdout]    |
[INFO] [stdout] 19 |     let db_pool: Pool = cfg
[INFO] [stdout]    |                  ^^^^
[INFO] [stdout]    |
[INFO] [stdout] help: a builtin type with a similar name exists
[INFO] [stdout]    |
[INFO] [stdout] 19 |     let db_pool: bool = cfg
[INFO] [stdout]    |                  ~~~~
[INFO] [stdout] help: consider importing this type alias
[INFO] [stdout]    |
[INFO] [stdout] 4  + use deadpool_postgres::Pool;
[INFO] [stdout]    |
[INFO] [stdout] 
[INFO] [stdout] error[E0433]: failed to resolve: use of undeclared type `Runtime`
[INFO] [stdout]   --> src/diff/sequence/query/sequence_query_executor.rs:27:27
[INFO] [stdout]    |
[INFO] [stdout] 20 |         .create_pool(Some(Runtime::Tokio1), NoTls)
[INFO] [stdout]    |                           ^^^^^^^ use of undeclared type `Runtime`
[INFO] [stdout]    |
[INFO] [stdout] help: consider importing one of these items
[INFO] [stdout]    |
[INFO] [stdout] 4  + use deadpool_postgres::Runtime;
[INFO] [stdout]    |
[INFO] [stdout] 4  + use tokio::runtime::Runtime;
[INFO] [stdout]    |
[INFO] [stdout] 
[INFO] [stdout] error[E0425]: cannot find value `NoTls` in this scope
[INFO] [stdout]   --> src/diff/sequence/query/sequence_query_executor.rs:27:45
[INFO] [stdout]    |
[INFO] [stdout] 20 |         .create_pool(Some(Runtime::Tokio1), NoTls)
[INFO] [stdout]    |                                             ^^^^^ not found in this scope
[INFO] [stdout] 
[INFO] [stdout] error[E0433]: failed to resolve: use of undeclared type `Config`
[INFO] [stdout]   --> src/diff/sequence/query/sequence_query_executor.rs:40:25
[INFO] [stdout]    |
[INFO] [stdout] 33 |     let mut first_cfg = Config::new();
[INFO] [stdout]    |                         ^^^^^^ use of undeclared type `Config`
[INFO] [stdout]    |
[INFO] [stdout] help: consider importing this struct
[INFO] [stdout]    |
[INFO] [stdout] 4  + use deadpool_postgres::Config;
[INFO] [stdout]    |
[INFO] [stdout] 
[INFO] [stdout] error[E0433]: failed to resolve: use of undeclared type `Config`
[INFO] [stdout]   --> src/diff/sequence/query/sequence_query_executor.rs:43:26
[INFO] [stdout]    |
[INFO] [stdout] 36 |     let mut second_cfg = Config::new();
[INFO] [stdout]    |                          ^^^^^^ use of undeclared type `Config`
[INFO] [stdout]    |
[INFO] [stdout] help: consider importing this struct
[INFO] [stdout]    |
[INFO] [stdout] 4  + use deadpool_postgres::Config;
[INFO] [stdout]    |
[INFO] [stdout] 
[INFO] [stdout] error[E0412]: cannot find type `Pool` in this scope
[INFO] [stdout]   --> src/diff/sequence/query/sequence_query_executor.rs:46:24
[INFO] [stdout]    |
[INFO] [stdout] 39 |     let first_db_pool: Pool = first_cfg
[INFO] [stdout]    |                        ^^^^
[INFO] [stdout]    |
[INFO] [stdout] help: a builtin type with a similar name exists
[INFO] [stdout]    |
[INFO] [stdout] 39 |     let first_db_pool: bool = first_cfg
[INFO] [stdout]    |                        ~~~~
[INFO] [stdout] help: consider importing this type alias
[INFO] [stdout]    |
[INFO] [stdout] 4  + use deadpool_postgres::Pool;
[INFO] [stdout]    |
[INFO] [stdout] 
[INFO] [stdout] error[E0433]: failed to resolve: use of undeclared type `Runtime`
[INFO] [stdout]   --> src/diff/sequence/query/sequence_query_executor.rs:47:27
[INFO] [stdout]    |
[INFO] [stdout] 40 |         .create_pool(Some(Runtime::Tokio1), NoTls)
[INFO] [stdout]    |                           ^^^^^^^ use of undeclared type `Runtime`
[INFO] [stdout]    |
[INFO] [stdout] help: consider importing one of these items
[INFO] [stdout]    |
[INFO] [stdout] 4  + use deadpool_postgres::Runtime;
[INFO] [stdout]    |
[INFO] [stdout] 4  + use tokio::runtime::Runtime;
[INFO] [stdout]    |
[INFO] [stdout] 
[INFO] [stdout] error[E0425]: cannot find value `NoTls` in this scope
[INFO] [stdout]   --> src/diff/sequence/query/sequence_query_executor.rs:47:45
[INFO] [stdout]    |
[INFO] [stdout] 40 |         .create_pool(Some(Runtime::Tokio1), NoTls)
[INFO] [stdout]    |                                             ^^^^^ not found in this scope
[INFO] [stdout] 
[INFO] [stdout] error[E0412]: cannot find type `Pool` in this scope
[INFO] [stdout]   --> src/diff/sequence/query/sequence_query_executor.rs:50:25
[INFO] [stdout]    |
[INFO] [stdout] 43 |     let second_db_pool: Pool = second_cfg
[INFO] [stdout]    |                         ^^^^
[INFO] [stdout]    |
[INFO] [stdout] help: a builtin type with a similar name exists
[INFO] [stdout]    |
[INFO] [stdout] 43 |     let second_db_pool: bool = second_cfg
[INFO] [stdout]    |                         ~~~~
[INFO] [stdout] help: consider importing this type alias
[INFO] [stdout]    |
[INFO] [stdout] 4  + use deadpool_postgres::Pool;
[INFO] [stdout]    |
[INFO] [stdout] 
[INFO] [stdout] error[E0433]: failed to resolve: use of undeclared type `Runtime`
[INFO] [stdout]   --> src/diff/sequence/query/sequence_query_executor.rs:51:27
[INFO] [stdout]    |
[INFO] [stdout] 44 |         .create_pool(Some(Runtime::Tokio1), NoTls)
[INFO] [stdout]    |                           ^^^^^^^ use of undeclared type `Runtime`
[INFO] [stdout]    |
[INFO] [stdout] help: consider importing one of these items
[INFO] [stdout]    |
[INFO] [stdout] 4  + use deadpool_postgres::Runtime;
[INFO] [stdout]    |
[INFO] [stdout] 4  + use tokio::runtime::Runtime;
[INFO] [stdout]    |
[INFO] [stdout] 
[INFO] [stdout] error[E0425]: cannot find value `NoTls` in this scope
[INFO] [stdout]   --> src/diff/sequence/query/sequence_query_executor.rs:51:45
[INFO] [stdout]    |
[INFO] [stdout] 44 |         .create_pool(Some(Runtime::Tokio1), NoTls)
[INFO] [stdout]    |                                             ^^^^^ not found in this scope
[INFO] [stdout] 
[INFO] [stdout] error: aborting due to 12 previous errors
[INFO] [stdout] 
[INFO] [stdout] Some errors have detailed explanations: E0412, E0425, E0433.
[INFO] [stdout] For more information about an error, try `rustc --explain E0412`.
[INFO] [stdout] Couldn't compile the test.
[INFO] [stdout] ---- src/diff/sequence/query/sequence_query_executor.rs - diff::sequence::query::sequence_query_executor::QueryAllSequencesInput (line 9) stdout ----
[INFO] [stdout] error[E0433]: failed to resolve: use of undeclared type `Config`
[INFO] [stdout]   --> src/diff/sequence/query/sequence_query_executor.rs:23:19
[INFO] [stdout]    |
[INFO] [stdout] 16 |     let mut cfg = Config::new();
[INFO] [stdout]    |                   ^^^^^^ use of undeclared type `Config`
[INFO] [stdout]    |
[INFO] [stdout] help: consider importing this struct
[INFO] [stdout]    |
[INFO] [stdout] 4  + use deadpool_postgres::Config;
[INFO] [stdout]    |
[INFO] [stdout] 
[INFO] [stdout] error[E0412]: cannot find type `Pool` in this scope
[INFO] [stdout]   --> src/diff/sequence/query/sequence_query_executor.rs:26:18
[INFO] [stdout]    |
[INFO] [stdout] 19 |     let db_pool: Pool = cfg
[INFO] [stdout]    |                  ^^^^
[INFO] [stdout]    |
[INFO] [stdout] help: a builtin type with a similar name exists
[INFO] [stdout]    |
[INFO] [stdout] 19 |     let db_pool: bool = cfg
[INFO] [stdout]    |                  ~~~~
[INFO] [stdout] help: consider importing this type alias
[INFO] [stdout]    |
[INFO] [stdout] 4  + use deadpool_postgres::Pool;
[INFO] [stdout]    |
[INFO] [stdout] 
[INFO] [stdout] error[E0433]: failed to resolve: use of undeclared type `Runtime`
[INFO] [stdout]   --> src/diff/sequence/query/sequence_query_executor.rs:27:27
[INFO] [stdout]    |
[INFO] [stdout] 20 |         .create_pool(Some(Runtime::Tokio1), NoTls)
[INFO] [stdout]    |                           ^^^^^^^ use of undeclared type `Runtime`
[INFO] [stdout]    |
[INFO] [stdout] help: consider importing one of these items
[INFO] [stdout]    |
[INFO] [stdout] 4  + use deadpool_postgres::Runtime;
[INFO] [stdout]    |
[INFO] [stdout] 4  + use tokio::runtime::Runtime;
[INFO] [stdout]    |
[INFO] [stdout] 
[INFO] [stdout] error[E0425]: cannot find value `NoTls` in this scope
[INFO] [stdout]   --> src/diff/sequence/query/sequence_query_executor.rs:27:45
[INFO] [stdout]    |
[INFO] [stdout] 20 |         .create_pool(Some(Runtime::Tokio1), NoTls)
[INFO] [stdout]    |                                             ^^^^^ not found in this scope
[INFO] [stdout] 
[INFO] [stdout] error[E0433]: failed to resolve: use of undeclared type `Config`
[INFO] [stdout]   --> src/diff/sequence/query/sequence_query_executor.rs:40:25
[INFO] [stdout]    |
[INFO] [stdout] 33 |     let mut first_cfg = Config::new();
[INFO] [stdout]    |                         ^^^^^^ use of undeclared type `Config`
[INFO] [stdout]    |
[INFO] [stdout] help: consider importing this struct
[INFO] [stdout]    |
[INFO] [stdout] 4  + use deadpool_postgres::Config;
[INFO] [stdout]    |
[INFO] [stdout] 
[INFO] [stdout] error[E0433]: failed to resolve: use of undeclared type `Config`
[INFO] [stdout]   --> src/diff/sequence/query/sequence_query_executor.rs:43:26
[INFO] [stdout]    |
[INFO] [stdout] 36 |     let mut second_cfg = Config::new();
[INFO] [stdout]    |                          ^^^^^^ use of undeclared type `Config`
[INFO] [stdout]    |
[INFO] [stdout] help: consider importing this struct
[INFO] [stdout]    |
[INFO] [stdout] 4  + use deadpool_postgres::Config;
[INFO] [stdout]    |
[INFO] [stdout] 
[INFO] [stdout] error[E0412]: cannot find type `Pool` in this scope
[INFO] [stdout]   --> src/diff/sequence/query/sequence_query_executor.rs:46:24
[INFO] [stdout]    |
[INFO] [stdout] 39 |     let first_db_pool: Pool = first_cfg
[INFO] [stdout]    |                        ^^^^
[INFO] [stdout]    |
[INFO] [stdout] help: a builtin type with a similar name exists
[INFO] [stdout]    |
[INFO] [stdout] 39 |     let first_db_pool: bool = first_cfg
[INFO] [stdout]    |                        ~~~~
[INFO] [stdout] help: consider importing this type alias
[INFO] [stdout]    |
[INFO] [stdout] 4  + use deadpool_postgres::Pool;
[INFO] [stdout]    |
[INFO] [stdout] 
[INFO] [stdout] error[E0433]: failed to resolve: use of undeclared type `Runtime`
[INFO] [stdout]   --> src/diff/sequence/query/sequence_query_executor.rs:47:27
[INFO] [stdout]    |
[INFO] [stdout] 40 |         .create_pool(Some(Runtime::Tokio1), NoTls)
[INFO] [stdout]    |                           ^^^^^^^ use of undeclared type `Runtime`
[INFO] [stdout]    |
[INFO] [stdout] help: consider importing one of these items
[INFO] [stdout]    |
[INFO] [stdout] 4  + use deadpool_postgres::Runtime;
[INFO] [stdout]    |
[INFO] [stdout] 4  + use tokio::runtime::Runtime;
[INFO] [stdout]    |
[INFO] [stdout] 
[INFO] [stdout] error[E0425]: cannot find value `NoTls` in this scope
[INFO] [stdout]   --> src/diff/sequence/query/sequence_query_executor.rs:47:45
[INFO] [stdout]    |
[INFO] [stdout] 40 |         .create_pool(Some(Runtime::Tokio1), NoTls)
[INFO] [stdout]    |                                             ^^^^^ not found in this scope
[INFO] [stdout] 
[INFO] [stdout] error[E0412]: cannot find type `Pool` in this scope
[INFO] [stdout]   --> src/diff/sequence/query/sequence_query_executor.rs:50:25
[INFO] [stdout]    |
[INFO] [stdout] 43 |     let second_db_pool: Pool = second_cfg
[INFO] [stdout]    |                         ^^^^
[INFO] [stdout]    |
[INFO] [stdout] help: a builtin type with a similar name exists
[INFO] [stdout]    |
[INFO] [stdout] 43 |     let second_db_pool: bool = second_cfg
[INFO] [stdout]    |                         ~~~~
[INFO] [stdout] help: consider importing this type alias
[INFO] [stdout]    |
[INFO] [stdout] 4  + use deadpool_postgres::Pool;
[INFO] [stdout]    |
[INFO] [stdout] 
[INFO] [stdout] error[E0433]: failed to resolve: use of undeclared type `Runtime`
[INFO] [stdout]   --> src/diff/sequence/query/sequence_query_executor.rs:51:27
[INFO] [stdout]    |
[INFO] [stdout] 44 |         .create_pool(Some(Runtime::Tokio1), NoTls)
[INFO] [stdout]    |                           ^^^^^^^ use of undeclared type `Runtime`
[INFO] [stdout]    |
[INFO] [stdout] help: consider importing one of these items
[INFO] [stdout]    |
[INFO] [stdout] 4  + use deadpool_postgres::Runtime;
[INFO] [stdout]    |
[INFO] [stdout] 4  + use tokio::runtime::Runtime;
[INFO] [stdout]    |
[INFO] [stdout] 
[INFO] [stdout] error[E0425]: cannot find value `NoTls` in this scope
[INFO] [stdout]   --> src/diff/sequence/query/sequence_query_executor.rs:51:45
[INFO] [stdout]    |
[INFO] [stdout] 44 |         .create_pool(Some(Runtime::Tokio1), NoTls)
[INFO] [stdout]    |                                             ^^^^^ not found in this scope
[INFO] [stdout] 
[INFO] [stdout] error: aborting due to 12 previous errors
[INFO] [stdout] 
[INFO] [stdout] Some errors have detailed explanations: E0412, E0425, E0433.
[INFO] [stdout] For more information about an error, try `rustc --explain E0412`.
[INFO] [stdout] Couldn't compile the test.
[INFO] [stdout] 
[INFO] [stdout] failures:
[INFO] [stdout]     src/diff/sequence/query/sequence_query_executor.rs - diff::sequence::query::sequence_query_executor (line 9)
[INFO] [stdout]     src/diff/sequence/query/sequence_query_executor.rs - diff::sequence::query::sequence_query_executor::QueryAllSequencesInput (line 9)
[INFO] [stdout]     src/diff/sequence/query/sequence_query_executor.rs - diff::sequence::query::sequence_query_executor::QueryLastValuesInput (line 9)
[INFO] [stdout]     src/diff/table/query/table_query_executor.rs - diff::table::query::table_query_executor::Result (line 9)
[INFO] [stdout] 
[INFO] [stdout] test result: FAILED. 0 passed; 4 failed; 0 ignored; 0 measured; 0 filtered out; finished in 0.32s
[INFO] [stdout] 
[INFO] [stderr] error: doctest failed, to rerun pass `--doc`
[INFO] running `Command { std: "docker" "inspect" "309ce23709f02a8b4372e5a284498aa1e7f94ceda05266331f596da7da1406e4", kill_on_drop: false }`
[INFO] running `Command { std: "docker" "rm" "-f" "309ce23709f02a8b4372e5a284498aa1e7f94ceda05266331f596da7da1406e4", kill_on_drop: false }`
[INFO] [stdout] 309ce23709f02a8b4372e5a284498aa1e7f94ceda05266331f596da7da1406e4
