[INFO] fetching crate rust-drm 0.1.0...
[INFO] testing rust-drm-0.1.0 against 1.83.0 for beta-1.84.0-4-retry
[INFO] extracting crate rust-drm 0.1.0 into /workspace/builds/worker-5-tc1/source
[INFO] validating manifest of crates.io crate rust-drm 0.1.0 on toolchain 1.83.0
[INFO] running `Command { std: CARGO_HOME="/workspace/cargo-home" RUSTUP_HOME="/workspace/rustup-home" "/workspace/cargo-home/bin/cargo" "+1.83.0" "metadata" "--manifest-path" "Cargo.toml" "--no-deps", kill_on_drop: false }`
[INFO] started tweaking crates.io crate rust-drm 0.1.0
[INFO] finished tweaking crates.io crate rust-drm 0.1.0
[INFO] tweaked toml for crates.io crate rust-drm 0.1.0 written to /workspace/builds/worker-5-tc1/source/Cargo.toml
[INFO] running `Command { std: CARGO_HOME="/workspace/cargo-home" RUSTUP_HOME="/workspace/rustup-home" "/workspace/cargo-home/bin/cargo" "+1.83.0" "generate-lockfile" "--manifest-path" "Cargo.toml", kill_on_drop: false }`
[INFO] [stderr]     Updating crates.io index
[INFO] [stderr]      Locking 5 packages to latest compatible versions
[INFO] running `Command { std: CARGO_HOME="/workspace/cargo-home" RUSTUP_HOME="/workspace/rustup-home" "/workspace/cargo-home/bin/cargo" "+1.83.0" "fetch" "--manifest-path" "Cargo.toml", kill_on_drop: false }`
[INFO] running `Command { std: "docker" "create" "-v" "/var/lib/crater-agent-workspace/builds/worker-5-tc1/target:/opt/rustwide/target:rw,Z" "-v" "/var/lib/crater-agent-workspace/builds/worker-5-tc1/source:/opt/rustwide/workdir:ro,Z" "-v" "/var/lib/crater-agent-workspace/cargo-home:/opt/rustwide/cargo-home:ro,Z" "-v" "/var/lib/crater-agent-workspace/rustup-home:/opt/rustwide/rustup-home:ro,Z" "-e" "SOURCE_DIR=/opt/rustwide/workdir" "-e" "CARGO_TARGET_DIR=/opt/rustwide/target" "-e" "CARGO_HOME=/opt/rustwide/cargo-home" "-e" "RUSTUP_HOME=/opt/rustwide/rustup-home" "-w" "/opt/rustwide/workdir" "-m" "1610612736" "--user" "0:0" "--network" "none" "ghcr.io/rust-lang/crates-build-env/linux@sha256:f3a9d4ad9d972b27faf3965f35b62e55ba32bbce8f20bc8fe909558a86702fde" "/opt/rustwide/cargo-home/bin/cargo" "+1.83.0" "metadata" "--no-deps" "--format-version=1", kill_on_drop: false }`
[INFO] [stdout] c8185921d67ece1616e6b6466f8497578383f05045294d3ccee79be853301cbc
[INFO] running `Command { std: "docker" "start" "-a" "c8185921d67ece1616e6b6466f8497578383f05045294d3ccee79be853301cbc", kill_on_drop: false }`
[INFO] running `Command { std: "docker" "inspect" "c8185921d67ece1616e6b6466f8497578383f05045294d3ccee79be853301cbc", kill_on_drop: false }`
[INFO] running `Command { std: "docker" "rm" "-f" "c8185921d67ece1616e6b6466f8497578383f05045294d3ccee79be853301cbc", kill_on_drop: false }`
[INFO] [stdout] c8185921d67ece1616e6b6466f8497578383f05045294d3ccee79be853301cbc
[INFO] running `Command { std: "docker" "create" "-v" "/var/lib/crater-agent-workspace/builds/worker-5-tc1/target:/opt/rustwide/target:rw,Z" "-v" "/var/lib/crater-agent-workspace/builds/worker-5-tc1/source:/opt/rustwide/workdir:ro,Z" "-v" "/var/lib/crater-agent-workspace/cargo-home:/opt/rustwide/cargo-home:ro,Z" "-v" "/var/lib/crater-agent-workspace/rustup-home:/opt/rustwide/rustup-home:ro,Z" "-e" "SOURCE_DIR=/opt/rustwide/workdir" "-e" "CARGO_TARGET_DIR=/opt/rustwide/target" "-e" "CARGO_INCREMENTAL=0" "-e" "RUST_BACKTRACE=full" "-e" "RUSTFLAGS=--cap-lints=warn" "-e" "RUSTDOCFLAGS=--cap-lints=warn" "-e" "CARGO_HOME=/opt/rustwide/cargo-home" "-e" "RUSTUP_HOME=/opt/rustwide/rustup-home" "-w" "/opt/rustwide/workdir" "-m" "1610612736" "--user" "0:0" "--network" "none" "ghcr.io/rust-lang/crates-build-env/linux@sha256:f3a9d4ad9d972b27faf3965f35b62e55ba32bbce8f20bc8fe909558a86702fde" "/opt/rustwide/cargo-home/bin/cargo" "+1.83.0" "build" "--frozen" "--message-format=json", kill_on_drop: false }`
[INFO] [stdout] 90e1a62d2eb2447630adda95132a37d058d4449364b3866b8c7cb6a579e84f39
[INFO] running `Command { std: "docker" "start" "-a" "90e1a62d2eb2447630adda95132a37d058d4449364b3866b8c7cb6a579e84f39", kill_on_drop: false }`
[INFO] [stderr]    Compiling memchr v2.7.4
[INFO] [stderr]    Compiling regex-syntax v0.8.5
[INFO] [stderr]    Compiling aho-corasick v1.1.3
[INFO] [stderr]    Compiling regex-automata v0.4.9
[INFO] [stderr]    Compiling regex v1.11.1
[INFO] [stderr]    Compiling rust-drm v0.1.0 (/opt/rustwide/workdir)
[INFO] [stdout] warning: fields `domain`, `bus`, `dev`, and `func` are never read
[INFO] [stdout]   --> src/lib.rs:16:5
[INFO] [stdout]    |
[INFO] [stdout] 15 | pub struct PCIBusInfo {
[INFO] [stdout]    |            ---------- fields in this struct
[INFO] [stdout] 16 |     domain: u16,
[INFO] [stdout]    |     ^^^^^^
[INFO] [stdout] 17 |     bus: u8,
[INFO] [stdout]    |     ^^^
[INFO] [stdout] 18 |     dev: u8,
[INFO] [stdout]    |     ^^^
[INFO] [stdout] 19 |     func: u8,
[INFO] [stdout]    |     ^^^^
[INFO] [stdout]    |
[INFO] [stdout]    = note: `PCIBusInfo` has a derived impl for the trait `Debug`, but this is intentionally ignored during dead code analysis
[INFO] [stdout]    = note: `#[warn(dead_code)]` on by default
[INFO] [stdout] 
[INFO] [stdout] 
[INFO] [stdout] warning: fields `vendor_id`, `device_id`, `subvendor_id`, `subdevice_id`, and `revision_id` are never read
[INFO] [stdout]   --> src/lib.rs:52:5
[INFO] [stdout]    |
[INFO] [stdout] 51 | pub struct PCIDeviceInfo {
[INFO] [stdout]    |            ------------- fields in this struct
[INFO] [stdout] 52 |     vendor_id: u16,
[INFO] [stdout]    |     ^^^^^^^^^
[INFO] [stdout] 53 |     device_id: u16,
[INFO] [stdout]    |     ^^^^^^^^^
[INFO] [stdout] 54 |     subvendor_id: u16,
[INFO] [stdout]    |     ^^^^^^^^^^^^
[INFO] [stdout] 55 |     subdevice_id: u16,
[INFO] [stdout]    |     ^^^^^^^^^^^^
[INFO] [stdout] 56 |     revision_id: u8,
[INFO] [stdout]    |     ^^^^^^^^^^^
[INFO] [stdout]    |
[INFO] [stdout]    = note: `PCIDeviceInfo` has a derived impl for the trait `Debug`, but this is intentionally ignored during dead code analysis
[INFO] [stdout] 
[INFO] [stdout] 
[INFO] [stdout] warning: fields `available_nodes`, `bus_type`, and `bus_info` are never read
[INFO] [stdout]   --> src/lib.rs:70:5
[INFO] [stdout]    |
[INFO] [stdout] 68 | pub struct DrmDevice {
[INFO] [stdout]    |            --------- fields in this struct
[INFO] [stdout] 69 |     //    nodes: [&str],
[INFO] [stdout] 70 |     available_nodes: i32,
[INFO] [stdout]    |     ^^^^^^^^^^^^^^^
[INFO] [stdout] 71 |     bus_type: DrmBus,
[INFO] [stdout]    |     ^^^^^^^^
[INFO] [stdout] 72 |     bus_info: BusInfo,
[INFO] [stdout]    |     ^^^^^^^^
[INFO] [stdout]    |
[INFO] [stdout]    = note: `DrmDevice` has a derived impl for the trait `Debug`, but this is intentionally ignored during dead code analysis
[INFO] [stdout] 
[INFO] [stdout] 
[INFO] [stderr]     Finished `dev` profile [unoptimized + debuginfo] target(s) in 7.34s
[INFO] running `Command { std: "docker" "inspect" "90e1a62d2eb2447630adda95132a37d058d4449364b3866b8c7cb6a579e84f39", kill_on_drop: false }`
[INFO] running `Command { std: "docker" "rm" "-f" "90e1a62d2eb2447630adda95132a37d058d4449364b3866b8c7cb6a579e84f39", kill_on_drop: false }`
[INFO] [stdout] 90e1a62d2eb2447630adda95132a37d058d4449364b3866b8c7cb6a579e84f39
[INFO] running `Command { std: "docker" "create" "-v" "/var/lib/crater-agent-workspace/builds/worker-5-tc1/target:/opt/rustwide/target:rw,Z" "-v" "/var/lib/crater-agent-workspace/builds/worker-5-tc1/source:/opt/rustwide/workdir:ro,Z" "-v" "/var/lib/crater-agent-workspace/cargo-home:/opt/rustwide/cargo-home:ro,Z" "-v" "/var/lib/crater-agent-workspace/rustup-home:/opt/rustwide/rustup-home:ro,Z" "-e" "SOURCE_DIR=/opt/rustwide/workdir" "-e" "CARGO_TARGET_DIR=/opt/rustwide/target" "-e" "CARGO_INCREMENTAL=0" "-e" "RUST_BACKTRACE=full" "-e" "RUSTFLAGS=--cap-lints=warn" "-e" "RUSTDOCFLAGS=--cap-lints=warn" "-e" "CARGO_HOME=/opt/rustwide/cargo-home" "-e" "RUSTUP_HOME=/opt/rustwide/rustup-home" "-w" "/opt/rustwide/workdir" "-m" "1610612736" "--user" "0:0" "--network" "none" "ghcr.io/rust-lang/crates-build-env/linux@sha256:f3a9d4ad9d972b27faf3965f35b62e55ba32bbce8f20bc8fe909558a86702fde" "/opt/rustwide/cargo-home/bin/cargo" "+1.83.0" "test" "--frozen" "--no-run" "--message-format=json", kill_on_drop: false }`
[INFO] [stdout] f90097bce08a60c4d57f66fe05b7223132d1bd7e726bdafc197f33d25b8dcb2d
[INFO] running `Command { std: "docker" "start" "-a" "f90097bce08a60c4d57f66fe05b7223132d1bd7e726bdafc197f33d25b8dcb2d", kill_on_drop: false }`
[INFO] [stdout] warning: fields `domain`, `bus`, `dev`, and `func` are never read
[INFO] [stdout]   --> src/lib.rs:16:5
[INFO] [stdout]    |
[INFO] [stdout] 15 | pub struct PCIBusInfo {
[INFO] [stdout]    |            ---------- fields in this struct
[INFO] [stdout] 16 |     domain: u16,
[INFO] [stdout]    |     ^^^^^^
[INFO] [stdout] 17 |     bus: u8,
[INFO] [stdout]    |     ^^^
[INFO] [stdout] 18 |     dev: u8,
[INFO] [stdout]    |     ^^^
[INFO] [stdout] 19 |     func: u8,
[INFO] [stdout]    |     ^^^^
[INFO] [stdout]    |
[INFO] [stdout]    = note: `PCIBusInfo` has a derived impl for the trait `Debug`, but this is intentionally ignored during dead code analysis
[INFO] [stdout]    = note: `#[warn(dead_code)]` on by default
[INFO] [stdout] 
[INFO] [stdout] 
[INFO] [stdout] warning: fields `vendor_id`, `device_id`, `subvendor_id`, `subdevice_id`, and `revision_id` are never read
[INFO] [stdout]   --> src/lib.rs:52:5
[INFO] [stdout]    |
[INFO] [stdout] 51 | pub struct PCIDeviceInfo {
[INFO] [stdout]    |            ------------- fields in this struct
[INFO] [stdout] 52 |     vendor_id: u16,
[INFO] [stdout]    |     ^^^^^^^^^
[INFO] [stdout] 53 |     device_id: u16,
[INFO] [stdout]    |     ^^^^^^^^^
[INFO] [stdout] 54 |     subvendor_id: u16,
[INFO] [stdout]    |     ^^^^^^^^^^^^
[INFO] [stdout] 55 |     subdevice_id: u16,
[INFO] [stdout]    |     ^^^^^^^^^^^^
[INFO] [stdout] 56 |     revision_id: u8,
[INFO] [stdout]    |     ^^^^^^^^^^^
[INFO] [stdout]    |
[INFO] [stdout]    = note: `PCIDeviceInfo` has a derived impl for the trait `Debug`, but this is intentionally ignored during dead code analysis
[INFO] [stdout] 
[INFO] [stdout] 
[INFO] [stdout] warning: fields `available_nodes`, `bus_type`, and `bus_info` are never read
[INFO] [stdout]   --> src/lib.rs:70:5
[INFO] [stdout]    |
[INFO] [stdout] 68 | pub struct DrmDevice {
[INFO] [stdout]    |            --------- fields in this struct
[INFO] [stdout] 69 |     //    nodes: [&str],
[INFO] [stdout] 70 |     available_nodes: i32,
[INFO] [stdout]    |     ^^^^^^^^^^^^^^^
[INFO] [stdout] 71 |     bus_type: DrmBus,
[INFO] [stdout]    |     ^^^^^^^^
[INFO] [stdout] 72 |     bus_info: BusInfo,
[INFO] [stdout]    |     ^^^^^^^^
[INFO] [stdout]    |
[INFO] [stdout]    = note: `DrmDevice` has a derived impl for the trait `Debug`, but this is intentionally ignored during dead code analysis
[INFO] [stdout] 
[INFO] [stdout] 
[INFO] [stderr]    Compiling rust-drm v0.1.0 (/opt/rustwide/workdir)
[INFO] [stdout] warning: fields `domain`, `bus`, `dev`, and `func` are never read
[INFO] [stdout]   --> src/lib.rs:16:5
[INFO] [stdout]    |
[INFO] [stdout] 15 | pub struct PCIBusInfo {
[INFO] [stdout]    |            ---------- fields in this struct
[INFO] [stdout] 16 |     domain: u16,
[INFO] [stdout]    |     ^^^^^^
[INFO] [stdout] 17 |     bus: u8,
[INFO] [stdout]    |     ^^^
[INFO] [stdout] 18 |     dev: u8,
[INFO] [stdout]    |     ^^^
[INFO] [stdout] 19 |     func: u8,
[INFO] [stdout]    |     ^^^^
[INFO] [stdout]    |
[INFO] [stdout]    = note: `PCIBusInfo` has a derived impl for the trait `Debug`, but this is intentionally ignored during dead code analysis
[INFO] [stdout]    = note: `#[warn(dead_code)]` on by default
[INFO] [stdout] 
[INFO] [stdout] 
[INFO] [stdout] warning: fields `vendor_id`, `device_id`, `subvendor_id`, `subdevice_id`, and `revision_id` are never read
[INFO] [stdout]   --> src/lib.rs:52:5
[INFO] [stdout]    |
[INFO] [stdout] 51 | pub struct PCIDeviceInfo {
[INFO] [stdout]    |            ------------- fields in this struct
[INFO] [stdout] 52 |     vendor_id: u16,
[INFO] [stdout]    |     ^^^^^^^^^
[INFO] [stdout] 53 |     device_id: u16,
[INFO] [stdout]    |     ^^^^^^^^^
[INFO] [stdout] 54 |     subvendor_id: u16,
[INFO] [stdout]    |     ^^^^^^^^^^^^
[INFO] [stdout] 55 |     subdevice_id: u16,
[INFO] [stdout]    |     ^^^^^^^^^^^^
[INFO] [stdout] 56 |     revision_id: u8,
[INFO] [stdout]    |     ^^^^^^^^^^^
[INFO] [stdout]    |
[INFO] [stdout]    = note: `PCIDeviceInfo` has a derived impl for the trait `Debug`, but this is intentionally ignored during dead code analysis
[INFO] [stdout] 
[INFO] [stdout] 
[INFO] [stdout] warning: fields `available_nodes`, `bus_type`, and `bus_info` are never read
[INFO] [stdout]   --> src/lib.rs:70:5
[INFO] [stdout]    |
[INFO] [stdout] 68 | pub struct DrmDevice {
[INFO] [stdout]    |            --------- fields in this struct
[INFO] [stdout] 69 |     //    nodes: [&str],
[INFO] [stdout] 70 |     available_nodes: i32,
[INFO] [stdout]    |     ^^^^^^^^^^^^^^^
[INFO] [stdout] 71 |     bus_type: DrmBus,
[INFO] [stdout]    |     ^^^^^^^^
[INFO] [stdout] 72 |     bus_info: BusInfo,
[INFO] [stdout]    |     ^^^^^^^^
[INFO] [stdout]    |
[INFO] [stdout]    = note: `DrmDevice` has a derived impl for the trait `Debug`, but this is intentionally ignored during dead code analysis
[INFO] [stdout] 
[INFO] [stdout] 
[INFO] [stderr]     Finished `test` profile [unoptimized + debuginfo] target(s) in 1.20s
[INFO] running `Command { std: "docker" "inspect" "f90097bce08a60c4d57f66fe05b7223132d1bd7e726bdafc197f33d25b8dcb2d", kill_on_drop: false }`
[INFO] running `Command { std: "docker" "rm" "-f" "f90097bce08a60c4d57f66fe05b7223132d1bd7e726bdafc197f33d25b8dcb2d", kill_on_drop: false }`
[INFO] [stdout] f90097bce08a60c4d57f66fe05b7223132d1bd7e726bdafc197f33d25b8dcb2d
[INFO] running `Command { std: "docker" "create" "-v" "/var/lib/crater-agent-workspace/builds/worker-5-tc1/target:/opt/rustwide/target:rw,Z" "-v" "/var/lib/crater-agent-workspace/builds/worker-5-tc1/source:/opt/rustwide/workdir:ro,Z" "-v" "/var/lib/crater-agent-workspace/cargo-home:/opt/rustwide/cargo-home:ro,Z" "-v" "/var/lib/crater-agent-workspace/rustup-home:/opt/rustwide/rustup-home:ro,Z" "-e" "SOURCE_DIR=/opt/rustwide/workdir" "-e" "CARGO_TARGET_DIR=/opt/rustwide/target" "-e" "CARGO_INCREMENTAL=0" "-e" "RUST_BACKTRACE=full" "-e" "RUSTFLAGS=--cap-lints=warn" "-e" "RUSTDOCFLAGS=--cap-lints=warn" "-e" "CARGO_HOME=/opt/rustwide/cargo-home" "-e" "RUSTUP_HOME=/opt/rustwide/rustup-home" "-w" "/opt/rustwide/workdir" "-m" "1610612736" "--user" "0:0" "--network" "none" "ghcr.io/rust-lang/crates-build-env/linux@sha256:f3a9d4ad9d972b27faf3965f35b62e55ba32bbce8f20bc8fe909558a86702fde" "/opt/rustwide/cargo-home/bin/cargo" "+1.83.0" "test" "--frozen", kill_on_drop: false }`
[INFO] [stdout] a58446e30cd51183e4c354fc9ca215350023847fd6085449479feedc76069a89
[INFO] running `Command { std: "docker" "start" "-a" "a58446e30cd51183e4c354fc9ca215350023847fd6085449479feedc76069a89", kill_on_drop: false }`
[INFO] [stderr] warning: fields `domain`, `bus`, `dev`, and `func` are never read
[INFO] [stderr]   --> src/lib.rs:16:5
[INFO] [stderr]    |
[INFO] [stderr] 15 | pub struct PCIBusInfo {
[INFO] [stderr]    |            ---------- fields in this struct
[INFO] [stderr] 16 |     domain: u16,
[INFO] [stderr]    |     ^^^^^^
[INFO] [stderr] 17 |     bus: u8,
[INFO] [stderr]    |     ^^^
[INFO] [stderr] 18 |     dev: u8,
[INFO] [stderr]    |     ^^^
[INFO] [stderr] 19 |     func: u8,
[INFO] [stderr]    |     ^^^^
[INFO] [stderr]    |
[INFO] [stderr]    = note: `PCIBusInfo` has a derived impl for the trait `Debug`, but this is intentionally ignored during dead code analysis
[INFO] [stderr]    = note: `#[warn(dead_code)]` on by default
[INFO] [stderr] 
[INFO] [stderr] warning: fields `vendor_id`, `device_id`, `subvendor_id`, `subdevice_id`, and `revision_id` are never read
[INFO] [stderr]   --> src/lib.rs:52:5
[INFO] [stderr]    |
[INFO] [stderr] 51 | pub struct PCIDeviceInfo {
[INFO] [stderr]    |            ------------- fields in this struct
[INFO] [stderr] 52 |     vendor_id: u16,
[INFO] [stderr]    |     ^^^^^^^^^
[INFO] [stderr] 53 |     device_id: u16,
[INFO] [stderr]    |     ^^^^^^^^^
[INFO] [stderr] 54 |     subvendor_id: u16,
[INFO] [stderr]    |     ^^^^^^^^^^^^
[INFO] [stderr] 55 |     subdevice_id: u16,
[INFO] [stderr]    |     ^^^^^^^^^^^^
[INFO] [stderr] 56 |     revision_id: u8,
[INFO] [stderr]    |     ^^^^^^^^^^^
[INFO] [stderr]    |
[INFO] [stderr]    = note: `PCIDeviceInfo` has a derived impl for the trait `Debug`, but this is intentionally ignored during dead code analysis
[INFO] [stderr] 
[INFO] [stderr] warning: fields `available_nodes`, `bus_type`, and `bus_info` are never read
[INFO] [stderr]   --> src/lib.rs:70:5
[INFO] [stderr]    |
[INFO] [stderr] 68 | pub struct DrmDevice {
[INFO] [stderr]    |            --------- fields in this struct
[INFO] [stderr] 69 |     //    nodes: [&str],
[INFO] [stderr] 70 |     available_nodes: i32,
[INFO] [stderr]    |     ^^^^^^^^^^^^^^^
[INFO] [stderr] 71 |     bus_type: DrmBus,
[INFO] [stderr]    |     ^^^^^^^^
[INFO] [stderr] 72 |     bus_info: BusInfo,
[INFO] [stderr]    |     ^^^^^^^^
[INFO] [stderr]    |
[INFO] [stderr]    = note: `DrmDevice` has a derived impl for the trait `Debug`, but this is intentionally ignored during dead code analysis
[INFO] [stderr] 
[INFO] [stderr] warning: `rust-drm` (lib) generated 3 warnings
[INFO] [stderr] warning: `rust-drm` (lib test) generated 3 warnings (3 duplicates)
[INFO] [stderr]     Finished `test` profile [unoptimized + debuginfo] target(s) in 0.02s
[INFO] [stderr]      Running unittests src/lib.rs (/opt/rustwide/target/debug/deps/rust_drm-4a6afa93afa625b5)
[INFO] [stdout] 
[INFO] [stdout] running 1 test
[INFO] [stdout] test tests::process_device_happy_path ... FAILED
[INFO] [stdout] 
[INFO] [stdout] failures:
[INFO] [stdout] 
[INFO] [stdout] ---- tests::process_device_happy_path stdout ----
[INFO] [stdout] thread 'tests::process_device_happy_path' panicked at src/lib.rs:135:52:
[INFO] [stdout] called `Result::unwrap()` on an `Err` value: Os { code: 2, kind: NotFound, message: "No such file or directory" }
[INFO] [stdout] stack backtrace:
[INFO] [stdout]    0:     0x5b1bea79a62a - std::backtrace_rs::backtrace::libunwind::trace::h5a5b8284f2d0c266
[INFO] [stdout]                                at /rustc/90b35a6239c3d8bdabc530a6a0816f7ff89a0aaf/library/std/src/../../backtrace/src/backtrace/libunwind.rs:116:5
[INFO] [stdout]    1:     0x5b1bea79a62a - std::backtrace_rs::backtrace::trace_unsynchronized::h76d4f1c9b0b875e3
[INFO] [stdout]                                at /rustc/90b35a6239c3d8bdabc530a6a0816f7ff89a0aaf/library/std/src/../../backtrace/src/backtrace/mod.rs:66:5
[INFO] [stdout]    2:     0x5b1bea79a62a - std::sys::backtrace::_print_fmt::hc4546b8364a537c6
[INFO] [stdout]                                at /rustc/90b35a6239c3d8bdabc530a6a0816f7ff89a0aaf/library/std/src/sys/backtrace.rs:66:9
[INFO] [stdout]    3:     0x5b1bea79a62a - <std::sys::backtrace::BacktraceLock::print::DisplayBacktrace as core::fmt::Display>::fmt::h5b6bd5631a6d1f6b
[INFO] [stdout]                                at /rustc/90b35a6239c3d8bdabc530a6a0816f7ff89a0aaf/library/std/src/sys/backtrace.rs:39:26
[INFO] [stdout]    4:     0x5b1bea7c00f3 - core::fmt::rt::Argument::fmt::h270f6602a2b96f62
[INFO] [stdout]                                at /rustc/90b35a6239c3d8bdabc530a6a0816f7ff89a0aaf/library/core/src/fmt/rt.rs:177:76
[INFO] [stdout]    5:     0x5b1bea7c00f3 - core::fmt::write::h7550c97b06c86515
[INFO] [stdout]                                at /rustc/90b35a6239c3d8bdabc530a6a0816f7ff89a0aaf/library/core/src/fmt/mod.rs:1186:21
[INFO] [stdout]    6:     0x5b1bea7975f3 - std::io::Write::write_fmt::h509ff860e5956e5e
[INFO] [stdout]                                at /rustc/90b35a6239c3d8bdabc530a6a0816f7ff89a0aaf/library/std/src/io/mod.rs:1839:15
[INFO] [stdout]    7:     0x5b1bea79a472 - std::sys::backtrace::BacktraceLock::print::h2395ccd2c84ba3aa
[INFO] [stdout]                                at /rustc/90b35a6239c3d8bdabc530a6a0816f7ff89a0aaf/library/std/src/sys/backtrace.rs:42:9
[INFO] [stdout]    8:     0x5b1bea79ba8a - std::panicking::default_hook::{{closure}}::he19d4c7230e07961
[INFO] [stdout]                                at /rustc/90b35a6239c3d8bdabc530a6a0816f7ff89a0aaf/library/std/src/panicking.rs:268:22
[INFO] [stdout]    9:     0x5b1bea79b894 - std::panicking::default_hook::hf614597d3c67bbdb
[INFO] [stdout]                                at /rustc/90b35a6239c3d8bdabc530a6a0816f7ff89a0aaf/library/std/src/panicking.rs:292:9
[INFO] [stdout]   10:     0x5b1bea4e1269 - <alloc::boxed::Box<F,A> as core::ops::function::Fn<Args>>::call::h39b51ce4599c23d1
[INFO] [stdout]                                at /rustc/90b35a6239c3d8bdabc530a6a0816f7ff89a0aaf/library/alloc/src/boxed.rs:2468:9
[INFO] [stdout]   11:     0x5b1bea4e1269 - test::test_main::{{closure}}::he977ae839a582784
[INFO] [stdout]                                at /rustc/90b35a6239c3d8bdabc530a6a0816f7ff89a0aaf/library/test/src/lib.rs:133:21
[INFO] [stdout]   12:     0x5b1bea79c128 - <alloc::boxed::Box<F,A> as core::ops::function::Fn<Args>>::call::h9455091b6b06f9fb
[INFO] [stdout]                                at /rustc/90b35a6239c3d8bdabc530a6a0816f7ff89a0aaf/library/alloc/src/boxed.rs:2468:9
[INFO] [stdout]   13:     0x5b1bea79c128 - std::panicking::rust_panic_with_hook::h8942133a8b252070
[INFO] [stdout]                                at /rustc/90b35a6239c3d8bdabc530a6a0816f7ff89a0aaf/library/std/src/panicking.rs:809:13
[INFO] [stdout]   14:     0x5b1bea79beea - std::panicking::begin_panic_handler::{{closure}}::hb5f5963570096b29
[INFO] [stdout]                                at /rustc/90b35a6239c3d8bdabc530a6a0816f7ff89a0aaf/library/std/src/panicking.rs:674:13
[INFO] [stdout]   15:     0x5b1bea79ab09 - std::sys::backtrace::__rust_end_short_backtrace::h6208cedc1922feda
[INFO] [stdout]                                at /rustc/90b35a6239c3d8bdabc530a6a0816f7ff89a0aaf/library/std/src/sys/backtrace.rs:170:18
[INFO] [stdout]   16:     0x5b1bea79bb7c - rust_begin_unwind
[INFO] [stdout]                                at /rustc/90b35a6239c3d8bdabc530a6a0816f7ff89a0aaf/library/std/src/panicking.rs:665:5
[INFO] [stdout]   17:     0x5b1bea49d130 - core::panicking::panic_fmt::h0c3082644d1bf418
[INFO] [stdout]                                at /rustc/90b35a6239c3d8bdabc530a6a0816f7ff89a0aaf/library/core/src/panicking.rs:74:14
[INFO] [stdout]   18:     0x5b1bea49d5b6 - core::result::unwrap_failed::hd20b4aa073bda1e2
[INFO] [stdout]                                at /rustc/90b35a6239c3d8bdabc530a6a0816f7ff89a0aaf/library/core/src/result.rs:1700:5
[INFO] [stdout]   19:     0x5b1bea4a8f52 - core::result::Result<T,E>::unwrap::h238fe37a0f84f091
[INFO] [stdout]                                at /rustc/90b35a6239c3d8bdabc530a6a0816f7ff89a0aaf/library/core/src/result.rs:1104:23
[INFO] [stdout]   20:     0x5b1bea4a8f52 - rust_drm::tests::process_device_happy_path::h69f8a36604eb02cc
[INFO] [stdout]                                at /opt/rustwide/workdir/src/lib.rs:135:9
[INFO] [stdout]   21:     0x5b1bea4a8ec7 - rust_drm::tests::process_device_happy_path::{{closure}}::h01a95c711d84bef8
[INFO] [stdout]                                at /opt/rustwide/workdir/src/lib.rs:134:35
[INFO] [stdout]   22:     0x5b1bea4a4996 - core::ops::function::FnOnce::call_once::h2f283a48ca2436f4
[INFO] [stdout]                                at /rustc/90b35a6239c3d8bdabc530a6a0816f7ff89a0aaf/library/core/src/ops/function.rs:250:5
[INFO] [stdout]   23:     0x5b1bea4e5c2b - core::ops::function::FnOnce::call_once::h109cf8051a59b34e
[INFO] [stdout]                                at /rustc/90b35a6239c3d8bdabc530a6a0816f7ff89a0aaf/library/core/src/ops/function.rs:250:5
[INFO] [stdout]   24:     0x5b1bea4e5c2b - test::__rust_begin_short_backtrace::hf4fff89d377446ba
[INFO] [stdout]                                at /rustc/90b35a6239c3d8bdabc530a6a0816f7ff89a0aaf/library/test/src/lib.rs:621:18
[INFO] [stdout]   25:     0x5b1bea4e5467 - test::run_test_in_process::{{closure}}::h0e39181dd7ee5a43
[INFO] [stdout]                                at /rustc/90b35a6239c3d8bdabc530a6a0816f7ff89a0aaf/library/test/src/lib.rs:644:60
[INFO] [stdout]   26:     0x5b1bea4e5467 - <core::panic::unwind_safe::AssertUnwindSafe<F> as core::ops::function::FnOnce<()>>::call_once::hc5a66a30f0bdfd1f
[INFO] [stdout]                                at /rustc/90b35a6239c3d8bdabc530a6a0816f7ff89a0aaf/library/core/src/panic/unwind_safe.rs:272:9
[INFO] [stdout]   27:     0x5b1bea4e5467 - std::panicking::try::do_call::h873b7cf639554a5e
[INFO] [stdout]                                at /rustc/90b35a6239c3d8bdabc530a6a0816f7ff89a0aaf/library/std/src/panicking.rs:557:40
[INFO] [stdout]   28:     0x5b1bea4e5467 - std::panicking::try::hdb19862fad9c8bd1
[INFO] [stdout]                                at /rustc/90b35a6239c3d8bdabc530a6a0816f7ff89a0aaf/library/std/src/panicking.rs:520:19
[INFO] [stdout]   29:     0x5b1bea4e5467 - std::panic::catch_unwind::h281fe732d236d260
[INFO] [stdout]                                at /rustc/90b35a6239c3d8bdabc530a6a0816f7ff89a0aaf/library/std/src/panic.rs:358:14
[INFO] [stdout]   30:     0x5b1bea4e5467 - test::run_test_in_process::h949b6df8457ed338
[INFO] [stdout]                                at /rustc/90b35a6239c3d8bdabc530a6a0816f7ff89a0aaf/library/test/src/lib.rs:644:27
[INFO] [stdout]   31:     0x5b1bea4e5467 - test::run_test::{{closure}}::h52c556a6d4740e10
[INFO] [stdout]                                at /rustc/90b35a6239c3d8bdabc530a6a0816f7ff89a0aaf/library/test/src/lib.rs:565:43
[INFO] [stdout]   32:     0x5b1bea4aa744 - test::run_test::{{closure}}::h4237f6381c45ccb9
[INFO] [stdout]                                at /rustc/90b35a6239c3d8bdabc530a6a0816f7ff89a0aaf/library/test/src/lib.rs:595:41
[INFO] [stdout]   33:     0x5b1bea4aa744 - std::sys::backtrace::__rust_begin_short_backtrace::h505c97a579eca628
[INFO] [stdout]                                at /rustc/90b35a6239c3d8bdabc530a6a0816f7ff89a0aaf/library/std/src/sys/backtrace.rs:154:18
[INFO] [stdout]   34:     0x5b1bea4ade0e - std::thread::Builder::spawn_unchecked_::{{closure}}::{{closure}}::h9e86b2e2bc107ea3
[INFO] [stdout]                                at /rustc/90b35a6239c3d8bdabc530a6a0816f7ff89a0aaf/library/std/src/thread/mod.rs:538:17
[INFO] [stdout]   35:     0x5b1bea4ade0e - <core::panic::unwind_safe::AssertUnwindSafe<F> as core::ops::function::FnOnce<()>>::call_once::h8b06ddb275ff4a25
[INFO] [stdout]                                at /rustc/90b35a6239c3d8bdabc530a6a0816f7ff89a0aaf/library/core/src/panic/unwind_safe.rs:272:9
[INFO] [stdout]   36:     0x5b1bea4ade0e - std::panicking::try::do_call::hb26ecd7cd9a9355d
[INFO] [stdout]                                at /rustc/90b35a6239c3d8bdabc530a6a0816f7ff89a0aaf/library/std/src/panicking.rs:557:40
[INFO] [stdout]   37:     0x5b1bea4ade0e - std::panicking::try::h8ddeca9d705f9069
[INFO] [stdout]                                at /rustc/90b35a6239c3d8bdabc530a6a0816f7ff89a0aaf/library/std/src/panicking.rs:520:19
[INFO] [stdout]   38:     0x5b1bea4ade0e - std::panic::catch_unwind::h49e1c33078844c46
[INFO] [stdout]                                at /rustc/90b35a6239c3d8bdabc530a6a0816f7ff89a0aaf/library/std/src/panic.rs:358:14
[INFO] [stdout]   39:     0x5b1bea4ade0e - std::thread::Builder::spawn_unchecked_::{{closure}}::h6073db6ff56ad35d
[INFO] [stdout]                                at /rustc/90b35a6239c3d8bdabc530a6a0816f7ff89a0aaf/library/std/src/thread/mod.rs:537:30
[INFO] [stdout]   40:     0x5b1bea4ade0e - core::ops::function::FnOnce::call_once{{vtable.shim}}::h2c5a5f3779c774f1
[INFO] [stdout]                                at /rustc/90b35a6239c3d8bdabc530a6a0816f7ff89a0aaf/library/core/src/ops/function.rs:250:5
[INFO] [stdout]   41:     0x5b1bea79fe8b - <alloc::boxed::Box<F,A> as core::ops::function::FnOnce<Args>>::call_once::hf75717d9f28faebf
[INFO] [stdout]                                at /rustc/90b35a6239c3d8bdabc530a6a0816f7ff89a0aaf/library/alloc/src/boxed.rs:2454:9
[INFO] [stdout]   42:     0x5b1bea79fe8b - <alloc::boxed::Box<F,A> as core::ops::function::FnOnce<Args>>::call_once::h7bd883a5f3c5f3c1
[INFO] [stdout]                                at /rustc/90b35a6239c3d8bdabc530a6a0816f7ff89a0aaf/library/alloc/src/boxed.rs:2454:9
[INFO] [stdout]   43:     0x5b1bea79fe8b - std::sys::pal::unix::thread::Thread::new::thread_start::hcc78f3943333fa94
[INFO] [stdout]                                at /rustc/90b35a6239c3d8bdabc530a6a0816f7ff89a0aaf/library/std/src/sys/pal/unix/thread.rs:105:17
[INFO] [stdout]   44:     0x72c5dd54eac3 - <unknown>
[INFO] [stdout]   45:     0x72c5dd5dfa04 - clone
[INFO] [stdout]   46:                0x0 - <unknown>
[INFO] [stdout] 
[INFO] [stdout] 
[INFO] [stdout] failures:
[INFO] [stdout]     tests::process_device_happy_path
[INFO] [stdout] 
[INFO] [stdout] test result: FAILED. 0 passed; 1 failed; 0 ignored; 0 measured; 0 filtered out; finished in 0.03s
[INFO] [stdout] 
[INFO] [stderr] error: test failed, to rerun pass `--lib`
[INFO] running `Command { std: "docker" "inspect" "a58446e30cd51183e4c354fc9ca215350023847fd6085449479feedc76069a89", kill_on_drop: false }`
[INFO] running `Command { std: "docker" "rm" "-f" "a58446e30cd51183e4c354fc9ca215350023847fd6085449479feedc76069a89", kill_on_drop: false }`
[INFO] [stdout] a58446e30cd51183e4c354fc9ca215350023847fd6085449479feedc76069a89
