[INFO] fetching crate rust-diagnostics 0.1.11...
[INFO] testing rust-diagnostics-0.1.11 against beta-2024-12-08 for beta-1.84.0-4-retry
[INFO] extracting crate rust-diagnostics 0.1.11 into /workspace/builds/worker-1-tc2/source
[INFO] validating manifest of crates.io crate rust-diagnostics 0.1.11 on toolchain beta-2024-12-08
[INFO] running `Command { std: CARGO_HOME="/workspace/cargo-home" RUSTUP_HOME="/workspace/rustup-home" "/workspace/cargo-home/bin/cargo" "+beta-2024-12-08" "metadata" "--manifest-path" "Cargo.toml" "--no-deps", kill_on_drop: false }`
[INFO] started tweaking crates.io crate rust-diagnostics 0.1.11
[INFO] finished tweaking crates.io crate rust-diagnostics 0.1.11
[INFO] tweaked toml for crates.io crate rust-diagnostics 0.1.11 written to /workspace/builds/worker-1-tc2/source/Cargo.toml
[INFO] crate crates.io crate rust-diagnostics 0.1.11 already has a lockfile, it will not be regenerated
[INFO] running `Command { std: CARGO_HOME="/workspace/cargo-home" RUSTUP_HOME="/workspace/rustup-home" "/workspace/cargo-home/bin/cargo" "+beta-2024-12-08" "fetch" "--manifest-path" "Cargo.toml", kill_on_drop: false }`
[INFO] running `Command { std: "docker" "create" "-v" "/var/lib/crater-agent-workspace/builds/worker-1-tc2/target:/opt/rustwide/target:rw,Z" "-v" "/var/lib/crater-agent-workspace/builds/worker-1-tc2/source:/opt/rustwide/workdir:ro,Z" "-v" "/var/lib/crater-agent-workspace/cargo-home:/opt/rustwide/cargo-home:ro,Z" "-v" "/var/lib/crater-agent-workspace/rustup-home:/opt/rustwide/rustup-home:ro,Z" "-e" "SOURCE_DIR=/opt/rustwide/workdir" "-e" "CARGO_TARGET_DIR=/opt/rustwide/target" "-e" "CARGO_HOME=/opt/rustwide/cargo-home" "-e" "RUSTUP_HOME=/opt/rustwide/rustup-home" "-w" "/opt/rustwide/workdir" "-m" "1610612736" "--user" "0:0" "--network" "none" "ghcr.io/rust-lang/crates-build-env/linux@sha256:f3a9d4ad9d972b27faf3965f35b62e55ba32bbce8f20bc8fe909558a86702fde" "/opt/rustwide/cargo-home/bin/cargo" "+beta-2024-12-08" "metadata" "--no-deps" "--format-version=1", kill_on_drop: false }`
[INFO] [stdout] f0c89d2db65f20ff747e0fee4bd350eb425bdd3ca5b63e24cfc9311dc5db83da
[INFO] running `Command { std: "docker" "start" "-a" "f0c89d2db65f20ff747e0fee4bd350eb425bdd3ca5b63e24cfc9311dc5db83da", kill_on_drop: false }`
[INFO] running `Command { std: "docker" "inspect" "f0c89d2db65f20ff747e0fee4bd350eb425bdd3ca5b63e24cfc9311dc5db83da", kill_on_drop: false }`
[INFO] running `Command { std: "docker" "rm" "-f" "f0c89d2db65f20ff747e0fee4bd350eb425bdd3ca5b63e24cfc9311dc5db83da", kill_on_drop: false }`
[INFO] [stdout] f0c89d2db65f20ff747e0fee4bd350eb425bdd3ca5b63e24cfc9311dc5db83da
[INFO] running `Command { std: "docker" "create" "-v" "/var/lib/crater-agent-workspace/builds/worker-1-tc2/target:/opt/rustwide/target:rw,Z" "-v" "/var/lib/crater-agent-workspace/builds/worker-1-tc2/source:/opt/rustwide/workdir:ro,Z" "-v" "/var/lib/crater-agent-workspace/cargo-home:/opt/rustwide/cargo-home:ro,Z" "-v" "/var/lib/crater-agent-workspace/rustup-home:/opt/rustwide/rustup-home:ro,Z" "-e" "SOURCE_DIR=/opt/rustwide/workdir" "-e" "CARGO_TARGET_DIR=/opt/rustwide/target" "-e" "CARGO_INCREMENTAL=0" "-e" "RUST_BACKTRACE=full" "-e" "RUSTFLAGS=--cap-lints=warn" "-e" "RUSTDOCFLAGS=--cap-lints=warn" "-e" "CARGO_HOME=/opt/rustwide/cargo-home" "-e" "RUSTUP_HOME=/opt/rustwide/rustup-home" "-w" "/opt/rustwide/workdir" "-m" "1610612736" "--user" "0:0" "--network" "none" "ghcr.io/rust-lang/crates-build-env/linux@sha256:f3a9d4ad9d972b27faf3965f35b62e55ba32bbce8f20bc8fe909558a86702fde" "/opt/rustwide/cargo-home/bin/cargo" "+beta-2024-12-08" "build" "--frozen" "--message-format=json", kill_on_drop: false }`
[INFO] [stdout] e5e063dc663925c0d17766ba09ae529883ec27301cb14a06ee1feb845962825f
[INFO] running `Command { std: "docker" "start" "-a" "e5e063dc663925c0d17766ba09ae529883ec27301cb14a06ee1feb845962825f", kill_on_drop: false }`
[INFO] [stderr]    Compiling libc v0.2.137
[INFO] [stderr]    Compiling pkg-config v0.3.26
[INFO] [stderr]    Compiling proc-macro2 v1.0.47
[INFO] [stderr]    Compiling quote v1.0.21
[INFO] [stderr]    Compiling unicode-ident v1.0.5
[INFO] [stderr]    Compiling autocfg v1.1.0
[INFO] [stderr]    Compiling syn v1.0.103
[INFO] [stderr]    Compiling cfg-if v1.0.0
[INFO] [stderr]    Compiling serde_derive v1.0.147
[INFO] [stderr]    Compiling memchr v2.5.0
[INFO] [stderr]    Compiling serde v1.0.147
[INFO] [stderr]    Compiling version_check v0.9.4
[INFO] [stderr]    Compiling log v0.4.17
[INFO] [stderr]    Compiling bitflags v1.3.2
[INFO] [stderr]    Compiling tinyvec_macros v0.1.0
[INFO] [stderr]    Compiling tinyvec v1.6.0
[INFO] [stderr]    Compiling regex-syntax v0.6.28
[INFO] [stderr]    Compiling crc32fast v1.3.2
[INFO] [stderr]    Compiling anyhow v1.0.66
[INFO] [stderr]    Compiling lazy_static v1.4.0
[INFO] [stderr]    Compiling percent-encoding v2.2.0
[INFO] [stderr]    Compiling jobserver v0.1.25
[INFO] [stderr]    Compiling aho-corasick v0.7.20
[INFO] [stderr]    Compiling once_cell v1.17.0
[INFO] [stderr]    Compiling cc v1.0.77
[INFO] [stderr]    Compiling typenum v1.15.0
[INFO] [stderr]    Compiling serde_json v1.0.91
[INFO] [stderr]    Compiling unicode-normalization v0.1.22
[INFO] [stderr]    Compiling unicode-bidi v0.3.8
[INFO] [stderr]    Compiling atty v0.2.14
[INFO] [stderr]    Compiling filetime v0.2.18
[INFO] [stderr]    Compiling form_urlencoded v1.1.0
[INFO] [stderr]    Compiling idna v0.3.0
[INFO] [stderr]    Compiling proc-macro-error-attr v1.0.4
[INFO] [stderr]    Compiling indexmap v1.9.2
[INFO] [stderr]    Compiling itoa v1.0.4
[INFO] [stderr]    Compiling foreign-types-shared v0.1.1
[INFO] [stderr]    Compiling curl v0.4.44
[INFO] [stderr]    Compiling openssl v0.10.42
[INFO] [stderr]    Compiling openssl-probe v0.1.5
[INFO] [stderr]    Compiling ryu v1.0.11
[INFO] [stderr]    Compiling regex-automata v0.1.10
[INFO] [stderr]    Compiling openssl-sys v0.9.77
[INFO] [stderr]    Compiling libz-sys v1.1.8
[INFO] [stderr]    Compiling libnghttp2-sys v0.1.7+1.45.0
[INFO] [stderr]    Compiling curl-sys v0.4.59+curl-7.86.0
[INFO] [stderr]    Compiling libssh2-sys v0.2.23
[INFO] [stderr]    Compiling libgit2-sys v0.14.0+1.5.0
[INFO] [stderr]    Compiling regex v1.7.0
[INFO] [stderr]    Compiling bstr v0.2.17
[INFO] [stderr]    Compiling url v2.3.1
[INFO] [stderr]    Compiling foreign-types v0.3.2
[INFO] [stderr]    Compiling socket2 v0.4.7
[INFO] [stderr]    Compiling proc-macro-error v1.0.4
[INFO] [stderr]    Compiling same-file v1.0.6
[INFO] [stderr]    Compiling semver v1.0.14
[INFO] [stderr]    Compiling unicode-width v0.1.10
[INFO] [stderr]    Compiling crossbeam-utils v0.8.14
[INFO] [stderr]    Compiling hashbrown v0.12.3
[INFO] [stderr]    Compiling walkdir v2.3.2
[INFO] [stderr]    Compiling bitmaps v2.1.0
[INFO] [stderr]    Compiling flate2 v1.0.24
[INFO] [stderr]    Compiling tree-sitter v0.20.9
[INFO] [stderr]    Compiling tar v0.4.38
[INFO] [stderr]    Compiling vte_generate_state_changes v0.1.1
[INFO] [stderr]    Compiling im-rc v15.1.0
[INFO] [stderr]    Compiling thiserror v1.0.37
[INFO] [stderr]    Compiling arrayvec v0.5.2
[INFO] [stderr]    Compiling remove_dir_all v0.5.3
[INFO] [stderr]    Compiling either v1.8.0
[INFO] [stderr]    Compiling static_assertions v1.1.0
[INFO] [stderr]    Compiling bytes v1.3.0
[INFO] [stderr]    Compiling os_str_bytes v6.4.1
[INFO] [stderr]    Compiling hex v0.3.2
[INFO] [stderr]    Compiling rand_core v0.6.4
[INFO] [stderr]    Compiling camino v1.1.1
[INFO] [stderr]    Compiling unicode-segmentation v1.10.0
[INFO] [stderr]    Compiling fnv v1.0.7
[INFO] [stderr]    Compiling fastrand v1.8.0
[INFO] [stderr]    Compiling utf8parse v0.2.0
[INFO] [stderr]    Compiling termcolor v1.1.3
[INFO] [stderr]    Compiling tempfile v3.3.0
[INFO] [stderr]    Compiling heck v0.3.3
[INFO] [stderr]    Compiling vte v0.10.1
[INFO] [stderr]    Compiling globset v0.4.9
[INFO] [stderr]    Compiling cargo v0.66.0
[INFO] [stderr]    Compiling clap_lex v0.2.4
[INFO] [stderr]    Compiling rand_xoshiro v0.6.0
[INFO] [stderr]    Compiling combine v4.6.6
[INFO] [stderr]    Compiling itertools v0.10.5
[INFO] [stderr]    Compiling openssl-macros v0.1.0
[INFO] [stderr]    Compiling thiserror-impl v1.0.37
[INFO] [stderr]    Compiling kstring v2.0.0
[INFO] [stderr]    Compiling sized-chunks v0.6.5
[INFO] [stderr]    Compiling textwrap v0.11.0
[INFO] [stderr]    Compiling tree-sitter-parsers v0.0.5
[INFO] [stderr]    Compiling thread_local v1.1.4
[INFO] [stderr]    Compiling textwrap v0.16.0
[INFO] [stderr]    Compiling hex v0.4.3
[INFO] [stderr]    Compiling humantime v2.1.0
[INFO] [stderr]    Compiling shell-escape v0.1.5
[INFO] [stderr]    Compiling ansi_term v0.12.1
[INFO] [stderr]    Compiling strsim v0.8.0
[INFO] [stderr]    Compiling vec_map v0.8.2
[INFO] [stderr]    Compiling strsim v0.10.0
[INFO] [stderr]    Compiling env_logger v0.9.3
[INFO] [stderr]    Compiling clap v2.34.0
[INFO] [stderr]    Compiling clap v3.2.23
[INFO] [stderr]    Compiling ignore v0.4.18
[INFO] [stderr]    Compiling structopt-derive v0.4.18
[INFO] [stderr]    Compiling crypto-hash v0.3.4
[INFO] [stderr]    Compiling cargo-util v0.2.2
[INFO] [stderr]    Compiling strip-ansi-escapes v0.1.1
[INFO] [stderr]    Compiling opener v0.5.0
[INFO] [stderr]    Compiling getrandom v0.2.8
[INFO] [stderr]    Compiling unicode-xid v0.2.4
[INFO] [stderr]    Compiling pathdiff v0.2.1
[INFO] [stderr]    Compiling home v0.5.4
[INFO] [stderr]    Compiling glob v0.3.0
[INFO] [stderr]    Compiling bytesize v1.1.0
[INFO] [stderr]    Compiling rustc-workspace-hack v1.0.0
[INFO] [stderr]    Compiling lazycell v1.3.0
[INFO] [stderr]    Compiling uuid v1.2.2
[INFO] [stderr]    Compiling structopt v0.3.26
[INFO] [stderr]    Compiling cargo-platform v0.1.2
[INFO] [stderr]    Compiling os_info v3.5.1
[INFO] [stderr]    Compiling serde_ignored v0.1.5
[INFO] [stderr]    Compiling toml_edit v0.14.4
[INFO] [stderr]    Compiling rustfix v0.6.1
[INFO] [stderr]    Compiling crates-io v0.34.0
[INFO] [stderr]    Compiling cargo_metadata v0.15.2
[INFO] [stderr]    Compiling git2 v0.15.0
[INFO] [stderr]    Compiling git2-curl v0.16.0
[INFO] [stderr]    Compiling rust-diagnostics v0.1.11 (/opt/rustwide/workdir)
[INFO] [stderr]     Finished `dev` profile [unoptimized + debuginfo] target(s) in 4m 15s
[INFO] running `Command { std: "docker" "inspect" "e5e063dc663925c0d17766ba09ae529883ec27301cb14a06ee1feb845962825f", kill_on_drop: false }`
[INFO] running `Command { std: "docker" "rm" "-f" "e5e063dc663925c0d17766ba09ae529883ec27301cb14a06ee1feb845962825f", kill_on_drop: false }`
[INFO] [stdout] e5e063dc663925c0d17766ba09ae529883ec27301cb14a06ee1feb845962825f
[INFO] running `Command { std: "docker" "create" "-v" "/var/lib/crater-agent-workspace/builds/worker-1-tc2/target:/opt/rustwide/target:rw,Z" "-v" "/var/lib/crater-agent-workspace/builds/worker-1-tc2/source:/opt/rustwide/workdir:ro,Z" "-v" "/var/lib/crater-agent-workspace/cargo-home:/opt/rustwide/cargo-home:ro,Z" "-v" "/var/lib/crater-agent-workspace/rustup-home:/opt/rustwide/rustup-home:ro,Z" "-e" "SOURCE_DIR=/opt/rustwide/workdir" "-e" "CARGO_TARGET_DIR=/opt/rustwide/target" "-e" "CARGO_INCREMENTAL=0" "-e" "RUST_BACKTRACE=full" "-e" "RUSTFLAGS=--cap-lints=warn" "-e" "RUSTDOCFLAGS=--cap-lints=warn" "-e" "CARGO_HOME=/opt/rustwide/cargo-home" "-e" "RUSTUP_HOME=/opt/rustwide/rustup-home" "-w" "/opt/rustwide/workdir" "-m" "1610612736" "--user" "0:0" "--network" "none" "ghcr.io/rust-lang/crates-build-env/linux@sha256:f3a9d4ad9d972b27faf3965f35b62e55ba32bbce8f20bc8fe909558a86702fde" "/opt/rustwide/cargo-home/bin/cargo" "+beta-2024-12-08" "test" "--frozen" "--no-run" "--message-format=json", kill_on_drop: false }`
[INFO] [stdout] 32997f1a924c854dc7f4bdec98420ab4f650428e84b77fbb8d1ff0c73cc7b40f
[INFO] running `Command { std: "docker" "start" "-a" "32997f1a924c854dc7f4bdec98420ab4f650428e84b77fbb8d1ff0c73cc7b40f", kill_on_drop: false }`
[INFO] [stderr]    Compiling futures-core v0.3.25
[INFO] [stderr]    Compiling slab v0.4.7
[INFO] [stderr]    Compiling futures-task v0.3.25
[INFO] [stderr]    Compiling futures-channel v0.3.25
[INFO] [stderr]    Compiling lock_api v0.4.9
[INFO] [stderr]    Compiling futures-sink v0.3.25
[INFO] [stderr]    Compiling futures-util v0.3.25
[INFO] [stderr]    Compiling parking_lot_core v0.9.5
[INFO] [stderr]    Compiling pin-utils v0.1.0
[INFO] [stderr]    Compiling scopeguard v1.1.0
[INFO] [stderr]    Compiling smallvec v1.10.0
[INFO] [stderr]    Compiling pin-project-lite v0.2.9
[INFO] [stderr]    Compiling futures-io v0.3.25
[INFO] [stderr]    Compiling linked-hash-map v0.5.6
[INFO] [stderr]    Compiling console v0.15.5
[INFO] [stderr]    Compiling serial_test_derive v0.10.0
[INFO] [stderr]    Compiling yaml-rust v0.4.5
[INFO] [stderr]    Compiling similar v2.2.1
[INFO] [stderr]    Compiling parking_lot v0.12.1
[INFO] [stderr]    Compiling dashmap v5.4.0
[INFO] [stderr]    Compiling insta v1.26.0
[INFO] [stderr]    Compiling futures-executor v0.3.25
[INFO] [stderr]    Compiling futures v0.3.25
[INFO] [stderr]    Compiling serial_test v0.10.0
[INFO] [stderr]    Compiling rust-diagnostics v0.1.11 (/opt/rustwide/workdir)
[INFO] [stderr]     Finished `test` profile [unoptimized + debuginfo] target(s) in 21.44s
[INFO] running `Command { std: "docker" "inspect" "32997f1a924c854dc7f4bdec98420ab4f650428e84b77fbb8d1ff0c73cc7b40f", kill_on_drop: false }`
[INFO] running `Command { std: "docker" "rm" "-f" "32997f1a924c854dc7f4bdec98420ab4f650428e84b77fbb8d1ff0c73cc7b40f", kill_on_drop: false }`
[INFO] [stdout] 32997f1a924c854dc7f4bdec98420ab4f650428e84b77fbb8d1ff0c73cc7b40f
[INFO] running `Command { std: "docker" "create" "-v" "/var/lib/crater-agent-workspace/builds/worker-1-tc2/target:/opt/rustwide/target:rw,Z" "-v" "/var/lib/crater-agent-workspace/builds/worker-1-tc2/source:/opt/rustwide/workdir:ro,Z" "-v" "/var/lib/crater-agent-workspace/cargo-home:/opt/rustwide/cargo-home:ro,Z" "-v" "/var/lib/crater-agent-workspace/rustup-home:/opt/rustwide/rustup-home:ro,Z" "-e" "SOURCE_DIR=/opt/rustwide/workdir" "-e" "CARGO_TARGET_DIR=/opt/rustwide/target" "-e" "CARGO_INCREMENTAL=0" "-e" "RUST_BACKTRACE=full" "-e" "RUSTFLAGS=--cap-lints=warn" "-e" "RUSTDOCFLAGS=--cap-lints=warn" "-e" "CARGO_HOME=/opt/rustwide/cargo-home" "-e" "RUSTUP_HOME=/opt/rustwide/rustup-home" "-w" "/opt/rustwide/workdir" "-m" "1610612736" "--user" "0:0" "--network" "none" "ghcr.io/rust-lang/crates-build-env/linux@sha256:f3a9d4ad9d972b27faf3965f35b62e55ba32bbce8f20bc8fe909558a86702fde" "/opt/rustwide/cargo-home/bin/cargo" "+beta-2024-12-08" "test" "--frozen", kill_on_drop: false }`
[INFO] [stdout] 0de738372a4fe4a6beeeffd604bd2c531e3aa932772a7019f1b4b8f954d6a23c
[INFO] running `Command { std: "docker" "start" "-a" "0de738372a4fe4a6beeeffd604bd2c531e3aa932772a7019f1b4b8f954d6a23c", kill_on_drop: false }`
[INFO] [stderr]     Finished `test` profile [unoptimized + debuginfo] target(s) in 0.46s
[INFO] [stderr]      Running unittests src/main.rs (/opt/rustwide/target/debug/deps/rust_diagnostics-1f4e16ad9eeddb4c)
[INFO] [stdout] 
[INFO] [stdout] running 15 tests
[INFO] [stderr]     Creating binary (application) package
[INFO] [stderr] error: Failed to create package `tmp_15697af9_884d_433c_a909_65936702e254` at `/opt/rustwide/workdir/tmp_15697af9_884d_433c_a909_65936702e254`
[INFO] [stderr] 
[INFO] [stderr] Caused by:
[INFO] [stderr]   failed to create directory `/opt/rustwide/workdir/tmp_15697af9_884d_433c_a909_65936702e254`
[INFO] [stderr] 
[INFO] [stderr] Caused by:
[INFO] [stderr]   Read-only file system (os error 30)
[INFO] [stdout] test tests::function1 ... ok
[INFO] [stderr]     Creating binary (application) package
[INFO] [stderr] error: Failed to create package `tmp_52a4ea22_cea7_4e5b_bb78_734a09c5a01c` at `/opt/rustwide/workdir/tmp_52a4ea22_cea7_4e5b_bb78_734a09c5a01c`
[INFO] [stderr] 
[INFO] [stderr] Caused by:
[INFO] [stderr]   failed to create directory `/opt/rustwide/workdir/tmp_52a4ea22_cea7_4e5b_bb78_734a09c5a01c`
[INFO] [stderr] 
[INFO] [stderr] Caused by:
[INFO] [stderr]   Read-only file system (os error 30)
[INFO] [stdout] test tests::fixed ... ok
[INFO] [stderr]     Creating binary (application) package
[INFO] [stderr] error: Failed to create package `tmp_ebf31a33_d3d5_46cf_9287_b0497114686e` at `/opt/rustwide/workdir/tmp_ebf31a33_d3d5_46cf_9287_b0497114686e`
[INFO] [stderr] 
[INFO] [stderr] Caused by:
[INFO] [stderr]   failed to create directory `/opt/rustwide/workdir/tmp_ebf31a33_d3d5_46cf_9287_b0497114686e`
[INFO] [stderr] 
[INFO] [stderr] Caused by:
[INFO] [stderr]   Read-only file system (os error 30)
[INFO] [stderr] error: 'cargo-clippy' is not installed for the toolchain 'beta-2024-12-08-x86_64-unknown-linux-gnu'.
[INFO] [stderr] To install, run `rustup component add --toolchain beta-2024-12-08-x86_64-unknown-linux-gnu clippy`
[INFO] [stderr] error: 'cargo-clippy' is not installed for the toolchain 'beta-2024-12-08-x86_64-unknown-linux-gnu'.
[INFO] [stderr] To install, run `rustup component add --toolchain beta-2024-12-08-x86_64-unknown-linux-gnu clippy`
[INFO] [stdout] test tests::diagnostics ... FAILED
[INFO] [stderr] error: 'cargo-clippy' is not installed for the toolchain 'beta-2024-12-08-x86_64-unknown-linux-gnu'.
[INFO] [stderr] To install, run `rustup component add --toolchain beta-2024-12-08-x86_64-unknown-linux-gnu clippy`
[INFO] [stderr] error: 'cargo-clippy' is not installed for the toolchain 'beta-2024-12-08-x86_64-unknown-linux-gnu'.
[INFO] [stderr] To install, run `rustup component add --toolchain beta-2024-12-08-x86_64-unknown-linux-gnu clippy`
[INFO] [stdout] test tests::rd1_fix ... FAILED
[INFO] [stdout] test tests::hunks_pairs ... ok
[INFO] [stderr]     Creating binary (application) package
[INFO] [stderr] error: Failed to create package `tmp_c8bffb1f_bac3_4c91_a2e5_1f9c8d1b83c9` at `/opt/rustwide/workdir/tmp_c8bffb1f_bac3_4c91_a2e5_1f9c8d1b83c9`
[INFO] [stderr] 
[INFO] [stderr] Caused by:
[INFO] [stderr]   failed to create directory `/opt/rustwide/workdir/tmp_c8bffb1f_bac3_4c91_a2e5_1f9c8d1b83c9`
[INFO] [stderr] 
[INFO] [stderr] Caused by:
[INFO] [stderr]   Read-only file system (os error 30)
[INFO] [stdout] test tests::function_mixed_location ... ok
[INFO] [stdout] test tests::hunks_patch ... ok
[INFO] [stderr] error: 'cargo-clippy' is not installed for the toolchain 'beta-2024-12-08-x86_64-unknown-linux-gnu'.
[INFO] [stderr] To install, run `rustup component add --toolchain beta-2024-12-08-x86_64-unknown-linux-gnu clippy`
[INFO] [stderr] error: 'cargo-clippy' is not installed for the toolchain 'beta-2024-12-08-x86_64-unknown-linux-gnu'.
[INFO] [stderr] To install, run `rustup component add --toolchain beta-2024-12-08-x86_64-unknown-linux-gnu clippy`
[INFO] [stderr] error: 'cargo-clippy' is not installed for the toolchain 'beta-2024-12-08-x86_64-unknown-linux-gnu'.
[INFO] [stderr] To install, run `rustup component add --toolchain beta-2024-12-08-x86_64-unknown-linux-gnu clippy`
[INFO] [stderr] error: 'cargo-clippy' is not installed for the toolchain 'beta-2024-12-08-x86_64-unknown-linux-gnu'.
[INFO] [stderr] To install, run `rustup component add --toolchain beta-2024-12-08-x86_64-unknown-linux-gnu clippy`
[INFO] [stdout] test tests::twice ... FAILED
[INFO] [stderr]     Creating binary (application) package
[INFO] [stderr] error: Failed to create package `tmp_165d02db_cdab_4693_b0c1_538a522e3a19` at `/opt/rustwide/workdir/tmp_165d02db_cdab_4693_b0c1_538a522e3a19`
[INFO] [stderr] 
[INFO] [stderr] Caused by:
[INFO] [stderr]   failed to create directory `/opt/rustwide/workdir/tmp_165d02db_cdab_4693_b0c1_538a522e3a19`
[INFO] [stderr] 
[INFO] [stderr] Caused by:
[INFO] [stderr]   Read-only file system (os error 30)
[INFO] [stdout] test tests::pair ... ok
[INFO] [stderr] error: 'cargo-clippy' is not installed for the toolchain 'beta-2024-12-08-x86_64-unknown-linux-gnu'.
[INFO] [stderr] To install, run `rustup component add --toolchain beta-2024-12-08-x86_64-unknown-linux-gnu clippy`
[INFO] [stderr] error: 'cargo-clippy' is not installed for the toolchain 'beta-2024-12-08-x86_64-unknown-linux-gnu'.
[INFO] [stderr] To install, run `rustup component add --toolchain beta-2024-12-08-x86_64-unknown-linux-gnu clippy`
[INFO] [stdout] test tests::rd1 ... FAILED
[INFO] [stderr]     Creating binary (application) package
[INFO] [stderr] error: Failed to create package `tmp_f30da7bb_a57d_4eaa_a91b_2f909fb3d737` at `/opt/rustwide/workdir/tmp_f30da7bb_a57d_4eaa_a91b_2f909fb3d737`
[INFO] [stderr] 
[INFO] [stderr] Caused by:
[INFO] [stderr]   failed to create directory `/opt/rustwide/workdir/tmp_f30da7bb_a57d_4eaa_a91b_2f909fb3d737`
[INFO] [stderr] 
[INFO] [stderr] Caused by:
[INFO] [stderr]   Read-only file system (os error 30)
[INFO] [stdout] test tests::function_mixed ... ok
[INFO] [stderr] error: 'cargo-clippy' is not installed for the toolchain 'beta-2024-12-08-x86_64-unknown-linux-gnu'.
[INFO] [stderr] To install, run `rustup component add --toolchain beta-2024-12-08-x86_64-unknown-linux-gnu clippy`
[INFO] [stderr] error: 'cargo-clippy' is not installed for the toolchain 'beta-2024-12-08-x86_64-unknown-linux-gnu'.
[INFO] [stderr] To install, run `rustup component add --toolchain beta-2024-12-08-x86_64-unknown-linux-gnu clippy`
[INFO] [stdout] test tests::rd2 ... FAILED
[INFO] [stderr]     Creating binary (application) package
[INFO] [stderr] error: Failed to create package `tmp_33bfdbf6_ed49_403a_b502_e71b48b87e16` at `/opt/rustwide/workdir/tmp_33bfdbf6_ed49_403a_b502_e71b48b87e16`
[INFO] [stderr] 
[INFO] [stderr] Caused by:
[INFO] [stderr]   failed to create directory `/opt/rustwide/workdir/tmp_33bfdbf6_ed49_403a_b502_e71b48b87e16`
[INFO] [stderr] 
[INFO] [stderr] Caused by:
[INFO] [stderr]   Read-only file system (os error 30)
[INFO] [stdout] test tests::unfixed ... ok
[INFO] [stderr]     Creating binary (application) package
[INFO] [stderr] error: Failed to create package `tmp_068775a7_7aa9_43c0_aed9_663cdc920d9b` at `/opt/rustwide/workdir/tmp_068775a7_7aa9_43c0_aed9_663cdc920d9b`
[INFO] [stderr] 
[INFO] [stderr] Caused by:
[INFO] [stderr]   failed to create directory `/opt/rustwide/workdir/tmp_068775a7_7aa9_43c0_aed9_663cdc920d9b`
[INFO] [stderr] 
[INFO] [stderr] Caused by:
[INFO] [stderr]   Read-only file system (os error 30)
[INFO] [stdout] test tests::function2 ... ok
[INFO] [stderr] error: 'cargo-clippy' is not installed for the toolchain 'beta-2024-12-08-x86_64-unknown-linux-gnu'.
[INFO] [stderr] To install, run `rustup component add --toolchain beta-2024-12-08-x86_64-unknown-linux-gnu clippy`
[INFO] [stderr] error: 'cargo-clippy' is not installed for the toolchain 'beta-2024-12-08-x86_64-unknown-linux-gnu'.
[INFO] [stderr] To install, run `rustup component add --toolchain beta-2024-12-08-x86_64-unknown-linux-gnu clippy`
[INFO] [stdout] test tests::rd3 ... FAILED
[INFO] [stdout] 
[INFO] [stdout] failures:
[INFO] [stdout] 
[INFO] [stdout] ---- tests::diagnostics stdout ----
[INFO] [stdout] thread 'tests::diagnostics' panicked at src/main.rs:1195:17:
[INFO] [stdout] assertion failed: std::path::Path::new(filename).exists()
[INFO] [stdout] stack backtrace:
[INFO] [stdout]    0:     0x61c2115ba42a - std::backtrace_rs::backtrace::libunwind::trace::h8810477743020387
[INFO] [stdout]                                at /rustc/202008a1b8de96d2e5b6bc02d379db03a877d34d/library/std/src/../../backtrace/src/backtrace/libunwind.rs:116:5
[INFO] [stdout]    1:     0x61c2115ba42a - std::backtrace_rs::backtrace::trace_unsynchronized::h3aa55355dd6c54a6
[INFO] [stdout]                                at /rustc/202008a1b8de96d2e5b6bc02d379db03a877d34d/library/std/src/../../backtrace/src/backtrace/mod.rs:66:5
[INFO] [stdout]    2:     0x61c2115ba42a - std::sys::backtrace::_print_fmt::h8588b0f62410823f
[INFO] [stdout]                                at /rustc/202008a1b8de96d2e5b6bc02d379db03a877d34d/library/std/src/sys/backtrace.rs:66:9
[INFO] [stdout]    3:     0x61c2115ba42a - <std::sys::backtrace::BacktraceLock::print::DisplayBacktrace as core::fmt::Display>::fmt::h98c26ac25ffe89bb
[INFO] [stdout]                                at /rustc/202008a1b8de96d2e5b6bc02d379db03a877d34d/library/std/src/sys/backtrace.rs:39:26
[INFO] [stdout]    4:     0x61c2115e3cc3 - core::fmt::rt::Argument::fmt::hf95377f4aebd453b
[INFO] [stdout]                                at /rustc/202008a1b8de96d2e5b6bc02d379db03a877d34d/library/core/src/fmt/rt.rs:177:76
[INFO] [stdout]    5:     0x61c2115e3cc3 - core::fmt::write::h0dd5f6e2238c7982
[INFO] [stdout]                                at /rustc/202008a1b8de96d2e5b6bc02d379db03a877d34d/library/core/src/fmt/mod.rs:1189:21
[INFO] [stdout]    6:     0x61c2115b6613 - std::io::Write::write_fmt::h03bb0ca26e6faf8c
[INFO] [stdout]                                at /rustc/202008a1b8de96d2e5b6bc02d379db03a877d34d/library/std/src/io/mod.rs:1884:15
[INFO] [stdout]    7:     0x61c2115ba272 - std::sys::backtrace::BacktraceLock::print::h5c19c1c038ee186d
[INFO] [stdout]                                at /rustc/202008a1b8de96d2e5b6bc02d379db03a877d34d/library/std/src/sys/backtrace.rs:42:9
[INFO] [stdout]    8:     0x61c2115bb8ad - std::panicking::default_hook::{{closure}}::h77172f079a1fcb13
[INFO] [stdout]                                at /rustc/202008a1b8de96d2e5b6bc02d379db03a877d34d/library/std/src/panicking.rs:268:22
[INFO] [stdout]    9:     0x61c2115bb6b7 - std::panicking::default_hook::he5f8e3b203ccddba
[INFO] [stdout]                                at /rustc/202008a1b8de96d2e5b6bc02d379db03a877d34d/library/std/src/panicking.rs:292:9
[INFO] [stdout]   10:     0x61c2111bba07 - <alloc::boxed::Box<F,A> as core::ops::function::Fn<Args>>::call::h7a3c7b4a1ae77f2f
[INFO] [stdout]                                at /rustc/202008a1b8de96d2e5b6bc02d379db03a877d34d/library/alloc/src/boxed.rs:1986:9
[INFO] [stdout]   11:     0x61c2111bba07 - test::test_main::{{closure}}::hf0d3b69ae9b353d1
[INFO] [stdout]                                at /rustc/202008a1b8de96d2e5b6bc02d379db03a877d34d/library/test/src/lib.rs:134:21
[INFO] [stdout]   12:     0x61c2115bbf58 - <alloc::boxed::Box<F,A> as core::ops::function::Fn<Args>>::call::h6332e82e7b189abd
[INFO] [stdout]                                at /rustc/202008a1b8de96d2e5b6bc02d379db03a877d34d/library/alloc/src/boxed.rs:1986:9
[INFO] [stdout]   13:     0x61c2115bbf58 - std::panicking::rust_panic_with_hook::h53863d4e9018df39
[INFO] [stdout]                                at /rustc/202008a1b8de96d2e5b6bc02d379db03a877d34d/library/std/src/panicking.rs:809:13
[INFO] [stdout]   14:     0x61c2115bbce6 - std::panicking::begin_panic_handler::{{closure}}::h67280e6fa0757873
[INFO] [stdout]                                at /rustc/202008a1b8de96d2e5b6bc02d379db03a877d34d/library/std/src/panicking.rs:667:13
[INFO] [stdout]   15:     0x61c2115ba909 - std::sys::backtrace::__rust_end_short_backtrace::h1dac3f54d6fbbeb2
[INFO] [stdout]                                at /rustc/202008a1b8de96d2e5b6bc02d379db03a877d34d/library/std/src/sys/backtrace.rs:170:18
[INFO] [stdout]   16:     0x61c2115bb9ac - rust_begin_unwind
[INFO] [stdout]                                at /rustc/202008a1b8de96d2e5b6bc02d379db03a877d34d/library/std/src/panicking.rs:665:5
[INFO] [stdout]   17:     0x61c210e5d710 - core::panicking::panic_fmt::h6792bd1b2bf01041
[INFO] [stdout]                                at /rustc/202008a1b8de96d2e5b6bc02d379db03a877d34d/library/core/src/panicking.rs:76:14
[INFO] [stdout]   18:     0x61c210e5d79c - core::panicking::panic::hbb5c236a846c507c
[INFO] [stdout]                                at /rustc/202008a1b8de96d2e5b6bc02d379db03a877d34d/library/core/src/panicking.rs:148:5
[INFO] [stdout]   19:     0x61c210f1f1be - rust_diagnostics::tests::diagnostics::{{closure}}::hd27eefe1bd0d4835
[INFO] [stdout]                                at /opt/rustwide/workdir/src/main.rs:1195:17
[INFO] [stdout]   20:     0x61c210f0b19e - core::ops::function::FnOnce::call_once::ha2d9de4ac28ac6ac
[INFO] [stdout]                                at /rustc/202008a1b8de96d2e5b6bc02d379db03a877d34d/library/core/src/ops/function.rs:250:5
[INFO] [stdout]   21:     0x61c2111cb1ff - serial_test::serial_code_lock::local_serial_core::h8e649396a72ec0b9
[INFO] [stdout]                                at /opt/rustwide/cargo-home/registry/src/index.crates.io-6f17d22bba15001f/serial_test-0.10.0/src/serial_code_lock.rs:25:5
[INFO] [stdout]   22:     0x61c210f1e897 - rust_diagnostics::tests::diagnostics::hc7546335ddf891f4
[INFO] [stdout]                                at /opt/rustwide/workdir/src/main.rs:1158:5
[INFO] [stdout]   23:     0x61c210f1e867 - rust_diagnostics::tests::diagnostics::{{closure}}::h5a223b59b699b347
[INFO] [stdout]                                at /opt/rustwide/workdir/src/main.rs:1159:21
[INFO] [stdout]   24:     0x61c210f0ae86 - core::ops::function::FnOnce::call_once::h823d7a3f0f8e7e88
[INFO] [stdout]                                at /rustc/202008a1b8de96d2e5b6bc02d379db03a877d34d/library/core/src/ops/function.rs:250:5
[INFO] [stdout]   25:     0x61c2111c052b - core::ops::function::FnOnce::call_once::h871bf86719ec9aa4
[INFO] [stdout]                                at /rustc/202008a1b8de96d2e5b6bc02d379db03a877d34d/library/core/src/ops/function.rs:250:5
[INFO] [stdout]   26:     0x61c2111c052b - test::__rust_begin_short_backtrace::h2167df1e2b7d76fd
[INFO] [stdout]                                at /rustc/202008a1b8de96d2e5b6bc02d379db03a877d34d/library/test/src/lib.rs:632:18
[INFO] [stdout]   27:     0x61c2111bff18 - test::run_test_in_process::{{closure}}::h15d92f75a3adfb79
[INFO] [stdout]                                at /rustc/202008a1b8de96d2e5b6bc02d379db03a877d34d/library/test/src/lib.rs:655:60
[INFO] [stdout]   28:     0x61c2111bff18 - <core::panic::unwind_safe::AssertUnwindSafe<F> as core::ops::function::FnOnce<()>>::call_once::hb6c8955835a8dbbb
[INFO] [stdout]                                at /rustc/202008a1b8de96d2e5b6bc02d379db03a877d34d/library/core/src/panic/unwind_safe.rs:272:9
[INFO] [stdout]   29:     0x61c2111bff18 - std::panicking::try::do_call::hc79d0fc888a0bd30
[INFO] [stdout]                                at /rustc/202008a1b8de96d2e5b6bc02d379db03a877d34d/library/std/src/panicking.rs:557:40
[INFO] [stdout]   30:     0x61c2111bff18 - std::panicking::try::hb8a7878e3a8589d6
[INFO] [stdout]                                at /rustc/202008a1b8de96d2e5b6bc02d379db03a877d34d/library/std/src/panicking.rs:520:19
[INFO] [stdout]   31:     0x61c2111bff18 - std::panic::catch_unwind::hb8e4600ff0ff5cfa
[INFO] [stdout]                                at /rustc/202008a1b8de96d2e5b6bc02d379db03a877d34d/library/std/src/panic.rs:358:14
[INFO] [stdout]   32:     0x61c2111bff18 - test::run_test_in_process::hc2900b0b18688dd6
[INFO] [stdout]                                at /rustc/202008a1b8de96d2e5b6bc02d379db03a877d34d/library/test/src/lib.rs:655:27
[INFO] [stdout]   33:     0x61c2111bff18 - test::run_test::{{closure}}::hac2a9cb07be3d48d
[INFO] [stdout]                                at /rustc/202008a1b8de96d2e5b6bc02d379db03a877d34d/library/test/src/lib.rs:576:43
[INFO] [stdout]   34:     0x61c2111839ba - test::run_test::{{closure}}::h4a5b729e66a38cd8
[INFO] [stdout]                                at /rustc/202008a1b8de96d2e5b6bc02d379db03a877d34d/library/test/src/lib.rs:606:41
[INFO] [stdout]   35:     0x61c2111839ba - std::sys::backtrace::__rust_begin_short_backtrace::h0496fb742492f573
[INFO] [stdout]                                at /rustc/202008a1b8de96d2e5b6bc02d379db03a877d34d/library/std/src/sys/backtrace.rs:154:18
[INFO] [stdout]   36:     0x61c211187334 - std::thread::Builder::spawn_unchecked_::{{closure}}::{{closure}}::hbb6d257c550a54bd
[INFO] [stdout]                                at /rustc/202008a1b8de96d2e5b6bc02d379db03a877d34d/library/std/src/thread/mod.rs:561:17
[INFO] [stdout]   37:     0x61c211187334 - <core::panic::unwind_safe::AssertUnwindSafe<F> as core::ops::function::FnOnce<()>>::call_once::h46696fe4a6832328
[INFO] [stdout]                                at /rustc/202008a1b8de96d2e5b6bc02d379db03a877d34d/library/core/src/panic/unwind_safe.rs:272:9
[INFO] [stdout]   38:     0x61c211187334 - std::panicking::try::do_call::h2625a51b667bfb64
[INFO] [stdout]                                at /rustc/202008a1b8de96d2e5b6bc02d379db03a877d34d/library/std/src/panicking.rs:557:40
[INFO] [stdout]   39:     0x61c211187334 - std::panicking::try::hb956a59a1973aa4c
[INFO] [stdout]                                at /rustc/202008a1b8de96d2e5b6bc02d379db03a877d34d/library/std/src/panicking.rs:520:19
[INFO] [stdout]   40:     0x61c211187334 - std::panic::catch_unwind::h64f3b9d1067ef6a0
[INFO] [stdout]                                at /rustc/202008a1b8de96d2e5b6bc02d379db03a877d34d/library/std/src/panic.rs:358:14
[INFO] [stdout]   41:     0x61c211187334 - std::thread::Builder::spawn_unchecked_::{{closure}}::h42b2841295b6c0b2
[INFO] [stdout]                                at /rustc/202008a1b8de96d2e5b6bc02d379db03a877d34d/library/std/src/thread/mod.rs:559:30
[INFO] [stdout]   42:     0x61c211187334 - core::ops::function::FnOnce::call_once{{vtable.shim}}::h6127de71b8124639
[INFO] [stdout]                                at /rustc/202008a1b8de96d2e5b6bc02d379db03a877d34d/library/core/src/ops/function.rs:250:5
[INFO] [stdout]   43:     0x61c2115c0f6b - <alloc::boxed::Box<F,A> as core::ops::function::FnOnce<Args>>::call_once::h42f0ba71002a1b2c
[INFO] [stdout]                                at /rustc/202008a1b8de96d2e5b6bc02d379db03a877d34d/library/alloc/src/boxed.rs:1972:9
[INFO] [stdout]   44:     0x61c2115c0f6b - <alloc::boxed::Box<F,A> as core::ops::function::FnOnce<Args>>::call_once::had9e47d7a3dcecb8
[INFO] [stdout]                                at /rustc/202008a1b8de96d2e5b6bc02d379db03a877d34d/library/alloc/src/boxed.rs:1972:9
[INFO] [stdout]   45:     0x61c2115c0f6b - std::sys::pal::unix::thread::Thread::new::thread_start::h48cf765408f6f5f2
[INFO] [stdout]                                at /rustc/202008a1b8de96d2e5b6bc02d379db03a877d34d/library/std/src/sys/pal/unix/thread.rs:105:17
[INFO] [stdout]   46:     0x76266c750ac3 - <unknown>
[INFO] [stdout]   47:     0x76266c7e1a04 - clone
[INFO] [stdout]   48:                0x0 - <unknown>
[INFO] [stdout] 
[INFO] [stdout] ---- tests::rd1_fix stdout ----
[INFO] [stdout] 
[INFO] [stdout] ========================cannot find tmp_b8c5bc19_d042_445e_9db6_759b3c5606d7/diagnostics/512236bac29f09ca798c93020ce377c30a4ed2a5.json nor .git repository
[INFO] [stdout] thread 'tests::rd1_fix' panicked at src/main.rs:1927:9:
[INFO] [stdout] assertion `left == right` failed
[INFO] [stdout]   left: ""
[INFO] [stdout]  right: "There are 32 warnings in 1 files, 0 has been fixed.\n"
[INFO] [stdout] stack backtrace:
[INFO] [stdout]    0:     0x61c2115ba42a - std::backtrace_rs::backtrace::libunwind::trace::h8810477743020387
[INFO] [stdout]                                at /rustc/202008a1b8de96d2e5b6bc02d379db03a877d34d/library/std/src/../../backtrace/src/backtrace/libunwind.rs:116:5
[INFO] [stdout]    1:     0x61c2115ba42a - std::backtrace_rs::backtrace::trace_unsynchronized::h3aa55355dd6c54a6
[INFO] [stdout]                                at /rustc/202008a1b8de96d2e5b6bc02d379db03a877d34d/library/std/src/../../backtrace/src/backtrace/mod.rs:66:5
[INFO] [stdout]    2:     0x61c2115ba42a - std::sys::backtrace::_print_fmt::h8588b0f62410823f
[INFO] [stdout]                                at /rustc/202008a1b8de96d2e5b6bc02d379db03a877d34d/library/std/src/sys/backtrace.rs:66:9
[INFO] [stdout]    3:     0x61c2115ba42a - <std::sys::backtrace::BacktraceLock::print::DisplayBacktrace as core::fmt::Display>::fmt::h98c26ac25ffe89bb
[INFO] [stdout]                                at /rustc/202008a1b8de96d2e5b6bc02d379db03a877d34d/library/std/src/sys/backtrace.rs:39:26
[INFO] [stdout]    4:     0x61c2115e3cc3 - core::fmt::rt::Argument::fmt::hf95377f4aebd453b
[INFO] [stdout]                                at /rustc/202008a1b8de96d2e5b6bc02d379db03a877d34d/library/core/src/fmt/rt.rs:177:76
[INFO] [stdout]    5:     0x61c2115e3cc3 - core::fmt::write::h0dd5f6e2238c7982
[INFO] [stdout]                                at /rustc/202008a1b8de96d2e5b6bc02d379db03a877d34d/library/core/src/fmt/mod.rs:1189:21
[INFO] [stdout]    6:     0x61c2115b6613 - std::io::Write::write_fmt::h03bb0ca26e6faf8c
[INFO] [stdout]                                at /rustc/202008a1b8de96d2e5b6bc02d379db03a877d34d/library/std/src/io/mod.rs:1884:15
[INFO] [stdout]    7:     0x61c2115ba272 - std::sys::backtrace::BacktraceLock::print::h5c19c1c038ee186d
[INFO] [stdout]                                at /rustc/202008a1b8de96d2e5b6bc02d379db03a877d34d/library/std/src/sys/backtrace.rs:42:9
[INFO] [stdout]    8:     0x61c2115bb8ad - std::panicking::default_hook::{{closure}}::h77172f079a1fcb13
[INFO] [stdout]                                at /rustc/202008a1b8de96d2e5b6bc02d379db03a877d34d/library/std/src/panicking.rs:268:22
[INFO] [stdout]    9:     0x61c2115bb6b7 - std::panicking::default_hook::he5f8e3b203ccddba
[INFO] [stdout]                                at /rustc/202008a1b8de96d2e5b6bc02d379db03a877d34d/library/std/src/panicking.rs:292:9
[INFO] [stdout]   10:     0x61c2111bba07 - <alloc::boxed::Box<F,A> as core::ops::function::Fn<Args>>::call::h7a3c7b4a1ae77f2f
[INFO] [stdout]                                at /rustc/202008a1b8de96d2e5b6bc02d379db03a877d34d/library/alloc/src/boxed.rs:1986:9
[INFO] [stdout]   11:     0x61c2111bba07 - test::test_main::{{closure}}::hf0d3b69ae9b353d1
[INFO] [stdout]                                at /rustc/202008a1b8de96d2e5b6bc02d379db03a877d34d/library/test/src/lib.rs:134:21
[INFO] [stdout]   12:     0x61c2115bbf58 - <alloc::boxed::Box<F,A> as core::ops::function::Fn<Args>>::call::h6332e82e7b189abd
[INFO] [stdout]                                at /rustc/202008a1b8de96d2e5b6bc02d379db03a877d34d/library/alloc/src/boxed.rs:1986:9
[INFO] [stdout]   13:     0x61c2115bbf58 - std::panicking::rust_panic_with_hook::h53863d4e9018df39
[INFO] [stdout]                                at /rustc/202008a1b8de96d2e5b6bc02d379db03a877d34d/library/std/src/panicking.rs:809:13
[INFO] [stdout]   14:     0x61c2115bbd1a - std::panicking::begin_panic_handler::{{closure}}::h67280e6fa0757873
[INFO] [stdout]                                at /rustc/202008a1b8de96d2e5b6bc02d379db03a877d34d/library/std/src/panicking.rs:674:13
[INFO] [stdout]   15:     0x61c2115ba909 - std::sys::backtrace::__rust_end_short_backtrace::h1dac3f54d6fbbeb2
[INFO] [stdout]                                at /rustc/202008a1b8de96d2e5b6bc02d379db03a877d34d/library/std/src/sys/backtrace.rs:170:18
[INFO] [stdout]   16:     0x61c2115bb9ac - rust_begin_unwind
[INFO] [stdout]                                at /rustc/202008a1b8de96d2e5b6bc02d379db03a877d34d/library/std/src/panicking.rs:665:5
[INFO] [stdout]   17:     0x61c210e5d710 - core::panicking::panic_fmt::h6792bd1b2bf01041
[INFO] [stdout]                                at /rustc/202008a1b8de96d2e5b6bc02d379db03a877d34d/library/core/src/panicking.rs:76:14
[INFO] [stdout]   18:     0x61c210e5db14 - core::panicking::assert_failed_inner::hf2c17e6d30928787
[INFO] [stdout]   19:     0x61c210eb58da - core::panicking::assert_failed::h3b6c6a19efd3e0d3
[INFO] [stdout]                                at /rustc/202008a1b8de96d2e5b6bc02d379db03a877d34d/library/core/src/panicking.rs:373:5
[INFO] [stdout]   20:     0x61c210f21872 - rust_diagnostics::tests::rd1_fix::{{closure}}::hc4c71c2ed8f7075a
[INFO] [stdout]                                at /opt/rustwide/workdir/src/main.rs:1927:9
[INFO] [stdout]   21:     0x61c210f0b0fe - core::ops::function::FnOnce::call_once::h9768d54ce4a5ec66
[INFO] [stdout]                                at /rustc/202008a1b8de96d2e5b6bc02d379db03a877d34d/library/core/src/ops/function.rs:250:5
[INFO] [stdout]   22:     0x61c2111cb1ff - serial_test::serial_code_lock::local_serial_core::h8e649396a72ec0b9
[INFO] [stdout]                                at /opt/rustwide/cargo-home/registry/src/index.crates.io-6f17d22bba15001f/serial_test-0.10.0/src/serial_code_lock.rs:25:5
[INFO] [stdout]   23:     0x61c210f21587 - rust_diagnostics::tests::rd1_fix::h745f0312a3aab421
[INFO] [stdout]                                at /opt/rustwide/workdir/src/main.rs:1924:5
[INFO] [stdout]   24:     0x61c210f21557 - rust_diagnostics::tests::rd1_fix::{{closure}}::h202bc31a0d3029f0
[INFO] [stdout]                                at /opt/rustwide/workdir/src/main.rs:1925:17
[INFO] [stdout]   25:     0x61c210f0b536 - core::ops::function::FnOnce::call_once::hd3b1e1b4674fba4b
[INFO] [stdout]                                at /rustc/202008a1b8de96d2e5b6bc02d379db03a877d34d/library/core/src/ops/function.rs:250:5
[INFO] [stdout]   26:     0x61c2111c052b - core::ops::function::FnOnce::call_once::h871bf86719ec9aa4
[INFO] [stdout]                                at /rustc/202008a1b8de96d2e5b6bc02d379db03a877d34d/library/core/src/ops/function.rs:250:5
[INFO] [stdout]   27:     0x61c2111c052b - test::__rust_begin_short_backtrace::h2167df1e2b7d76fd
[INFO] [stdout]                                at /rustc/202008a1b8de96d2e5b6bc02d379db03a877d34d/library/test/src/lib.rs:632:18
[INFO] [stdout]   28:     0x61c2111bff18 - test::run_test_in_process::{{closure}}::h15d92f75a3adfb79
[INFO] [stdout]                                at /rustc/202008a1b8de96d2e5b6bc02d379db03a877d34d/library/test/src/lib.rs:655:60
[INFO] [stdout]   29:     0x61c2111bff18 - <core::panic::unwind_safe::AssertUnwindSafe<F> as core::ops::function::FnOnce<()>>::call_once::hb6c8955835a8dbbb
[INFO] [stdout]                                at /rustc/202008a1b8de96d2e5b6bc02d379db03a877d34d/library/core/src/panic/unwind_safe.rs:272:9
[INFO] [stdout]   30:     0x61c2111bff18 - std::panicking::try::do_call::hc79d0fc888a0bd30
[INFO] [stdout]                                at /rustc/202008a1b8de96d2e5b6bc02d379db03a877d34d/library/std/src/panicking.rs:557:40
[INFO] [stdout]   31:     0x61c2111bff18 - std::panicking::try::hb8a7878e3a8589d6
[INFO] [stdout]                                at /rustc/202008a1b8de96d2e5b6bc02d379db03a877d34d/library/std/src/panicking.rs:520:19
[INFO] [stdout]   32:     0x61c2111bff18 - std::panic::catch_unwind::hb8e4600ff0ff5cfa
[INFO] [stdout]                                at /rustc/202008a1b8de96d2e5b6bc02d379db03a877d34d/library/std/src/panic.rs:358:14
[INFO] [stdout]   33:     0x61c2111bff18 - test::run_test_in_process::hc2900b0b18688dd6
[INFO] [stdout]                                at /rustc/202008a1b8de96d2e5b6bc02d379db03a877d34d/library/test/src/lib.rs:655:27
[INFO] [stdout]   34:     0x61c2111bff18 - test::run_test::{{closure}}::hac2a9cb07be3d48d
[INFO] [stdout]                                at /rustc/202008a1b8de96d2e5b6bc02d379db03a877d34d/library/test/src/lib.rs:576:43
[INFO] [stdout]   35:     0x61c2111839ba - test::run_test::{{closure}}::h4a5b729e66a38cd8
[INFO] [stdout]                                at /rustc/202008a1b8de96d2e5b6bc02d379db03a877d34d/library/test/src/lib.rs:606:41
[INFO] [stdout]   36:     0x61c2111839ba - std::sys::backtrace::__rust_begin_short_backtrace::h0496fb742492f573
[INFO] [stdout]                                at /rustc/202008a1b8de96d2e5b6bc02d379db03a877d34d/library/std/src/sys/backtrace.rs:154:18
[INFO] [stdout]   37:     0x61c211187334 - std::thread::Builder::spawn_unchecked_::{{closure}}::{{closure}}::hbb6d257c550a54bd
[INFO] [stdout]                                at /rustc/202008a1b8de96d2e5b6bc02d379db03a877d34d/library/std/src/thread/mod.rs:561:17
[INFO] [stdout]   38:     0x61c211187334 - <core::panic::unwind_safe::AssertUnwindSafe<F> as core::ops::function::FnOnce<()>>::call_once::h46696fe4a6832328
[INFO] [stdout]                                at /rustc/202008a1b8de96d2e5b6bc02d379db03a877d34d/library/core/src/panic/unwind_safe.rs:272:9
[INFO] [stdout]   39:     0x61c211187334 - std::panicking::try::do_call::h2625a51b667bfb64
[INFO] [stdout]                                at /rustc/202008a1b8de96d2e5b6bc02d379db03a877d34d/library/std/src/panicking.rs:557:40
[INFO] [stdout]   40:     0x61c211187334 - std::panicking::try::hb956a59a1973aa4c
[INFO] [stdout]                                at /rustc/202008a1b8de96d2e5b6bc02d379db03a877d34d/library/std/src/panicking.rs:520:19
[INFO] [stdout]   41:     0x61c211187334 - std::panic::catch_unwind::h64f3b9d1067ef6a0
[INFO] [stdout]                                at /rustc/202008a1b8de96d2e5b6bc02d379db03a877d34d/library/std/src/panic.rs:358:14
[INFO] [stdout]   42:     0x61c211187334 - std::thread::Builder::spawn_unchecked_::{{closure}}::h42b2841295b6c0b2
[INFO] [stdout]                                at /rustc/202008a1b8de96d2e5b6bc02d379db03a877d34d/library/std/src/thread/mod.rs:559:30
[INFO] [stdout]   43:     0x61c211187334 - core::ops::function::FnOnce::call_once{{vtable.shim}}::h6127de71b8124639
[INFO] [stdout]                                at /rustc/202008a1b8de96d2e5b6bc02d379db03a877d34d/library/core/src/ops/function.rs:250:5
[INFO] [stdout]   44:     0x61c2115c0f6b - <alloc::boxed::Box<F,A> as core::ops::function::FnOnce<Args>>::call_once::h42f0ba71002a1b2c
[INFO] [stdout]                                at /rustc/202008a1b8de96d2e5b6bc02d379db03a877d34d/library/alloc/src/boxed.rs:1972:9
[INFO] [stdout]   45:     0x61c2115c0f6b - <alloc::boxed::Box<F,A> as core::ops::function::FnOnce<Args>>::call_once::had9e47d7a3dcecb8
[INFO] [stdout]                                at /rustc/202008a1b8de96d2e5b6bc02d379db03a877d34d/library/alloc/src/boxed.rs:1972:9
[INFO] [stdout]   46:     0x61c2115c0f6b - std::sys::pal::unix::thread::Thread::new::thread_start::h48cf765408f6f5f2
[INFO] [stdout]                                at /rustc/202008a1b8de96d2e5b6bc02d379db03a877d34d/library/std/src/sys/pal/unix/thread.rs:105:17
[INFO] [stdout]   47:     0x76266c750ac3 - <unknown>
[INFO] [stdout]   48:     0x76266c7e1a04 - clone
[INFO] [stdout]   49:                0x0 - <unknown>
[INFO] [stdout] 
[INFO] [stdout] ---- tests::twice stdout ----
[INFO] [stdout] 
[INFO] [stdout] ========================cannot find tmp_ade3e081_8868_4e70_a9ea_925c66e76294/diagnostics/375981bb06cf819332c202cdd09d5a8c48e296db.json nor .git repository
[INFO] [stdout] ========================cannot find tmp_ade3e081_8868_4e70_a9ea_925c66e76294/diagnostics/375981bb06cf819332c202cdd09d5a8c48e296db.json nor .git repository
[INFO] [stdout] ━━━━━━━━━━━━━━━━━━━━━━━━━━━━━ Snapshot Differences ━━━━━━━━━━━━━━━━━━━━━━━━━━━━━
[INFO] [stdout] Snapshot: twice
[INFO] [stdout] Source: src/main.rs:2031
[INFO] [stdout] ────────────────────────────────────────────────────────────────────────────────
[INFO] [stdout] Expression: rd_setup_twice(temp_dir.clone(), Args
[INFO] [stdout] {
[INFO] [stdout]     folder: Some(temp_dir.clone()), patch:
[INFO] [stdout]     Some("375981bb06cf819332c202cdd09d5a8c48e296db".to_string()), flags:
[INFO] [stdout]     vec![], confirm: true, pair: false, function: false, single: true,
[INFO] [stdout]     location: false, mixed: false, fix: false
[INFO] [stdout] }, "512236bac29f09ca798c93020ce377c30a4ed2a5", rd_run)
[INFO] [stdout] ────────────────────────────────────────────────────────────────────────────────
[INFO] [stdout] -old snapshot
[INFO] [stdout] +new results
[INFO] [stdout] ────────────┬───────────────────────────────────────────────────────────────────
[INFO] [stdout]     0       │-There are 30 warnings in 1 files, 0 has been fixed.
[INFO] [stdout]     1       │-##[Warning(clippy::len_zero)
[INFO] [stdout]     2       │-@@ -107 +107 @@ fn remove_previously_generated_files() {
[INFO] [stdout]     3       │--    if output.len() != 0 {
[INFO] [stdout]     4       │-+    if !output.is_empty() {
[INFO] [stdout] ────────────┴───────────────────────────────────────────────────────────────────
[INFO] [stdout] thread 'tests::twice' panicked at src/main.rs:2031:9:
[INFO] [stdout] called `Result::unwrap()` on an `Err` value: Os { code: 30, kind: ReadOnlyFilesystem, message: "Read-only file system" }
[INFO] [stdout] stack backtrace:
[INFO] [stdout]    0:     0x61c2115ba42a - std::backtrace_rs::backtrace::libunwind::trace::h8810477743020387
[INFO] [stdout]                                at /rustc/202008a1b8de96d2e5b6bc02d379db03a877d34d/library/std/src/../../backtrace/src/backtrace/libunwind.rs:116:5
[INFO] [stdout]    1:     0x61c2115ba42a - std::backtrace_rs::backtrace::trace_unsynchronized::h3aa55355dd6c54a6
[INFO] [stdout]                                at /rustc/202008a1b8de96d2e5b6bc02d379db03a877d34d/library/std/src/../../backtrace/src/backtrace/mod.rs:66:5
[INFO] [stdout]    2:     0x61c2115ba42a - std::sys::backtrace::_print_fmt::h8588b0f62410823f
[INFO] [stdout]                                at /rustc/202008a1b8de96d2e5b6bc02d379db03a877d34d/library/std/src/sys/backtrace.rs:66:9
[INFO] [stdout]    3:     0x61c2115ba42a - <std::sys::backtrace::BacktraceLock::print::DisplayBacktrace as core::fmt::Display>::fmt::h98c26ac25ffe89bb
[INFO] [stdout]                                at /rustc/202008a1b8de96d2e5b6bc02d379db03a877d34d/library/std/src/sys/backtrace.rs:39:26
[INFO] [stdout]    4:     0x61c2115e3cc3 - core::fmt::rt::Argument::fmt::hf95377f4aebd453b
[INFO] [stdout]                                at /rustc/202008a1b8de96d2e5b6bc02d379db03a877d34d/library/core/src/fmt/rt.rs:177:76
[INFO] [stdout]    5:     0x61c2115e3cc3 - core::fmt::write::h0dd5f6e2238c7982
[INFO] [stdout]                                at /rustc/202008a1b8de96d2e5b6bc02d379db03a877d34d/library/core/src/fmt/mod.rs:1189:21
[INFO] [stdout]    6:     0x61c2115b6613 - std::io::Write::write_fmt::h03bb0ca26e6faf8c
[INFO] [stdout]                                at /rustc/202008a1b8de96d2e5b6bc02d379db03a877d34d/library/std/src/io/mod.rs:1884:15
[INFO] [stdout]    7:     0x61c2115ba272 - std::sys::backtrace::BacktraceLock::print::h5c19c1c038ee186d
[INFO] [stdout]                                at /rustc/202008a1b8de96d2e5b6bc02d379db03a877d34d/library/std/src/sys/backtrace.rs:42:9
[INFO] [stdout]    8:     0x61c2115bb8ad - std::panicking::default_hook::{{closure}}::h77172f079a1fcb13
[INFO] [stdout]                                at /rustc/202008a1b8de96d2e5b6bc02d379db03a877d34d/library/std/src/panicking.rs:268:22
[INFO] [stdout]    9:     0x61c2115bb6b7 - std::panicking::default_hook::he5f8e3b203ccddba
[INFO] [stdout]                                at /rustc/202008a1b8de96d2e5b6bc02d379db03a877d34d/library/std/src/panicking.rs:292:9
[INFO] [stdout]   10:     0x61c2111bba07 - <alloc::boxed::Box<F,A> as core::ops::function::Fn<Args>>::call::h7a3c7b4a1ae77f2f
[INFO] [stdout]                                at /rustc/202008a1b8de96d2e5b6bc02d379db03a877d34d/library/alloc/src/boxed.rs:1986:9
[INFO] [stdout]   11:     0x61c2111bba07 - test::test_main::{{closure}}::hf0d3b69ae9b353d1
[INFO] [stdout]                                at /rustc/202008a1b8de96d2e5b6bc02d379db03a877d34d/library/test/src/lib.rs:134:21
[INFO] [stdout]   12:     0x61c2115bbf58 - <alloc::boxed::Box<F,A> as core::ops::function::Fn<Args>>::call::h6332e82e7b189abd
[INFO] [stdout]                                at /rustc/202008a1b8de96d2e5b6bc02d379db03a877d34d/library/alloc/src/boxed.rs:1986:9
[INFO] [stdout]   13:     0x61c2115bbf58 - std::panicking::rust_panic_with_hook::h53863d4e9018df39
[INFO] [stdout]                                at /rustc/202008a1b8de96d2e5b6bc02d379db03a877d34d/library/std/src/panicking.rs:809:13
[INFO] [stdout]   14:     0x61c2115bbd1a - std::panicking::begin_panic_handler::{{closure}}::h67280e6fa0757873
[INFO] [stdout]                                at /rustc/202008a1b8de96d2e5b6bc02d379db03a877d34d/library/std/src/panicking.rs:674:13
[INFO] [stdout]   15:     0x61c2115ba909 - std::sys::backtrace::__rust_end_short_backtrace::h1dac3f54d6fbbeb2
[INFO] [stdout]                                at /rustc/202008a1b8de96d2e5b6bc02d379db03a877d34d/library/std/src/sys/backtrace.rs:170:18
[INFO] [stdout]   16:     0x61c2115bb9ac - rust_begin_unwind
[INFO] [stdout]                                at /rustc/202008a1b8de96d2e5b6bc02d379db03a877d34d/library/std/src/panicking.rs:665:5
[INFO] [stdout]   17:     0x61c210e5d710 - core::panicking::panic_fmt::h6792bd1b2bf01041
[INFO] [stdout]                                at /rustc/202008a1b8de96d2e5b6bc02d379db03a877d34d/library/core/src/panicking.rs:76:14
[INFO] [stdout]   18:     0x61c210e5db96 - core::result::unwrap_failed::h05e0602ed34287c5
[INFO] [stdout]                                at /rustc/202008a1b8de96d2e5b6bc02d379db03a877d34d/library/core/src/result.rs:1699:5
[INFO] [stdout]   19:     0x61c210f232ce - core::result::Result<T,E>::unwrap::h1a98b2b57b50a56a
[INFO] [stdout]                                at /rustc/202008a1b8de96d2e5b6bc02d379db03a877d34d/library/core/src/result.rs:1104:23
[INFO] [stdout]   20:     0x61c210f232ce - rust_diagnostics::tests::twice::{{closure}}::habfc0abbadd58070
[INFO] [stdout]                                at /opt/rustwide/workdir/src/main.rs:2031:9
[INFO] [stdout]   21:     0x61c210f0abbe - core::ops::function::FnOnce::call_once::h679bc8b67fd83a16
[INFO] [stdout]                                at /rustc/202008a1b8de96d2e5b6bc02d379db03a877d34d/library/core/src/ops/function.rs:250:5
[INFO] [stdout]   22:     0x61c2111cb1ff - serial_test::serial_code_lock::local_serial_core::h8e649396a72ec0b9
[INFO] [stdout]                                at /opt/rustwide/cargo-home/registry/src/index.crates.io-6f17d22bba15001f/serial_test-0.10.0/src/serial_code_lock.rs:25:5
[INFO] [stdout]   23:     0x61c210f22cf7 - rust_diagnostics::tests::twice::hd9bacda92da9ffb3
[INFO] [stdout]                                at /opt/rustwide/workdir/src/main.rs:2028:5
[INFO] [stdout]   24:     0x61c210f22cc7 - rust_diagnostics::tests::twice::{{closure}}::h3ca889637df93734
[INFO] [stdout]                                at /opt/rustwide/workdir/src/main.rs:2029:15
[INFO] [stdout]   25:     0x61c210f0a776 - core::ops::function::FnOnce::call_once::h24d6960f24e1379c
[INFO] [stdout]                                at /rustc/202008a1b8de96d2e5b6bc02d379db03a877d34d/library/core/src/ops/function.rs:250:5
[INFO] [stdout]   26:     0x61c2111c052b - core::ops::function::FnOnce::call_once::h871bf86719ec9aa4
[INFO] [stdout]                                at /rustc/202008a1b8de96d2e5b6bc02d379db03a877d34d/library/core/src/ops/function.rs:250:5
[INFO] [stdout]   27:     0x61c2111c052b - test::__rust_begin_short_backtrace::h2167df1e2b7d76fd
[INFO] [stdout]                                at /rustc/202008a1b8de96d2e5b6bc02d379db03a877d34d/library/test/src/lib.rs:632:18
[INFO] [stdout]   28:     0x61c2111bff18 - test::run_test_in_process::{{closure}}::h15d92f75a3adfb79
[INFO] [stdout]                                at /rustc/202008a1b8de96d2e5b6bc02d379db03a877d34d/library/test/src/lib.rs:655:60
[INFO] [stdout]   29:     0x61c2111bff18 - <core::panic::unwind_safe::AssertUnwindSafe<F> as core::ops::function::FnOnce<()>>::call_once::hb6c8955835a8dbbb
[INFO] [stdout]                                at /rustc/202008a1b8de96d2e5b6bc02d379db03a877d34d/library/core/src/panic/unwind_safe.rs:272:9
[INFO] [stdout]   30:     0x61c2111bff18 - std::panicking::try::do_call::hc79d0fc888a0bd30
[INFO] [stdout]                                at /rustc/202008a1b8de96d2e5b6bc02d379db03a877d34d/library/std/src/panicking.rs:557:40
[INFO] [stdout]   31:     0x61c2111bff18 - std::panicking::try::hb8a7878e3a8589d6
[INFO] [stdout]                                at /rustc/202008a1b8de96d2e5b6bc02d379db03a877d34d/library/std/src/panicking.rs:520:19
[INFO] [stdout]   32:     0x61c2111bff18 - std::panic::catch_unwind::hb8e4600ff0ff5cfa
[INFO] [stdout]                                at /rustc/202008a1b8de96d2e5b6bc02d379db03a877d34d/library/std/src/panic.rs:358:14
[INFO] [stdout]   33:     0x61c2111bff18 - test::run_test_in_process::hc2900b0b18688dd6
[INFO] [stdout]                                at /rustc/202008a1b8de96d2e5b6bc02d379db03a877d34d/library/test/src/lib.rs:655:27
[INFO] [stdout]   34:     0x61c2111bff18 - test::run_test::{{closure}}::hac2a9cb07be3d48d
[INFO] [stdout]                                at /rustc/202008a1b8de96d2e5b6bc02d379db03a877d34d/library/test/src/lib.rs:576:43
[INFO] [stdout]   35:     0x61c2111839ba - test::run_test::{{closure}}::h4a5b729e66a38cd8
[INFO] [stdout]                                at /rustc/202008a1b8de96d2e5b6bc02d379db03a877d34d/library/test/src/lib.rs:606:41
[INFO] [stdout]   36:     0x61c2111839ba - std::sys::backtrace::__rust_begin_short_backtrace::h0496fb742492f573
[INFO] [stdout]                                at /rustc/202008a1b8de96d2e5b6bc02d379db03a877d34d/library/std/src/sys/backtrace.rs:154:18
[INFO] [stdout]   37:     0x61c211187334 - std::thread::Builder::spawn_unchecked_::{{closure}}::{{closure}}::hbb6d257c550a54bd
[INFO] [stdout]                                at /rustc/202008a1b8de96d2e5b6bc02d379db03a877d34d/library/std/src/thread/mod.rs:561:17
[INFO] [stdout]   38:     0x61c211187334 - <core::panic::unwind_safe::AssertUnwindSafe<F> as core::ops::function::FnOnce<()>>::call_once::h46696fe4a6832328
[INFO] [stdout]                                at /rustc/202008a1b8de96d2e5b6bc02d379db03a877d34d/library/core/src/panic/unwind_safe.rs:272:9
[INFO] [stdout]   39:     0x61c211187334 - std::panicking::try::do_call::h2625a51b667bfb64
[INFO] [stdout]                                at /rustc/202008a1b8de96d2e5b6bc02d379db03a877d34d/library/std/src/panicking.rs:557:40
[INFO] [stdout]   40:     0x61c211187334 - std::panicking::try::hb956a59a1973aa4c
[INFO] [stdout]                                at /rustc/202008a1b8de96d2e5b6bc02d379db03a877d34d/library/std/src/panicking.rs:520:19
[INFO] [stdout]   41:     0x61c211187334 - std::panic::catch_unwind::h64f3b9d1067ef6a0
[INFO] [stdout]                                at /rustc/202008a1b8de96d2e5b6bc02d379db03a877d34d/library/std/src/panic.rs:358:14
[INFO] [stdout]   42:     0x61c211187334 - std::thread::Builder::spawn_unchecked_::{{closure}}::h42b2841295b6c0b2
[INFO] [stdout]                                at /rustc/202008a1b8de96d2e5b6bc02d379db03a877d34d/library/std/src/thread/mod.rs:559:30
[INFO] [stdout]   43:     0x61c211187334 - core::ops::function::FnOnce::call_once{{vtable.shim}}::h6127de71b8124639
[INFO] [stdout]                                at /rustc/202008a1b8de96d2e5b6bc02d379db03a877d34d/library/core/src/ops/function.rs:250:5
[INFO] [stdout]   44:     0x61c2115c0f6b - <alloc::boxed::Box<F,A> as core::ops::function::FnOnce<Args>>::call_once::h42f0ba71002a1b2c
[INFO] [stdout]                                at /rustc/202008a1b8de96d2e5b6bc02d379db03a877d34d/library/alloc/src/boxed.rs:1972:9
[INFO] [stdout]   45:     0x61c2115c0f6b - <alloc::boxed::Box<F,A> as core::ops::function::FnOnce<Args>>::call_once::had9e47d7a3dcecb8
[INFO] [stdout]                                at /rustc/202008a1b8de96d2e5b6bc02d379db03a877d34d/library/alloc/src/boxed.rs:1972:9
[INFO] [stdout]   46:     0x61c2115c0f6b - std::sys::pal::unix::thread::Thread::new::thread_start::h48cf765408f6f5f2
[INFO] [stdout]                                at /rustc/202008a1b8de96d2e5b6bc02d379db03a877d34d/library/std/src/sys/pal/unix/thread.rs:105:17
[INFO] [stdout]   47:     0x76266c750ac3 - <unknown>
[INFO] [stdout]   48:     0x76266c7e1a04 - clone
[INFO] [stdout]   49:                0x0 - <unknown>
[INFO] [stdout] 
[INFO] [stdout] ---- tests::rd1 stdout ----
[INFO] [stdout] 
[INFO] [stdout] ========================cannot find tmp_163f8837_544d_463c_8c02_f099668b0d57/diagnostics/512236bac29f09ca798c93020ce377c30a4ed2a5.json nor .git repository
[INFO] [stdout] thread 'tests::rd1' panicked at src/main.rs:1903:9:
[INFO] [stdout] assertion `left == right` failed
[INFO] [stdout]   left: ""
[INFO] [stdout]  right: "There are 30 warnings in 1 files, 0 has been fixed.\n"
[INFO] [stdout] stack backtrace:
[INFO] [stdout]    0:     0x61c2115ba42a - std::backtrace_rs::backtrace::libunwind::trace::h8810477743020387
[INFO] [stdout]                                at /rustc/202008a1b8de96d2e5b6bc02d379db03a877d34d/library/std/src/../../backtrace/src/backtrace/libunwind.rs:116:5
[INFO] [stdout]    1:     0x61c2115ba42a - std::backtrace_rs::backtrace::trace_unsynchronized::h3aa55355dd6c54a6
[INFO] [stdout]                                at /rustc/202008a1b8de96d2e5b6bc02d379db03a877d34d/library/std/src/../../backtrace/src/backtrace/mod.rs:66:5
[INFO] [stdout]    2:     0x61c2115ba42a - std::sys::backtrace::_print_fmt::h8588b0f62410823f
[INFO] [stdout]                                at /rustc/202008a1b8de96d2e5b6bc02d379db03a877d34d/library/std/src/sys/backtrace.rs:66:9
[INFO] [stdout]    3:     0x61c2115ba42a - <std::sys::backtrace::BacktraceLock::print::DisplayBacktrace as core::fmt::Display>::fmt::h98c26ac25ffe89bb
[INFO] [stdout]                                at /rustc/202008a1b8de96d2e5b6bc02d379db03a877d34d/library/std/src/sys/backtrace.rs:39:26
[INFO] [stdout]    4:     0x61c2115e3cc3 - core::fmt::rt::Argument::fmt::hf95377f4aebd453b
[INFO] [stdout]                                at /rustc/202008a1b8de96d2e5b6bc02d379db03a877d34d/library/core/src/fmt/rt.rs:177:76
[INFO] [stdout]    5:     0x61c2115e3cc3 - core::fmt::write::h0dd5f6e2238c7982
[INFO] [stdout]                                at /rustc/202008a1b8de96d2e5b6bc02d379db03a877d34d/library/core/src/fmt/mod.rs:1189:21
[INFO] [stdout]    6:     0x61c2115b6613 - std::io::Write::write_fmt::h03bb0ca26e6faf8c
[INFO] [stderr] error: test failed, to rerun pass `--bin rust-diagnostics`
[INFO] [stdout]                                at /rustc/202008a1b8de96d2e5b6bc02d379db03a877d34d/library/std/src/io/mod.rs:1884:15
[INFO] [stdout]    7:     0x61c2115ba272 - std::sys::backtrace::BacktraceLock::print::h5c19c1c038ee186d
[INFO] [stdout]                                at /rustc/202008a1b8de96d2e5b6bc02d379db03a877d34d/library/std/src/sys/backtrace.rs:42:9
[INFO] [stdout]    8:     0x61c2115bb8ad - std::panicking::default_hook::{{closure}}::h77172f079a1fcb13
[INFO] [stdout]                                at /rustc/202008a1b8de96d2e5b6bc02d379db03a877d34d/library/std/src/panicking.rs:268:22
[INFO] [stdout]    9:     0x61c2115bb6b7 - std::panicking::default_hook::he5f8e3b203ccddba
[INFO] [stdout]                                at /rustc/202008a1b8de96d2e5b6bc02d379db03a877d34d/library/std/src/panicking.rs:292:9
[INFO] [stdout]   10:     0x61c2111bba07 - <alloc::boxed::Box<F,A> as core::ops::function::Fn<Args>>::call::h7a3c7b4a1ae77f2f
[INFO] [stdout]                                at /rustc/202008a1b8de96d2e5b6bc02d379db03a877d34d/library/alloc/src/boxed.rs:1986:9
[INFO] [stdout]   11:     0x61c2111bba07 - test::test_main::{{closure}}::hf0d3b69ae9b353d1
[INFO] [stdout]                                at /rustc/202008a1b8de96d2e5b6bc02d379db03a877d34d/library/test/src/lib.rs:134:21
[INFO] [stdout]   12:     0x61c2115bbf58 - <alloc::boxed::Box<F,A> as core::ops::function::Fn<Args>>::call::h6332e82e7b189abd
[INFO] [stdout]                                at /rustc/202008a1b8de96d2e5b6bc02d379db03a877d34d/library/alloc/src/boxed.rs:1986:9
[INFO] [stdout]   13:     0x61c2115bbf58 - std::panicking::rust_panic_with_hook::h53863d4e9018df39
[INFO] [stdout]                                at /rustc/202008a1b8de96d2e5b6bc02d379db03a877d34d/library/std/src/panicking.rs:809:13
[INFO] [stdout]   14:     0x61c2115bbd1a - std::panicking::begin_panic_handler::{{closure}}::h67280e6fa0757873
[INFO] [stdout]                                at /rustc/202008a1b8de96d2e5b6bc02d379db03a877d34d/library/std/src/panicking.rs:674:13
[INFO] [stdout]   15:     0x61c2115ba909 - std::sys::backtrace::__rust_end_short_backtrace::h1dac3f54d6fbbeb2
[INFO] [stdout]                                at /rustc/202008a1b8de96d2e5b6bc02d379db03a877d34d/library/std/src/sys/backtrace.rs:170:18
[INFO] [stdout]   16:     0x61c2115bb9ac - rust_begin_unwind
[INFO] [stdout]                                at /rustc/202008a1b8de96d2e5b6bc02d379db03a877d34d/library/std/src/panicking.rs:665:5
[INFO] [stdout]   17:     0x61c210e5d710 - core::panicking::panic_fmt::h6792bd1b2bf01041
[INFO] [stdout]                                at /rustc/202008a1b8de96d2e5b6bc02d379db03a877d34d/library/core/src/panicking.rs:76:14
[INFO] [stdout]   18:     0x61c210e5db14 - core::panicking::assert_failed_inner::hf2c17e6d30928787
[INFO] [stdout]   19:     0x61c210eb58da - core::panicking::assert_failed::h3b6c6a19efd3e0d3
[INFO] [stdout]                                at /rustc/202008a1b8de96d2e5b6bc02d379db03a877d34d/library/core/src/panicking.rs:373:5
[INFO] [stdout]   20:     0x61c210f214dc - rust_diagnostics::tests::rd1::{{closure}}::hdbfa21a12b72fb88
[INFO] [stdout]                                at /opt/rustwide/workdir/src/main.rs:1903:9
[INFO] [stdout]   21:     0x61c210f0b37e - core::ops::function::FnOnce::call_once::hc35a155abd26f8e2
[INFO] [stdout]                                at /rustc/202008a1b8de96d2e5b6bc02d379db03a877d34d/library/core/src/ops/function.rs:250:5
[INFO] [stdout]   22:     0x61c2111cb1ff - serial_test::serial_code_lock::local_serial_core::h8e649396a72ec0b9
[INFO] [stdout]                                at /opt/rustwide/cargo-home/registry/src/index.crates.io-6f17d22bba15001f/serial_test-0.10.0/src/serial_code_lock.rs:25:5
[INFO] [stdout]   23:     0x61c210f21127 - rust_diagnostics::tests::rd1::haf0f136b447ea7c0
[INFO] [stdout]                                at /opt/rustwide/workdir/src/main.rs:1900:5
[INFO] [stdout]   24:     0x61c210f210f7 - rust_diagnostics::tests::rd1::{{closure}}::h7ae2540be0a9964a
[INFO] [stdout]                                at /opt/rustwide/workdir/src/main.rs:1901:13
[INFO] [stdout]   25:     0x61c210f0ad36 - core::ops::function::FnOnce::call_once::h792c5b363f207476
[INFO] [stdout]                                at /rustc/202008a1b8de96d2e5b6bc02d379db03a877d34d/library/core/src/ops/function.rs:250:5
[INFO] [stdout]   26:     0x61c2111c052b - core::ops::function::FnOnce::call_once::h871bf86719ec9aa4
[INFO] [stdout]                                at /rustc/202008a1b8de96d2e5b6bc02d379db03a877d34d/library/core/src/ops/function.rs:250:5
[INFO] [stdout]   27:     0x61c2111c052b - test::__rust_begin_short_backtrace::h2167df1e2b7d76fd
[INFO] [stdout]                                at /rustc/202008a1b8de96d2e5b6bc02d379db03a877d34d/library/test/src/lib.rs:632:18
[INFO] [stdout]   28:     0x61c2111bff18 - test::run_test_in_process::{{closure}}::h15d92f75a3adfb79
[INFO] [stdout]                                at /rustc/202008a1b8de96d2e5b6bc02d379db03a877d34d/library/test/src/lib.rs:655:60
[INFO] [stdout]   29:     0x61c2111bff18 - <core::panic::unwind_safe::AssertUnwindSafe<F> as core::ops::function::FnOnce<()>>::call_once::hb6c8955835a8dbbb
[INFO] [stdout]                                at /rustc/202008a1b8de96d2e5b6bc02d379db03a877d34d/library/core/src/panic/unwind_safe.rs:272:9
[INFO] [stdout]   30:     0x61c2111bff18 - std::panicking::try::do_call::hc79d0fc888a0bd30
[INFO] [stdout]                                at /rustc/202008a1b8de96d2e5b6bc02d379db03a877d34d/library/std/src/panicking.rs:557:40
[INFO] [stdout]   31:     0x61c2111bff18 - std::panicking::try::hb8a7878e3a8589d6
[INFO] [stdout]                                at /rustc/202008a1b8de96d2e5b6bc02d379db03a877d34d/library/std/src/panicking.rs:520:19
[INFO] [stdout]   32:     0x61c2111bff18 - std::panic::catch_unwind::hb8e4600ff0ff5cfa
[INFO] [stdout]                                at /rustc/202008a1b8de96d2e5b6bc02d379db03a877d34d/library/std/src/panic.rs:358:14
[INFO] [stdout]   33:     0x61c2111bff18 - test::run_test_in_process::hc2900b0b18688dd6
[INFO] [stdout]                                at /rustc/202008a1b8de96d2e5b6bc02d379db03a877d34d/library/test/src/lib.rs:655:27
[INFO] [stdout]   34:     0x61c2111bff18 - test::run_test::{{closure}}::hac2a9cb07be3d48d
[INFO] [stdout]                                at /rustc/202008a1b8de96d2e5b6bc02d379db03a877d34d/library/test/src/lib.rs:576:43
[INFO] [stdout]   35:     0x61c2111839ba - test::run_test::{{closure}}::h4a5b729e66a38cd8
[INFO] [stdout]                                at /rustc/202008a1b8de96d2e5b6bc02d379db03a877d34d/library/test/src/lib.rs:606:41
[INFO] [stdout]   36:     0x61c2111839ba - std::sys::backtrace::__rust_begin_short_backtrace::h0496fb742492f573
[INFO] [stdout]                                at /rustc/202008a1b8de96d2e5b6bc02d379db03a877d34d/library/std/src/sys/backtrace.rs:154:18
[INFO] [stdout]   37:     0x61c211187334 - std::thread::Builder::spawn_unchecked_::{{closure}}::{{closure}}::hbb6d257c550a54bd
[INFO] [stdout]                                at /rustc/202008a1b8de96d2e5b6bc02d379db03a877d34d/library/std/src/thread/mod.rs:561:17
[INFO] [stdout]   38:     0x61c211187334 - <core::panic::unwind_safe::AssertUnwindSafe<F> as core::ops::function::FnOnce<()>>::call_once::h46696fe4a6832328
[INFO] [stdout]                                at /rustc/202008a1b8de96d2e5b6bc02d379db03a877d34d/library/core/src/panic/unwind_safe.rs:272:9
[INFO] [stdout]   39:     0x61c211187334 - std::panicking::try::do_call::h2625a51b667bfb64
[INFO] [stdout]                                at /rustc/202008a1b8de96d2e5b6bc02d379db03a877d34d/library/std/src/panicking.rs:557:40
[INFO] [stdout]   40:     0x61c211187334 - std::panicking::try::hb956a59a1973aa4c
[INFO] [stdout]                                at /rustc/202008a1b8de96d2e5b6bc02d379db03a877d34d/library/std/src/panicking.rs:520:19
[INFO] [stdout]   41:     0x61c211187334 - std::panic::catch_unwind::h64f3b9d1067ef6a0
[INFO] [stdout]                                at /rustc/202008a1b8de96d2e5b6bc02d379db03a877d34d/library/std/src/panic.rs:358:14
[INFO] [stdout]   42:     0x61c211187334 - std::thread::Builder::spawn_unchecked_::{{closure}}::h42b2841295b6c0b2
[INFO] [stdout]                                at /rustc/202008a1b8de96d2e5b6bc02d379db03a877d34d/library/std/src/thread/mod.rs:559:30
[INFO] [stdout]   43:     0x61c211187334 - core::ops::function::FnOnce::call_once{{vtable.shim}}::h6127de71b8124639
[INFO] [stdout]                                at /rustc/202008a1b8de96d2e5b6bc02d379db03a877d34d/library/core/src/ops/function.rs:250:5
[INFO] [stdout]   44:     0x61c2115c0f6b - <alloc::boxed::Box<F,A> as core::ops::function::FnOnce<Args>>::call_once::h42f0ba71002a1b2c
[INFO] [stdout]                                at /rustc/202008a1b8de96d2e5b6bc02d379db03a877d34d/library/alloc/src/boxed.rs:1972:9
[INFO] [stdout]   45:     0x61c2115c0f6b - <alloc::boxed::Box<F,A> as core::ops::function::FnOnce<Args>>::call_once::had9e47d7a3dcecb8
[INFO] [stdout]                                at /rustc/202008a1b8de96d2e5b6bc02d379db03a877d34d/library/alloc/src/boxed.rs:1972:9
[INFO] [stdout]   46:     0x61c2115c0f6b - std::sys::pal::unix::thread::Thread::new::thread_start::h48cf765408f6f5f2
[INFO] [stdout]                                at /rustc/202008a1b8de96d2e5b6bc02d379db03a877d34d/library/std/src/sys/pal/unix/thread.rs:105:17
[INFO] [stdout]   47:     0x76266c750ac3 - <unknown>
[INFO] [stdout]   48:     0x76266c7e1a04 - clone
[INFO] [stdout]   49:                0x0 - <unknown>
[INFO] [stdout] 
[INFO] [stdout] ---- tests::rd2 stdout ----
[INFO] [stdout] 
[INFO] [stdout] ========================cannot find tmp_03a7b9cd_c946_4862_8824_a66f3c5be7d1/diagnostics/375981bb06cf819332c202cdd09d5a8c48e296db.json nor .git repository
[INFO] [stdout] ━━━━━━━━━━━━━━━━━━━━━━━━━━━━━ Snapshot Differences ━━━━━━━━━━━━━━━━━━━━━━━━━━━━━
[INFO] [stdout] Snapshot: rd2
[INFO] [stdout] Source: src/main.rs:1952
[INFO] [stdout] ────────────────────────────────────────────────────────────────────────────────
[INFO] [stdout] Expression: rd_setup(temp_dir.clone(), Args
[INFO] [stdout] {
[INFO] [stdout]     folder: Some(temp_dir.clone()), patch:
[INFO] [stdout]     Some("375981bb06cf819332c202cdd09d5a8c48e296db".to_string()), flags:
[INFO] [stdout]     vec![], confirm: true, pair: false, function: false, single: true,
[INFO] [stdout]     location: false, mixed: false, fix: false
[INFO] [stdout] }, "512236bac29f09ca798c93020ce377c30a4ed2a5", rd_run)
[INFO] [stdout] ────────────────────────────────────────────────────────────────────────────────
[INFO] [stdout] -old snapshot
[INFO] [stdout] +new results
[INFO] [stdout] ────────────┬───────────────────────────────────────────────────────────────────
[INFO] [stdout]     0       │-There are 30 warnings in 1 files, 0 has been fixed.
[INFO] [stdout]     1       │-##[Warning(clippy::len_zero)
[INFO] [stdout]     2       │-@@ -107 +107 @@ fn remove_previously_generated_files() {
[INFO] [stdout]     3       │--    if output.len() != 0 {
[INFO] [stdout]     4       │-+    if !output.is_empty() {
[INFO] [stdout] ────────────┴───────────────────────────────────────────────────────────────────
[INFO] [stdout] thread 'tests::rd2' panicked at src/main.rs:1952:9:
[INFO] [stdout] called `Result::unwrap()` on an `Err` value: Os { code: 30, kind: ReadOnlyFilesystem, message: "Read-only file system" }
[INFO] [stdout] stack backtrace:
[INFO] [stdout]    0:     0x61c2115ba42a - std::backtrace_rs::backtrace::libunwind::trace::h8810477743020387
[INFO] [stdout]                                at /rustc/202008a1b8de96d2e5b6bc02d379db03a877d34d/library/std/src/../../backtrace/src/backtrace/libunwind.rs:116:5
[INFO] [stdout]    1:     0x61c2115ba42a - std::backtrace_rs::backtrace::trace_unsynchronized::h3aa55355dd6c54a6
[INFO] [stdout]                                at /rustc/202008a1b8de96d2e5b6bc02d379db03a877d34d/library/std/src/../../backtrace/src/backtrace/mod.rs:66:5
[INFO] [stdout]    2:     0x61c2115ba42a - std::sys::backtrace::_print_fmt::h8588b0f62410823f
[INFO] [stdout]                                at /rustc/202008a1b8de96d2e5b6bc02d379db03a877d34d/library/std/src/sys/backtrace.rs:66:9
[INFO] [stdout]    3:     0x61c2115ba42a - <std::sys::backtrace::BacktraceLock::print::DisplayBacktrace as core::fmt::Display>::fmt::h98c26ac25ffe89bb
[INFO] [stdout]                                at /rustc/202008a1b8de96d2e5b6bc02d379db03a877d34d/library/std/src/sys/backtrace.rs:39:26
[INFO] [stdout]    4:     0x61c2115e3cc3 - core::fmt::rt::Argument::fmt::hf95377f4aebd453b
[INFO] [stdout]                                at /rustc/202008a1b8de96d2e5b6bc02d379db03a877d34d/library/core/src/fmt/rt.rs:177:76
[INFO] [stdout]    5:     0x61c2115e3cc3 - core::fmt::write::h0dd5f6e2238c7982
[INFO] [stdout]                                at /rustc/202008a1b8de96d2e5b6bc02d379db03a877d34d/library/core/src/fmt/mod.rs:1189:21
[INFO] [stdout]    6:     0x61c2115b6613 - std::io::Write::write_fmt::h03bb0ca26e6faf8c
[INFO] [stdout]                                at /rustc/202008a1b8de96d2e5b6bc02d379db03a877d34d/library/std/src/io/mod.rs:1884:15
[INFO] [stdout]    7:     0x61c2115ba272 - std::sys::backtrace::BacktraceLock::print::h5c19c1c038ee186d
[INFO] [stdout]                                at /rustc/202008a1b8de96d2e5b6bc02d379db03a877d34d/library/std/src/sys/backtrace.rs:42:9
[INFO] [stdout]    8:     0x61c2115bb8ad - std::panicking::default_hook::{{closure}}::h77172f079a1fcb13
[INFO] [stdout]                                at /rustc/202008a1b8de96d2e5b6bc02d379db03a877d34d/library/std/src/panicking.rs:268:22
[INFO] [stdout]    9:     0x61c2115bb6b7 - std::panicking::default_hook::he5f8e3b203ccddba
[INFO] [stdout]                                at /rustc/202008a1b8de96d2e5b6bc02d379db03a877d34d/library/std/src/panicking.rs:292:9
[INFO] [stdout]   10:     0x61c2111bba07 - <alloc::boxed::Box<F,A> as core::ops::function::Fn<Args>>::call::h7a3c7b4a1ae77f2f
[INFO] [stdout]                                at /rustc/202008a1b8de96d2e5b6bc02d379db03a877d34d/library/alloc/src/boxed.rs:1986:9
[INFO] [stdout]   11:     0x61c2111bba07 - test::test_main::{{closure}}::hf0d3b69ae9b353d1
[INFO] [stdout]                                at /rustc/202008a1b8de96d2e5b6bc02d379db03a877d34d/library/test/src/lib.rs:134:21
[INFO] [stdout]   12:     0x61c2115bbf58 - <alloc::boxed::Box<F,A> as core::ops::function::Fn<Args>>::call::h6332e82e7b189abd
[INFO] [stdout]                                at /rustc/202008a1b8de96d2e5b6bc02d379db03a877d34d/library/alloc/src/boxed.rs:1986:9
[INFO] [stdout]   13:     0x61c2115bbf58 - std::panicking::rust_panic_with_hook::h53863d4e9018df39
[INFO] [stdout]                                at /rustc/202008a1b8de96d2e5b6bc02d379db03a877d34d/library/std/src/panicking.rs:809:13
[INFO] [stdout]   14:     0x61c2115bbd1a - std::panicking::begin_panic_handler::{{closure}}::h67280e6fa0757873
[INFO] [stdout]                                at /rustc/202008a1b8de96d2e5b6bc02d379db03a877d34d/library/std/src/panicking.rs:674:13
[INFO] [stdout]   15:     0x61c2115ba909 - std::sys::backtrace::__rust_end_short_backtrace::h1dac3f54d6fbbeb2
[INFO] [stdout]                                at /rustc/202008a1b8de96d2e5b6bc02d379db03a877d34d/library/std/src/sys/backtrace.rs:170:18
[INFO] [stdout]   16:     0x61c2115bb9ac - rust_begin_unwind
[INFO] [stdout]                                at /rustc/202008a1b8de96d2e5b6bc02d379db03a877d34d/library/std/src/panicking.rs:665:5
[INFO] [stdout]   17:     0x61c210e5d710 - core::panicking::panic_fmt::h6792bd1b2bf01041
[INFO] [stdout]                                at /rustc/202008a1b8de96d2e5b6bc02d379db03a877d34d/library/core/src/panicking.rs:76:14
[INFO] [stdout]   18:     0x61c210e5db96 - core::result::unwrap_failed::h05e0602ed34287c5
[INFO] [stdout]                                at /rustc/202008a1b8de96d2e5b6bc02d379db03a877d34d/library/core/src/result.rs:1699:5
[INFO] [stdout]   19:     0x61c210f21eee - core::result::Result<T,E>::unwrap::h1a98b2b57b50a56a
[INFO] [stdout]                                at /rustc/202008a1b8de96d2e5b6bc02d379db03a877d34d/library/core/src/result.rs:1104:23
[INFO] [stdout]   20:     0x61c210f21eee - rust_diagnostics::tests::rd2::{{closure}}::hbe916583c41bf323
[INFO] [stdout]                                at /opt/rustwide/workdir/src/main.rs:1952:9
[INFO] [stdout]   21:     0x61c210f0b3ee - core::ops::function::FnOnce::call_once::hc5b6af3037cfb533
[INFO] [stdout]                                at /rustc/202008a1b8de96d2e5b6bc02d379db03a877d34d/library/core/src/ops/function.rs:250:5
[INFO] [stdout]   22:     0x61c2111cb1ff - serial_test::serial_code_lock::local_serial_core::h8e649396a72ec0b9
[INFO] [stdout]                                at /opt/rustwide/cargo-home/registry/src/index.crates.io-6f17d22bba15001f/serial_test-0.10.0/src/serial_code_lock.rs:25:5
[INFO] [stdout]   23:     0x61c210f21917 - rust_diagnostics::tests::rd2::h2070701faa3d4840
[INFO] [stdout]                                at /opt/rustwide/workdir/src/main.rs:1949:5
[INFO] [stdout]   24:     0x61c210f218e7 - rust_diagnostics::tests::rd2::{{closure}}::h9ac8200744754276
[INFO] [stdout]                                at /opt/rustwide/workdir/src/main.rs:1950:13
[INFO] [stdout]   25:     0x61c210f0a4d6 - core::ops::function::FnOnce::call_once::h05202dfb153b07ef
[INFO] [stdout]                                at /rustc/202008a1b8de96d2e5b6bc02d379db03a877d34d/library/core/src/ops/function.rs:250:5
[INFO] [stdout]   26:     0x61c2111c052b - core::ops::function::FnOnce::call_once::h871bf86719ec9aa4
[INFO] [stdout]                                at /rustc/202008a1b8de96d2e5b6bc02d379db03a877d34d/library/core/src/ops/function.rs:250:5
[INFO] [stdout]   27:     0x61c2111c052b - test::__rust_begin_short_backtrace::h2167df1e2b7d76fd
[INFO] [stdout]                                at /rustc/202008a1b8de96d2e5b6bc02d379db03a877d34d/library/test/src/lib.rs:632:18
[INFO] [stdout]   28:     0x61c2111bff18 - test::run_test_in_process::{{closure}}::h15d92f75a3adfb79
[INFO] [stdout]                                at /rustc/202008a1b8de96d2e5b6bc02d379db03a877d34d/library/test/src/lib.rs:655:60
[INFO] [stdout]   29:     0x61c2111bff18 - <core::panic::unwind_safe::AssertUnwindSafe<F> as core::ops::function::FnOnce<()>>::call_once::hb6c8955835a8dbbb
[INFO] [stdout]                                at /rustc/202008a1b8de96d2e5b6bc02d379db03a877d34d/library/core/src/panic/unwind_safe.rs:272:9
[INFO] [stdout]   30:     0x61c2111bff18 - std::panicking::try::do_call::hc79d0fc888a0bd30
[INFO] [stdout]                                at /rustc/202008a1b8de96d2e5b6bc02d379db03a877d34d/library/std/src/panicking.rs:557:40
[INFO] [stdout]   31:     0x61c2111bff18 - std::panicking::try::hb8a7878e3a8589d6
[INFO] [stdout]                                at /rustc/202008a1b8de96d2e5b6bc02d379db03a877d34d/library/std/src/panicking.rs:520:19
[INFO] [stdout]   32:     0x61c2111bff18 - std::panic::catch_unwind::hb8e4600ff0ff5cfa
[INFO] [stdout]                                at /rustc/202008a1b8de96d2e5b6bc02d379db03a877d34d/library/std/src/panic.rs:358:14
[INFO] [stdout]   33:     0x61c2111bff18 - test::run_test_in_process::hc2900b0b18688dd6
[INFO] [stdout]                                at /rustc/202008a1b8de96d2e5b6bc02d379db03a877d34d/library/test/src/lib.rs:655:27
[INFO] [stdout]   34:     0x61c2111bff18 - test::run_test::{{closure}}::hac2a9cb07be3d48d
[INFO] [stdout]                                at /rustc/202008a1b8de96d2e5b6bc02d379db03a877d34d/library/test/src/lib.rs:576:43
[INFO] [stdout]   35:     0x61c2111839ba - test::run_test::{{closure}}::h4a5b729e66a38cd8
[INFO] [stdout]                                at /rustc/202008a1b8de96d2e5b6bc02d379db03a877d34d/library/test/src/lib.rs:606:41
[INFO] [stdout]   36:     0x61c2111839ba - std::sys::backtrace::__rust_begin_short_backtrace::h0496fb742492f573
[INFO] [stdout]                                at /rustc/202008a1b8de96d2e5b6bc02d379db03a877d34d/library/std/src/sys/backtrace.rs:154:18
[INFO] [stdout]   37:     0x61c211187334 - std::thread::Builder::spawn_unchecked_::{{closure}}::{{closure}}::hbb6d257c550a54bd
[INFO] [stdout]                                at /rustc/202008a1b8de96d2e5b6bc02d379db03a877d34d/library/std/src/thread/mod.rs:561:17
[INFO] [stdout]   38:     0x61c211187334 - <core::panic::unwind_safe::AssertUnwindSafe<F> as core::ops::function::FnOnce<()>>::call_once::h46696fe4a6832328
[INFO] [stdout]                                at /rustc/202008a1b8de96d2e5b6bc02d379db03a877d34d/library/core/src/panic/unwind_safe.rs:272:9
[INFO] [stdout]   39:     0x61c211187334 - std::panicking::try::do_call::h2625a51b667bfb64
[INFO] [stdout]                                at /rustc/202008a1b8de96d2e5b6bc02d379db03a877d34d/library/std/src/panicking.rs:557:40
[INFO] [stdout]   40:     0x61c211187334 - std::panicking::try::hb956a59a1973aa4c
[INFO] [stdout]                                at /rustc/202008a1b8de96d2e5b6bc02d379db03a877d34d/library/std/src/panicking.rs:520:19
[INFO] [stdout]   41:     0x61c211187334 - std::panic::catch_unwind::h64f3b9d1067ef6a0
[INFO] [stdout]                                at /rustc/202008a1b8de96d2e5b6bc02d379db03a877d34d/library/std/src/panic.rs:358:14
[INFO] [stdout]   42:     0x61c211187334 - std::thread::Builder::spawn_unchecked_::{{closure}}::h42b2841295b6c0b2
[INFO] [stdout]                                at /rustc/202008a1b8de96d2e5b6bc02d379db03a877d34d/library/std/src/thread/mod.rs:559:30
[INFO] [stdout]   43:     0x61c211187334 - core::ops::function::FnOnce::call_once{{vtable.shim}}::h6127de71b8124639
[INFO] [stdout]                                at /rustc/202008a1b8de96d2e5b6bc02d379db03a877d34d/library/core/src/ops/function.rs:250:5
[INFO] [stdout]   44:     0x61c2115c0f6b - <alloc::boxed::Box<F,A> as core::ops::function::FnOnce<Args>>::call_once::h42f0ba71002a1b2c
[INFO] [stdout]                                at /rustc/202008a1b8de96d2e5b6bc02d379db03a877d34d/library/alloc/src/boxed.rs:1972:9
[INFO] [stdout]   45:     0x61c2115c0f6b - <alloc::boxed::Box<F,A> as core::ops::function::FnOnce<Args>>::call_once::had9e47d7a3dcecb8
[INFO] [stdout]                                at /rustc/202008a1b8de96d2e5b6bc02d379db03a877d34d/library/alloc/src/boxed.rs:1972:9
[INFO] [stdout]   46:     0x61c2115c0f6b - std::sys::pal::unix::thread::Thread::new::thread_start::h48cf765408f6f5f2
[INFO] [stdout]                                at /rustc/202008a1b8de96d2e5b6bc02d379db03a877d34d/library/std/src/sys/pal/unix/thread.rs:105:17
[INFO] [stdout]   47:     0x76266c750ac3 - <unknown>
[INFO] [stdout]   48:     0x76266c7e1a04 - clone
[INFO] [stdout]   49:                0x0 - <unknown>
[INFO] [stdout] 
[INFO] [stdout] ---- tests::rd3 stdout ----
[INFO] [stdout] 
[INFO] [stdout] ========================cannot find tmp_6002ddea_fbea_4548_a979_4b4c547e2afd/diagnostics/035ef892fa57fe644ef76065849ebd025869614d.json nor .git repository
[INFO] [stdout] ━━━━━━━━━━━━━━━━━━━━━━━━━━━━━ Snapshot Differences ━━━━━━━━━━━━━━━━━━━━━━━━━━━━━
[INFO] [stdout] Snapshot: rd3
[INFO] [stdout] Source: src/main.rs:2111
[INFO] [stdout] ────────────────────────────────────────────────────────────────────────────────
[INFO] [stdout] Expression: rd_setup(temp_dir.clone(), Args
[INFO] [stdout] {
[INFO] [stdout]     folder: Some(temp_dir.clone()), patch:
[INFO] [stdout]     Some("035ef892fa57fe644ef76065849ebd025869614d".to_string()), flags:
[INFO] [stdout]     vec![], confirm: false, pair: false, function: false, single: true,
[INFO] [stdout]     location: false, mixed: false, fix: false
[INFO] [stdout] }, "375981bb06cf819332c202cdd09d5a8c48e296db", rd_run)
[INFO] [stdout] ────────────────────────────────────────────────────────────────────────────────
[INFO] [stdout] -old snapshot
[INFO] [stdout] +new results
[INFO] [stdout] ────────────┬───────────────────────────────────────────────────────────────────
[INFO] [stdout]     0       │-There are 27 warnings in 1 files, 0 has been fixed.
[INFO] [stdout] ────────────┴───────────────────────────────────────────────────────────────────
[INFO] [stdout] thread 'tests::rd3' panicked at src/main.rs:2111:9:
[INFO] [stdout] called `Result::unwrap()` on an `Err` value: Os { code: 30, kind: ReadOnlyFilesystem, message: "Read-only file system" }
[INFO] [stdout] stack backtrace:
[INFO] [stdout]    0:     0x61c2115ba42a - std::backtrace_rs::backtrace::libunwind::trace::h8810477743020387
[INFO] [stdout]                                at /rustc/202008a1b8de96d2e5b6bc02d379db03a877d34d/library/std/src/../../backtrace/src/backtrace/libunwind.rs:116:5
[INFO] [stdout]    1:     0x61c2115ba42a - std::backtrace_rs::backtrace::trace_unsynchronized::h3aa55355dd6c54a6
[INFO] [stdout]                                at /rustc/202008a1b8de96d2e5b6bc02d379db03a877d34d/library/std/src/../../backtrace/src/backtrace/mod.rs:66:5
[INFO] [stdout]    2:     0x61c2115ba42a - std::sys::backtrace::_print_fmt::h8588b0f62410823f
[INFO] [stdout]                                at /rustc/202008a1b8de96d2e5b6bc02d379db03a877d34d/library/std/src/sys/backtrace.rs:66:9
[INFO] [stdout]    3:     0x61c2115ba42a - <std::sys::backtrace::BacktraceLock::print::DisplayBacktrace as core::fmt::Display>::fmt::h98c26ac25ffe89bb
[INFO] [stdout]                                at /rustc/202008a1b8de96d2e5b6bc02d379db03a877d34d/library/std/src/sys/backtrace.rs:39:26
[INFO] [stdout]    4:     0x61c2115e3cc3 - core::fmt::rt::Argument::fmt::hf95377f4aebd453b
[INFO] [stdout]                                at /rustc/202008a1b8de96d2e5b6bc02d379db03a877d34d/library/core/src/fmt/rt.rs:177:76
[INFO] [stdout]    5:     0x61c2115e3cc3 - core::fmt::write::h0dd5f6e2238c7982
[INFO] [stdout]                                at /rustc/202008a1b8de96d2e5b6bc02d379db03a877d34d/library/core/src/fmt/mod.rs:1189:21
[INFO] [stdout]    6:     0x61c2115b6613 - std::io::Write::write_fmt::h03bb0ca26e6faf8c
[INFO] [stdout]                                at /rustc/202008a1b8de96d2e5b6bc02d379db03a877d34d/library/std/src/io/mod.rs:1884:15
[INFO] [stdout]    7:     0x61c2115ba272 - std::sys::backtrace::BacktraceLock::print::h5c19c1c038ee186d
[INFO] [stdout]                                at /rustc/202008a1b8de96d2e5b6bc02d379db03a877d34d/library/std/src/sys/backtrace.rs:42:9
[INFO] [stdout]    8:     0x61c2115bb8ad - std::panicking::default_hook::{{closure}}::h77172f079a1fcb13
[INFO] [stdout]                                at /rustc/202008a1b8de96d2e5b6bc02d379db03a877d34d/library/std/src/panicking.rs:268:22
[INFO] [stdout]    9:     0x61c2115bb6b7 - std::panicking::default_hook::he5f8e3b203ccddba
[INFO] [stdout]                                at /rustc/202008a1b8de96d2e5b6bc02d379db03a877d34d/library/std/src/panicking.rs:292:9
[INFO] [stdout]   10:     0x61c2111bba07 - <alloc::boxed::Box<F,A> as core::ops::function::Fn<Args>>::call::h7a3c7b4a1ae77f2f
[INFO] [stdout]                                at /rustc/202008a1b8de96d2e5b6bc02d379db03a877d34d/library/alloc/src/boxed.rs:1986:9
[INFO] [stdout]   11:     0x61c2111bba07 - test::test_main::{{closure}}::hf0d3b69ae9b353d1
[INFO] [stdout]                                at /rustc/202008a1b8de96d2e5b6bc02d379db03a877d34d/library/test/src/lib.rs:134:21
[INFO] [stdout]   12:     0x61c2115bbf58 - <alloc::boxed::Box<F,A> as core::ops::function::Fn<Args>>::call::h6332e82e7b189abd
[INFO] [stdout]                                at /rustc/202008a1b8de96d2e5b6bc02d379db03a877d34d/library/alloc/src/boxed.rs:1986:9
[INFO] [stdout]   13:     0x61c2115bbf58 - std::panicking::rust_panic_with_hook::h53863d4e9018df39
[INFO] [stdout]                                at /rustc/202008a1b8de96d2e5b6bc02d379db03a877d34d/library/std/src/panicking.rs:809:13
[INFO] [stdout]   14:     0x61c2115bbd1a - std::panicking::begin_panic_handler::{{closure}}::h67280e6fa0757873
[INFO] [stdout]                                at /rustc/202008a1b8de96d2e5b6bc02d379db03a877d34d/library/std/src/panicking.rs:674:13
[INFO] [stdout]   15:     0x61c2115ba909 - std::sys::backtrace::__rust_end_short_backtrace::h1dac3f54d6fbbeb2
[INFO] [stdout]                                at /rustc/202008a1b8de96d2e5b6bc02d379db03a877d34d/library/std/src/sys/backtrace.rs:170:18
[INFO] [stdout]   16:     0x61c2115bb9ac - rust_begin_unwind
[INFO] [stdout]                                at /rustc/202008a1b8de96d2e5b6bc02d379db03a877d34d/library/std/src/panicking.rs:665:5
[INFO] [stdout]   17:     0x61c210e5d710 - core::panicking::panic_fmt::h6792bd1b2bf01041
[INFO] [stdout]                                at /rustc/202008a1b8de96d2e5b6bc02d379db03a877d34d/library/core/src/panicking.rs:76:14
[INFO] [stdout]   18:     0x61c210e5db96 - core::result::unwrap_failed::h05e0602ed34287c5
[INFO] [stdout]                                at /rustc/202008a1b8de96d2e5b6bc02d379db03a877d34d/library/core/src/result.rs:1699:5
[INFO] [stdout]   19:     0x61c210f2469e - core::result::Result<T,E>::unwrap::h1a98b2b57b50a56a
[INFO] [stdout]                                at /rustc/202008a1b8de96d2e5b6bc02d379db03a877d34d/library/core/src/result.rs:1104:23
[INFO] [stdout]   20:     0x61c210f2469e - rust_diagnostics::tests::rd3::{{closure}}::he6b1c00b281706f9
[INFO] [stdout]                                at /opt/rustwide/workdir/src/main.rs:2111:9
[INFO] [stdout]   21:     0x61c210f0a5ce - core::ops::function::FnOnce::call_once::h17461ab1e03ed667
[INFO] [stdout]                                at /rustc/202008a1b8de96d2e5b6bc02d379db03a877d34d/library/core/src/ops/function.rs:250:5
[INFO] [stdout]   22:     0x61c2111cb1ff - serial_test::serial_code_lock::local_serial_core::h8e649396a72ec0b9
[INFO] [stdout]                                at /opt/rustwide/cargo-home/registry/src/index.crates.io-6f17d22bba15001f/serial_test-0.10.0/src/serial_code_lock.rs:25:5
[INFO] [stdout]   23:     0x61c210f240d7 - rust_diagnostics::tests::rd3::hbd04ad2c6650d54a
[INFO] [stdout]                                at /opt/rustwide/workdir/src/main.rs:2108:5
[INFO] [stdout]   24:     0x61c210f240a7 - rust_diagnostics::tests::rd3::{{closure}}::h06ebdac0bb206042
[INFO] [stdout]                                at /opt/rustwide/workdir/src/main.rs:2109:13
[INFO] [stdout]   25:     0x61c210f0abf6 - core::ops::function::FnOnce::call_once::h691f9ff1f4b45586
[INFO] [stdout]                                at /rustc/202008a1b8de96d2e5b6bc02d379db03a877d34d/library/core/src/ops/function.rs:250:5
[INFO] [stdout]   26:     0x61c2111c052b - core::ops::function::FnOnce::call_once::h871bf86719ec9aa4
[INFO] [stdout]                                at /rustc/202008a1b8de96d2e5b6bc02d379db03a877d34d/library/core/src/ops/function.rs:250:5
[INFO] [stdout]   27:     0x61c2111c052b - test::__rust_begin_short_backtrace::h2167df1e2b7d76fd
[INFO] [stdout]                                at /rustc/202008a1b8de96d2e5b6bc02d379db03a877d34d/library/test/src/lib.rs:632:18
[INFO] [stdout]   28:     0x61c2111bff18 - test::run_test_in_process::{{closure}}::h15d92f75a3adfb79
[INFO] [stdout]                                at /rustc/202008a1b8de96d2e5b6bc02d379db03a877d34d/library/test/src/lib.rs:655:60
[INFO] [stdout]   29:     0x61c2111bff18 - <core::panic::unwind_safe::AssertUnwindSafe<F> as core::ops::function::FnOnce<()>>::call_once::hb6c8955835a8dbbb
[INFO] [stdout]                                at /rustc/202008a1b8de96d2e5b6bc02d379db03a877d34d/library/core/src/panic/unwind_safe.rs:272:9
[INFO] [stdout]   30:     0x61c2111bff18 - std::panicking::try::do_call::hc79d0fc888a0bd30
[INFO] [stdout]                                at /rustc/202008a1b8de96d2e5b6bc02d379db03a877d34d/library/std/src/panicking.rs:557:40
[INFO] [stdout]   31:     0x61c2111bff18 - std::panicking::try::hb8a7878e3a8589d6
[INFO] [stdout]                                at /rustc/202008a1b8de96d2e5b6bc02d379db03a877d34d/library/std/src/panicking.rs:520:19
[INFO] [stdout]   32:     0x61c2111bff18 - std::panic::catch_unwind::hb8e4600ff0ff5cfa
[INFO] [stdout]                                at /rustc/202008a1b8de96d2e5b6bc02d379db03a877d34d/library/std/src/panic.rs:358:14
[INFO] [stdout]   33:     0x61c2111bff18 - test::run_test_in_process::hc2900b0b18688dd6
[INFO] [stdout]                                at /rustc/202008a1b8de96d2e5b6bc02d379db03a877d34d/library/test/src/lib.rs:655:27
[INFO] [stdout]   34:     0x61c2111bff18 - test::run_test::{{closure}}::hac2a9cb07be3d48d
[INFO] [stdout]                                at /rustc/202008a1b8de96d2e5b6bc02d379db03a877d34d/library/test/src/lib.rs:576:43
[INFO] [stdout]   35:     0x61c2111839ba - test::run_test::{{closure}}::h4a5b729e66a38cd8
[INFO] [stdout]                                at /rustc/202008a1b8de96d2e5b6bc02d379db03a877d34d/library/test/src/lib.rs:606:41
[INFO] [stdout]   36:     0x61c2111839ba - std::sys::backtrace::__rust_begin_short_backtrace::h0496fb742492f573
[INFO] [stdout]                                at /rustc/202008a1b8de96d2e5b6bc02d379db03a877d34d/library/std/src/sys/backtrace.rs:154:18
[INFO] [stdout]   37:     0x61c211187334 - std::thread::Builder::spawn_unchecked_::{{closure}}::{{closure}}::hbb6d257c550a54bd
[INFO] [stdout]                                at /rustc/202008a1b8de96d2e5b6bc02d379db03a877d34d/library/std/src/thread/mod.rs:561:17
[INFO] [stdout]   38:     0x61c211187334 - <core::panic::unwind_safe::AssertUnwindSafe<F> as core::ops::function::FnOnce<()>>::call_once::h46696fe4a6832328
[INFO] [stdout]                                at /rustc/202008a1b8de96d2e5b6bc02d379db03a877d34d/library/core/src/panic/unwind_safe.rs:272:9
[INFO] [stdout]   39:     0x61c211187334 - std::panicking::try::do_call::h2625a51b667bfb64
[INFO] [stdout]                                at /rustc/202008a1b8de96d2e5b6bc02d379db03a877d34d/library/std/src/panicking.rs:557:40
[INFO] [stdout]   40:     0x61c211187334 - std::panicking::try::hb956a59a1973aa4c
[INFO] [stdout]                                at /rustc/202008a1b8de96d2e5b6bc02d379db03a877d34d/library/std/src/panicking.rs:520:19
[INFO] [stdout]   41:     0x61c211187334 - std::panic::catch_unwind::h64f3b9d1067ef6a0
[INFO] [stdout]                                at /rustc/202008a1b8de96d2e5b6bc02d379db03a877d34d/library/std/src/panic.rs:358:14
[INFO] [stdout]   42:     0x61c211187334 - std::thread::Builder::spawn_unchecked_::{{closure}}::h42b2841295b6c0b2
[INFO] [stdout]                                at /rustc/202008a1b8de96d2e5b6bc02d379db03a877d34d/library/std/src/thread/mod.rs:559:30
[INFO] [stdout]   43:     0x61c211187334 - core::ops::function::FnOnce::call_once{{vtable.shim}}::h6127de71b8124639
[INFO] [stdout]                                at /rustc/202008a1b8de96d2e5b6bc02d379db03a877d34d/library/core/src/ops/function.rs:250:5
[INFO] [stdout]   44:     0x61c2115c0f6b - <alloc::boxed::Box<F,A> as core::ops::function::FnOnce<Args>>::call_once::h42f0ba71002a1b2c
[INFO] [stdout]                                at /rustc/202008a1b8de96d2e5b6bc02d379db03a877d34d/library/alloc/src/boxed.rs:1972:9
[INFO] [stdout]   45:     0x61c2115c0f6b - <alloc::boxed::Box<F,A> as core::ops::function::FnOnce<Args>>::call_once::had9e47d7a3dcecb8
[INFO] [stdout]                                at /rustc/202008a1b8de96d2e5b6bc02d379db03a877d34d/library/alloc/src/boxed.rs:1972:9
[INFO] [stdout]   46:     0x61c2115c0f6b - std::sys::pal::unix::thread::Thread::new::thread_start::h48cf765408f6f5f2
[INFO] [stdout]                                at /rustc/202008a1b8de96d2e5b6bc02d379db03a877d34d/library/std/src/sys/pal/unix/thread.rs:105:17
[INFO] [stdout]   47:     0x76266c750ac3 - <unknown>
[INFO] [stdout]   48:     0x76266c7e1a04 - clone
[INFO] [stdout]   49:                0x0 - <unknown>
[INFO] [stdout] 
[INFO] [stdout] 
[INFO] [stdout] failures:
[INFO] [stdout]     tests::diagnostics
[INFO] [stdout]     tests::rd1
[INFO] [stdout]     tests::rd1_fix
[INFO] [stdout]     tests::rd2
[INFO] [stdout]     tests::rd3
[INFO] [stdout]     tests::twice
[INFO] [stdout] 
[INFO] [stdout] test result: FAILED. 9 passed; 6 failed; 0 ignored; 0 measured; 0 filtered out; finished in 27.31s
[INFO] [stdout] 
[INFO] running `Command { std: "docker" "inspect" "0de738372a4fe4a6beeeffd604bd2c531e3aa932772a7019f1b4b8f954d6a23c", kill_on_drop: false }`
[INFO] running `Command { std: "docker" "rm" "-f" "0de738372a4fe4a6beeeffd604bd2c531e3aa932772a7019f1b4b8f954d6a23c", kill_on_drop: false }`
[INFO] [stdout] 0de738372a4fe4a6beeeffd604bd2c531e3aa932772a7019f1b4b8f954d6a23c
