[INFO] fetching crate rumtk-hl7-v2 0.1.1...
[INFO] testing rumtk-hl7-v2-0.1.1 against beta-2024-12-08 for beta-1.84.0-4-retry
[INFO] extracting crate rumtk-hl7-v2 0.1.1 into /workspace/builds/worker-0-tc2/source
[INFO] validating manifest of crates.io crate rumtk-hl7-v2 0.1.1 on toolchain beta-2024-12-08
[INFO] running `Command { std: CARGO_HOME="/workspace/cargo-home" RUSTUP_HOME="/workspace/rustup-home" "/workspace/cargo-home/bin/cargo" "+beta-2024-12-08" "metadata" "--manifest-path" "Cargo.toml" "--no-deps", kill_on_drop: false }`
[INFO] started tweaking crates.io crate rumtk-hl7-v2 0.1.1
[INFO] finished tweaking crates.io crate rumtk-hl7-v2 0.1.1
[INFO] tweaked toml for crates.io crate rumtk-hl7-v2 0.1.1 written to /workspace/builds/worker-0-tc2/source/Cargo.toml
[INFO] running `Command { std: CARGO_HOME="/workspace/cargo-home" RUSTUP_HOME="/workspace/rustup-home" "/workspace/cargo-home/bin/cargo" "+beta-2024-12-08" "generate-lockfile" "--manifest-path" "Cargo.toml", kill_on_drop: false }`
[INFO] [stderr]     Blocking waiting for file lock on package cache
[INFO] [stderr]     Updating crates.io index
[INFO] [stderr]     Blocking waiting for file lock on package cache
[INFO] [stderr]      Locking 63 packages to latest compatible versions
[INFO] running `Command { std: CARGO_HOME="/workspace/cargo-home" RUSTUP_HOME="/workspace/rustup-home" "/workspace/cargo-home/bin/cargo" "+beta-2024-12-08" "fetch" "--manifest-path" "Cargo.toml", kill_on_drop: false }`
[INFO] running `Command { std: "docker" "create" "-v" "/var/lib/crater-agent-workspace/builds/worker-0-tc2/target:/opt/rustwide/target:rw,Z" "-v" "/var/lib/crater-agent-workspace/builds/worker-0-tc2/source:/opt/rustwide/workdir:ro,Z" "-v" "/var/lib/crater-agent-workspace/cargo-home:/opt/rustwide/cargo-home:ro,Z" "-v" "/var/lib/crater-agent-workspace/rustup-home:/opt/rustwide/rustup-home:ro,Z" "-e" "SOURCE_DIR=/opt/rustwide/workdir" "-e" "CARGO_TARGET_DIR=/opt/rustwide/target" "-e" "CARGO_HOME=/opt/rustwide/cargo-home" "-e" "RUSTUP_HOME=/opt/rustwide/rustup-home" "-w" "/opt/rustwide/workdir" "-m" "1610612736" "--user" "0:0" "--network" "none" "ghcr.io/rust-lang/crates-build-env/linux@sha256:f3a9d4ad9d972b27faf3965f35b62e55ba32bbce8f20bc8fe909558a86702fde" "/opt/rustwide/cargo-home/bin/cargo" "+beta-2024-12-08" "metadata" "--no-deps" "--format-version=1", kill_on_drop: false }`
[INFO] [stdout] 9ffc1ce8d4a52311319311adbe2e6b6fc253425733d8351136920197384ec737
[INFO] running `Command { std: "docker" "start" "-a" "9ffc1ce8d4a52311319311adbe2e6b6fc253425733d8351136920197384ec737", kill_on_drop: false }`
[INFO] running `Command { std: "docker" "inspect" "9ffc1ce8d4a52311319311adbe2e6b6fc253425733d8351136920197384ec737", kill_on_drop: false }`
[INFO] running `Command { std: "docker" "rm" "-f" "9ffc1ce8d4a52311319311adbe2e6b6fc253425733d8351136920197384ec737", kill_on_drop: false }`
[INFO] [stdout] 9ffc1ce8d4a52311319311adbe2e6b6fc253425733d8351136920197384ec737
[INFO] running `Command { std: "docker" "create" "-v" "/var/lib/crater-agent-workspace/builds/worker-0-tc2/target:/opt/rustwide/target:rw,Z" "-v" "/var/lib/crater-agent-workspace/builds/worker-0-tc2/source:/opt/rustwide/workdir:ro,Z" "-v" "/var/lib/crater-agent-workspace/cargo-home:/opt/rustwide/cargo-home:ro,Z" "-v" "/var/lib/crater-agent-workspace/rustup-home:/opt/rustwide/rustup-home:ro,Z" "-e" "SOURCE_DIR=/opt/rustwide/workdir" "-e" "CARGO_TARGET_DIR=/opt/rustwide/target" "-e" "CARGO_INCREMENTAL=0" "-e" "RUST_BACKTRACE=full" "-e" "RUSTFLAGS=--cap-lints=warn" "-e" "RUSTDOCFLAGS=--cap-lints=warn" "-e" "CARGO_HOME=/opt/rustwide/cargo-home" "-e" "RUSTUP_HOME=/opt/rustwide/rustup-home" "-w" "/opt/rustwide/workdir" "-m" "1610612736" "--user" "0:0" "--network" "none" "ghcr.io/rust-lang/crates-build-env/linux@sha256:f3a9d4ad9d972b27faf3965f35b62e55ba32bbce8f20bc8fe909558a86702fde" "/opt/rustwide/cargo-home/bin/cargo" "+beta-2024-12-08" "build" "--frozen" "--message-format=json", kill_on_drop: false }`
[INFO] [stdout] fa32541f64d680c6bc1539c6d0a490b1882db185516f471a0c5a83d0e12fffa0
[INFO] running `Command { std: "docker" "start" "-a" "fa32541f64d680c6bc1539c6d0a490b1882db185516f471a0c5a83d0e12fffa0", kill_on_drop: false }`
[INFO] [stderr]    Compiling cfg-if v1.0.0
[INFO] [stderr]    Compiling proc-macro2 v1.0.92
[INFO] [stderr]    Compiling rustversion v1.0.18
[INFO] [stderr]    Compiling libc v0.2.168
[INFO] [stderr]    Compiling memchr v2.7.4
[INFO] [stderr]    Compiling siphasher v0.3.11
[INFO] [stderr]    Compiling unicode-ident v1.0.14
[INFO] [stderr]    Compiling autocfg v1.4.0
[INFO] [stderr]    Compiling version_check v0.9.5
[INFO] [stderr]    Compiling rand_core v0.6.4
[INFO] [stderr]    Compiling regex-syntax v0.8.5
[INFO] [stderr]    Compiling zerocopy v0.7.35
[INFO] [stderr]    Compiling once_cell v1.20.2
[INFO] [stderr]    Compiling ryu v1.0.18
[INFO] [stderr]    Compiling static_assertions v1.1.0
[INFO] [stderr]    Compiling itoa v1.0.14
[INFO] [stderr]    Compiling encoding_rs v0.8.35
[INFO] [stderr]    Compiling unicode-segmentation v1.12.0
[INFO] [stderr]    Compiling iana-time-zone v0.1.61
[INFO] [stderr]    Compiling phf_shared v0.11.2
[INFO] [stderr]    Compiling rand v0.8.5
[INFO] [stderr]    Compiling phf v0.11.2
[INFO] [stderr]    Compiling ahash v0.8.11
[INFO] [stderr]    Compiling num-traits v0.2.19
[INFO] [stderr]    Compiling quote v1.0.37
[INFO] [stderr]    Compiling aho-corasick v1.1.3
[INFO] [stderr]    Compiling phf_generator v0.11.2
[INFO] [stderr]    Compiling syn v2.0.90
[INFO] [stderr]    Compiling castaway v0.2.3
[INFO] [stderr]    Compiling compact_str v0.8.0
[INFO] [stderr]    Compiling getrandom v0.2.15
[INFO] [stderr]    Compiling chardetng v0.1.17
[INFO] [stderr]    Compiling chrono v0.4.39
[INFO] [stderr]    Compiling regex-automata v0.4.9
[INFO] [stderr]    Compiling phf_macros v0.11.2
[INFO] [stderr]    Compiling regex v1.11.1
[INFO] [stderr]    Compiling rumtk-core v0.1.1
[INFO] [stderr]    Compiling rumtk-hl7-v2 v0.1.1 (/opt/rustwide/workdir)
[INFO] [stdout] warning: unused import: `ToCompactString`
[INFO] [stdout]    --> src/hl7_v2_base_types.rs:733:58
[INFO] [stdout]     |
[INFO] [stdout] 733 |         format_compact, AsStr, CompactString, RUMString, ToCompactString, UTFStringExtensions,
[INFO] [stdout]     |                                                          ^^^^^^^^^^^^^^^
[INFO] [stdout]     |
[INFO] [stdout]     = note: `#[warn(unused_imports)]` on by default
[INFO] [stdout] 
[INFO] [stdout] 
[INFO] [stdout] warning: type `V2_SEARCH_EXPR_TYPE` should have an upper camel case name
[INFO] [stdout]    --> src/hl7_v2_constants.rs:743:10
[INFO] [stdout]     |
[INFO] [stdout] 743 | pub enum V2_SEARCH_EXPR_TYPE {
[INFO] [stdout]     |          ^^^^^^^^^^^^^^^^^^^ help: convert the identifier to upper camel case: `V2SearchExprType`
[INFO] [stdout]     |
[INFO] [stdout]     = note: `#[warn(non_camel_case_types)]` on by default
[INFO] [stdout] 
[INFO] [stdout] 
[INFO] [stdout] warning: variant `V2_DEFAULT` should have an upper camel case name
[INFO] [stdout]    --> src/hl7_v2_constants.rs:744:5
[INFO] [stdout]     |
[INFO] [stdout] 744 |     V2_DEFAULT
[INFO] [stdout]     |     ^^^^^^^^^^ help: convert the identifier to upper camel case: `V2Default`
[INFO] [stdout] 
[INFO] [stdout] 
[INFO] [stdout] warning: unused variable: `c`
[INFO] [stdout]   --> src/hl7_v2_optionality_rules.rs:71:49
[INFO] [stdout]    |
[INFO] [stdout] 71 | const CONDITION_NOOP: V2ComponentConditionFn = |c: &V2ComponentList| { false };
[INFO] [stdout]    |                                                 ^ help: if this is intentional, prefix it with an underscore: `_c`
[INFO] [stdout]    |
[INFO] [stdout]    = note: `#[warn(unused_variables)]` on by default
[INFO] [stdout] 
[INFO] [stdout] 
[INFO] [stdout] warning: unused variable: `expr`
[INFO] [stdout]    --> src/hl7_v2_base_types.rs:163:22
[INFO] [stdout]     |
[INFO] [stdout] 163 |         fn expr_type(expr: &str) -> V2_SEARCH_EXPR_TYPE {
[INFO] [stdout]     |                      ^^^^ help: if this is intentional, prefix it with an underscore: `_expr`
[INFO] [stdout] 
[INFO] [stdout] 
[INFO] [stdout] warning: unused variable: `why`
[INFO] [stdout]    --> src/hl7_v2_base_types.rs:819:21
[INFO] [stdout]     |
[INFO] [stdout] 819 |                 Err(why) => Err(format_compact!(
[INFO] [stdout]     |                     ^^^ help: if this is intentional, prefix it with an underscore: `_why`
[INFO] [stdout] 
[INFO] [stdout] 
[INFO] [stdout] warning: unused variable: `why`
[INFO] [stdout]    --> src/hl7_v2_base_types.rs:835:21
[INFO] [stdout]     |
[INFO] [stdout] 835 |                 Err(why) => Err(format_compact!(
[INFO] [stdout]     |                     ^^^ help: if this is intentional, prefix it with an underscore: `_why`
[INFO] [stdout] 
[INFO] [stdout] 
[INFO] [stdout] warning: associated function `new` is never used
[INFO] [stdout]    --> src/hl7_v2_parser.rs:132:12
[INFO] [stdout]     |
[INFO] [stdout] 131 |     impl V2Component {
[INFO] [stdout]     |     ---------------- associated function in this implementation
[INFO] [stdout] 132 |         fn new() -> V2Component {
[INFO] [stdout]     |            ^^^
[INFO] [stdout]     |
[INFO] [stdout]     = note: `#[warn(dead_code)]` on by default
[INFO] [stdout] 
[INFO] [stdout] 
[INFO] [stdout] warning: field `description` is never read
[INFO] [stdout]    --> src/hl7_v2_parser.rs:318:9
[INFO] [stdout]     |
[INFO] [stdout] 316 |     pub struct V2Segment {
[INFO] [stdout]     |                --------- field in this struct
[INFO] [stdout] 317 |         name: RUMString,
[INFO] [stdout] 318 |         description: RUMString,
[INFO] [stdout]     |         ^^^^^^^^^^^
[INFO] [stdout]     |
[INFO] [stdout]     = note: `V2Segment` has a derived impl for the trait `Debug`, but this is intentionally ignored during dead code analysis
[INFO] [stdout] 
[INFO] [stdout] 
[INFO] [stdout] warning: field `separators` is never read
[INFO] [stdout]    --> src/hl7_v2_parser.rs:434:9
[INFO] [stdout]     |
[INFO] [stdout] 433 |     pub struct V2Message {
[INFO] [stdout]     |                --------- field in this struct
[INFO] [stdout] 434 |         separators: V2ParserCharacters,
[INFO] [stdout]     |         ^^^^^^^^^^
[INFO] [stdout] 
[INFO] [stdout] 
[INFO] [stdout] warning: static variable `search_cache` should have an upper case name
[INFO] [stdout]   --> src/hl7_v2_parser.rs:53:16
[INFO] [stdout]    |
[INFO] [stdout] 53 |     static mut search_cache: LazyRUMCache<RUMString, V2SearchIndex> = new_cache();
[INFO] [stdout]    |                ^^^^^^^^^^^^ help: convert the identifier to upper case: `SEARCH_CACHE`
[INFO] [stdout]    |
[INFO] [stdout]    = note: `#[warn(non_upper_case_globals)]` on by default
[INFO] [stdout] 
[INFO] [stdout] 
[INFO] [stdout] warning: creating a mutable reference to mutable static is discouraged
[INFO] [stdout]    --> src/hl7_v2_parser.rs:511:39
[INFO] [stdout]     |
[INFO] [stdout] 511 |                 get_or_set_from_cache(&mut search_cache, search_pattern, compile_search_index)
[INFO] [stdout]     |                                       ^^^^^^^^^^^^^^^^^ mutable reference to mutable static
[INFO] [stdout]     |
[INFO] [stdout]     = note: for more information, see <https://doc.rust-lang.org/nightly/edition-guide/rust-2024/static-mut-references.html>
[INFO] [stdout]     = note: mutable references to mutable statics are dangerous; it's undefined behavior if any other pointer to the static is used or if any other reference is created for the static while the mutable reference lives
[INFO] [stdout]     = note: `#[warn(static_mut_refs)]` on by default
[INFO] [stdout] help: use `&raw mut` instead to create a raw pointer
[INFO] [stdout]     |
[INFO] [stdout] 511 |                 get_or_set_from_cache(&raw mut search_cache, search_pattern, compile_search_index)
[INFO] [stdout]     |                                       ~~~~~~~~
[INFO] [stdout] 
[INFO] [stdout] 
[INFO] [stderr]     Finished `dev` profile [unoptimized + debuginfo] target(s) in 13.47s
[INFO] running `Command { std: "docker" "inspect" "fa32541f64d680c6bc1539c6d0a490b1882db185516f471a0c5a83d0e12fffa0", kill_on_drop: false }`
[INFO] running `Command { std: "docker" "rm" "-f" "fa32541f64d680c6bc1539c6d0a490b1882db185516f471a0c5a83d0e12fffa0", kill_on_drop: false }`
[INFO] [stdout] fa32541f64d680c6bc1539c6d0a490b1882db185516f471a0c5a83d0e12fffa0
[INFO] running `Command { std: "docker" "create" "-v" "/var/lib/crater-agent-workspace/builds/worker-0-tc2/target:/opt/rustwide/target:rw,Z" "-v" "/var/lib/crater-agent-workspace/builds/worker-0-tc2/source:/opt/rustwide/workdir:ro,Z" "-v" "/var/lib/crater-agent-workspace/cargo-home:/opt/rustwide/cargo-home:ro,Z" "-v" "/var/lib/crater-agent-workspace/rustup-home:/opt/rustwide/rustup-home:ro,Z" "-e" "SOURCE_DIR=/opt/rustwide/workdir" "-e" "CARGO_TARGET_DIR=/opt/rustwide/target" "-e" "CARGO_INCREMENTAL=0" "-e" "RUST_BACKTRACE=full" "-e" "RUSTFLAGS=--cap-lints=warn" "-e" "RUSTDOCFLAGS=--cap-lints=warn" "-e" "CARGO_HOME=/opt/rustwide/cargo-home" "-e" "RUSTUP_HOME=/opt/rustwide/rustup-home" "-w" "/opt/rustwide/workdir" "-m" "1610612736" "--user" "0:0" "--network" "none" "ghcr.io/rust-lang/crates-build-env/linux@sha256:f3a9d4ad9d972b27faf3965f35b62e55ba32bbce8f20bc8fe909558a86702fde" "/opt/rustwide/cargo-home/bin/cargo" "+beta-2024-12-08" "test" "--frozen" "--no-run" "--message-format=json", kill_on_drop: false }`
[INFO] [stdout] cd90fd020dc41c441dc3b023c3d8a564f3b84bf89fc62625f8658972a53d88d5
[INFO] running `Command { std: "docker" "start" "-a" "cd90fd020dc41c441dc3b023c3d8a564f3b84bf89fc62625f8658972a53d88d5", kill_on_drop: false }`
[INFO] [stderr]    Compiling rumtk-hl7-v2 v0.1.1 (/opt/rustwide/workdir)
[INFO] [stdout] warning: unused import: `ToCompactString`
[INFO] [stdout]    --> src/hl7_v2_base_types.rs:733:58
[INFO] [stdout]     |
[INFO] [stdout] 733 |         format_compact, AsStr, CompactString, RUMString, ToCompactString, UTFStringExtensions,
[INFO] [stdout]     |                                                          ^^^^^^^^^^^^^^^
[INFO] [stdout]     |
[INFO] [stdout]     = note: `#[warn(unused_imports)]` on by default
[INFO] [stdout] 
[INFO] [stdout] 
[INFO] [stdout] warning: type `V2_SEARCH_EXPR_TYPE` should have an upper camel case name
[INFO] [stdout]    --> src/hl7_v2_constants.rs:743:10
[INFO] [stdout]     |
[INFO] [stdout] 743 | pub enum V2_SEARCH_EXPR_TYPE {
[INFO] [stdout]     |          ^^^^^^^^^^^^^^^^^^^ help: convert the identifier to upper camel case: `V2SearchExprType`
[INFO] [stdout]     |
[INFO] [stdout]     = note: `#[warn(non_camel_case_types)]` on by default
[INFO] [stdout] 
[INFO] [stdout] 
[INFO] [stdout] warning: variant `V2_DEFAULT` should have an upper camel case name
[INFO] [stdout]    --> src/hl7_v2_constants.rs:744:5
[INFO] [stdout]     |
[INFO] [stdout] 744 |     V2_DEFAULT
[INFO] [stdout]     |     ^^^^^^^^^^ help: convert the identifier to upper camel case: `V2Default`
[INFO] [stdout] 
[INFO] [stdout] 
[INFO] [stdout] warning: unused variable: `c`
[INFO] [stdout]   --> src/hl7_v2_optionality_rules.rs:71:49
[INFO] [stdout]    |
[INFO] [stdout] 71 | const CONDITION_NOOP: V2ComponentConditionFn = |c: &V2ComponentList| { false };
[INFO] [stdout]    |                                                 ^ help: if this is intentional, prefix it with an underscore: `_c`
[INFO] [stdout]    |
[INFO] [stdout]    = note: `#[warn(unused_variables)]` on by default
[INFO] [stdout] 
[INFO] [stdout] 
[INFO] [stdout] warning: unused variable: `expr`
[INFO] [stdout]    --> src/hl7_v2_base_types.rs:163:22
[INFO] [stdout]     |
[INFO] [stdout] 163 |         fn expr_type(expr: &str) -> V2_SEARCH_EXPR_TYPE {
[INFO] [stdout]     |                      ^^^^ help: if this is intentional, prefix it with an underscore: `_expr`
[INFO] [stdout] 
[INFO] [stdout] 
[INFO] [stdout] warning: unused variable: `why`
[INFO] [stdout]    --> src/hl7_v2_base_types.rs:819:21
[INFO] [stdout]     |
[INFO] [stdout] 819 |                 Err(why) => Err(format_compact!(
[INFO] [stdout]     |                     ^^^ help: if this is intentional, prefix it with an underscore: `_why`
[INFO] [stdout] 
[INFO] [stdout] 
[INFO] [stdout] warning: unused variable: `why`
[INFO] [stdout]    --> src/hl7_v2_base_types.rs:835:21
[INFO] [stdout]     |
[INFO] [stdout] 835 |                 Err(why) => Err(format_compact!(
[INFO] [stdout]     |                     ^^^ help: if this is intentional, prefix it with an underscore: `_why`
[INFO] [stdout] 
[INFO] [stdout] 
[INFO] [stdout] warning: associated function `new` is never used
[INFO] [stdout]    --> src/hl7_v2_parser.rs:132:12
[INFO] [stdout]     |
[INFO] [stdout] 131 |     impl V2Component {
[INFO] [stdout]     |     ---------------- associated function in this implementation
[INFO] [stdout] 132 |         fn new() -> V2Component {
[INFO] [stdout]     |            ^^^
[INFO] [stdout]     |
[INFO] [stdout]     = note: `#[warn(dead_code)]` on by default
[INFO] [stdout] 
[INFO] [stdout] 
[INFO] [stdout] warning: field `description` is never read
[INFO] [stdout]    --> src/hl7_v2_parser.rs:318:9
[INFO] [stdout]     |
[INFO] [stdout] 316 |     pub struct V2Segment {
[INFO] [stdout]     |                --------- field in this struct
[INFO] [stdout] 317 |         name: RUMString,
[INFO] [stdout] 318 |         description: RUMString,
[INFO] [stdout]     |         ^^^^^^^^^^^
[INFO] [stdout]     |
[INFO] [stdout]     = note: `V2Segment` has a derived impl for the trait `Debug`, but this is intentionally ignored during dead code analysis
[INFO] [stdout] 
[INFO] [stdout] 
[INFO] [stdout] warning: field `separators` is never read
[INFO] [stdout]    --> src/hl7_v2_parser.rs:434:9
[INFO] [stdout]     |
[INFO] [stdout] 433 |     pub struct V2Message {
[INFO] [stdout]     |                --------- field in this struct
[INFO] [stdout] 434 |         separators: V2ParserCharacters,
[INFO] [stdout]     |         ^^^^^^^^^^
[INFO] [stdout] 
[INFO] [stdout] 
[INFO] [stdout] warning: static variable `search_cache` should have an upper case name
[INFO] [stdout]   --> src/hl7_v2_parser.rs:53:16
[INFO] [stdout]    |
[INFO] [stdout] 53 |     static mut search_cache: LazyRUMCache<RUMString, V2SearchIndex> = new_cache();
[INFO] [stdout]    |                ^^^^^^^^^^^^ help: convert the identifier to upper case: `SEARCH_CACHE`
[INFO] [stdout]    |
[INFO] [stdout]    = note: `#[warn(non_upper_case_globals)]` on by default
[INFO] [stdout] 
[INFO] [stdout] 
[INFO] [stdout] warning: creating a mutable reference to mutable static is discouraged
[INFO] [stdout]    --> src/hl7_v2_parser.rs:511:39
[INFO] [stdout]     |
[INFO] [stdout] 511 |                 get_or_set_from_cache(&mut search_cache, search_pattern, compile_search_index)
[INFO] [stdout]     |                                       ^^^^^^^^^^^^^^^^^ mutable reference to mutable static
[INFO] [stdout]     |
[INFO] [stdout]     = note: for more information, see <https://doc.rust-lang.org/nightly/edition-guide/rust-2024/static-mut-references.html>
[INFO] [stdout]     = note: mutable references to mutable statics are dangerous; it's undefined behavior if any other pointer to the static is used or if any other reference is created for the static while the mutable reference lives
[INFO] [stdout]     = note: `#[warn(static_mut_refs)]` on by default
[INFO] [stdout] help: use `&raw mut` instead to create a raw pointer
[INFO] [stdout]     |
[INFO] [stdout] 511 |                 get_or_set_from_cache(&raw mut search_cache, search_pattern, compile_search_index)
[INFO] [stdout]     |                                       ~~~~~~~~
[INFO] [stdout] 
[INFO] [stdout] 
[INFO] [stdout] warning: unused import: `ToCompactString`
[INFO] [stdout]    --> src/hl7_v2_base_types.rs:733:58
[INFO] [stdout]     |
[INFO] [stdout] 733 |         format_compact, AsStr, CompactString, RUMString, ToCompactString, UTFStringExtensions,
[INFO] [stdout]     |                                                          ^^^^^^^^^^^^^^^
[INFO] [stdout]     |
[INFO] [stdout]     = note: `#[warn(unused_imports)]` on by default
[INFO] [stdout] 
[INFO] [stdout] 
[INFO] [stdout] warning: type `V2_SEARCH_EXPR_TYPE` should have an upper camel case name
[INFO] [stdout]    --> src/hl7_v2_constants.rs:743:10
[INFO] [stdout]     |
[INFO] [stdout] 743 | pub enum V2_SEARCH_EXPR_TYPE {
[INFO] [stdout]     |          ^^^^^^^^^^^^^^^^^^^ help: convert the identifier to upper camel case: `V2SearchExprType`
[INFO] [stdout]     |
[INFO] [stdout]     = note: `#[warn(non_camel_case_types)]` on by default
[INFO] [stdout] 
[INFO] [stdout] 
[INFO] [stdout] warning: variant `V2_DEFAULT` should have an upper camel case name
[INFO] [stdout]    --> src/hl7_v2_constants.rs:744:5
[INFO] [stdout]     |
[INFO] [stdout] 744 |     V2_DEFAULT
[INFO] [stdout]     |     ^^^^^^^^^^ help: convert the identifier to upper camel case: `V2Default`
[INFO] [stdout] 
[INFO] [stdout] 
[INFO] [stdout] warning: unused variable: `c`
[INFO] [stdout]   --> src/hl7_v2_optionality_rules.rs:71:49
[INFO] [stdout]    |
[INFO] [stdout] 71 | const CONDITION_NOOP: V2ComponentConditionFn = |c: &V2ComponentList| { false };
[INFO] [stdout]    |                                                 ^ help: if this is intentional, prefix it with an underscore: `_c`
[INFO] [stdout]    |
[INFO] [stdout]    = note: `#[warn(unused_variables)]` on by default
[INFO] [stdout] 
[INFO] [stdout] 
[INFO] [stdout] warning: unused variable: `expr`
[INFO] [stdout]    --> src/hl7_v2_base_types.rs:163:22
[INFO] [stdout]     |
[INFO] [stdout] 163 |         fn expr_type(expr: &str) -> V2_SEARCH_EXPR_TYPE {
[INFO] [stdout]     |                      ^^^^ help: if this is intentional, prefix it with an underscore: `_expr`
[INFO] [stdout] 
[INFO] [stdout] 
[INFO] [stdout] warning: unused variable: `why`
[INFO] [stdout]    --> src/hl7_v2_base_types.rs:819:21
[INFO] [stdout]     |
[INFO] [stdout] 819 |                 Err(why) => Err(format_compact!(
[INFO] [stdout]     |                     ^^^ help: if this is intentional, prefix it with an underscore: `_why`
[INFO] [stdout] 
[INFO] [stdout] 
[INFO] [stdout] warning: unused variable: `why`
[INFO] [stdout]    --> src/hl7_v2_base_types.rs:835:21
[INFO] [stdout]     |
[INFO] [stdout] 835 |                 Err(why) => Err(format_compact!(
[INFO] [stdout]     |                     ^^^ help: if this is intentional, prefix it with an underscore: `_why`
[INFO] [stdout] 
[INFO] [stdout] 
[INFO] [stdout] warning: unused variable: `v`
[INFO] [stdout]    --> src/lib.rs:488:16
[INFO] [stdout]     |
[INFO] [stdout] 488 |             Ok(v) => panic!("{}", err_msg.as_str()),
[INFO] [stdout]     |                ^ help: if this is intentional, prefix it with an underscore: `_v`
[INFO] [stdout] 
[INFO] [stdout] 
[INFO] [stdout] warning: unused variable: `v`
[INFO] [stdout]    --> src/lib.rs:537:16
[INFO] [stdout]     |
[INFO] [stdout] 537 |             Ok(v) => panic!("{}", err_msg.as_str()),
[INFO] [stdout]     |                ^ help: if this is intentional, prefix it with an underscore: `_v`
[INFO] [stdout] 
[INFO] [stdout] 
[INFO] [stdout] warning: associated function `new` is never used
[INFO] [stdout]    --> src/hl7_v2_parser.rs:132:12
[INFO] [stdout]     |
[INFO] [stdout] 131 |     impl V2Component {
[INFO] [stdout]     |     ---------------- associated function in this implementation
[INFO] [stdout] 132 |         fn new() -> V2Component {
[INFO] [stdout]     |            ^^^
[INFO] [stdout]     |
[INFO] [stdout]     = note: `#[warn(dead_code)]` on by default
[INFO] [stdout] 
[INFO] [stdout] 
[INFO] [stdout] warning: field `description` is never read
[INFO] [stdout]    --> src/hl7_v2_parser.rs:318:9
[INFO] [stdout]     |
[INFO] [stdout] 316 |     pub struct V2Segment {
[INFO] [stdout]     |                --------- field in this struct
[INFO] [stdout] 317 |         name: RUMString,
[INFO] [stdout] 318 |         description: RUMString,
[INFO] [stdout]     |         ^^^^^^^^^^^
[INFO] [stdout]     |
[INFO] [stdout]     = note: `V2Segment` has a derived impl for the trait `Debug`, but this is intentionally ignored during dead code analysis
[INFO] [stdout] 
[INFO] [stdout] 
[INFO] [stdout] warning: field `separators` is never read
[INFO] [stdout]    --> src/hl7_v2_parser.rs:434:9
[INFO] [stdout]     |
[INFO] [stdout] 433 |     pub struct V2Message {
[INFO] [stdout]     |                --------- field in this struct
[INFO] [stdout] 434 |         separators: V2ParserCharacters,
[INFO] [stdout]     |         ^^^^^^^^^^
[INFO] [stdout] 
[INFO] [stdout] 
[INFO] [stdout] warning: static variable `search_cache` should have an upper case name
[INFO] [stdout]   --> src/hl7_v2_parser.rs:53:16
[INFO] [stdout]    |
[INFO] [stdout] 53 |     static mut search_cache: LazyRUMCache<RUMString, V2SearchIndex> = new_cache();
[INFO] [stdout]    |                ^^^^^^^^^^^^ help: convert the identifier to upper case: `SEARCH_CACHE`
[INFO] [stdout]    |
[INFO] [stdout]    = note: `#[warn(non_upper_case_globals)]` on by default
[INFO] [stdout] 
[INFO] [stdout] 
[INFO] [stdout] warning: creating a mutable reference to mutable static is discouraged
[INFO] [stdout]    --> src/hl7_v2_parser.rs:511:39
[INFO] [stdout]     |
[INFO] [stdout] 511 |                 get_or_set_from_cache(&mut search_cache, search_pattern, compile_search_index)
[INFO] [stdout]     |                                       ^^^^^^^^^^^^^^^^^ mutable reference to mutable static
[INFO] [stdout]     |
[INFO] [stdout]     = note: for more information, see <https://doc.rust-lang.org/nightly/edition-guide/rust-2024/static-mut-references.html>
[INFO] [stdout]     = note: mutable references to mutable statics are dangerous; it's undefined behavior if any other pointer to the static is used or if any other reference is created for the static while the mutable reference lives
[INFO] [stdout]     = note: `#[warn(static_mut_refs)]` on by default
[INFO] [stdout] help: use `&raw mut` instead to create a raw pointer
[INFO] [stdout]     |
[INFO] [stdout] 511 |                 get_or_set_from_cache(&raw mut search_cache, search_pattern, compile_search_index)
[INFO] [stdout]     |                                       ~~~~~~~~
[INFO] [stdout] 
[INFO] [stdout] 
[INFO] [stdout] warning: constant `repeate_field1` should have an upper case name
[INFO] [stdout]   --> src/lib.rs:99:11
[INFO] [stdout]    |
[INFO] [stdout] 99 |     const repeate_field1: &str = "ISO";
[INFO] [stdout]    |           ^^^^^^^^^^^^^^ help: convert the identifier to upper case: `REPEATE_FIELD1`
[INFO] [stdout] 
[INFO] [stdout] 
[INFO] [stdout] warning: constant `repeate_field2` should have an upper case name
[INFO] [stdout]    --> src/lib.rs:100:11
[INFO] [stdout]     |
[INFO] [stdout] 100 |     const repeate_field2: &str = "LOI_GU_Component";
[INFO] [stdout]     |           ^^^^^^^^^^^^^^ help: convert the identifier to upper case: `REPEATE_FIELD2`
[INFO] [stdout] 
[INFO] [stdout] 
[INFO] [stdout] warning: constant `repeate_field3` should have an upper case name
[INFO] [stdout]    --> src/lib.rs:101:11
[INFO] [stdout]     |
[INFO] [stdout] 101 |     const repeate_field3: &str = "LAB_PRU_Component";
[INFO] [stdout]     |           ^^^^^^^^^^^^^^ help: convert the identifier to upper case: `REPEATE_FIELD3`
[INFO] [stdout] 
[INFO] [stdout] 
[INFO] [stderr]     Finished `test` profile [unoptimized + debuginfo] target(s) in 2.64s
[INFO] running `Command { std: "docker" "inspect" "cd90fd020dc41c441dc3b023c3d8a564f3b84bf89fc62625f8658972a53d88d5", kill_on_drop: false }`
[INFO] running `Command { std: "docker" "rm" "-f" "cd90fd020dc41c441dc3b023c3d8a564f3b84bf89fc62625f8658972a53d88d5", kill_on_drop: false }`
[INFO] [stdout] cd90fd020dc41c441dc3b023c3d8a564f3b84bf89fc62625f8658972a53d88d5
[INFO] running `Command { std: "docker" "create" "-v" "/var/lib/crater-agent-workspace/builds/worker-0-tc2/target:/opt/rustwide/target:rw,Z" "-v" "/var/lib/crater-agent-workspace/builds/worker-0-tc2/source:/opt/rustwide/workdir:ro,Z" "-v" "/var/lib/crater-agent-workspace/cargo-home:/opt/rustwide/cargo-home:ro,Z" "-v" "/var/lib/crater-agent-workspace/rustup-home:/opt/rustwide/rustup-home:ro,Z" "-e" "SOURCE_DIR=/opt/rustwide/workdir" "-e" "CARGO_TARGET_DIR=/opt/rustwide/target" "-e" "CARGO_INCREMENTAL=0" "-e" "RUST_BACKTRACE=full" "-e" "RUSTFLAGS=--cap-lints=warn" "-e" "RUSTDOCFLAGS=--cap-lints=warn" "-e" "CARGO_HOME=/opt/rustwide/cargo-home" "-e" "RUSTUP_HOME=/opt/rustwide/rustup-home" "-w" "/opt/rustwide/workdir" "-m" "1610612736" "--user" "0:0" "--network" "none" "ghcr.io/rust-lang/crates-build-env/linux@sha256:f3a9d4ad9d972b27faf3965f35b62e55ba32bbce8f20bc8fe909558a86702fde" "/opt/rustwide/cargo-home/bin/cargo" "+beta-2024-12-08" "test" "--frozen", kill_on_drop: false }`
[INFO] [stdout] af5339332e7951c6bf5f1a80ef7e45978c7510e5110cc5ce8f9dc9d4465b1893
[INFO] running `Command { std: "docker" "start" "-a" "af5339332e7951c6bf5f1a80ef7e45978c7510e5110cc5ce8f9dc9d4465b1893", kill_on_drop: false }`
[INFO] [stderr] warning: unused import: `ToCompactString`
[INFO] [stderr]    --> src/hl7_v2_base_types.rs:733:58
[INFO] [stderr]     |
[INFO] [stderr] 733 |         format_compact, AsStr, CompactString, RUMString, ToCompactString, UTFStringExtensions,
[INFO] [stderr]     |                                                          ^^^^^^^^^^^^^^^
[INFO] [stderr]     |
[INFO] [stderr]     = note: `#[warn(unused_imports)]` on by default
[INFO] [stderr] 
[INFO] [stderr] warning: type `V2_SEARCH_EXPR_TYPE` should have an upper camel case name
[INFO] [stderr]    --> src/hl7_v2_constants.rs:743:10
[INFO] [stderr]     |
[INFO] [stderr] 743 | pub enum V2_SEARCH_EXPR_TYPE {
[INFO] [stderr]     |          ^^^^^^^^^^^^^^^^^^^ help: convert the identifier to upper camel case: `V2SearchExprType`
[INFO] [stderr]     |
[INFO] [stderr]     = note: `#[warn(non_camel_case_types)]` on by default
[INFO] [stderr] 
[INFO] [stderr] warning: variant `V2_DEFAULT` should have an upper camel case name
[INFO] [stderr]    --> src/hl7_v2_constants.rs:744:5
[INFO] [stderr]     |
[INFO] [stderr] 744 |     V2_DEFAULT
[INFO] [stderr]     |     ^^^^^^^^^^ help: convert the identifier to upper camel case: `V2Default`
[INFO] [stderr] 
[INFO] [stderr] warning: unused variable: `c`
[INFO] [stderr]   --> src/hl7_v2_optionality_rules.rs:71:49
[INFO] [stderr]    |
[INFO] [stderr] 71 | const CONDITION_NOOP: V2ComponentConditionFn = |c: &V2ComponentList| { false };
[INFO] [stderr]    |                                                 ^ help: if this is intentional, prefix it with an underscore: `_c`
[INFO] [stderr]    |
[INFO] [stderr]    = note: `#[warn(unused_variables)]` on by default
[INFO] [stderr] 
[INFO] [stderr] warning: unused variable: `expr`
[INFO] [stderr]    --> src/hl7_v2_base_types.rs:163:22
[INFO] [stderr]     |
[INFO] [stderr] 163 |         fn expr_type(expr: &str) -> V2_SEARCH_EXPR_TYPE {
[INFO] [stderr]     |                      ^^^^ help: if this is intentional, prefix it with an underscore: `_expr`
[INFO] [stderr] 
[INFO] [stderr] warning: unused variable: `why`
[INFO] [stderr]    --> src/hl7_v2_base_types.rs:819:21
[INFO] [stderr]     |
[INFO] [stderr] 819 |                 Err(why) => Err(format_compact!(
[INFO] [stderr]     |                     ^^^ help: if this is intentional, prefix it with an underscore: `_why`
[INFO] [stderr] 
[INFO] [stderr] warning: unused variable: `why`
[INFO] [stderr]    --> src/hl7_v2_base_types.rs:835:21
[INFO] [stderr]     |
[INFO] [stderr] 835 |                 Err(why) => Err(format_compact!(
[INFO] [stderr]     |                     ^^^ help: if this is intentional, prefix it with an underscore: `_why`
[INFO] [stderr] 
[INFO] [stderr] warning: associated function `new` is never used
[INFO] [stderr]    --> src/hl7_v2_parser.rs:132:12
[INFO] [stderr]     |
[INFO] [stderr] 131 |     impl V2Component {
[INFO] [stderr]     |     ---------------- associated function in this implementation
[INFO] [stderr] 132 |         fn new() -> V2Component {
[INFO] [stderr]     |            ^^^
[INFO] [stderr]     |
[INFO] [stderr]     = note: `#[warn(dead_code)]` on by default
[INFO] [stderr] 
[INFO] [stderr] warning: field `description` is never read
[INFO] [stderr]    --> src/hl7_v2_parser.rs:318:9
[INFO] [stderr]     |
[INFO] [stderr] 316 |     pub struct V2Segment {
[INFO] [stderr]     |                --------- field in this struct
[INFO] [stderr] 317 |         name: RUMString,
[INFO] [stderr] 318 |         description: RUMString,
[INFO] [stderr]     |         ^^^^^^^^^^^
[INFO] [stderr]     |
[INFO] [stderr]     = note: `V2Segment` has a derived impl for the trait `Debug`, but this is intentionally ignored during dead code analysis
[INFO] [stderr] 
[INFO] [stderr] warning: field `separators` is never read
[INFO] [stderr]    --> src/hl7_v2_parser.rs:434:9
[INFO] [stderr]     |
[INFO] [stderr] 433 |     pub struct V2Message {
[INFO] [stderr]     |                --------- field in this struct
[INFO] [stderr] 434 |         separators: V2ParserCharacters,
[INFO] [stderr]     |         ^^^^^^^^^^
[INFO] [stderr] 
[INFO] [stderr] warning: static variable `search_cache` should have an upper case name
[INFO] [stderr]   --> src/hl7_v2_parser.rs:53:16
[INFO] [stderr]    |
[INFO] [stderr] 53 |     static mut search_cache: LazyRUMCache<RUMString, V2SearchIndex> = new_cache();
[INFO] [stderr]    |                ^^^^^^^^^^^^ help: convert the identifier to upper case: `SEARCH_CACHE`
[INFO] [stderr]    |
[INFO] [stderr]    = note: `#[warn(non_upper_case_globals)]` on by default
[INFO] [stderr] 
[INFO] [stderr] warning: creating a mutable reference to mutable static is discouraged
[INFO] [stderr]    --> src/hl7_v2_parser.rs:511:39
[INFO] [stderr]     |
[INFO] [stderr] 511 |                 get_or_set_from_cache(&mut search_cache, search_pattern, compile_search_index)
[INFO] [stderr]     |                                       ^^^^^^^^^^^^^^^^^ mutable reference to mutable static
[INFO] [stderr]     |
[INFO] [stderr]     = note: for more information, see <https://doc.rust-lang.org/nightly/edition-guide/rust-2024/static-mut-references.html>
[INFO] [stderr]     = note: mutable references to mutable statics are dangerous; it's undefined behavior if any other pointer to the static is used or if any other reference is created for the static while the mutable reference lives
[INFO] [stderr]     = note: `#[warn(static_mut_refs)]` on by default
[INFO] [stderr] help: use `&raw mut` instead to create a raw pointer
[INFO] [stderr]     |
[INFO] [stderr] 511 |                 get_or_set_from_cache(&raw mut search_cache, search_pattern, compile_search_index)
[INFO] [stderr]     |                                       ~~~~~~~~
[INFO] [stderr] 
[INFO] [stderr] warning: unused variable: `v`
[INFO] [stderr]    --> src/lib.rs:488:16
[INFO] [stderr]     |
[INFO] [stderr] 488 |             Ok(v) => panic!("{}", err_msg.as_str()),
[INFO] [stderr]     |                ^ help: if this is intentional, prefix it with an underscore: `_v`
[INFO] [stderr] 
[INFO] [stderr] warning: unused variable: `v`
[INFO] [stderr]    --> src/lib.rs:537:16
[INFO] [stderr]     |
[INFO] [stderr] 537 |             Ok(v) => panic!("{}", err_msg.as_str()),
[INFO] [stderr]     |                ^ help: if this is intentional, prefix it with an underscore: `_v`
[INFO] [stderr] 
[INFO] [stderr] warning: constant `repeate_field1` should have an upper case name
[INFO] [stderr]   --> src/lib.rs:99:11
[INFO] [stderr]    |
[INFO] [stderr] 99 |     const repeate_field1: &str = "ISO";
[INFO] [stderr]    |           ^^^^^^^^^^^^^^ help: convert the identifier to upper case: `REPEATE_FIELD1`
[INFO] [stderr] 
[INFO] [stderr] warning: constant `repeate_field2` should have an upper case name
[INFO] [stderr]    --> src/lib.rs:100:11
[INFO] [stderr]     |
[INFO] [stderr] 100 |     const repeate_field2: &str = "LOI_GU_Component";
[INFO] [stderr]     |           ^^^^^^^^^^^^^^ help: convert the identifier to upper case: `REPEATE_FIELD2`
[INFO] [stderr] 
[INFO] [stderr] warning: constant `repeate_field3` should have an upper case name
[INFO] [stderr]    --> src/lib.rs:101:11
[INFO] [stderr]     |
[INFO] [stderr] 101 |     const repeate_field3: &str = "LAB_PRU_Component";
[INFO] [stderr]     |           ^^^^^^^^^^^^^^ help: convert the identifier to upper case: `REPEATE_FIELD3`
[INFO] [stderr] 
[INFO] [stderr] warning: `rumtk-hl7-v2` (lib) generated 12 warnings (run `cargo fix --lib -p rumtk-hl7-v2` to apply 1 suggestion)
[INFO] [stderr] warning: `rumtk-hl7-v2` (lib test) generated 17 warnings (12 duplicates)
[INFO] [stderr]     Finished `test` profile [unoptimized + debuginfo] target(s) in 0.08s
[INFO] [stderr]      Running unittests src/lib.rs (/opt/rustwide/target/debug/deps/rumtk_hl7_v2-be425a29bbeff493)
[INFO] [stdout] 
[INFO] [stdout] running 32 tests
[INFO] [stdout] test tests::test_cast_component_to_number_validation ... ok
[INFO] [stdout] test tests::test_cast_component_to_st_expected_functionality ... ok
[INFO] [stdout] test tests::test_cast_component_to_st_validation ... ok
[INFO] [stdout] test tests::test_datetime_default ... ok
[INFO] [stdout] test tests::test_extract_hl7_v2_message_segments ... ok
[INFO] [stdout] test tests::test_cast_component_to_number_expected_functionality ... FAILED
[INFO] [stdout] test tests::test_hl7_v2_field_parsing ... ok
[INFO] [stdout] test tests::test_load_hl7_v2_encoding_characters ... ok
[INFO] [stdout] test tests::test_load_hl7_v2_message ... ok
[INFO] [stdout] test tests::test_load_hl7_v2_message_macro ... ok
[INFO] [stdout] test tests::test_find_hl7_v2_message_component_macro_failure ... ok
[INFO] [stdout] test tests::test_handle_hl7_v2_message_with_repeating_fields ... ok
[INFO] [stdout] test tests::test_load_hl7_v2_message_macro_failure ... ok
[INFO] [stdout] test tests::test_load_hl7_v2_message_wir_iis ... ok
[INFO] [stdout] test tests::test_sanitize_hl7_v2_message ... ok
[INFO] [stdout] test tests::test_tokenize_hl7_v2_message ... ok
[INFO] [stdout] test tests::test_handle_hl7_v2_search_pattern_parsing_simple ... ok
[INFO] [stdout] test tests::test_cast_component_to_date_validation ... ok
[INFO] [stdout] test tests::test_handle_hl7_v2_search_pattern_parsing_full ... ok
[INFO] [stdout] test tests::test_cast_component_to_datetime_validation ... ok
[INFO] [stdout] test tests::test_find_hl7_v2_message_component_macro ... ok
[INFO] [stdout] test tests::test_v2_search_index ... ok
[INFO] [stdout] test tests::test_validated_cast_component_to_type ... ok
[INFO] [stdout] test tests::test_cast_component_to_date_expected_functionality ... ok
[INFO] [stdout] test tests::test_find_hl7_v2_message_component_simple_macro ... ok
[INFO] [stdout] test tests::test_load_hl7_v2_utf8_message ... ok
[INFO] [stdout] test tests::test_cast_component_to_time_expected_functionality ... ok
[INFO] [stdout] test tests::test_cast_component_to_datetime_base_example ... ok
[INFO] [stdout] test tests::test_cast_component_to_time_validation ... ok
[INFO] [stdout] test tests::test_cast_component_to_ft_expected_functionality ... ok
[INFO] [stdout] test tests::test_cast_component_to_datetime_expected_functionality ... ok
[INFO] [stdout] test tests::test_cast_component_to_date_base_example ... ok
[INFO] [stdout] 
[INFO] [stdout] failures:
[INFO] [stdout] 
[INFO] [stdout] ---- tests::test_cast_component_to_number_expected_functionality stdout ----
[INFO] [stdout] Testing input #0 "5e3". Expected output is "5000". Casting to NM type.thread 'tests::test_cast_component_to_number_expected_functionality' panicked at /opt/rustwide/cargo-home/registry/src/index.crates.io-6f17d22bba15001f/once_cell-1.20.2/src/lib.rs:776:25:
[INFO] [stdout] Lazy instance has previously been poisoned
[INFO] [stdout] stack backtrace:
[INFO] [stdout]    0:     0x63229d9343fa - std::backtrace_rs::backtrace::libunwind::trace::h8810477743020387
[INFO] [stdout]                                at /rustc/202008a1b8de96d2e5b6bc02d379db03a877d34d/library/std/src/../../backtrace/src/backtrace/libunwind.rs:116:5
[INFO] [stdout]    1:     0x63229d9343fa - std::backtrace_rs::backtrace::trace_unsynchronized::h3aa55355dd6c54a6
[INFO] [stdout]                                at /rustc/202008a1b8de96d2e5b6bc02d379db03a877d34d/library/std/src/../../backtrace/src/backtrace/mod.rs:66:5
[INFO] [stdout]    2:     0x63229d9343fa - std::sys::backtrace::_print_fmt::h8588b0f62410823f
[INFO] [stdout]                                at /rustc/202008a1b8de96d2e5b6bc02d379db03a877d34d/library/std/src/sys/backtrace.rs:66:9
[INFO] [stdout]    3:     0x63229d9343fa - <std::sys::backtrace::BacktraceLock::print::DisplayBacktrace as core::fmt::Display>::fmt::h98c26ac25ffe89bb
[INFO] [stdout]                                at /rustc/202008a1b8de96d2e5b6bc02d379db03a877d34d/library/std/src/sys/backtrace.rs:39:26
[INFO] [stdout]    4:     0x63229d95c8d3 - core::fmt::rt::Argument::fmt::hf95377f4aebd453b
[INFO] [stdout]                                at /rustc/202008a1b8de96d2e5b6bc02d379db03a877d34d/library/core/src/fmt/rt.rs:177:76
[INFO] [stdout]    5:     0x63229d95c8d3 - core::fmt::write::h0dd5f6e2238c7982
[INFO] [stdout]                                at /rustc/202008a1b8de96d2e5b6bc02d379db03a877d34d/library/core/src/fmt/mod.rs:1189:21
[INFO] [stdout]    6:     0x63229d931593 - std::io::Write::write_fmt::h03bb0ca26e6faf8c
[INFO] [stdout]                                at /rustc/202008a1b8de96d2e5b6bc02d379db03a877d34d/library/std/src/io/mod.rs:1884:15
[INFO] [stdout]    7:     0x63229d934242 - std::sys::backtrace::BacktraceLock::print::h5c19c1c038ee186d
[INFO] [stdout]                                at /rustc/202008a1b8de96d2e5b6bc02d379db03a877d34d/library/std/src/sys/backtrace.rs:42:9
[INFO] [stdout]    8:     0x63229d93587d - std::panicking::default_hook::{{closure}}::h77172f079a1fcb13
[INFO] [stdout]                                at /rustc/202008a1b8de96d2e5b6bc02d379db03a877d34d/library/std/src/panicking.rs:268:22
[INFO] [stdout]    9:     0x63229d935687 - std::panicking::default_hook::he5f8e3b203ccddba
[INFO] [stdout]                                at /rustc/202008a1b8de96d2e5b6bc02d379db03a877d34d/library/std/src/panicking.rs:292:9
[INFO] [stdout]   10:     0x63229d5b9e97 - <alloc::boxed::Box<F,A> as core::ops::function::Fn<Args>>::call::h7a3c7b4a1ae77f2f
[INFO] [stdout]                                at /rustc/202008a1b8de96d2e5b6bc02d379db03a877d34d/library/alloc/src/boxed.rs:1986:9
[INFO] [stdout]   11:     0x63229d5b9e97 - test::test_main::{{closure}}::hf0d3b69ae9b353d1
[INFO] [stdout]                                at /rustc/202008a1b8de96d2e5b6bc02d379db03a877d34d/library/test/src/lib.rs:134:21
[INFO] [stdout]   12:     0x63229d935f28 - <alloc::boxed::Box<F,A> as core::ops::function::Fn<Args>>::call::h6332e82e7b189abd
[INFO] [stdout]                                at /rustc/202008a1b8de96d2e5b6bc02d379db03a877d34d/library/alloc/src/boxed.rs:1986:9
[INFO] [stdout]   13:     0x63229d935f28 - std::panicking::rust_panic_with_hook::h53863d4e9018df39
[INFO] [stdout]                                at /rustc/202008a1b8de96d2e5b6bc02d379db03a877d34d/library/std/src/panicking.rs:809:13
[INFO] [stdout]   14:     0x63229d935cb6 - std::panicking::begin_panic_handler::{{closure}}::h67280e6fa0757873
[INFO] [stdout]                                at /rustc/202008a1b8de96d2e5b6bc02d379db03a877d34d/library/std/src/panicking.rs:667:13
[INFO] [stdout]   15:     0x63229d9348d9 - std::sys::backtrace::__rust_end_short_backtrace::h1dac3f54d6fbbeb2
[INFO] [stdout]                                at /rustc/202008a1b8de96d2e5b6bc02d379db03a877d34d/library/std/src/sys/backtrace.rs:170:18
[INFO] [stdout]   16:     0x63229d93597c - rust_begin_unwind
[INFO] [stdout]                                at /rustc/202008a1b8de96d2e5b6bc02d379db03a877d34d/library/std/src/panicking.rs:665:5
[INFO] [stdout]   17:     0x63229d543180 - core::panicking::panic_fmt::h6792bd1b2bf01041
[INFO] [stdout]                                at /rustc/202008a1b8de96d2e5b6bc02d379db03a877d34d/library/core/src/panicking.rs:76:14
[INFO] [stdout]   18:     0x63229d5ee620 - once_cell::unsync::Lazy<T,F>::force::{{closure}}::h156f0074ae1a6359
[INFO] [stdout]                                at /opt/rustwide/cargo-home/registry/src/index.crates.io-6f17d22bba15001f/once_cell-1.20.2/src/lib.rs:776:25
[INFO] [stdout]   19:     0x63229d5eeb8d - once_cell::unsync::OnceCell<T>::get_or_init::{{closure}}::hb7b2f61ea00ff612
[INFO] [stdout]                                at /opt/rustwide/cargo-home/registry/src/index.crates.io-6f17d22bba15001f/once_cell-1.20.2/src/lib.rs:591:57
[INFO] [stdout]   20:     0x63229d5eec78 - once_cell::unsync::OnceCell<T>::get_or_try_init::haa1cad307fb8a419
[INFO] [stdout]                                at /opt/rustwide/cargo-home/registry/src/index.crates.io-6f17d22bba15001f/once_cell-1.20.2/src/lib.rs:629:23
[INFO] [stdout]   21:     0x63229d5eeb54 - once_cell::unsync::OnceCell<T>::get_or_init::h046918c664b1951c
[INFO] [stdout]                                at /opt/rustwide/cargo-home/registry/src/index.crates.io-6f17d22bba15001f/once_cell-1.20.2/src/lib.rs:591:19
[INFO] [stdout]   22:     0x63229d5ee5a1 - once_cell::unsync::Lazy<T,F>::force::h1096ca70e375a8c8
[INFO] [stdout]                                at /opt/rustwide/cargo-home/registry/src/index.crates.io-6f17d22bba15001f/once_cell-1.20.2/src/lib.rs:774:13
[INFO] [stdout]   23:     0x63229d5eda7b - <once_cell::unsync::Lazy<T,F> as core::ops::deref::Deref>::deref::hbb7ddfa649dd46bd
[INFO] [stdout]                                at /opt/rustwide/cargo-home/registry/src/index.crates.io-6f17d22bba15001f/once_cell-1.20.2/src/lib.rs:843:13
[INFO] [stdout]   24:     0x63229d5e1434 - rumtk_core::cache::get_or_set_from_cache::h81a2b600b5cefbaa
[INFO] [stdout]                                at /opt/rustwide/cargo-home/registry/src/index.crates.io-6f17d22bba15001f/rumtk-core-0.1.1/src/cache.rs:51:8
[INFO] [stdout]   25:     0x63229d5e247e - rumtk_core::search::rumtk_search::string_search::hc5a1891a0a97e0c7
[INFO] [stdout]                                at /opt/rustwide/cargo-home/registry/src/index.crates.io-6f17d22bba15001f/rumtk-core-0.1.1/src/search.rs:130:13
[INFO] [stdout]   26:     0x63229d57827c - rumtk_hl7_v2::hl7_v2_base_types::v2_primitives::validate_type::h8324ccf2bd33da53
[INFO] [stdout]                                at /opt/rustwide/workdir/src/hl7_v2_base_types.rs:755:17
[INFO] [stdout]   27:     0x63229d55a6c2 - rumtk_hl7_v2::hl7_v2_base_types::v2_primitives::V2PrimitiveCasting::to_v2number::h4844c610b6ee4135
[INFO] [stdout]                                at /opt/rustwide/workdir/src/hl7_v2_base_types.rs:816:17
[INFO] [stdout]   28:     0x63229d55a6c2 - rumtk_hl7_v2::tests::test_cast_component_to_number_expected_functionality::h004bccdf61e0410f
[INFO] [stdout]                                at /opt/rustwide/workdir/src/lib.rs:754:23
[INFO] [stdout]   29:     0x63229d559d67 - rumtk_hl7_v2::tests::test_cast_component_to_number_expected_functionality::{{closure}}::he638b3edfaafa1cc
[INFO] [stdout]                                at /opt/rustwide/workdir/src/lib.rs:724:62
[INFO] [stdout]   30:     0x63229d573586 - core::ops::function::FnOnce::call_once::hd924bc668740dcbd
[INFO] [stdout]                                at /rustc/202008a1b8de96d2e5b6bc02d379db03a877d34d/library/core/src/ops/function.rs:250:5
[INFO] [stdout]   31:     0x63229d5be9bb - core::ops::function::FnOnce::call_once::h871bf86719ec9aa4
[INFO] [stdout]                                at /rustc/202008a1b8de96d2e5b6bc02d379db03a877d34d/library/core/src/ops/function.rs:250:5
[INFO] [stdout]   32:     0x63229d5be9bb - test::__rust_begin_short_backtrace::h2167df1e2b7d76fd
[INFO] [stdout]                                at /rustc/202008a1b8de96d2e5b6bc02d379db03a877d34d/library/test/src/lib.rs:632:18
[INFO] [stdout]   33:     0x63229d5be3a8 - test::run_test_in_process::{{closure}}::h15d92f75a3adfb79
[INFO] [stdout]                                at /rustc/202008a1b8de96d2e5b6bc02d379db03a877d34d/library/test/src/lib.rs:655:60
[INFO] [stdout]   34:     0x63229d5be3a8 - <core::panic::unwind_safe::AssertUnwindSafe<F> as core::ops::function::FnOnce<()>>::call_once::hb6c8955835a8dbbb
[INFO] [stdout]                                at /rustc/202008a1b8de96d2e5b6bc02d379db03a877d34d/library/core/src/panic/unwind_safe.rs:272:9
[INFO] [stdout]   35:     0x63229d5be3a8 - std::panicking::try::do_call::hc79d0fc888a0bd30
[INFO] [stdout]                                at /rustc/202008a1b8de96d2e5b6bc02d379db03a877d34d/library/std/src/panicking.rs:557:40
[INFO] [stdout]   36:     0x63229d5be3a8 - std::panicking::try::hb8a7878e3a8589d6
[INFO] [stdout]                                at /rustc/202008a1b8de96d2e5b6bc02d379db03a877d34d/library/std/src/panicking.rs:520:19
[INFO] [stdout]   37:     0x63229d5be3a8 - std::panic::catch_unwind::hb8e4600ff0ff5cfa
[INFO] [stdout]                                at /rustc/202008a1b8de96d2e5b6bc02d379db03a877d34d/library/std/src/panic.rs:358:14
[INFO] [stdout]   38:     0x63229d5be3a8 - test::run_test_in_process::hc2900b0b18688dd6
[INFO] [stdout]                                at /rustc/202008a1b8de96d2e5b6bc02d379db03a877d34d/library/test/src/lib.rs:655:27
[INFO] [stdout]   39:     0x63229d5be3a8 - test::run_test::{{closure}}::hac2a9cb07be3d48d
[INFO] [stdout]                                at /rustc/202008a1b8de96d2e5b6bc02d379db03a877d34d/library/test/src/lib.rs:576:43
[INFO] [stdout]   40:     0x63229d581e4a - test::run_test::{{closure}}::h4a5b729e66a38cd8
[INFO] [stdout]                                at /rustc/202008a1b8de96d2e5b6bc02d379db03a877d34d/library/test/src/lib.rs:606:41
[INFO] [stdout]   41:     0x63229d581e4a - std::sys::backtrace::__rust_begin_short_backtrace::h0496fb742492f573
[INFO] [stdout]                                at /rustc/202008a1b8de96d2e5b6bc02d379db03a877d34d/library/std/src/sys/backtrace.rs:154:18
[INFO] [stdout]   42:     0x63229d5857c4 - std::thread::Builder::spawn_unchecked_::{{closure}}::{{closure}}::hbb6d257c550a54bd
[INFO] [stdout]                                at /rustc/202008a1b8de96d2e5b6bc02d379db03a877d34d/library/std/src/thread/mod.rs:561:17
[INFO] [stdout]   43:     0x63229d5857c4 - <core::panic::unwind_safe::AssertUnwindSafe<F> as core::ops::function::FnOnce<()>>::call_once::h46696fe4a6832328
[INFO] [stdout]                                at /rustc/202008a1b8de96d2e5b6bc02d379db03a877d34d/library/core/src/panic/unwind_safe.rs:272:9
[INFO] [stdout]   44:     0x63229d5857c4 - std::panicking::try::do_call::h2625a51b667bfb64
[INFO] [stdout]                                at /rustc/202008a1b8de96d2e5b6bc02d379db03a877d34d/library/std/src/panicking.rs:557:40
[INFO] [stdout]   45:     0x63229d5857c4 - std::panicking::try::hb956a59a1973aa4c
[INFO] [stdout]                                at /rustc/202008a1b8de96d2e5b6bc02d379db03a877d34d/library/std/src/panicking.rs:520:19
[INFO] [stdout]   46:     0x63229d5857c4 - std::panic::catch_unwind::h64f3b9d1067ef6a0
[INFO] [stdout]                                at /rustc/202008a1b8de96d2e5b6bc02d379db03a877d34d/library/std/src/panic.rs:358:14
[INFO] [stdout]   47:     0x63229d5857c4 - std::thread::Builder::spawn_unchecked_::{{closure}}::h42b2841295b6c0b2
[INFO] [stdout]                                at /rustc/202008a1b8de96d2e5b6bc02d379db03a877d34d/library/std/src/thread/mod.rs:559:30
[INFO] [stdout]   48:     0x63229d5857c4 - core::ops::function::FnOnce::call_once{{vtable.shim}}::h6127de71b8124639
[INFO] [stdout]                                at /rustc/202008a1b8de96d2e5b6bc02d379db03a877d34d/library/core/src/ops/function.rs:250:5
[INFO] [stdout]   49:     0x63229d939e6b - <alloc::boxed::Box<F,A> as core::ops::function::FnOnce<Args>>::call_once::h42f0ba71002a1b2c
[INFO] [stdout]                                at /rustc/202008a1b8de96d2e5b6bc02d379db03a877d34d/library/alloc/src/boxed.rs:1972:9
[INFO] [stdout]   50:     0x63229d939e6b - <alloc::boxed::Box<F,A> as core::ops::function::FnOnce<Args>>::call_once::had9e47d7a3dcecb8
[INFO] [stdout]                                at /rustc/202008a1b8de96d2e5b6bc02d379db03a877d34d/library/alloc/src/boxed.rs:1972:9
[INFO] [stdout]   51:     0x63229d939e6b - std::sys::pal::unix::thread::Thread::new::thread_start::h48cf765408f6f5f2
[INFO] [stdout]                                at /rustc/202008a1b8de96d2e5b6bc02d379db03a877d34d/library/std/src/sys/pal/unix/thread.rs:105:17
[INFO] [stdout]   52:     0x75c0523acac3 - <unknown>
[INFO] [stdout]   53:     0x75c05243da04 - clone
[INFO] [stdout]   54:                0x0 - <unknown>
[INFO] [stdout] 
[INFO] [stdout] 
[INFO] [stdout] failures:
[INFO] [stdout]     tests::test_cast_component_to_number_expected_functionality
[INFO] [stdout] 
[INFO] [stdout] test result: FAILED. 31 passed; 1 failed; 0 ignored; 0 measured; 0 filtered out; finished in 0.30s
[INFO] [stdout] 
[INFO] [stderr] error: test failed, to rerun pass `--lib`
[INFO] running `Command { std: "docker" "inspect" "af5339332e7951c6bf5f1a80ef7e45978c7510e5110cc5ce8f9dc9d4465b1893", kill_on_drop: false }`
[INFO] running `Command { std: "docker" "rm" "-f" "af5339332e7951c6bf5f1a80ef7e45978c7510e5110cc5ce8f9dc9d4465b1893", kill_on_drop: false }`
[INFO] [stdout] af5339332e7951c6bf5f1a80ef7e45978c7510e5110cc5ce8f9dc9d4465b1893
