[INFO] fetching crate rspotify-s-model 0.13.2...
[INFO] testing rspotify-s-model-0.13.2 against beta-2024-12-08 for beta-1.84.0-4-retry
[INFO] extracting crate rspotify-s-model 0.13.2 into /workspace/builds/worker-2-tc2/source
[INFO] validating manifest of crates.io crate rspotify-s-model 0.13.2 on toolchain beta-2024-12-08
[INFO] running `Command { std: CARGO_HOME="/workspace/cargo-home" RUSTUP_HOME="/workspace/rustup-home" "/workspace/cargo-home/bin/cargo" "+beta-2024-12-08" "metadata" "--manifest-path" "Cargo.toml" "--no-deps", kill_on_drop: false }`
[INFO] started tweaking crates.io crate rspotify-s-model 0.13.2
[INFO] finished tweaking crates.io crate rspotify-s-model 0.13.2
[INFO] tweaked toml for crates.io crate rspotify-s-model 0.13.2 written to /workspace/builds/worker-2-tc2/source/Cargo.toml
[INFO] running `Command { std: CARGO_HOME="/workspace/cargo-home" RUSTUP_HOME="/workspace/rustup-home" "/workspace/cargo-home/bin/cargo" "+beta-2024-12-08" "generate-lockfile" "--manifest-path" "Cargo.toml", kill_on_drop: false }`
[INFO] [stderr]     Updating crates.io index
[INFO] [stderr]      Locking 48 packages to latest compatible versions
[INFO] [stderr]       Adding thiserror v1.0.69 (available: v2.0.7)
[INFO] running `Command { std: CARGO_HOME="/workspace/cargo-home" RUSTUP_HOME="/workspace/rustup-home" "/workspace/cargo-home/bin/cargo" "+beta-2024-12-08" "fetch" "--manifest-path" "Cargo.toml", kill_on_drop: false }`
[INFO] running `Command { std: "docker" "create" "-v" "/var/lib/crater-agent-workspace/builds/worker-2-tc2/target:/opt/rustwide/target:rw,Z" "-v" "/var/lib/crater-agent-workspace/builds/worker-2-tc2/source:/opt/rustwide/workdir:ro,Z" "-v" "/var/lib/crater-agent-workspace/cargo-home:/opt/rustwide/cargo-home:ro,Z" "-v" "/var/lib/crater-agent-workspace/rustup-home:/opt/rustwide/rustup-home:ro,Z" "-e" "SOURCE_DIR=/opt/rustwide/workdir" "-e" "CARGO_TARGET_DIR=/opt/rustwide/target" "-e" "CARGO_HOME=/opt/rustwide/cargo-home" "-e" "RUSTUP_HOME=/opt/rustwide/rustup-home" "-w" "/opt/rustwide/workdir" "-m" "1610612736" "--user" "0:0" "--network" "none" "ghcr.io/rust-lang/crates-build-env/linux@sha256:f3a9d4ad9d972b27faf3965f35b62e55ba32bbce8f20bc8fe909558a86702fde" "/opt/rustwide/cargo-home/bin/cargo" "+beta-2024-12-08" "metadata" "--no-deps" "--format-version=1", kill_on_drop: false }`
[INFO] [stdout] 199b63949425227612d01805585c2a2c46c5799446dd3c07d02e1986947d4fd7
[INFO] running `Command { std: "docker" "start" "-a" "199b63949425227612d01805585c2a2c46c5799446dd3c07d02e1986947d4fd7", kill_on_drop: false }`
[INFO] running `Command { std: "docker" "inspect" "199b63949425227612d01805585c2a2c46c5799446dd3c07d02e1986947d4fd7", kill_on_drop: false }`
[INFO] running `Command { std: "docker" "rm" "-f" "199b63949425227612d01805585c2a2c46c5799446dd3c07d02e1986947d4fd7", kill_on_drop: false }`
[INFO] [stdout] 199b63949425227612d01805585c2a2c46c5799446dd3c07d02e1986947d4fd7
[INFO] running `Command { std: "docker" "create" "-v" "/var/lib/crater-agent-workspace/builds/worker-2-tc2/target:/opt/rustwide/target:rw,Z" "-v" "/var/lib/crater-agent-workspace/builds/worker-2-tc2/source:/opt/rustwide/workdir:ro,Z" "-v" "/var/lib/crater-agent-workspace/cargo-home:/opt/rustwide/cargo-home:ro,Z" "-v" "/var/lib/crater-agent-workspace/rustup-home:/opt/rustwide/rustup-home:ro,Z" "-e" "SOURCE_DIR=/opt/rustwide/workdir" "-e" "CARGO_TARGET_DIR=/opt/rustwide/target" "-e" "CARGO_INCREMENTAL=0" "-e" "RUST_BACKTRACE=full" "-e" "RUSTFLAGS=--cap-lints=warn" "-e" "RUSTDOCFLAGS=--cap-lints=warn" "-e" "CARGO_HOME=/opt/rustwide/cargo-home" "-e" "RUSTUP_HOME=/opt/rustwide/rustup-home" "-w" "/opt/rustwide/workdir" "-m" "1610612736" "--user" "0:0" "--network" "none" "ghcr.io/rust-lang/crates-build-env/linux@sha256:f3a9d4ad9d972b27faf3965f35b62e55ba32bbce8f20bc8fe909558a86702fde" "/opt/rustwide/cargo-home/bin/cargo" "+beta-2024-12-08" "build" "--frozen" "--message-format=json", kill_on_drop: false }`
[INFO] [stdout] 8099ba8d0bf5c7c437beb55f599a3b15d48a2bea45d193c1dc0a80826f20212e
[INFO] running `Command { std: "docker" "start" "-a" "8099ba8d0bf5c7c437beb55f599a3b15d48a2bea45d193c1dc0a80826f20212e", kill_on_drop: false }`
[INFO] [stderr]    Compiling proc-macro2 v1.0.92
[INFO] [stderr]    Compiling unicode-ident v1.0.14
[INFO] [stderr]    Compiling rustversion v1.0.18
[INFO] [stderr]    Compiling autocfg v1.4.0
[INFO] [stderr]    Compiling serde v1.0.216
[INFO] [stderr]    Compiling serde_json v1.0.133
[INFO] [stderr]    Compiling thiserror v1.0.69
[INFO] [stderr]    Compiling heck v0.5.0
[INFO] [stderr]    Compiling once_cell v1.20.2
[INFO] [stderr]    Compiling ryu v1.0.18
[INFO] [stderr]    Compiling itoa v1.0.14
[INFO] [stderr]    Compiling iana-time-zone v0.1.61
[INFO] [stderr]    Compiling memchr v2.7.4
[INFO] [stderr]    Compiling num-traits v0.2.19
[INFO] [stderr]    Compiling quote v1.0.37
[INFO] [stderr]    Compiling syn v2.0.90
[INFO] [stderr]    Compiling serde_derive v1.0.216
[INFO] [stderr]    Compiling thiserror-impl v1.0.69
[INFO] [stderr]    Compiling strum_macros v0.26.4
[INFO] [stderr]    Compiling enum_dispatch v0.3.13
[INFO] [stderr]    Compiling strum v0.26.3
[INFO] [stderr]    Compiling chrono v0.4.39
[INFO] [stderr]    Compiling rspotify-s-model v0.13.2 (/opt/rustwide/workdir)
[INFO] [stdout] warning: unreachable pattern
[INFO] [stdout]   --> src/error.rs:18:21
[INFO] [stdout]    |
[INFO] [stdout] 13 |     #[serde(alias = "error")]
[INFO] [stdout]    |                     ------- matches all the relevant values
[INFO] [stdout] ...
[INFO] [stdout] 18 |     #[serde(alias = "error")]
[INFO] [stdout]    |                     ^^^^^^^ no value can reach this
[INFO] [stdout]    |
[INFO] [stdout]    = note: `#[warn(unreachable_patterns)]` on by default
[INFO] [stdout] 
[INFO] [stdout] 
[INFO] [stderr]     Finished `dev` profile [unoptimized + debuginfo] target(s) in 26.44s
[INFO] running `Command { std: "docker" "inspect" "8099ba8d0bf5c7c437beb55f599a3b15d48a2bea45d193c1dc0a80826f20212e", kill_on_drop: false }`
[INFO] running `Command { std: "docker" "rm" "-f" "8099ba8d0bf5c7c437beb55f599a3b15d48a2bea45d193c1dc0a80826f20212e", kill_on_drop: false }`
[INFO] [stdout] 8099ba8d0bf5c7c437beb55f599a3b15d48a2bea45d193c1dc0a80826f20212e
[INFO] running `Command { std: "docker" "create" "-v" "/var/lib/crater-agent-workspace/builds/worker-2-tc2/target:/opt/rustwide/target:rw,Z" "-v" "/var/lib/crater-agent-workspace/builds/worker-2-tc2/source:/opt/rustwide/workdir:ro,Z" "-v" "/var/lib/crater-agent-workspace/cargo-home:/opt/rustwide/cargo-home:ro,Z" "-v" "/var/lib/crater-agent-workspace/rustup-home:/opt/rustwide/rustup-home:ro,Z" "-e" "SOURCE_DIR=/opt/rustwide/workdir" "-e" "CARGO_TARGET_DIR=/opt/rustwide/target" "-e" "CARGO_INCREMENTAL=0" "-e" "RUST_BACKTRACE=full" "-e" "RUSTFLAGS=--cap-lints=warn" "-e" "RUSTDOCFLAGS=--cap-lints=warn" "-e" "CARGO_HOME=/opt/rustwide/cargo-home" "-e" "RUSTUP_HOME=/opt/rustwide/rustup-home" "-w" "/opt/rustwide/workdir" "-m" "1610612736" "--user" "0:0" "--network" "none" "ghcr.io/rust-lang/crates-build-env/linux@sha256:f3a9d4ad9d972b27faf3965f35b62e55ba32bbce8f20bc8fe909558a86702fde" "/opt/rustwide/cargo-home/bin/cargo" "+beta-2024-12-08" "test" "--frozen" "--no-run" "--message-format=json", kill_on_drop: false }`
[INFO] [stdout] 41c9a9c3c50d4cfa25c6031471368f71a346d2181a3cc9f008bd82ea8c12d1bc
[INFO] running `Command { std: "docker" "start" "-a" "41c9a9c3c50d4cfa25c6031471368f71a346d2181a3cc9f008bd82ea8c12d1bc", kill_on_drop: false }`
[INFO] [stderr]    Compiling rspotify-s-model v0.13.2 (/opt/rustwide/workdir)
[INFO] [stdout] warning: unreachable pattern
[INFO] [stdout]   --> src/error.rs:18:21
[INFO] [stdout]    |
[INFO] [stdout] 13 |     #[serde(alias = "error")]
[INFO] [stdout]    |                     ------- matches all the relevant values
[INFO] [stdout] ...
[INFO] [stdout] 18 |     #[serde(alias = "error")]
[INFO] [stdout]    |                     ^^^^^^^ no value can reach this
[INFO] [stdout]    |
[INFO] [stdout]    = note: `#[warn(unreachable_patterns)]` on by default
[INFO] [stdout] 
[INFO] [stdout] 
[INFO] [stdout] warning: unreachable pattern
[INFO] [stdout]   --> src/error.rs:18:21
[INFO] [stdout]    |
[INFO] [stdout] 13 |     #[serde(alias = "error")]
[INFO] [stdout]    |                     ------- matches all the relevant values
[INFO] [stdout] ...
[INFO] [stdout] 18 |     #[serde(alias = "error")]
[INFO] [stdout]    |                     ^^^^^^^ no value can reach this
[INFO] [stdout]    |
[INFO] [stdout]    = note: `#[warn(unreachable_patterns)]` on by default
[INFO] [stdout] 
[INFO] [stdout] 
[INFO] [stderr]     Finished `test` profile [unoptimized + debuginfo] target(s) in 5.19s
[INFO] running `Command { std: "docker" "inspect" "41c9a9c3c50d4cfa25c6031471368f71a346d2181a3cc9f008bd82ea8c12d1bc", kill_on_drop: false }`
[INFO] running `Command { std: "docker" "rm" "-f" "41c9a9c3c50d4cfa25c6031471368f71a346d2181a3cc9f008bd82ea8c12d1bc", kill_on_drop: false }`
[INFO] [stdout] 41c9a9c3c50d4cfa25c6031471368f71a346d2181a3cc9f008bd82ea8c12d1bc
[INFO] running `Command { std: "docker" "create" "-v" "/var/lib/crater-agent-workspace/builds/worker-2-tc2/target:/opt/rustwide/target:rw,Z" "-v" "/var/lib/crater-agent-workspace/builds/worker-2-tc2/source:/opt/rustwide/workdir:ro,Z" "-v" "/var/lib/crater-agent-workspace/cargo-home:/opt/rustwide/cargo-home:ro,Z" "-v" "/var/lib/crater-agent-workspace/rustup-home:/opt/rustwide/rustup-home:ro,Z" "-e" "SOURCE_DIR=/opt/rustwide/workdir" "-e" "CARGO_TARGET_DIR=/opt/rustwide/target" "-e" "CARGO_INCREMENTAL=0" "-e" "RUST_BACKTRACE=full" "-e" "RUSTFLAGS=--cap-lints=warn" "-e" "RUSTDOCFLAGS=--cap-lints=warn" "-e" "CARGO_HOME=/opt/rustwide/cargo-home" "-e" "RUSTUP_HOME=/opt/rustwide/rustup-home" "-w" "/opt/rustwide/workdir" "-m" "1610612736" "--user" "0:0" "--network" "none" "ghcr.io/rust-lang/crates-build-env/linux@sha256:f3a9d4ad9d972b27faf3965f35b62e55ba32bbce8f20bc8fe909558a86702fde" "/opt/rustwide/cargo-home/bin/cargo" "+beta-2024-12-08" "test" "--frozen", kill_on_drop: false }`
[INFO] [stdout] 16048a85acb79f87cd233e6e1f5e017f1af836e6249da7c4a417f59f7e1357cb
[INFO] running `Command { std: "docker" "start" "-a" "16048a85acb79f87cd233e6e1f5e017f1af836e6249da7c4a417f59f7e1357cb", kill_on_drop: false }`
[INFO] [stderr] warning: unreachable pattern
[INFO] [stderr]   --> src/error.rs:18:21
[INFO] [stderr]    |
[INFO] [stderr] 13 |     #[serde(alias = "error")]
[INFO] [stderr]    |                     ------- matches all the relevant values
[INFO] [stderr] ...
[INFO] [stderr] 18 |     #[serde(alias = "error")]
[INFO] [stderr]    |                     ^^^^^^^ no value can reach this
[INFO] [stderr]    |
[INFO] [stderr]    = note: `#[warn(unreachable_patterns)]` on by default
[INFO] [stderr] 
[INFO] [stderr] warning: `rspotify-s-model` (lib) generated 1 warning
[INFO] [stderr] warning: `rspotify-s-model` (lib test) generated 1 warning (1 duplicate)
[INFO] [stderr]     Finished `test` profile [unoptimized + debuginfo] target(s) in 0.06s
[INFO] [stdout] 
[INFO] [stderr]      Running unittests src/lib.rs (/opt/rustwide/target/debug/deps/rspotify_s_model-30ec99cdbe9761ea)
[INFO] [stdout] running 13 tests
[INFO] [stdout] test auth::test::test_token_deserialize ... ok
[INFO] [stdout] test idtypes::test::test_serialize ... ok
[INFO] [stdout] test idtypes::test::test_constructor ... ok
[INFO] [stdout] test idtypes::test::test_unknown_at_compile_time ... ok
[INFO] [stdout] test auth::test::test_bearer_auth ... ok
[INFO] [stdout] test idtypes::test::test_id_parse ... ok
[INFO] [stdout] test idtypes::test::test_owned ... ok
[INFO] [stdout] test idtypes::test::test_uri_parse ... ok
[INFO] [stdout] test tests::test_get_id ... ok
[INFO] [stdout] test idtypes::test::test_id_or_uri_and_deserialize ... ok
[INFO] [stdout] test idtypes::test::test_multiple_types ... ok
[INFO] [stdout] test tests::test_get_uri ... ok
[INFO] [stdout] test device::test_devices ... ok
[INFO] [stdout] 
[INFO] [stdout] test result: ok. 13 passed; 0 failed; 0 ignored; 0 measured; 0 filtered out; finished in 0.00s
[INFO] [stdout] 
[INFO] [stderr]    Doc-tests rspotify_s_model
[INFO] [stdout] 
[INFO] [stdout] running 4 tests
[INFO] [stdout] test src/idtypes.rs - idtypes (line 64) ... FAILED
[INFO] [stdout] test src/idtypes.rs - idtypes (line 42) - compile fail ... ok
[INFO] [stdout] test src/idtypes.rs - idtypes (line 53) ... FAILED
[INFO] [stdout] test src/idtypes.rs - idtypes (line 31) ... FAILED
[INFO] [stdout] 
[INFO] [stdout] failures:
[INFO] [stdout] 
[INFO] [stdout] ---- src/idtypes.rs - idtypes (line 64) stdout ----
[INFO] [stdout] error[E0432]: unresolved import `rspotify_model`
[INFO] [stdout]  --> src/idtypes.rs:65:5
[INFO] [stdout]   |
[INFO] [stdout] 3 | use rspotify_model::{TrackId, EpisodeId, PlayableId};
[INFO] [stdout]   |     ^^^^^^^^^^^^^^ use of undeclared crate or module `rspotify_model`
[INFO] [stdout]   |
[INFO] [stdout] help: there is a crate or module with a similar name
[INFO] [stdout]   |
[INFO] [stdout] 3 | use rspotify_s_model::{TrackId, EpisodeId, PlayableId};
[INFO] [stdout]   |     ~~~~~~~~~~~~~~~~
[INFO] [stdout] 
[INFO] [stdout] error: aborting due to 1 previous error
[INFO] [stdout] 
[INFO] [stdout] For more information about this error, try `rustc --explain E0432`.
[INFO] [stdout] Couldn't compile the test.
[INFO] [stdout] ---- src/idtypes.rs - idtypes (line 53) stdout ----
[INFO] [stdout] error[E0432]: unresolved import `rspotify_model`
[INFO] [stdout]  --> src/idtypes.rs:54:5
[INFO] [stdout]   |
[INFO] [stdout] 3 | use rspotify_model::TrackId;
[INFO] [stdout]   |     ^^^^^^^^^^^^^^ use of undeclared crate or module `rspotify_model`
[INFO] [stdout]   |
[INFO] [stdout] help: there is a crate or module with a similar name
[INFO] [stdout]   |
[INFO] [stdout] 3 | use rspotify_s_model::TrackId;
[INFO] [stdout]   |     ~~~~~~~~~~~~~~~~
[INFO] [stdout] 
[INFO] [stdout] error: aborting due to 1 previous error
[INFO] [stdout] 
[INFO] [stdout] For more information about this error, try `rustc --explain E0432`.
[INFO] [stdout] Couldn't compile the test.
[INFO] [stdout] ---- src/idtypes.rs - idtypes (line 31) stdout ----
[INFO] [stdout] error[E0432]: unresolved import `rspotify_model`
[INFO] [stdout]  --> src/idtypes.rs:32:5
[INFO] [stdout]   |
[INFO] [stdout] 3 | use rspotify_model::TrackId;
[INFO] [stdout]   |     ^^^^^^^^^^^^^^ use of undeclared crate or module `rspotify_model`
[INFO] [stdout]   |
[INFO] [stdout] help: there is a crate or module with a similar name
[INFO] [stdout]   |
[INFO] [stdout] 3 | use rspotify_s_model::TrackId;
[INFO] [stdout]   |     ~~~~~~~~~~~~~~~~
[INFO] [stdout] 
[INFO] [stdout] error: aborting due to 1 previous error
[INFO] [stdout] 
[INFO] [stdout] For more information about this error, try `rustc --explain E0432`.
[INFO] [stdout] Couldn't compile the test.
[INFO] [stdout] 
[INFO] [stdout] failures:
[INFO] [stdout]     src/idtypes.rs - idtypes (line 31)
[INFO] [stdout]     src/idtypes.rs - idtypes (line 53)
[INFO] [stdout]     src/idtypes.rs - idtypes (line 64)
[INFO] [stdout] 
[INFO] [stdout] test result: FAILED. 1 passed; 3 failed; 0 ignored; 0 measured; 0 filtered out; finished in 0.14s
[INFO] [stdout] 
[INFO] [stderr] error: doctest failed, to rerun pass `--doc`
[INFO] running `Command { std: "docker" "inspect" "16048a85acb79f87cd233e6e1f5e017f1af836e6249da7c4a417f59f7e1357cb", kill_on_drop: false }`
[INFO] running `Command { std: "docker" "rm" "-f" "16048a85acb79f87cd233e6e1f5e017f1af836e6249da7c4a417f59f7e1357cb", kill_on_drop: false }`
[INFO] [stdout] 16048a85acb79f87cd233e6e1f5e017f1af836e6249da7c4a417f59f7e1357cb
