[INFO] fetching crate rs4j 0.10.2...
[INFO] testing rs4j-0.10.2 against beta-2024-12-08 for beta-1.84.0-4-retry
[INFO] extracting crate rs4j 0.10.2 into /workspace/builds/worker-3-tc2/source
[INFO] validating manifest of crates.io crate rs4j 0.10.2 on toolchain beta-2024-12-08
[INFO] running `Command { std: CARGO_HOME="/workspace/cargo-home" RUSTUP_HOME="/workspace/rustup-home" "/workspace/cargo-home/bin/cargo" "+beta-2024-12-08" "metadata" "--manifest-path" "Cargo.toml" "--no-deps", kill_on_drop: false }`
[INFO] started tweaking crates.io crate rs4j 0.10.2
[INFO] finished tweaking crates.io crate rs4j 0.10.2
[INFO] tweaked toml for crates.io crate rs4j 0.10.2 written to /workspace/builds/worker-3-tc2/source/Cargo.toml
[INFO] crate crates.io crate rs4j 0.10.2 already has a lockfile, it will not be regenerated
[INFO] running `Command { std: CARGO_HOME="/workspace/cargo-home" RUSTUP_HOME="/workspace/rustup-home" "/workspace/cargo-home/bin/cargo" "+beta-2024-12-08" "fetch" "--manifest-path" "Cargo.toml", kill_on_drop: false }`
[INFO] [stderr]     Blocking waiting for file lock on package cache
[INFO] running `Command { std: "docker" "create" "-v" "/var/lib/crater-agent-workspace/builds/worker-3-tc2/target:/opt/rustwide/target:rw,Z" "-v" "/var/lib/crater-agent-workspace/builds/worker-3-tc2/source:/opt/rustwide/workdir:ro,Z" "-v" "/var/lib/crater-agent-workspace/cargo-home:/opt/rustwide/cargo-home:ro,Z" "-v" "/var/lib/crater-agent-workspace/rustup-home:/opt/rustwide/rustup-home:ro,Z" "-e" "SOURCE_DIR=/opt/rustwide/workdir" "-e" "CARGO_TARGET_DIR=/opt/rustwide/target" "-e" "CARGO_HOME=/opt/rustwide/cargo-home" "-e" "RUSTUP_HOME=/opt/rustwide/rustup-home" "-w" "/opt/rustwide/workdir" "-m" "1610612736" "--user" "0:0" "--network" "none" "ghcr.io/rust-lang/crates-build-env/linux@sha256:f3a9d4ad9d972b27faf3965f35b62e55ba32bbce8f20bc8fe909558a86702fde" "/opt/rustwide/cargo-home/bin/cargo" "+beta-2024-12-08" "metadata" "--no-deps" "--format-version=1", kill_on_drop: false }`
[INFO] [stdout] 1c565e77305b295c042da63d9d5d5e0d3a14742245ab24bcd8b64a8f3453ec54
[INFO] running `Command { std: "docker" "start" "-a" "1c565e77305b295c042da63d9d5d5e0d3a14742245ab24bcd8b64a8f3453ec54", kill_on_drop: false }`
[INFO] running `Command { std: "docker" "inspect" "1c565e77305b295c042da63d9d5d5e0d3a14742245ab24bcd8b64a8f3453ec54", kill_on_drop: false }`
[INFO] running `Command { std: "docker" "rm" "-f" "1c565e77305b295c042da63d9d5d5e0d3a14742245ab24bcd8b64a8f3453ec54", kill_on_drop: false }`
[INFO] [stdout] 1c565e77305b295c042da63d9d5d5e0d3a14742245ab24bcd8b64a8f3453ec54
[INFO] running `Command { std: "docker" "create" "-v" "/var/lib/crater-agent-workspace/builds/worker-3-tc2/target:/opt/rustwide/target:rw,Z" "-v" "/var/lib/crater-agent-workspace/builds/worker-3-tc2/source:/opt/rustwide/workdir:ro,Z" "-v" "/var/lib/crater-agent-workspace/cargo-home:/opt/rustwide/cargo-home:ro,Z" "-v" "/var/lib/crater-agent-workspace/rustup-home:/opt/rustwide/rustup-home:ro,Z" "-e" "SOURCE_DIR=/opt/rustwide/workdir" "-e" "CARGO_TARGET_DIR=/opt/rustwide/target" "-e" "CARGO_INCREMENTAL=0" "-e" "RUST_BACKTRACE=full" "-e" "RUSTFLAGS=--cap-lints=warn" "-e" "RUSTDOCFLAGS=--cap-lints=warn" "-e" "CARGO_HOME=/opt/rustwide/cargo-home" "-e" "RUSTUP_HOME=/opt/rustwide/rustup-home" "-w" "/opt/rustwide/workdir" "-m" "1610612736" "--user" "0:0" "--network" "none" "ghcr.io/rust-lang/crates-build-env/linux@sha256:f3a9d4ad9d972b27faf3965f35b62e55ba32bbce8f20bc8fe909558a86702fde" "/opt/rustwide/cargo-home/bin/cargo" "+beta-2024-12-08" "build" "--frozen" "--message-format=json", kill_on_drop: false }`
[INFO] [stdout] b3fb675e8a1735402086591604c4f69355d936956eea784f521681d02f5b417b
[INFO] running `Command { std: "docker" "start" "-a" "b3fb675e8a1735402086591604c4f69355d936956eea784f521681d02f5b417b", kill_on_drop: false }`
[INFO] [stderr]    Compiling proc-macro2 v1.0.78
[INFO] [stderr]    Compiling unicode-ident v1.0.12
[INFO] [stderr]    Compiling thiserror v1.0.56
[INFO] [stderr]    Compiling anyhow v1.0.89
[INFO] [stderr]    Compiling peg-runtime v0.8.3
[INFO] [stderr]    Compiling memchr v2.7.1
[INFO] [stderr]    Compiling bytes v1.5.0
[INFO] [stderr]    Compiling log v0.4.20
[INFO] [stderr]    Compiling rs4j v0.10.2 (/opt/rustwide/workdir)
[INFO] [stderr]    Compiling unicode-segmentation v1.11.0
[INFO] [stderr]    Compiling jni-sys v0.3.0
[INFO] [stderr]    Compiling cesu8 v1.1.0
[INFO] [stderr]    Compiling cfg-if v1.0.0
[INFO] [stderr]    Compiling convert_case v0.6.0
[INFO] [stderr]    Compiling combine v4.6.6
[INFO] [stderr]    Compiling quote v1.0.35
[INFO] [stderr]    Compiling syn v2.0.48
[INFO] [stderr]    Compiling peg-macros v0.8.4
[INFO] [stderr]    Compiling peg v0.8.4
[INFO] [stderr]    Compiling thiserror-impl v1.0.56
[INFO] [stderr]    Compiling jni v0.21.1
[INFO] [stderr]     Finished `dev` profile [unoptimized + debuginfo] target(s) in 14.23s
[INFO] running `Command { std: "docker" "inspect" "b3fb675e8a1735402086591604c4f69355d936956eea784f521681d02f5b417b", kill_on_drop: false }`
[INFO] running `Command { std: "docker" "rm" "-f" "b3fb675e8a1735402086591604c4f69355d936956eea784f521681d02f5b417b", kill_on_drop: false }`
[INFO] [stdout] b3fb675e8a1735402086591604c4f69355d936956eea784f521681d02f5b417b
[INFO] running `Command { std: "docker" "create" "-v" "/var/lib/crater-agent-workspace/builds/worker-3-tc2/target:/opt/rustwide/target:rw,Z" "-v" "/var/lib/crater-agent-workspace/builds/worker-3-tc2/source:/opt/rustwide/workdir:ro,Z" "-v" "/var/lib/crater-agent-workspace/cargo-home:/opt/rustwide/cargo-home:ro,Z" "-v" "/var/lib/crater-agent-workspace/rustup-home:/opt/rustwide/rustup-home:ro,Z" "-e" "SOURCE_DIR=/opt/rustwide/workdir" "-e" "CARGO_TARGET_DIR=/opt/rustwide/target" "-e" "CARGO_INCREMENTAL=0" "-e" "RUST_BACKTRACE=full" "-e" "RUSTFLAGS=--cap-lints=warn" "-e" "RUSTDOCFLAGS=--cap-lints=warn" "-e" "CARGO_HOME=/opt/rustwide/cargo-home" "-e" "RUSTUP_HOME=/opt/rustwide/rustup-home" "-w" "/opt/rustwide/workdir" "-m" "1610612736" "--user" "0:0" "--network" "none" "ghcr.io/rust-lang/crates-build-env/linux@sha256:f3a9d4ad9d972b27faf3965f35b62e55ba32bbce8f20bc8fe909558a86702fde" "/opt/rustwide/cargo-home/bin/cargo" "+beta-2024-12-08" "test" "--frozen" "--no-run" "--message-format=json", kill_on_drop: false }`
[INFO] [stdout] d36f8536f20c210a1700cd3d476463ac90bd5cc5e87e7bc498a61de93d2854bc
[INFO] running `Command { std: "docker" "start" "-a" "d36f8536f20c210a1700cd3d476463ac90bd5cc5e87e7bc498a61de93d2854bc", kill_on_drop: false }`
[INFO] [stderr]    Compiling rs4j v0.10.2 (/opt/rustwide/workdir)
[INFO] [stderr]     Finished `test` profile [unoptimized + debuginfo] target(s) in 1.28s
[INFO] running `Command { std: "docker" "inspect" "d36f8536f20c210a1700cd3d476463ac90bd5cc5e87e7bc498a61de93d2854bc", kill_on_drop: false }`
[INFO] running `Command { std: "docker" "rm" "-f" "d36f8536f20c210a1700cd3d476463ac90bd5cc5e87e7bc498a61de93d2854bc", kill_on_drop: false }`
[INFO] [stdout] d36f8536f20c210a1700cd3d476463ac90bd5cc5e87e7bc498a61de93d2854bc
[INFO] running `Command { std: "docker" "create" "-v" "/var/lib/crater-agent-workspace/builds/worker-3-tc2/target:/opt/rustwide/target:rw,Z" "-v" "/var/lib/crater-agent-workspace/builds/worker-3-tc2/source:/opt/rustwide/workdir:ro,Z" "-v" "/var/lib/crater-agent-workspace/cargo-home:/opt/rustwide/cargo-home:ro,Z" "-v" "/var/lib/crater-agent-workspace/rustup-home:/opt/rustwide/rustup-home:ro,Z" "-e" "SOURCE_DIR=/opt/rustwide/workdir" "-e" "CARGO_TARGET_DIR=/opt/rustwide/target" "-e" "CARGO_INCREMENTAL=0" "-e" "RUST_BACKTRACE=full" "-e" "RUSTFLAGS=--cap-lints=warn" "-e" "RUSTDOCFLAGS=--cap-lints=warn" "-e" "CARGO_HOME=/opt/rustwide/cargo-home" "-e" "RUSTUP_HOME=/opt/rustwide/rustup-home" "-w" "/opt/rustwide/workdir" "-m" "1610612736" "--user" "0:0" "--network" "none" "ghcr.io/rust-lang/crates-build-env/linux@sha256:f3a9d4ad9d972b27faf3965f35b62e55ba32bbce8f20bc8fe909558a86702fde" "/opt/rustwide/cargo-home/bin/cargo" "+beta-2024-12-08" "test" "--frozen", kill_on_drop: false }`
[INFO] [stdout] 206040e9f17fc78dab76c063b50f8ee322bfd639e426d687ad24b58273111fde
[INFO] running `Command { std: "docker" "start" "-a" "206040e9f17fc78dab76c063b50f8ee322bfd639e426d687ad24b58273111fde", kill_on_drop: false }`
[INFO] [stderr]     Finished `test` profile [unoptimized + debuginfo] target(s) in 0.06s
[INFO] [stderr]      Running unittests src/lib.rs (/opt/rustwide/target/debug/deps/rs4j-d7f51fc687313478)
[INFO] [stderr]    Doc-tests rs4j
[INFO] [stdout] 
[INFO] [stdout] running 0 tests
[INFO] [stdout] 
[INFO] [stdout] test result: ok. 0 passed; 0 failed; 0 ignored; 0 measured; 0 filtered out; finished in 0.00s
[INFO] [stdout] 
[INFO] [stdout] 
[INFO] [stdout] running 3 tests
[INFO] [stdout] test src/lib.rs - (line 120) ... FAILED
[INFO] [stdout] test src/lib.rs - (line 39) ... FAILED
[INFO] [stdout] test src/lib.rs - (line 73) ... FAILED
[INFO] [stdout] 
[INFO] [stdout] failures:
[INFO] [stdout] 
[INFO] [stdout] ---- src/lib.rs - (line 120) stdout ----
[INFO] [stdout] error: couldn't read src/bindings.rs: No such file or directory (os error 2)
[INFO] [stdout]  --> src/lib.rs:127:1
[INFO] [stdout]   |
[INFO] [stdout] 9 | include!("bindings.rs");
[INFO] [stdout]   | ^^^^^^^^^^^^^^^^^^^^^^^
[INFO] [stdout]   |
[INFO] [stdout]   = note: this error originates in the macro `include` (in Nightly builds, run with -Z macro-backtrace for more info)
[INFO] [stdout] 
[INFO] [stdout] error: aborting due to 1 previous error
[INFO] [stdout] 
[INFO] [stdout] Couldn't compile the test.
[INFO] [stdout] ---- src/lib.rs - (line 39) stdout ----
[INFO] [stdout] error[E0432]: unresolved import `rs4j::build`
[INFO] [stdout]   --> src/lib.rs:43:11
[INFO] [stdout]    |
[INFO] [stdout] 6  | use rs4j::build::BindgenConfig;
[INFO] [stdout]    |           ^^^^^ could not find `build` in `rs4j`
[INFO] [stdout]    |
[INFO] [stdout] note: found an item that was configured out
[INFO] [stdout]   --> /opt/rustwide/workdir/src/lib.rs:10:9
[INFO] [stdout]    |
[INFO] [stdout] 10 | pub mod build;
[INFO] [stdout]    |         ^^^^^
[INFO] [stdout] note: the item is gated behind the `build` feature
[INFO] [stdout]   --> /opt/rustwide/workdir/src/lib.rs:9:7
[INFO] [stdout]    |
[INFO] [stdout] 9  | #[cfg(feature = "build")]
[INFO] [stdout]    |       ^^^^^^^^^^^^^^^^^
[INFO] [stdout] 
[INFO] [stdout] error: aborting due to 1 previous error
[INFO] [stdout] 
[INFO] [stdout] For more information about this error, try `rustc --explain E0432`.
[INFO] [stdout] Couldn't compile the test.
[INFO] [stdout] ---- src/lib.rs - (line 73) stdout ----
[INFO] [stdout] error[E0432]: unresolved import `rs4j::build`
[INFO] [stdout]   --> src/lib.rs:78:11
[INFO] [stdout]    |
[INFO] [stdout] 7  | use rs4j::build::BindgenConfig;
[INFO] [stdout]    |           ^^^^^ could not find `build` in `rs4j`
[INFO] [stdout]    |
[INFO] [stdout] note: found an item that was configured out
[INFO] [stdout]   --> /opt/rustwide/workdir/src/lib.rs:10:9
[INFO] [stdout]    |
[INFO] [stdout] 10 | pub mod build;
[INFO] [stdout]    |         ^^^^^
[INFO] [stdout] note: the item is gated behind the `build` feature
[INFO] [stdout]   --> /opt/rustwide/workdir/src/lib.rs:9:7
[INFO] [stdout]    |
[INFO] [stdout] 9  | #[cfg(feature = "build")]
[INFO] [stdout]    |       ^^^^^^^^^^^^^^^^^
[INFO] [stdout] 
[INFO] [stdout] error: aborting due to 1 previous error
[INFO] [stdout] 
[INFO] [stdout] For more information about this error, try `rustc --explain E0432`.
[INFO] [stdout] Couldn't compile the test.
[INFO] [stdout] 
[INFO] [stdout] failures:
[INFO] [stdout]     src/lib.rs - (line 120)
[INFO] [stdout]     src/lib.rs - (line 39)
[INFO] [stdout]     src/lib.rs - (line 73)
[INFO] [stdout] 
[INFO] [stdout] test result: FAILED. 0 passed; 3 failed; 0 ignored; 0 measured; 0 filtered out; finished in 0.09s
[INFO] [stdout] 
[INFO] [stderr] error: doctest failed, to rerun pass `--doc`
[INFO] running `Command { std: "docker" "inspect" "206040e9f17fc78dab76c063b50f8ee322bfd639e426d687ad24b58273111fde", kill_on_drop: false }`
[INFO] running `Command { std: "docker" "rm" "-f" "206040e9f17fc78dab76c063b50f8ee322bfd639e426d687ad24b58273111fde", kill_on_drop: false }`
[INFO] [stdout] 206040e9f17fc78dab76c063b50f8ee322bfd639e426d687ad24b58273111fde
