[INFO] fetching crate rs-logger 0.3.2...
[INFO] testing rs-logger-0.3.2 against beta-2024-12-08 for beta-1.84.0-4-retry
[INFO] extracting crate rs-logger 0.3.2 into /workspace/builds/worker-2-tc2/source
[INFO] validating manifest of crates.io crate rs-logger 0.3.2 on toolchain beta-2024-12-08
[INFO] running `Command { std: CARGO_HOME="/workspace/cargo-home" RUSTUP_HOME="/workspace/rustup-home" "/workspace/cargo-home/bin/cargo" "+beta-2024-12-08" "metadata" "--manifest-path" "Cargo.toml" "--no-deps", kill_on_drop: false }`
[INFO] started tweaking crates.io crate rs-logger 0.3.2
[INFO] finished tweaking crates.io crate rs-logger 0.3.2
[INFO] tweaked toml for crates.io crate rs-logger 0.3.2 written to /workspace/builds/worker-2-tc2/source/Cargo.toml
[INFO] running `Command { std: CARGO_HOME="/workspace/cargo-home" RUSTUP_HOME="/workspace/rustup-home" "/workspace/cargo-home/bin/cargo" "+beta-2024-12-08" "generate-lockfile" "--manifest-path" "Cargo.toml", kill_on_drop: false }`
[INFO] [stderr]     Blocking waiting for file lock on package cache
[INFO] [stderr]     Updating crates.io index
[INFO] [stderr]     Blocking waiting for file lock on package cache
[INFO] [stderr]      Locking 54 packages to latest compatible versions
[INFO] running `Command { std: CARGO_HOME="/workspace/cargo-home" RUSTUP_HOME="/workspace/rustup-home" "/workspace/cargo-home/bin/cargo" "+beta-2024-12-08" "fetch" "--manifest-path" "Cargo.toml", kill_on_drop: false }`
[INFO] [stderr]     Blocking waiting for file lock on package cache
[INFO] running `Command { std: "docker" "create" "-v" "/var/lib/crater-agent-workspace/builds/worker-2-tc2/target:/opt/rustwide/target:rw,Z" "-v" "/var/lib/crater-agent-workspace/builds/worker-2-tc2/source:/opt/rustwide/workdir:ro,Z" "-v" "/var/lib/crater-agent-workspace/cargo-home:/opt/rustwide/cargo-home:ro,Z" "-v" "/var/lib/crater-agent-workspace/rustup-home:/opt/rustwide/rustup-home:ro,Z" "-e" "SOURCE_DIR=/opt/rustwide/workdir" "-e" "CARGO_TARGET_DIR=/opt/rustwide/target" "-e" "CARGO_HOME=/opt/rustwide/cargo-home" "-e" "RUSTUP_HOME=/opt/rustwide/rustup-home" "-w" "/opt/rustwide/workdir" "-m" "1610612736" "--user" "0:0" "--network" "none" "ghcr.io/rust-lang/crates-build-env/linux@sha256:f3a9d4ad9d972b27faf3965f35b62e55ba32bbce8f20bc8fe909558a86702fde" "/opt/rustwide/cargo-home/bin/cargo" "+beta-2024-12-08" "metadata" "--no-deps" "--format-version=1", kill_on_drop: false }`
[INFO] [stdout] 9847b429d9f47a3941ede20b2003cdc5b40283cab4b0b8e0e71a23811408c0f7
[INFO] running `Command { std: "docker" "start" "-a" "9847b429d9f47a3941ede20b2003cdc5b40283cab4b0b8e0e71a23811408c0f7", kill_on_drop: false }`
[INFO] running `Command { std: "docker" "inspect" "9847b429d9f47a3941ede20b2003cdc5b40283cab4b0b8e0e71a23811408c0f7", kill_on_drop: false }`
[INFO] running `Command { std: "docker" "rm" "-f" "9847b429d9f47a3941ede20b2003cdc5b40283cab4b0b8e0e71a23811408c0f7", kill_on_drop: false }`
[INFO] [stdout] 9847b429d9f47a3941ede20b2003cdc5b40283cab4b0b8e0e71a23811408c0f7
[INFO] running `Command { std: "docker" "create" "-v" "/var/lib/crater-agent-workspace/builds/worker-2-tc2/target:/opt/rustwide/target:rw,Z" "-v" "/var/lib/crater-agent-workspace/builds/worker-2-tc2/source:/opt/rustwide/workdir:ro,Z" "-v" "/var/lib/crater-agent-workspace/cargo-home:/opt/rustwide/cargo-home:ro,Z" "-v" "/var/lib/crater-agent-workspace/rustup-home:/opt/rustwide/rustup-home:ro,Z" "-e" "SOURCE_DIR=/opt/rustwide/workdir" "-e" "CARGO_TARGET_DIR=/opt/rustwide/target" "-e" "CARGO_INCREMENTAL=0" "-e" "RUST_BACKTRACE=full" "-e" "RUSTFLAGS=--cap-lints=warn" "-e" "RUSTDOCFLAGS=--cap-lints=warn" "-e" "CARGO_HOME=/opt/rustwide/cargo-home" "-e" "RUSTUP_HOME=/opt/rustwide/rustup-home" "-w" "/opt/rustwide/workdir" "-m" "1610612736" "--user" "0:0" "--network" "none" "ghcr.io/rust-lang/crates-build-env/linux@sha256:f3a9d4ad9d972b27faf3965f35b62e55ba32bbce8f20bc8fe909558a86702fde" "/opt/rustwide/cargo-home/bin/cargo" "+beta-2024-12-08" "build" "--frozen" "--message-format=json", kill_on_drop: false }`
[INFO] [stdout] 8c64a56bf35975a16e16f0976e8ffc85b5065cc710855bf41e4fefb276b7af05
[INFO] running `Command { std: "docker" "start" "-a" "8c64a56bf35975a16e16f0976e8ffc85b5065cc710855bf41e4fefb276b7af05", kill_on_drop: false }`
[INFO] [stderr]    Compiling autocfg v1.4.0
[INFO] [stderr]    Compiling powerfmt v0.2.0
[INFO] [stderr]    Compiling lazy_static v1.5.0
[INFO] [stderr]    Compiling time-core v0.1.2
[INFO] [stderr]    Compiling iana-time-zone v0.1.61
[INFO] [stderr]    Compiling num-conv v0.1.0
[INFO] [stderr]    Compiling json v0.12.4
[INFO] [stderr]    Compiling colored v2.1.0
[INFO] [stderr]    Compiling num-traits v0.2.19
[INFO] [stderr]    Compiling deranged v0.3.11
[INFO] [stderr]    Compiling time v0.3.37
[INFO] [stderr]    Compiling chrono v0.4.39
[INFO] [stderr]    Compiling rs-logger v0.3.2 (/opt/rustwide/workdir)
[INFO] [stderr]     Finished `dev` profile [unoptimized + debuginfo] target(s) in 4.53s
[INFO] running `Command { std: "docker" "inspect" "8c64a56bf35975a16e16f0976e8ffc85b5065cc710855bf41e4fefb276b7af05", kill_on_drop: false }`
[INFO] running `Command { std: "docker" "rm" "-f" "8c64a56bf35975a16e16f0976e8ffc85b5065cc710855bf41e4fefb276b7af05", kill_on_drop: false }`
[INFO] [stdout] 8c64a56bf35975a16e16f0976e8ffc85b5065cc710855bf41e4fefb276b7af05
[INFO] running `Command { std: "docker" "create" "-v" "/var/lib/crater-agent-workspace/builds/worker-2-tc2/target:/opt/rustwide/target:rw,Z" "-v" "/var/lib/crater-agent-workspace/builds/worker-2-tc2/source:/opt/rustwide/workdir:ro,Z" "-v" "/var/lib/crater-agent-workspace/cargo-home:/opt/rustwide/cargo-home:ro,Z" "-v" "/var/lib/crater-agent-workspace/rustup-home:/opt/rustwide/rustup-home:ro,Z" "-e" "SOURCE_DIR=/opt/rustwide/workdir" "-e" "CARGO_TARGET_DIR=/opt/rustwide/target" "-e" "CARGO_INCREMENTAL=0" "-e" "RUST_BACKTRACE=full" "-e" "RUSTFLAGS=--cap-lints=warn" "-e" "RUSTDOCFLAGS=--cap-lints=warn" "-e" "CARGO_HOME=/opt/rustwide/cargo-home" "-e" "RUSTUP_HOME=/opt/rustwide/rustup-home" "-w" "/opt/rustwide/workdir" "-m" "1610612736" "--user" "0:0" "--network" "none" "ghcr.io/rust-lang/crates-build-env/linux@sha256:f3a9d4ad9d972b27faf3965f35b62e55ba32bbce8f20bc8fe909558a86702fde" "/opt/rustwide/cargo-home/bin/cargo" "+beta-2024-12-08" "test" "--frozen" "--no-run" "--message-format=json", kill_on_drop: false }`
[INFO] [stdout] 1b118dcc09080cc4bc6fe98271bd23a101d0bb95b7ac7bd06112d06eeb0eb017
[INFO] running `Command { std: "docker" "start" "-a" "1b118dcc09080cc4bc6fe98271bd23a101d0bb95b7ac7bd06112d06eeb0eb017", kill_on_drop: false }`
[INFO] [stderr]    Compiling rs-logger v0.3.2 (/opt/rustwide/workdir)
[INFO] [stderr]     Finished `test` profile [unoptimized + debuginfo] target(s) in 0.42s
[INFO] running `Command { std: "docker" "inspect" "1b118dcc09080cc4bc6fe98271bd23a101d0bb95b7ac7bd06112d06eeb0eb017", kill_on_drop: false }`
[INFO] running `Command { std: "docker" "rm" "-f" "1b118dcc09080cc4bc6fe98271bd23a101d0bb95b7ac7bd06112d06eeb0eb017", kill_on_drop: false }`
[INFO] [stdout] 1b118dcc09080cc4bc6fe98271bd23a101d0bb95b7ac7bd06112d06eeb0eb017
[INFO] running `Command { std: "docker" "create" "-v" "/var/lib/crater-agent-workspace/builds/worker-2-tc2/target:/opt/rustwide/target:rw,Z" "-v" "/var/lib/crater-agent-workspace/builds/worker-2-tc2/source:/opt/rustwide/workdir:ro,Z" "-v" "/var/lib/crater-agent-workspace/cargo-home:/opt/rustwide/cargo-home:ro,Z" "-v" "/var/lib/crater-agent-workspace/rustup-home:/opt/rustwide/rustup-home:ro,Z" "-e" "SOURCE_DIR=/opt/rustwide/workdir" "-e" "CARGO_TARGET_DIR=/opt/rustwide/target" "-e" "CARGO_INCREMENTAL=0" "-e" "RUST_BACKTRACE=full" "-e" "RUSTFLAGS=--cap-lints=warn" "-e" "RUSTDOCFLAGS=--cap-lints=warn" "-e" "CARGO_HOME=/opt/rustwide/cargo-home" "-e" "RUSTUP_HOME=/opt/rustwide/rustup-home" "-w" "/opt/rustwide/workdir" "-m" "1610612736" "--user" "0:0" "--network" "none" "ghcr.io/rust-lang/crates-build-env/linux@sha256:f3a9d4ad9d972b27faf3965f35b62e55ba32bbce8f20bc8fe909558a86702fde" "/opt/rustwide/cargo-home/bin/cargo" "+beta-2024-12-08" "test" "--frozen", kill_on_drop: false }`
[INFO] [stdout] eeddd1579496ae6c321569f20927e430afb0e3874337056fb363179d3c4ac2e8
[INFO] running `Command { std: "docker" "start" "-a" "eeddd1579496ae6c321569f20927e430afb0e3874337056fb363179d3c4ac2e8", kill_on_drop: false }`
[INFO] [stderr]     Finished `test` profile [unoptimized + debuginfo] target(s) in 0.04s
[INFO] [stderr]      Running unittests src/lib.rs (/opt/rustwide/target/debug/deps/rs_logger-a7cc456000a4de48)
[INFO] [stdout] 
[INFO] [stdout] running 0 tests
[INFO] [stdout] 
[INFO] [stdout] test result: ok. 0 passed; 0 failed; 0 ignored; 0 measured; 0 filtered out; finished in 0.00s
[INFO] [stdout] 
[INFO] [stderr]    Doc-tests rs_logger
[INFO] [stdout] 
[INFO] [stdout] running 4 tests
[INFO] [stdout] test src/lib.rs - Logger (line 154) ... FAILED
[INFO] [stdout] test src/lib.rs - Logger (line 161) ... FAILED
[INFO] [stdout] test src/lib.rs - Logger (line 136) ... FAILED
[INFO] [stdout] test src/lib.rs - Logger (line 119) ... FAILED
[INFO] [stdout] 
[INFO] [stdout] failures:
[INFO] [stdout] 
[INFO] [stdout] ---- src/lib.rs - Logger (line 154) stdout ----
[INFO] [stdout] error: expected one of `.`, `;`, `?`, `}`, or an operator, found `12`
[INFO] [stdout]  --> src/lib.rs:155:12
[INFO] [stdout]   |
[INFO] [stdout] 3 | 2024-03-06 12:04:01 CRITICAL: msg
[INFO] [stdout]   |            ^^ expected one of `.`, `;`, `?`, `}`, or an operator
[INFO] [stdout] 
[INFO] [stdout] error: aborting due to 1 previous error
[INFO] [stdout] 
[INFO] [stdout] Couldn't compile the test.
[INFO] [stdout] ---- src/lib.rs - Logger (line 161) stdout ----
[INFO] [stdout] error: expected one of `.`, `;`, `?`, `}`, or an operator, found `:`
[INFO] [stdout]  --> src/lib.rs:163:9
[INFO] [stdout]   |
[INFO] [stdout] 4 |   "logs": [
[INFO] [stdout]   |         ^ expected one of `.`, `;`, `?`, `}`, or an operator
[INFO] [stdout] 
[INFO] [stdout] error: aborting due to 1 previous error
[INFO] [stdout] 
[INFO] [stdout] Couldn't compile the test.
[INFO] [stdout] ---- src/lib.rs - Logger (line 136) stdout ----
[INFO] [stdout] error[E0433]: failed to resolve: use of undeclared type `Logger`
[INFO] [stdout]  --> src/lib.rs:137:18
[INFO] [stdout]   |
[INFO] [stdout] 3 | let mut logger = Logger::new()
[INFO] [stdout]   |                  ^^^^^^ use of undeclared type `Logger`
[INFO] [stdout]   |
[INFO] [stdout] help: consider importing this struct
[INFO] [stdout]   |
[INFO] [stdout] 2 + use rs_logger::Logger;
[INFO] [stdout]   |
[INFO] [stdout] 
[INFO] [stdout] error[E0433]: failed to resolve: use of undeclared type `LoggingLevel`
[INFO] [stdout]  --> src/lib.rs:138:36
[INFO] [stdout]   |
[INFO] [stdout] 4 | ...                   .level(LoggingLevel::Trace)
[INFO] [stdout]   |                              ^^^^^^^^^^^^ use of undeclared type `LoggingLevel`
[INFO] [stdout]   |
[INFO] [stdout] help: consider importing this enum
[INFO] [stdout]   |
[INFO] [stdout] 2 + use rs_logger::LoggingLevel;
[INFO] [stdout]   |
[INFO] [stdout] 
[INFO] [stdout] error: aborting due to 2 previous errors
[INFO] [stdout] 
[INFO] [stdout] For more information about this error, try `rustc --explain E0433`.
[INFO] [stdout] Couldn't compile the test.
[INFO] [stdout] ---- src/lib.rs - Logger (line 119) stdout ----
[INFO] [stdout] error[E0433]: failed to resolve: use of undeclared type `Logger`
[INFO] [stdout]  --> src/lib.rs:120:18
[INFO] [stdout]   |
[INFO] [stdout] 3 | let mut logger = Logger::new()
[INFO] [stdout]   |                  ^^^^^^ use of undeclared type `Logger`
[INFO] [stdout]   |
[INFO] [stdout] help: consider importing this struct
[INFO] [stdout]   |
[INFO] [stdout] 2 + use rs_logger::Logger;
[INFO] [stdout]   |
[INFO] [stdout] 
[INFO] [stdout] error[E0433]: failed to resolve: use of undeclared type `LoggingLevel`
[INFO] [stdout]  --> src/lib.rs:121:32
[INFO] [stdout]   |
[INFO] [stdout] 4 |                         .level(LoggingLevel::Error)
[INFO] [stdout]   |                                ^^^^^^^^^^^^ use of undeclared type `LoggingLevel`
[INFO] [stdout]   |
[INFO] [stdout] help: consider importing this enum
[INFO] [stdout]   |
[INFO] [stdout] 2 + use rs_logger::LoggingLevel;
[INFO] [stdout]   |
[INFO] [stdout] 
[INFO] [stdout] error[E0433]: failed to resolve: use of undeclared type `PathBuf`
[INFO] [stdout]  --> src/lib.rs:122:35
[INFO] [stdout]   |
[INFO] [stdout] 5 |                         .filename(PathBuf::from("Logs.json"))
[INFO] [stdout]   |                                   ^^^^^^^ use of undeclared type `PathBuf`
[INFO] [stdout]   |
[INFO] [stdout] help: consider importing this struct
[INFO] [stdout]   |
[INFO] [stdout] 2 + use std::path::PathBuf;
[INFO] [stdout]   |
[INFO] [stdout] 
[INFO] [stdout] error: aborting due to 3 previous errors
[INFO] [stdout] 
[INFO] [stdout] For more information about this error, try `rustc --explain E0433`.
[INFO] [stdout] Couldn't compile the test.
[INFO] [stdout] 
[INFO] [stdout] failures:
[INFO] [stdout]     src/lib.rs - Logger (line 119)
[INFO] [stdout]     src/lib.rs - Logger (line 136)
[INFO] [stdout]     src/lib.rs - Logger (line 154)
[INFO] [stdout]     src/lib.rs - Logger (line 161)
[INFO] [stdout] 
[INFO] [stdout] test result: FAILED. 0 passed; 4 failed; 0 ignored; 0 measured; 0 filtered out; finished in 0.11s
[INFO] [stdout] 
[INFO] [stderr] error: doctest failed, to rerun pass `--doc`
[INFO] running `Command { std: "docker" "inspect" "eeddd1579496ae6c321569f20927e430afb0e3874337056fb363179d3c4ac2e8", kill_on_drop: false }`
[INFO] running `Command { std: "docker" "rm" "-f" "eeddd1579496ae6c321569f20927e430afb0e3874337056fb363179d3c4ac2e8", kill_on_drop: false }`
[INFO] [stdout] eeddd1579496ae6c321569f20927e430afb0e3874337056fb363179d3c4ac2e8
