[INFO] fetching crate rpn_calcurator 0.1.0...
[INFO] testing rpn_calcurator-0.1.0 against beta-2024-12-08 for beta-1.84.0-4-retry
[INFO] extracting crate rpn_calcurator 0.1.0 into /workspace/builds/worker-5-tc2/source
[INFO] validating manifest of crates.io crate rpn_calcurator 0.1.0 on toolchain beta-2024-12-08
[INFO] running `Command { std: CARGO_HOME="/workspace/cargo-home" RUSTUP_HOME="/workspace/rustup-home" "/workspace/cargo-home/bin/cargo" "+beta-2024-12-08" "metadata" "--manifest-path" "Cargo.toml" "--no-deps", kill_on_drop: false }`
[INFO] started tweaking crates.io crate rpn_calcurator 0.1.0
[INFO] finished tweaking crates.io crate rpn_calcurator 0.1.0
[INFO] tweaked toml for crates.io crate rpn_calcurator 0.1.0 written to /workspace/builds/worker-5-tc2/source/Cargo.toml
[INFO] running `Command { std: CARGO_HOME="/workspace/cargo-home" RUSTUP_HOME="/workspace/rustup-home" "/workspace/cargo-home/bin/cargo" "+beta-2024-12-08" "generate-lockfile" "--manifest-path" "Cargo.toml", kill_on_drop: false }`
[INFO] running `Command { std: CARGO_HOME="/workspace/cargo-home" RUSTUP_HOME="/workspace/rustup-home" "/workspace/cargo-home/bin/cargo" "+beta-2024-12-08" "fetch" "--manifest-path" "Cargo.toml", kill_on_drop: false }`
[INFO] running `Command { std: "docker" "create" "-v" "/var/lib/crater-agent-workspace/builds/worker-5-tc2/target:/opt/rustwide/target:rw,Z" "-v" "/var/lib/crater-agent-workspace/builds/worker-5-tc2/source:/opt/rustwide/workdir:ro,Z" "-v" "/var/lib/crater-agent-workspace/cargo-home:/opt/rustwide/cargo-home:ro,Z" "-v" "/var/lib/crater-agent-workspace/rustup-home:/opt/rustwide/rustup-home:ro,Z" "-e" "SOURCE_DIR=/opt/rustwide/workdir" "-e" "CARGO_TARGET_DIR=/opt/rustwide/target" "-e" "CARGO_HOME=/opt/rustwide/cargo-home" "-e" "RUSTUP_HOME=/opt/rustwide/rustup-home" "-w" "/opt/rustwide/workdir" "-m" "1610612736" "--user" "0:0" "--network" "none" "ghcr.io/rust-lang/crates-build-env/linux@sha256:f3a9d4ad9d972b27faf3965f35b62e55ba32bbce8f20bc8fe909558a86702fde" "/opt/rustwide/cargo-home/bin/cargo" "+beta-2024-12-08" "metadata" "--no-deps" "--format-version=1", kill_on_drop: false }`
[INFO] [stdout] a54761c6a90b15c6268a25f83649856d6d6bdf3d504a711f0f6aa564985bba5a
[INFO] running `Command { std: "docker" "start" "-a" "a54761c6a90b15c6268a25f83649856d6d6bdf3d504a711f0f6aa564985bba5a", kill_on_drop: false }`
[INFO] running `Command { std: "docker" "inspect" "a54761c6a90b15c6268a25f83649856d6d6bdf3d504a711f0f6aa564985bba5a", kill_on_drop: false }`
[INFO] running `Command { std: "docker" "rm" "-f" "a54761c6a90b15c6268a25f83649856d6d6bdf3d504a711f0f6aa564985bba5a", kill_on_drop: false }`
[INFO] [stdout] a54761c6a90b15c6268a25f83649856d6d6bdf3d504a711f0f6aa564985bba5a
[INFO] running `Command { std: "docker" "create" "-v" "/var/lib/crater-agent-workspace/builds/worker-5-tc2/target:/opt/rustwide/target:rw,Z" "-v" "/var/lib/crater-agent-workspace/builds/worker-5-tc2/source:/opt/rustwide/workdir:ro,Z" "-v" "/var/lib/crater-agent-workspace/cargo-home:/opt/rustwide/cargo-home:ro,Z" "-v" "/var/lib/crater-agent-workspace/rustup-home:/opt/rustwide/rustup-home:ro,Z" "-e" "SOURCE_DIR=/opt/rustwide/workdir" "-e" "CARGO_TARGET_DIR=/opt/rustwide/target" "-e" "CARGO_INCREMENTAL=0" "-e" "RUST_BACKTRACE=full" "-e" "RUSTFLAGS=--cap-lints=warn" "-e" "RUSTDOCFLAGS=--cap-lints=warn" "-e" "CARGO_HOME=/opt/rustwide/cargo-home" "-e" "RUSTUP_HOME=/opt/rustwide/rustup-home" "-w" "/opt/rustwide/workdir" "-m" "1610612736" "--user" "0:0" "--network" "none" "ghcr.io/rust-lang/crates-build-env/linux@sha256:f3a9d4ad9d972b27faf3965f35b62e55ba32bbce8f20bc8fe909558a86702fde" "/opt/rustwide/cargo-home/bin/cargo" "+beta-2024-12-08" "build" "--frozen" "--message-format=json", kill_on_drop: false }`
[INFO] [stdout] 1f39cb76fcdfa66fcaf48cbd84ce66ef03d6df26914e8c16bd4a96e2660899e6
[INFO] running `Command { std: "docker" "start" "-a" "1f39cb76fcdfa66fcaf48cbd84ce66ef03d6df26914e8c16bd4a96e2660899e6", kill_on_drop: false }`
[INFO] [stderr]    Compiling rpn_calcurator v0.1.0 (/opt/rustwide/workdir)
[INFO] [stderr]     Finished `dev` profile [unoptimized + debuginfo] target(s) in 0.15s
[INFO] running `Command { std: "docker" "inspect" "1f39cb76fcdfa66fcaf48cbd84ce66ef03d6df26914e8c16bd4a96e2660899e6", kill_on_drop: false }`
[INFO] running `Command { std: "docker" "rm" "-f" "1f39cb76fcdfa66fcaf48cbd84ce66ef03d6df26914e8c16bd4a96e2660899e6", kill_on_drop: false }`
[INFO] [stdout] 1f39cb76fcdfa66fcaf48cbd84ce66ef03d6df26914e8c16bd4a96e2660899e6
[INFO] running `Command { std: "docker" "create" "-v" "/var/lib/crater-agent-workspace/builds/worker-5-tc2/target:/opt/rustwide/target:rw,Z" "-v" "/var/lib/crater-agent-workspace/builds/worker-5-tc2/source:/opt/rustwide/workdir:ro,Z" "-v" "/var/lib/crater-agent-workspace/cargo-home:/opt/rustwide/cargo-home:ro,Z" "-v" "/var/lib/crater-agent-workspace/rustup-home:/opt/rustwide/rustup-home:ro,Z" "-e" "SOURCE_DIR=/opt/rustwide/workdir" "-e" "CARGO_TARGET_DIR=/opt/rustwide/target" "-e" "CARGO_INCREMENTAL=0" "-e" "RUST_BACKTRACE=full" "-e" "RUSTFLAGS=--cap-lints=warn" "-e" "RUSTDOCFLAGS=--cap-lints=warn" "-e" "CARGO_HOME=/opt/rustwide/cargo-home" "-e" "RUSTUP_HOME=/opt/rustwide/rustup-home" "-w" "/opt/rustwide/workdir" "-m" "1610612736" "--user" "0:0" "--network" "none" "ghcr.io/rust-lang/crates-build-env/linux@sha256:f3a9d4ad9d972b27faf3965f35b62e55ba32bbce8f20bc8fe909558a86702fde" "/opt/rustwide/cargo-home/bin/cargo" "+beta-2024-12-08" "test" "--frozen" "--no-run" "--message-format=json", kill_on_drop: false }`
[INFO] [stdout] b93c4b59528412c4db77704bd149a29084475419552086b1d69eb6670d64cde4
[INFO] running `Command { std: "docker" "start" "-a" "b93c4b59528412c4db77704bd149a29084475419552086b1d69eb6670d64cde4", kill_on_drop: false }`
[INFO] [stderr]    Compiling rpn_calcurator v0.1.0 (/opt/rustwide/workdir)
[INFO] [stderr]     Finished `test` profile [unoptimized + debuginfo] target(s) in 0.27s
[INFO] running `Command { std: "docker" "inspect" "b93c4b59528412c4db77704bd149a29084475419552086b1d69eb6670d64cde4", kill_on_drop: false }`
[INFO] running `Command { std: "docker" "rm" "-f" "b93c4b59528412c4db77704bd149a29084475419552086b1d69eb6670d64cde4", kill_on_drop: false }`
[INFO] [stdout] b93c4b59528412c4db77704bd149a29084475419552086b1d69eb6670d64cde4
[INFO] running `Command { std: "docker" "create" "-v" "/var/lib/crater-agent-workspace/builds/worker-5-tc2/target:/opt/rustwide/target:rw,Z" "-v" "/var/lib/crater-agent-workspace/builds/worker-5-tc2/source:/opt/rustwide/workdir:ro,Z" "-v" "/var/lib/crater-agent-workspace/cargo-home:/opt/rustwide/cargo-home:ro,Z" "-v" "/var/lib/crater-agent-workspace/rustup-home:/opt/rustwide/rustup-home:ro,Z" "-e" "SOURCE_DIR=/opt/rustwide/workdir" "-e" "CARGO_TARGET_DIR=/opt/rustwide/target" "-e" "CARGO_INCREMENTAL=0" "-e" "RUST_BACKTRACE=full" "-e" "RUSTFLAGS=--cap-lints=warn" "-e" "RUSTDOCFLAGS=--cap-lints=warn" "-e" "CARGO_HOME=/opt/rustwide/cargo-home" "-e" "RUSTUP_HOME=/opt/rustwide/rustup-home" "-w" "/opt/rustwide/workdir" "-m" "1610612736" "--user" "0:0" "--network" "none" "ghcr.io/rust-lang/crates-build-env/linux@sha256:f3a9d4ad9d972b27faf3965f35b62e55ba32bbce8f20bc8fe909558a86702fde" "/opt/rustwide/cargo-home/bin/cargo" "+beta-2024-12-08" "test" "--frozen", kill_on_drop: false }`
[INFO] [stdout] b78fd0cffb452ce3cd3e835acc849b89f9587ee5b2cb812ca81f4a873e766e26
[INFO] running `Command { std: "docker" "start" "-a" "b78fd0cffb452ce3cd3e835acc849b89f9587ee5b2cb812ca81f4a873e766e26", kill_on_drop: false }`
[INFO] [stderr]     Finished `test` profile [unoptimized + debuginfo] target(s) in 0.01s
[INFO] [stderr]      Running unittests src/lib.rs (/opt/rustwide/target/debug/deps/rpn_calcurator-14326616e42f6396)
[INFO] [stdout] 
[INFO] [stdout] running 1 test
[INFO] [stdout] test tests::test_eval ... ok
[INFO] [stdout] 
[INFO] [stdout] test result: ok. 1 passed; 0 failed; 0 ignored; 0 measured; 0 filtered out; finished in 0.00s
[INFO] [stdout] 
[INFO] [stderr]    Doc-tests rpn_calcurator
[INFO] [stdout] 
[INFO] [stdout] running 1 test
[INFO] [stdout] test src/lib.rs - eval (line 4) ... FAILED
[INFO] [stdout] 
[INFO] [stdout] failures:
[INFO] [stdout] 
[INFO] [stdout] ---- src/lib.rs - eval (line 4) stdout ----
[INFO] [stdout] error[E0433]: failed to resolve: use of undeclared crate or module `eval_rpn`
[INFO] [stdout]  --> src/lib.rs:6:11
[INFO] [stdout]   |
[INFO] [stdout] 4 | let ans = eval_rpn::eval(src).unwrap();
[INFO] [stdout]   |           ^^^^^^^^ use of undeclared crate or module `eval_rpn`
[INFO] [stdout] 
[INFO] [stdout] error: aborting due to 1 previous error
[INFO] [stdout] 
[INFO] [stdout] For more information about this error, try `rustc --explain E0433`.
[INFO] [stdout] Couldn't compile the test.
[INFO] [stdout] 
[INFO] [stdout] failures:
[INFO] [stdout]     src/lib.rs - eval (line 4)
[INFO] [stdout] 
[INFO] [stdout] test result: FAILED. 0 passed; 1 failed; 0 ignored; 0 measured; 0 filtered out; finished in 0.06s
[INFO] [stdout] 
[INFO] [stderr] error: doctest failed, to rerun pass `--doc`
[INFO] running `Command { std: "docker" "inspect" "b78fd0cffb452ce3cd3e835acc849b89f9587ee5b2cb812ca81f4a873e766e26", kill_on_drop: false }`
[INFO] running `Command { std: "docker" "rm" "-f" "b78fd0cffb452ce3cd3e835acc849b89f9587ee5b2cb812ca81f4a873e766e26", kill_on_drop: false }`
[INFO] [stdout] b78fd0cffb452ce3cd3e835acc849b89f9587ee5b2cb812ca81f4a873e766e26
