[INFO] fetching crate rodio 0.20.1...
[INFO] testing rodio-0.20.1 against beta-2024-12-08 for beta-1.84.0-4-retry
[INFO] extracting crate rodio 0.20.1 into /workspace/builds/worker-6-tc2/source
[INFO] validating manifest of crates.io crate rodio 0.20.1 on toolchain beta-2024-12-08
[INFO] running `Command { std: CARGO_HOME="/workspace/cargo-home" RUSTUP_HOME="/workspace/rustup-home" "/workspace/cargo-home/bin/cargo" "+beta-2024-12-08" "metadata" "--manifest-path" "Cargo.toml" "--no-deps", kill_on_drop: false }`
[INFO] started tweaking crates.io crate rodio 0.20.1
[INFO] removed 0 missing examples
[INFO] finished tweaking crates.io crate rodio 0.20.1
[INFO] tweaked toml for crates.io crate rodio 0.20.1 written to /workspace/builds/worker-6-tc2/source/Cargo.toml
[INFO] crate crates.io crate rodio 0.20.1 already has a lockfile, it will not be regenerated
[INFO] running `Command { std: CARGO_HOME="/workspace/cargo-home" RUSTUP_HOME="/workspace/rustup-home" "/workspace/cargo-home/bin/cargo" "+beta-2024-12-08" "fetch" "--manifest-path" "Cargo.toml", kill_on_drop: false }`
[INFO] running `Command { std: "docker" "create" "-v" "/var/lib/crater-agent-workspace/builds/worker-6-tc2/target:/opt/rustwide/target:rw,Z" "-v" "/var/lib/crater-agent-workspace/builds/worker-6-tc2/source:/opt/rustwide/workdir:ro,Z" "-v" "/var/lib/crater-agent-workspace/cargo-home:/opt/rustwide/cargo-home:ro,Z" "-v" "/var/lib/crater-agent-workspace/rustup-home:/opt/rustwide/rustup-home:ro,Z" "-e" "SOURCE_DIR=/opt/rustwide/workdir" "-e" "CARGO_TARGET_DIR=/opt/rustwide/target" "-e" "CARGO_HOME=/opt/rustwide/cargo-home" "-e" "RUSTUP_HOME=/opt/rustwide/rustup-home" "-w" "/opt/rustwide/workdir" "-m" "1610612736" "--user" "0:0" "--network" "none" "ghcr.io/rust-lang/crates-build-env/linux@sha256:f3a9d4ad9d972b27faf3965f35b62e55ba32bbce8f20bc8fe909558a86702fde" "/opt/rustwide/cargo-home/bin/cargo" "+beta-2024-12-08" "metadata" "--no-deps" "--format-version=1", kill_on_drop: false }`
[INFO] [stdout] df5fa1590ba398bf92058b3c7c393e908530108d6c091519806922b187f27402
[INFO] running `Command { std: "docker" "start" "-a" "df5fa1590ba398bf92058b3c7c393e908530108d6c091519806922b187f27402", kill_on_drop: false }`
[INFO] running `Command { std: "docker" "inspect" "df5fa1590ba398bf92058b3c7c393e908530108d6c091519806922b187f27402", kill_on_drop: false }`
[INFO] running `Command { std: "docker" "rm" "-f" "df5fa1590ba398bf92058b3c7c393e908530108d6c091519806922b187f27402", kill_on_drop: false }`
[INFO] [stdout] df5fa1590ba398bf92058b3c7c393e908530108d6c091519806922b187f27402
[INFO] running `Command { std: "docker" "create" "-v" "/var/lib/crater-agent-workspace/builds/worker-6-tc2/target:/opt/rustwide/target:rw,Z" "-v" "/var/lib/crater-agent-workspace/builds/worker-6-tc2/source:/opt/rustwide/workdir:ro,Z" "-v" "/var/lib/crater-agent-workspace/cargo-home:/opt/rustwide/cargo-home:ro,Z" "-v" "/var/lib/crater-agent-workspace/rustup-home:/opt/rustwide/rustup-home:ro,Z" "-e" "SOURCE_DIR=/opt/rustwide/workdir" "-e" "CARGO_TARGET_DIR=/opt/rustwide/target" "-e" "CARGO_INCREMENTAL=0" "-e" "RUST_BACKTRACE=full" "-e" "RUSTFLAGS=--cap-lints=warn" "-e" "RUSTDOCFLAGS=--cap-lints=warn" "-e" "CARGO_HOME=/opt/rustwide/cargo-home" "-e" "RUSTUP_HOME=/opt/rustwide/rustup-home" "-w" "/opt/rustwide/workdir" "-m" "1610612736" "--user" "0:0" "--network" "none" "ghcr.io/rust-lang/crates-build-env/linux@sha256:f3a9d4ad9d972b27faf3965f35b62e55ba32bbce8f20bc8fe909558a86702fde" "/opt/rustwide/cargo-home/bin/cargo" "+beta-2024-12-08" "build" "--frozen" "--message-format=json", kill_on_drop: false }`
[INFO] [stdout] 1786f8921471b8f74bd7a4c95341ea30af8fa9333fea4f734816e7dae7770e1b
[INFO] running `Command { std: "docker" "start" "-a" "1786f8921471b8f74bd7a4c95341ea30af8fa9333fea4f734816e7dae7770e1b", kill_on_drop: false }`
[INFO] [stderr]    Compiling cfg-if v1.0.0
[INFO] [stderr]    Compiling pkg-config v0.3.31
[INFO] [stderr]    Compiling libc v0.2.162
[INFO] [stderr]    Compiling bytemuck v1.19.0
[INFO] [stderr]    Compiling arrayvec v0.7.6
[INFO] [stderr]    Compiling bitflags v1.3.2
[INFO] [stderr]    Compiling lazy_static v1.5.0
[INFO] [stderr]    Compiling log v0.4.22
[INFO] [stderr]    Compiling byteorder v1.5.0
[INFO] [stderr]    Compiling bitflags v2.6.0
[INFO] [stderr]    Compiling tinyvec_macros v0.1.1
[INFO] [stderr]    Compiling cpal v0.15.3
[INFO] [stderr]    Compiling dasp_sample v0.11.0
[INFO] [stderr]    Compiling claxon v0.4.3
[INFO] [stderr]    Compiling hound v3.5.1
[INFO] [stderr]    Compiling encoding_rs v0.8.35
[INFO] [stderr]    Compiling tinyvec v1.8.0
[INFO] [stderr]    Compiling symphonia-core v0.5.4
[INFO] [stderr]    Compiling ogg v0.8.0
[INFO] [stderr]    Compiling alsa-sys v0.3.1
[INFO] [stderr]    Compiling lewton v0.10.2
[INFO] [stderr]    Compiling alsa v0.9.1
[INFO] [stderr]    Compiling symphonia-metadata v0.5.4
[INFO] [stderr]    Compiling symphonia-bundle-mp3 v0.5.4
[INFO] [stderr]    Compiling symphonia v0.5.4
[INFO] [stderr]    Compiling rodio v0.20.1 (/opt/rustwide/workdir)
[INFO] [stderr]     Finished `dev` profile [unoptimized + debuginfo] target(s) in 5.80s
[INFO] running `Command { std: "docker" "inspect" "1786f8921471b8f74bd7a4c95341ea30af8fa9333fea4f734816e7dae7770e1b", kill_on_drop: false }`
[INFO] running `Command { std: "docker" "rm" "-f" "1786f8921471b8f74bd7a4c95341ea30af8fa9333fea4f734816e7dae7770e1b", kill_on_drop: false }`
[INFO] [stdout] 1786f8921471b8f74bd7a4c95341ea30af8fa9333fea4f734816e7dae7770e1b
[INFO] running `Command { std: "docker" "create" "-v" "/var/lib/crater-agent-workspace/builds/worker-6-tc2/target:/opt/rustwide/target:rw,Z" "-v" "/var/lib/crater-agent-workspace/builds/worker-6-tc2/source:/opt/rustwide/workdir:ro,Z" "-v" "/var/lib/crater-agent-workspace/cargo-home:/opt/rustwide/cargo-home:ro,Z" "-v" "/var/lib/crater-agent-workspace/rustup-home:/opt/rustwide/rustup-home:ro,Z" "-e" "SOURCE_DIR=/opt/rustwide/workdir" "-e" "CARGO_TARGET_DIR=/opt/rustwide/target" "-e" "CARGO_INCREMENTAL=0" "-e" "RUST_BACKTRACE=full" "-e" "RUSTFLAGS=--cap-lints=warn" "-e" "RUSTDOCFLAGS=--cap-lints=warn" "-e" "CARGO_HOME=/opt/rustwide/cargo-home" "-e" "RUSTUP_HOME=/opt/rustwide/rustup-home" "-w" "/opt/rustwide/workdir" "-m" "1610612736" "--user" "0:0" "--network" "none" "ghcr.io/rust-lang/crates-build-env/linux@sha256:f3a9d4ad9d972b27faf3965f35b62e55ba32bbce8f20bc8fe909558a86702fde" "/opt/rustwide/cargo-home/bin/cargo" "+beta-2024-12-08" "test" "--frozen" "--no-run" "--message-format=json", kill_on_drop: false }`
[INFO] [stdout] 10c7d61a2473b0282aac2556fa7724f5a7d7462020aec083f23a69e475aed369
[INFO] running `Command { std: "docker" "start" "-a" "10c7d61a2473b0282aac2556fa7724f5a7d7462020aec083f23a69e475aed369", kill_on_drop: false }`
[INFO] [stderr]    Compiling proc-macro2 v1.0.89
[INFO] [stderr]    Compiling unicode-ident v1.0.13
[INFO] [stderr]    Compiling autocfg v1.4.0
[INFO] [stderr]    Compiling semver v1.0.23
[INFO] [stderr]    Compiling memchr v2.7.4
[INFO] [stderr]    Compiling bitflags v2.6.0
[INFO] [stderr]    Compiling regex-syntax v0.8.5
[INFO] [stderr]    Compiling log v0.4.22
[INFO] [stderr]    Compiling libc v0.2.162
[INFO] [stderr]    Compiling getrandom v0.1.16
[INFO] [stderr]    Compiling rustix v0.38.39
[INFO] [stderr]    Compiling futures-sink v0.3.31
[INFO] [stderr]    Compiling byteorder v1.5.0
[INFO] [stderr]    Compiling linux-raw-sys v0.4.14
[INFO] [stderr]    Compiling futures-core v0.3.31
[INFO] [stderr]    Compiling futures-channel v0.3.31
[INFO] [stderr]    Compiling pin-project-lite v0.2.15
[INFO] [stderr]    Compiling symphonia-core v0.5.4
[INFO] [stderr]    Compiling aho-corasick v1.1.3
[INFO] [stderr]    Compiling pin-utils v0.1.0
[INFO] [stderr]    Compiling futures-io v0.3.31
[INFO] [stderr]    Compiling futures-task v0.3.31
[INFO] [stderr]    Compiling clap_lex v0.7.2
[INFO] [stderr]    Compiling slab v0.4.9
[INFO] [stderr]    Compiling num-traits v0.2.19
[INFO] [stderr]    Compiling anstyle v1.0.10
[INFO] [stderr]    Compiling rand_core v0.5.1
[INFO] [stderr]    Compiling alsa v0.9.1
[INFO] [stderr]    Compiling rustc_version v0.4.1
[INFO] [stderr]    Compiling glob v0.3.1
[INFO] [stderr]    Compiling relative-path v1.9.3
[INFO] [stderr]    Compiling futures-timer v3.0.3
[INFO] [stderr]    Compiling regex-lite v0.1.6
[INFO] [stderr]    Compiling condtype v1.3.0
[INFO] [stderr]    Compiling quote v1.0.37
[INFO] [stderr]    Compiling rstest_macros v0.18.2
[INFO] [stderr]    Compiling rstest_reuse v0.6.0
[INFO] [stderr]    Compiling syn v2.0.87
[INFO] [stderr]    Compiling terminal_size v0.4.0
[INFO] [stderr]    Compiling clap_builder v4.5.20
[INFO] [stderr]    Compiling getrandom v0.2.15
[INFO] [stderr]    Compiling symphonia-metadata v0.5.4
[INFO] [stderr]    Compiling rand_core v0.6.4
[INFO] [stderr]    Compiling approx v0.5.1
[INFO] [stderr]    Compiling symphonia-bundle-mp3 v0.5.4
[INFO] [stderr]    Compiling cpal v0.15.3
[INFO] [stderr]    Compiling regex-automata v0.4.8
[INFO] [stderr]    Compiling symphonia v0.5.4
[INFO] [stderr]    Compiling rodio v0.20.1 (/opt/rustwide/workdir)
[INFO] [stderr]    Compiling clap v4.5.20
[INFO] [stderr]    Compiling regex v1.11.1
[INFO] [stderr]    Compiling env_logger v0.7.1
[INFO] [stderr]    Compiling zerocopy-derive v0.7.35
[INFO] [stderr]    Compiling futures-macro v0.3.31
[INFO] [stderr]    Compiling divan-macros v0.1.15
[INFO] [stderr]    Compiling divan v0.1.15
[INFO] [stderr]    Compiling futures-util v0.3.31
[INFO] [stderr]    Compiling zerocopy v0.7.35
[INFO] [stderr]    Compiling ppv-lite86 v0.2.20
[INFO] [stderr]    Compiling rand_chacha v0.3.1
[INFO] [stderr]    Compiling rand_chacha v0.2.2
[INFO] [stderr]    Compiling rand v0.8.5
[INFO] [stderr]    Compiling rand v0.7.3
[INFO] [stderr]    Compiling futures-executor v0.3.31
[INFO] [stderr]    Compiling quickcheck v0.9.2
[INFO] [stderr]    Compiling futures v0.3.31
[INFO] [stderr]    Compiling rstest v0.18.2
[INFO] [stderr]     Finished `test` profile [unoptimized + debuginfo] target(s) in 35.30s
[INFO] running `Command { std: "docker" "inspect" "10c7d61a2473b0282aac2556fa7724f5a7d7462020aec083f23a69e475aed369", kill_on_drop: false }`
[INFO] running `Command { std: "docker" "rm" "-f" "10c7d61a2473b0282aac2556fa7724f5a7d7462020aec083f23a69e475aed369", kill_on_drop: false }`
[INFO] [stdout] 10c7d61a2473b0282aac2556fa7724f5a7d7462020aec083f23a69e475aed369
[INFO] running `Command { std: "docker" "create" "-v" "/var/lib/crater-agent-workspace/builds/worker-6-tc2/target:/opt/rustwide/target:rw,Z" "-v" "/var/lib/crater-agent-workspace/builds/worker-6-tc2/source:/opt/rustwide/workdir:ro,Z" "-v" "/var/lib/crater-agent-workspace/cargo-home:/opt/rustwide/cargo-home:ro,Z" "-v" "/var/lib/crater-agent-workspace/rustup-home:/opt/rustwide/rustup-home:ro,Z" "-e" "SOURCE_DIR=/opt/rustwide/workdir" "-e" "CARGO_TARGET_DIR=/opt/rustwide/target" "-e" "CARGO_INCREMENTAL=0" "-e" "RUST_BACKTRACE=full" "-e" "RUSTFLAGS=--cap-lints=warn" "-e" "RUSTDOCFLAGS=--cap-lints=warn" "-e" "CARGO_HOME=/opt/rustwide/cargo-home" "-e" "RUSTUP_HOME=/opt/rustwide/rustup-home" "-w" "/opt/rustwide/workdir" "-m" "1610612736" "--user" "0:0" "--network" "none" "ghcr.io/rust-lang/crates-build-env/linux@sha256:f3a9d4ad9d972b27faf3965f35b62e55ba32bbce8f20bc8fe909558a86702fde" "/opt/rustwide/cargo-home/bin/cargo" "+beta-2024-12-08" "test" "--frozen", kill_on_drop: false }`
[INFO] [stdout] 1fda3f7a380e8a37743e9e4a61d618880d78bbbcbccda127ffc0c12ff247ea56
[INFO] running `Command { std: "docker" "start" "-a" "1fda3f7a380e8a37743e9e4a61d618880d78bbbcbccda127ffc0c12ff247ea56", kill_on_drop: false }`
[INFO] [stderr]     Finished `test` profile [unoptimized + debuginfo] target(s) in 0.12s
[INFO] [stderr]      Running unittests src/lib.rs (/opt/rustwide/target/debug/deps/rodio-f5ae553fb449eb88)
[INFO] [stdout] 
[INFO] [stdout] running 51 tests
[INFO] [stdout] test buffer::tests::basic ... ok
[INFO] [stdout] test buffer::tests::try_seek::channel_order_stays_correct ... ok
[INFO] [stdout] test buffer::tests::iteration ... ok
[INFO] [stdout] test conversions::channels::test::add_channels ... ok
[INFO] [stdout] test conversions::channels::test::len_less ... ok
[INFO] [stdout] test conversions::channels::test::len_more ... ok
[INFO] [stdout] test buffer::tests::duration_basic ... ok
[INFO] [stdout] test conversions::channels::test::remove_channels ... ok
[INFO] [stdout] test conversions::channels::test::size_hint ... ok
[INFO] [stdout] test conversions::sample_rate::test::preserve_durations ... ignored
[INFO] [stdout] test conversions::sample_rate::test::upsample ... ok
[INFO] [stdout] test queue::tests::basic ... ignored
[INFO] [stdout] test queue::tests::no_delay_when_added ... ignored
[INFO] [stdout] test dynamic_mixer::tests::start_afterwards ... ok
[INFO] [stdout] test sink::tests::test_pause_and_stop ... ok
[INFO] [stdout] test sink::tests::test_volume ... ok
[INFO] [stdout] test dynamic_mixer::tests::channels_conv ... ok
[INFO] [stdout] test dynamic_mixer::tests::rate_conv ... ok
[INFO] [stdout] test conversions::sample_rate::test::empty ... ok
[INFO] [stdout] test sink::tests::test_stop_and_start ... ok
[INFO] [stdout] test dynamic_mixer::tests::basic ... ok
[INFO] [stdout] test queue::tests::immediate_end ... ok
[INFO] [stdout] test source::from_iter::tests::basic ... ok
[INFO] [stdout] test source::linear_ramp::tests::test_linear_ramp_clamped ... ok
[INFO] [stdout] test source::linear_ramp::tests::test_linear_ramp_seek ... ok
[INFO] [stdout] test source::periodic::tests::fast_access_overflow ... ok
[INFO] [stdout] test source::periodic::tests::stereo_access ... ok
[INFO] [stdout] test source::linear_ramp::tests::test_linear_ramp ... ok
[INFO] [stdout] test source::position::tests::test_position ... ok
[INFO] [stdout] test source::crossfade::tests::test_crossfade ... ok
[INFO] [stdout] test source::signal_generator::tests::saw ... ok
[INFO] [stdout] test source::position::tests::test_position_in_presence_of_speedup ... ok
[INFO] [stdout] test source::signal_generator::tests::sine ... ok
[INFO] [stdout] test source::signal_generator::tests::square ... ok
[INFO] [stdout] test source::signal_generator::tests::triangle ... ok
[INFO] [stdout] test source::crossfade::tests::test_crossfade_with_self ... ok
[INFO] [stdout] test queue::tests::keep_alive ... ok
[INFO] [stdout] test conversions::sample_rate::test::divide_sample_rate ... ok
[INFO] [stdout] test conversions::sample_rate::test::multiply_sample_rate ... ok
[INFO] [stdout] test static_buffer::tests::basic ... ok
[INFO] [stdout] test static_buffer::tests::iteration ... ok
[INFO] [stdout] test conversions::sample_rate::test::identity ... ok
[INFO] [stdout] test static_buffer::tests::duration_basic ... ok
[INFO] [stdout] test buffer::tests::panic_if_zero_sample_rate - should panic ... ok
[INFO] [stdout] test buffer::tests::panic_if_zero_channels - should panic ... ok
[INFO] [stdout] test static_buffer::tests::panic_if_zero_channels - should panic ... ok
[INFO] [stdout] test static_buffer::tests::panic_if_zero_sample_rate - should panic ... ok
[INFO] [stdout] test source::skip::tests::skip_duration_shorter_than_source ... ok
[INFO] [stdout] test source::skip::tests::skip_duration_zero_duration ... ok
[INFO] [stdout] test source::skip::tests::skip_duration_equal_to_source_length ... ok
[INFO] [stdout] test source::skip::tests::skip_duration_longer_than_source ... ok
[INFO] [stdout] 
[INFO] [stdout] test result: ok. 48 passed; 0 failed; 3 ignored; 0 measured; 0 filtered out; finished in 0.47s
[INFO] [stdout] 
[INFO] [stderr]    Doc-tests rodio
[INFO] [stdout] 
[INFO] [stdout] running 11 tests
[INFO] [stdout] test src/source/delay.rs - source::delay::Delay<I>::try_seek (line 118) ... ignored
[INFO] [stdout] test src/source/mod.rs - source::Source::reverb (line 444) ... ignored
[INFO] [stdout] test src/source/speed.rs - source::speed (line 14) - compile ... ok
[INFO] [stdout] test src/lib.rs - (line 18) - compile ... ok
[INFO] [stdout] test src/lib.rs - (line 48) - compile ... ok
[INFO] [stdout] test src/source/mod.rs - source::Source::automatic_gain_control (line 304) ... FAILED
[INFO] [stdout] test src/source/speed.rs - source::speed (line 31) ... FAILED
[INFO] [stdout] test src/source/signal_generator.rs - source::signal_generator (line 9) ... ok
[INFO] [stdout] test src/static_buffer.rs - static_buffer (line 7) ... ok
[INFO] [stdout] test src/buffer.rs - buffer (line 7) ... ok
[INFO] [stdout] test src/lib.rs - (line 82) ... ok
[INFO] [stdout] 
[INFO] [stdout] failures:
[INFO] [stdout] 
[INFO] [stdout] ---- src/source/mod.rs - source::Source::automatic_gain_control (line 304) stdout ----
[INFO] [stdout] error[E0425]: cannot find value `source` in this scope
[INFO] [stdout]  --> src/source/mod.rs:306:18
[INFO] [stdout]   |
[INFO] [stdout] 4 | let agc_source = source.automatic_gain_control(1.0, 4.0, 0.005, 5.0);
[INFO] [stdout]   |                  ^^^^^^ not found in this scope
[INFO] [stdout] 
[INFO] [stdout] error[E0425]: cannot find value `sink` in this scope
[INFO] [stdout]   --> src/source/mod.rs:315:1
[INFO] [stdout]    |
[INFO] [stdout] 13 | sink.append(agc_source);
[INFO] [stdout]    | ^^^^ not found in this scope
[INFO] [stdout]    |
[INFO] [stdout] help: consider importing this function
[INFO] [stdout]    |
[INFO] [stdout] 3  + use std::io::sink;
[INFO] [stdout]    |
[INFO] [stdout] 
[INFO] [stdout] error: aborting due to 2 previous errors
[INFO] [stdout] 
[INFO] [stdout] For more information about this error, try `rustc --explain E0425`.
[INFO] [stdout] Couldn't compile the test.
[INFO] [stdout] ---- src/source/speed.rs - source::speed (line 31) stdout ----
[INFO] [stdout] error[E0433]: failed to resolve: use of undeclared type `SineWave`
[INFO] [stdout]  --> src/source/speed.rs:32:14
[INFO] [stdout]   |
[INFO] [stdout] 3 | let source = SineWave::new(440.0)
[INFO] [stdout]   |              ^^^^^^^^ use of undeclared type `SineWave`
[INFO] [stdout]   |
[INFO] [stdout] help: consider importing this struct
[INFO] [stdout]   |
[INFO] [stdout] 2 + use rodio::source::SineWave;
[INFO] [stdout]   |
[INFO] [stdout] 
[INFO] [stdout] error[E0433]: failed to resolve: use of undeclared type `Duration`
[INFO] [stdout]  --> src/source/speed.rs:33:16
[INFO] [stdout]   |
[INFO] [stdout] 4 | .take_duration(Duration::from_secs_f32(20.25))
[INFO] [stdout]   |                ^^^^^^^^ use of undeclared type `Duration`
[INFO] [stdout]   |
[INFO] [stdout] help: consider importing this struct
[INFO] [stdout]   |
[INFO] [stdout] 2 + use std::time::Duration;
[INFO] [stdout]   |
[INFO] [stdout] 
[INFO] [stdout] error[E0433]: failed to resolve: use of undeclared type `Sink`
[INFO] [stdout]  --> src/source/speed.rs:36:12
[INFO] [stdout]   |
[INFO] [stdout] 7 | let sink = Sink::try_new(&stream_handle)?;
[INFO] [stdout]   |            ^^^^ use of undeclared type `Sink`
[INFO] [stdout]   |
[INFO] [stdout] help: consider importing one of these structs
[INFO] [stdout]   |
[INFO] [stdout] 2 + use std::io::Sink;
[INFO] [stdout]   |
[INFO] [stdout] 2 + use rodio::Sink;
[INFO] [stdout]   |
[INFO] [stdout] 
[INFO] [stdout] error[E0425]: cannot find value `stream_handle` in this scope
[INFO] [stdout]  --> src/source/speed.rs:36:27
[INFO] [stdout]   |
[INFO] [stdout] 7 | let sink = Sink::try_new(&stream_handle)?;
[INFO] [stdout]   |                           ^^^^^^^^^^^^^ not found in this scope
[INFO] [stdout] 
[INFO] [stdout] error: aborting due to 4 previous errors
[INFO] [stdout] 
[INFO] [stdout] Some errors have detailed explanations: E0425, E0433.
[INFO] [stdout] For more information about an error, try `rustc --explain E0425`.
[INFO] [stdout] Couldn't compile the test.
[INFO] [stdout] 
[INFO] [stdout] failures:
[INFO] [stdout]     src/source/mod.rs - source::Source::automatic_gain_control (line 304)
[INFO] [stdout]     src/source/speed.rs - source::speed (line 31)
[INFO] [stdout] 
[INFO] [stdout] test result: FAILED. 7 passed; 2 failed; 2 ignored; 0 measured; 0 filtered out; finished in 0.76s
[INFO] [stdout] 
[INFO] [stderr] error: doctest failed, to rerun pass `--doc`
[INFO] running `Command { std: "docker" "inspect" "1fda3f7a380e8a37743e9e4a61d618880d78bbbcbccda127ffc0c12ff247ea56", kill_on_drop: false }`
[INFO] running `Command { std: "docker" "rm" "-f" "1fda3f7a380e8a37743e9e4a61d618880d78bbbcbccda127ffc0c12ff247ea56", kill_on_drop: false }`
[INFO] [stdout] 1fda3f7a380e8a37743e9e4a61d618880d78bbbcbccda127ffc0c12ff247ea56
