[INFO] fetching crate roboplc-derive 0.3.0...
[INFO] testing roboplc-derive-0.3.0 against 1.83.0 for beta-1.84.0-4-retry
[INFO] extracting crate roboplc-derive 0.3.0 into /workspace/builds/worker-7-tc1/source
[INFO] validating manifest of crates.io crate roboplc-derive 0.3.0 on toolchain 1.83.0
[INFO] running `Command { std: CARGO_HOME="/workspace/cargo-home" RUSTUP_HOME="/workspace/rustup-home" "/workspace/cargo-home/bin/cargo" "+1.83.0" "metadata" "--manifest-path" "Cargo.toml" "--no-deps", kill_on_drop: false }`
[INFO] started tweaking crates.io crate roboplc-derive 0.3.0
[INFO] finished tweaking crates.io crate roboplc-derive 0.3.0
[INFO] tweaked toml for crates.io crate roboplc-derive 0.3.0 written to /workspace/builds/worker-7-tc1/source/Cargo.toml
[INFO] running `Command { std: CARGO_HOME="/workspace/cargo-home" RUSTUP_HOME="/workspace/rustup-home" "/workspace/cargo-home/bin/cargo" "+1.83.0" "generate-lockfile" "--manifest-path" "Cargo.toml", kill_on_drop: false }`
[INFO] [stderr]     Updating crates.io index
[INFO] [stderr]      Locking 10 packages to latest compatible versions
[INFO] [stderr]       Adding darling v0.13.4 (available: v0.20.10)
[INFO] [stderr]       Adding syn v1.0.109 (available: v2.0.90)
[INFO] running `Command { std: CARGO_HOME="/workspace/cargo-home" RUSTUP_HOME="/workspace/rustup-home" "/workspace/cargo-home/bin/cargo" "+1.83.0" "fetch" "--manifest-path" "Cargo.toml", kill_on_drop: false }`
[INFO] running `Command { std: "docker" "create" "-v" "/var/lib/crater-agent-workspace/builds/worker-7-tc1/target:/opt/rustwide/target:rw,Z" "-v" "/var/lib/crater-agent-workspace/builds/worker-7-tc1/source:/opt/rustwide/workdir:ro,Z" "-v" "/var/lib/crater-agent-workspace/cargo-home:/opt/rustwide/cargo-home:ro,Z" "-v" "/var/lib/crater-agent-workspace/rustup-home:/opt/rustwide/rustup-home:ro,Z" "-e" "SOURCE_DIR=/opt/rustwide/workdir" "-e" "CARGO_TARGET_DIR=/opt/rustwide/target" "-e" "CARGO_HOME=/opt/rustwide/cargo-home" "-e" "RUSTUP_HOME=/opt/rustwide/rustup-home" "-w" "/opt/rustwide/workdir" "-m" "1610612736" "--user" "0:0" "--network" "none" "ghcr.io/rust-lang/crates-build-env/linux@sha256:f3a9d4ad9d972b27faf3965f35b62e55ba32bbce8f20bc8fe909558a86702fde" "/opt/rustwide/cargo-home/bin/cargo" "+1.83.0" "metadata" "--no-deps" "--format-version=1", kill_on_drop: false }`
[INFO] [stdout] 8328cf3defac18835e070e593451c9a8dd8356209adbfbb7bed2b313801530cd
[INFO] running `Command { std: "docker" "start" "-a" "8328cf3defac18835e070e593451c9a8dd8356209adbfbb7bed2b313801530cd", kill_on_drop: false }`
[INFO] running `Command { std: "docker" "inspect" "8328cf3defac18835e070e593451c9a8dd8356209adbfbb7bed2b313801530cd", kill_on_drop: false }`
[INFO] running `Command { std: "docker" "rm" "-f" "8328cf3defac18835e070e593451c9a8dd8356209adbfbb7bed2b313801530cd", kill_on_drop: false }`
[INFO] [stdout] 8328cf3defac18835e070e593451c9a8dd8356209adbfbb7bed2b313801530cd
[INFO] running `Command { std: "docker" "create" "-v" "/var/lib/crater-agent-workspace/builds/worker-7-tc1/target:/opt/rustwide/target:rw,Z" "-v" "/var/lib/crater-agent-workspace/builds/worker-7-tc1/source:/opt/rustwide/workdir:ro,Z" "-v" "/var/lib/crater-agent-workspace/cargo-home:/opt/rustwide/cargo-home:ro,Z" "-v" "/var/lib/crater-agent-workspace/rustup-home:/opt/rustwide/rustup-home:ro,Z" "-e" "SOURCE_DIR=/opt/rustwide/workdir" "-e" "CARGO_TARGET_DIR=/opt/rustwide/target" "-e" "CARGO_INCREMENTAL=0" "-e" "RUST_BACKTRACE=full" "-e" "RUSTFLAGS=--cap-lints=warn" "-e" "RUSTDOCFLAGS=--cap-lints=warn" "-e" "CARGO_HOME=/opt/rustwide/cargo-home" "-e" "RUSTUP_HOME=/opt/rustwide/rustup-home" "-w" "/opt/rustwide/workdir" "-m" "1610612736" "--user" "0:0" "--network" "none" "ghcr.io/rust-lang/crates-build-env/linux@sha256:f3a9d4ad9d972b27faf3965f35b62e55ba32bbce8f20bc8fe909558a86702fde" "/opt/rustwide/cargo-home/bin/cargo" "+1.83.0" "build" "--frozen" "--message-format=json", kill_on_drop: false }`
[INFO] [stdout] 02a6dedbc2971bd86750ce6b7e7bc32c2657773c2761d1711399fe78b45c0a0f
[INFO] running `Command { std: "docker" "start" "-a" "02a6dedbc2971bd86750ce6b7e7bc32c2657773c2761d1711399fe78b45c0a0f", kill_on_drop: false }`
[INFO] [stderr]    Compiling proc-macro2 v1.0.92
[INFO] [stderr]    Compiling unicode-ident v1.0.14
[INFO] [stderr]    Compiling syn v1.0.109
[INFO] [stderr]    Compiling strsim v0.10.0
[INFO] [stderr]    Compiling fnv v1.0.7
[INFO] [stderr]    Compiling ident_case v1.0.1
[INFO] [stderr]    Compiling quote v1.0.37
[INFO] [stderr]    Compiling darling_core v0.13.4
[INFO] [stderr]    Compiling darling_macro v0.13.4
[INFO] [stderr]    Compiling darling v0.13.4
[INFO] [stderr]    Compiling roboplc-derive v0.3.0 (/opt/rustwide/workdir)
[INFO] [stderr]     Finished `dev` profile [unoptimized + debuginfo] target(s) in 9.38s
[INFO] running `Command { std: "docker" "inspect" "02a6dedbc2971bd86750ce6b7e7bc32c2657773c2761d1711399fe78b45c0a0f", kill_on_drop: false }`
[INFO] running `Command { std: "docker" "rm" "-f" "02a6dedbc2971bd86750ce6b7e7bc32c2657773c2761d1711399fe78b45c0a0f", kill_on_drop: false }`
[INFO] [stdout] 02a6dedbc2971bd86750ce6b7e7bc32c2657773c2761d1711399fe78b45c0a0f
[INFO] running `Command { std: "docker" "create" "-v" "/var/lib/crater-agent-workspace/builds/worker-7-tc1/target:/opt/rustwide/target:rw,Z" "-v" "/var/lib/crater-agent-workspace/builds/worker-7-tc1/source:/opt/rustwide/workdir:ro,Z" "-v" "/var/lib/crater-agent-workspace/cargo-home:/opt/rustwide/cargo-home:ro,Z" "-v" "/var/lib/crater-agent-workspace/rustup-home:/opt/rustwide/rustup-home:ro,Z" "-e" "SOURCE_DIR=/opt/rustwide/workdir" "-e" "CARGO_TARGET_DIR=/opt/rustwide/target" "-e" "CARGO_INCREMENTAL=0" "-e" "RUST_BACKTRACE=full" "-e" "RUSTFLAGS=--cap-lints=warn" "-e" "RUSTDOCFLAGS=--cap-lints=warn" "-e" "CARGO_HOME=/opt/rustwide/cargo-home" "-e" "RUSTUP_HOME=/opt/rustwide/rustup-home" "-w" "/opt/rustwide/workdir" "-m" "1610612736" "--user" "0:0" "--network" "none" "ghcr.io/rust-lang/crates-build-env/linux@sha256:f3a9d4ad9d972b27faf3965f35b62e55ba32bbce8f20bc8fe909558a86702fde" "/opt/rustwide/cargo-home/bin/cargo" "+1.83.0" "test" "--frozen" "--no-run" "--message-format=json", kill_on_drop: false }`
[INFO] [stdout] 4e6a6cea056fdf32b83f6f2cf21b539feeaf257f209b742c2985dd67e1a5ce75
[INFO] running `Command { std: "docker" "start" "-a" "4e6a6cea056fdf32b83f6f2cf21b539feeaf257f209b742c2985dd67e1a5ce75", kill_on_drop: false }`
[INFO] [stderr]    Compiling roboplc-derive v0.3.0 (/opt/rustwide/workdir)
[INFO] [stderr]     Finished `test` profile [unoptimized + debuginfo] target(s) in 0.88s
[INFO] running `Command { std: "docker" "inspect" "4e6a6cea056fdf32b83f6f2cf21b539feeaf257f209b742c2985dd67e1a5ce75", kill_on_drop: false }`
[INFO] running `Command { std: "docker" "rm" "-f" "4e6a6cea056fdf32b83f6f2cf21b539feeaf257f209b742c2985dd67e1a5ce75", kill_on_drop: false }`
[INFO] [stdout] 4e6a6cea056fdf32b83f6f2cf21b539feeaf257f209b742c2985dd67e1a5ce75
[INFO] running `Command { std: "docker" "create" "-v" "/var/lib/crater-agent-workspace/builds/worker-7-tc1/target:/opt/rustwide/target:rw,Z" "-v" "/var/lib/crater-agent-workspace/builds/worker-7-tc1/source:/opt/rustwide/workdir:ro,Z" "-v" "/var/lib/crater-agent-workspace/cargo-home:/opt/rustwide/cargo-home:ro,Z" "-v" "/var/lib/crater-agent-workspace/rustup-home:/opt/rustwide/rustup-home:ro,Z" "-e" "SOURCE_DIR=/opt/rustwide/workdir" "-e" "CARGO_TARGET_DIR=/opt/rustwide/target" "-e" "CARGO_INCREMENTAL=0" "-e" "RUST_BACKTRACE=full" "-e" "RUSTFLAGS=--cap-lints=warn" "-e" "RUSTDOCFLAGS=--cap-lints=warn" "-e" "CARGO_HOME=/opt/rustwide/cargo-home" "-e" "RUSTUP_HOME=/opt/rustwide/rustup-home" "-w" "/opt/rustwide/workdir" "-m" "1610612736" "--user" "0:0" "--network" "none" "ghcr.io/rust-lang/crates-build-env/linux@sha256:f3a9d4ad9d972b27faf3965f35b62e55ba32bbce8f20bc8fe909558a86702fde" "/opt/rustwide/cargo-home/bin/cargo" "+1.83.0" "test" "--frozen", kill_on_drop: false }`
[INFO] [stdout] 1af5e8369440dea3f15f336de6b7f2b43cbc776f56c531870606764e89e3cd30
[INFO] running `Command { std: "docker" "start" "-a" "1af5e8369440dea3f15f336de6b7f2b43cbc776f56c531870606764e89e3cd30", kill_on_drop: false }`
[INFO] [stderr]     Finished `test` profile [unoptimized + debuginfo] target(s) in 0.02s
[INFO] [stderr]      Running unittests src/lib.rs (/opt/rustwide/target/debug/deps/roboplc_derive-cca267776f332e10)
[INFO] [stdout] 
[INFO] [stdout] running 0 tests
[INFO] [stdout] 
[INFO] [stdout] test result: ok. 0 passed; 0 failed; 0 ignored; 0 measured; 0 filtered out; finished in 0.00s
[INFO] [stdout] 
[INFO] [stderr]    Doc-tests roboplc_derive
[INFO] [stdout] 
[INFO] [stdout] running 1 test
[INFO] [stdout] test src/lib.rs - worker_opts_derive (line 48) ... FAILED
[INFO] [stdout] 
[INFO] [stdout] failures:
[INFO] [stdout] 
[INFO] [stdout] ---- src/lib.rs - worker_opts_derive (line 48) stdout ----
[INFO] [stdout] error[E0433]: failed to resolve: use of undeclared crate or module `roboplc`
[INFO] [stdout]  --> src/lib.rs:49:5
[INFO] [stdout]   |
[INFO] [stdout] 3 | use roboplc::controller::prelude::*;
[INFO] [stdout]   |     ^^^^^^^ use of undeclared crate or module `roboplc`
[INFO] [stdout] 
[INFO] [stdout] error: cannot find derive macro `WorkerOpts` in this scope
[INFO] [stdout]   --> src/lib.rs:57:10
[INFO] [stdout]    |
[INFO] [stdout] 11 | #[derive(WorkerOpts)]
[INFO] [stdout]    |          ^^^^^^^^^^
[INFO] [stdout]    |
[INFO] [stdout] help: consider importing this derive macro
[INFO] [stdout]    |
[INFO] [stdout] 2  + use roboplc_derive::WorkerOpts;
[INFO] [stdout]    |
[INFO] [stdout] 
[INFO] [stdout] error: cannot find attribute `worker_opts` in this scope
[INFO] [stdout]   --> src/lib.rs:58:3
[INFO] [stdout]    |
[INFO] [stdout] 12 | #[worker_opts(name = "my_worker2", scheduling = "fifo", priority = 80, cpu = 1)]
[INFO] [stdout]    |   ^^^^^^^^^^^
[INFO] [stdout] 
[INFO] [stdout] error: cannot find derive macro `WorkerOpts` in this scope
[INFO] [stdout]  --> src/lib.rs:51:10
[INFO] [stdout]   |
[INFO] [stdout] 5 | #[derive(WorkerOpts)]
[INFO] [stdout]   |          ^^^^^^^^^^
[INFO] [stdout]   |
[INFO] [stdout] help: consider importing this derive macro
[INFO] [stdout]   |
[INFO] [stdout] 2 + use roboplc_derive::WorkerOpts;
[INFO] [stdout]   |
[INFO] [stdout] 
[INFO] [stdout] error: cannot find attribute `worker_opts` in this scope
[INFO] [stdout]  --> src/lib.rs:52:3
[INFO] [stdout]   |
[INFO] [stdout] 6 | #[worker_opts(name = "my_worker", stack_size = 8192, scheduling = "fifo", priority = 80, cpu = "0-3")]
[INFO] [stdout]   |   ^^^^^^^^^^^
[INFO] [stdout] 
[INFO] [stdout] error: aborting due to 5 previous errors
[INFO] [stdout] 
[INFO] [stdout] For more information about this error, try `rustc --explain E0433`.
[INFO] [stdout] Couldn't compile the test.
[INFO] [stdout] 
[INFO] [stdout] failures:
[INFO] [stdout]     src/lib.rs - worker_opts_derive (line 48)
[INFO] [stdout] 
[INFO] [stdout] test result: FAILED. 0 passed; 1 failed; 0 ignored; 0 measured; 0 filtered out; finished in 0.11s
[INFO] [stdout] 
[INFO] [stderr] error: doctest failed, to rerun pass `--doc`
[INFO] running `Command { std: "docker" "inspect" "1af5e8369440dea3f15f336de6b7f2b43cbc776f56c531870606764e89e3cd30", kill_on_drop: false }`
[INFO] running `Command { std: "docker" "rm" "-f" "1af5e8369440dea3f15f336de6b7f2b43cbc776f56c531870606764e89e3cd30", kill_on_drop: false }`
[INFO] [stdout] 1af5e8369440dea3f15f336de6b7f2b43cbc776f56c531870606764e89e3cd30
