[INFO] fetching crate robloxapi-s 0.0.16...
[INFO] testing robloxapi-s-0.0.16 against 1.83.0 for beta-1.84.0-4-retry
[INFO] extracting crate robloxapi-s 0.0.16 into /workspace/builds/worker-3-tc1/source
[INFO] validating manifest of crates.io crate robloxapi-s 0.0.16 on toolchain 1.83.0
[INFO] running `Command { std: CARGO_HOME="/workspace/cargo-home" RUSTUP_HOME="/workspace/rustup-home" "/workspace/cargo-home/bin/cargo" "+1.83.0" "metadata" "--manifest-path" "Cargo.toml" "--no-deps", kill_on_drop: false }`
[INFO] started tweaking crates.io crate robloxapi-s 0.0.16
[INFO] finished tweaking crates.io crate robloxapi-s 0.0.16
[INFO] tweaked toml for crates.io crate robloxapi-s 0.0.16 written to /workspace/builds/worker-3-tc1/source/Cargo.toml
[INFO] running `Command { std: CARGO_HOME="/workspace/cargo-home" RUSTUP_HOME="/workspace/rustup-home" "/workspace/cargo-home/bin/cargo" "+1.83.0" "generate-lockfile" "--manifest-path" "Cargo.toml", kill_on_drop: false }`
[INFO] [stderr]     Updating crates.io index
[INFO] [stderr]      Locking 167 packages to latest compatible versions
[INFO] [stderr]       Adding reqwest v0.11.27 (available: v0.12.9)
[INFO] [stderr]       Adding thiserror v1.0.69 (available: v2.0.7)
[INFO] running `Command { std: CARGO_HOME="/workspace/cargo-home" RUSTUP_HOME="/workspace/rustup-home" "/workspace/cargo-home/bin/cargo" "+1.83.0" "fetch" "--manifest-path" "Cargo.toml", kill_on_drop: false }`
[INFO] running `Command { std: "docker" "create" "-v" "/var/lib/crater-agent-workspace/builds/worker-3-tc1/target:/opt/rustwide/target:rw,Z" "-v" "/var/lib/crater-agent-workspace/builds/worker-3-tc1/source:/opt/rustwide/workdir:ro,Z" "-v" "/var/lib/crater-agent-workspace/cargo-home:/opt/rustwide/cargo-home:ro,Z" "-v" "/var/lib/crater-agent-workspace/rustup-home:/opt/rustwide/rustup-home:ro,Z" "-e" "SOURCE_DIR=/opt/rustwide/workdir" "-e" "CARGO_TARGET_DIR=/opt/rustwide/target" "-e" "CARGO_HOME=/opt/rustwide/cargo-home" "-e" "RUSTUP_HOME=/opt/rustwide/rustup-home" "-w" "/opt/rustwide/workdir" "-m" "1610612736" "--user" "0:0" "--network" "none" "ghcr.io/rust-lang/crates-build-env/linux@sha256:f3a9d4ad9d972b27faf3965f35b62e55ba32bbce8f20bc8fe909558a86702fde" "/opt/rustwide/cargo-home/bin/cargo" "+1.83.0" "metadata" "--no-deps" "--format-version=1", kill_on_drop: false }`
[INFO] [stdout] 300db33fa3b5ad04bdb1cfe2fb2e7909d516666a5f0aebb932ef27ebd1abdc66
[INFO] running `Command { std: "docker" "start" "-a" "300db33fa3b5ad04bdb1cfe2fb2e7909d516666a5f0aebb932ef27ebd1abdc66", kill_on_drop: false }`
[INFO] running `Command { std: "docker" "inspect" "300db33fa3b5ad04bdb1cfe2fb2e7909d516666a5f0aebb932ef27ebd1abdc66", kill_on_drop: false }`
[INFO] running `Command { std: "docker" "rm" "-f" "300db33fa3b5ad04bdb1cfe2fb2e7909d516666a5f0aebb932ef27ebd1abdc66", kill_on_drop: false }`
[INFO] [stdout] 300db33fa3b5ad04bdb1cfe2fb2e7909d516666a5f0aebb932ef27ebd1abdc66
[INFO] running `Command { std: "docker" "create" "-v" "/var/lib/crater-agent-workspace/builds/worker-3-tc1/target:/opt/rustwide/target:rw,Z" "-v" "/var/lib/crater-agent-workspace/builds/worker-3-tc1/source:/opt/rustwide/workdir:ro,Z" "-v" "/var/lib/crater-agent-workspace/cargo-home:/opt/rustwide/cargo-home:ro,Z" "-v" "/var/lib/crater-agent-workspace/rustup-home:/opt/rustwide/rustup-home:ro,Z" "-e" "SOURCE_DIR=/opt/rustwide/workdir" "-e" "CARGO_TARGET_DIR=/opt/rustwide/target" "-e" "CARGO_INCREMENTAL=0" "-e" "RUST_BACKTRACE=full" "-e" "RUSTFLAGS=--cap-lints=warn" "-e" "RUSTDOCFLAGS=--cap-lints=warn" "-e" "CARGO_HOME=/opt/rustwide/cargo-home" "-e" "RUSTUP_HOME=/opt/rustwide/rustup-home" "-w" "/opt/rustwide/workdir" "-m" "1610612736" "--user" "0:0" "--network" "none" "ghcr.io/rust-lang/crates-build-env/linux@sha256:f3a9d4ad9d972b27faf3965f35b62e55ba32bbce8f20bc8fe909558a86702fde" "/opt/rustwide/cargo-home/bin/cargo" "+1.83.0" "build" "--frozen" "--message-format=json", kill_on_drop: false }`
[INFO] [stdout] b6867579736de7fe52b07f2bcbbf037be7195e15e53019439eaa7fb500395e56
[INFO] running `Command { std: "docker" "start" "-a" "b6867579736de7fe52b07f2bcbbf037be7195e15e53019439eaa7fb500395e56", kill_on_drop: false }`
[INFO] [stderr]    Compiling proc-macro2 v1.0.92
[INFO] [stderr]    Compiling unicode-ident v1.0.14
[INFO] [stderr]    Compiling stable_deref_trait v1.2.0
[INFO] [stderr]    Compiling libc v0.2.168
[INFO] [stderr]    Compiling itoa v1.0.14
[INFO] [stderr]    Compiling litemap v0.7.4
[INFO] [stderr]    Compiling writeable v0.5.5
[INFO] [stderr]    Compiling shlex v1.3.0
[INFO] [stderr]    Compiling pkg-config v0.3.31
[INFO] [stderr]    Compiling vcpkg v0.2.15
[INFO] [stderr]    Compiling pin-project-lite v0.2.15
[INFO] [stderr]    Compiling once_cell v1.20.2
[INFO] [stderr]    Compiling icu_locid_transform_data v1.5.0
[INFO] [stderr]    Compiling bytes v1.9.0
[INFO] [stderr]    Compiling icu_properties_data v1.5.0
[INFO] [stderr]    Compiling utf8_iter v1.0.4
[INFO] [stderr]    Compiling autocfg v1.4.0
[INFO] [stderr]    Compiling icu_normalizer_data v1.5.0
[INFO] [stderr]    Compiling utf16_iter v1.0.5
[INFO] [stderr]    Compiling write16 v1.0.0
[INFO] [stderr]    Compiling smallvec v1.13.2
[INFO] [stderr]    Compiling cc v1.2.4
[INFO] [stderr]    Compiling futures-core v0.3.31
[INFO] [stderr]    Compiling percent-encoding v2.3.1
[INFO] [stderr]    Compiling cfg-if v1.0.0
[INFO] [stderr]    Compiling fnv v1.0.7
[INFO] [stderr]    Compiling serde v1.0.216
[INFO] [stderr]    Compiling foreign-types-shared v0.1.1
[INFO] [stderr]    Compiling openssl v0.10.68
[INFO] [stderr]    Compiling tracing-core v0.1.33
[INFO] [stderr]    Compiling foreign-types v0.3.2
[INFO] [stderr]    Compiling time-core v0.1.2
[INFO] [stderr]    Compiling pin-utils v0.1.0
[INFO] [stderr]    Compiling num-conv v0.1.0
[INFO] [stderr]    Compiling native-tls v0.2.12
[INFO] [stderr]    Compiling equivalent v1.0.1
[INFO] [stderr]    Compiling futures-sink v0.3.31
[INFO] [stderr]    Compiling version_check v0.9.5
[INFO] [stderr]    Compiling log v0.4.22
[INFO] [stderr]    Compiling httparse v1.9.5
[INFO] [stderr]    Compiling hashbrown v0.15.2
[INFO] [stderr]    Compiling http v0.2.12
[INFO] [stderr]    Compiling tinyvec_macros v0.1.1
[INFO] [stderr]    Compiling futures-task v0.3.31
[INFO] [stderr]    Compiling bitflags v2.6.0
[INFO] [stderr]    Compiling slab v0.4.9
[INFO] [stderr]    Compiling powerfmt v0.2.0
[INFO] [stderr]    Compiling tinyvec v1.8.0
[INFO] [stderr]    Compiling tracing v0.1.41
[INFO] [stderr]    Compiling futures-util v0.3.31
[INFO] [stderr]    Compiling cookie v0.17.0
[INFO] [stderr]    Compiling time-macros v0.2.19
[INFO] [stderr]    Compiling deranged v0.3.11
[INFO] [stderr]    Compiling form_urlencoded v1.2.1
[INFO] [stderr]    Compiling serde_json v1.0.133
[INFO] [stderr]    Compiling quote v1.0.37
[INFO] [stderr]    Compiling try-lock v0.2.5
[INFO] [stderr]    Compiling openssl-probe v0.1.5
[INFO] [stderr]    Compiling ryu v1.0.18
[INFO] [stderr]    Compiling want v0.3.1
[INFO] [stderr]    Compiling indexmap v2.7.0
[INFO] [stderr]    Compiling futures-channel v0.3.31
[INFO] [stderr]    Compiling httpdate v1.0.3
[INFO] [stderr]    Compiling unicode-bidi v0.3.17
[INFO] [stderr]    Compiling syn v2.0.90
[INFO] [stderr]    Compiling memchr v2.7.4
[INFO] [stderr]    Compiling http-body v0.4.6
[INFO] [stderr]    Compiling tower-service v0.3.3
[INFO] [stderr]    Compiling psl-types v2.0.11
[INFO] [stderr]    Compiling base64 v0.21.7
[INFO] [stderr]    Compiling thiserror v1.0.69
[INFO] [stderr]    Compiling mio v1.0.3
[INFO] [stderr]    Compiling socket2 v0.5.8
[INFO] [stderr]    Compiling unicode-normalization v0.1.24
[INFO] [stderr]    Compiling encoding_rs v0.8.35
[INFO] [stderr]    Compiling mime v0.3.17
[INFO] [stderr]    Compiling sync_wrapper v0.1.2
[INFO] [stderr]    Compiling ipnet v2.10.1
[INFO] [stderr]    Compiling rustls-pemfile v1.0.4
[INFO] [stderr]    Compiling openssl-sys v0.9.104
[INFO] [stderr]    Compiling idna v0.3.0
[INFO] [stderr]    Compiling time v0.3.37
[INFO] [stderr]    Compiling synstructure v0.13.1
[INFO] [stderr]    Compiling zerofrom-derive v0.1.5
[INFO] [stderr]    Compiling yoke-derive v0.7.5
[INFO] [stderr]    Compiling zerovec-derive v0.10.3
[INFO] [stderr]    Compiling displaydoc v0.2.5
[INFO] [stderr]    Compiling icu_provider_macros v1.5.0
[INFO] [stderr]    Compiling tokio-macros v2.4.0
[INFO] [stderr]    Compiling openssl-macros v0.1.1
[INFO] [stderr]    Compiling serde_derive v1.0.216
[INFO] [stderr]    Compiling thiserror-impl v1.0.69
[INFO] [stderr]    Compiling async-trait v0.1.83
[INFO] [stderr]    Compiling tokio v1.42.0
[INFO] [stderr]    Compiling zerofrom v0.1.5
[INFO] [stderr]    Compiling yoke v0.7.5
[INFO] [stderr]    Compiling zerovec v0.10.4
[INFO] [stderr]    Compiling tinystr v0.7.6
[INFO] [stderr]    Compiling icu_collections v1.5.0
[INFO] [stderr]    Compiling icu_locid v1.5.0
[INFO] [stderr]    Compiling icu_provider v1.5.0
[INFO] [stderr]    Compiling icu_locid_transform v1.5.0
[INFO] [stderr]    Compiling icu_properties v1.5.1
[INFO] [stderr]    Compiling tokio-util v0.7.13
[INFO] [stderr]    Compiling tokio-native-tls v0.3.1
[INFO] [stderr]    Compiling serde_urlencoded v0.7.1
[INFO] [stderr]    Compiling h2 v0.3.26
[INFO] [stderr]    Compiling icu_normalizer v1.5.0
[INFO] [stderr]    Compiling idna_adapter v1.2.0
[INFO] [stderr]    Compiling idna v1.0.3
[INFO] [stderr]    Compiling publicsuffix v2.3.0
[INFO] [stderr]    Compiling url v2.5.4
[INFO] [stderr]    Compiling cookie_store v0.20.0
[INFO] [stderr]    Compiling hyper v0.14.31
[INFO] [stderr]    Compiling hyper-tls v0.5.0
[INFO] [stderr]    Compiling reqwest v0.11.27
[INFO] [stderr]    Compiling robloxapi-s v0.0.16 (/opt/rustwide/workdir)
[INFO] [stderr]     Finished `dev` profile [unoptimized + debuginfo] target(s) in 28.41s
[INFO] running `Command { std: "docker" "inspect" "b6867579736de7fe52b07f2bcbbf037be7195e15e53019439eaa7fb500395e56", kill_on_drop: false }`
[INFO] running `Command { std: "docker" "rm" "-f" "b6867579736de7fe52b07f2bcbbf037be7195e15e53019439eaa7fb500395e56", kill_on_drop: false }`
[INFO] [stdout] b6867579736de7fe52b07f2bcbbf037be7195e15e53019439eaa7fb500395e56
[INFO] running `Command { std: "docker" "create" "-v" "/var/lib/crater-agent-workspace/builds/worker-3-tc1/target:/opt/rustwide/target:rw,Z" "-v" "/var/lib/crater-agent-workspace/builds/worker-3-tc1/source:/opt/rustwide/workdir:ro,Z" "-v" "/var/lib/crater-agent-workspace/cargo-home:/opt/rustwide/cargo-home:ro,Z" "-v" "/var/lib/crater-agent-workspace/rustup-home:/opt/rustwide/rustup-home:ro,Z" "-e" "SOURCE_DIR=/opt/rustwide/workdir" "-e" "CARGO_TARGET_DIR=/opt/rustwide/target" "-e" "CARGO_INCREMENTAL=0" "-e" "RUST_BACKTRACE=full" "-e" "RUSTFLAGS=--cap-lints=warn" "-e" "RUSTDOCFLAGS=--cap-lints=warn" "-e" "CARGO_HOME=/opt/rustwide/cargo-home" "-e" "RUSTUP_HOME=/opt/rustwide/rustup-home" "-w" "/opt/rustwide/workdir" "-m" "1610612736" "--user" "0:0" "--network" "none" "ghcr.io/rust-lang/crates-build-env/linux@sha256:f3a9d4ad9d972b27faf3965f35b62e55ba32bbce8f20bc8fe909558a86702fde" "/opt/rustwide/cargo-home/bin/cargo" "+1.83.0" "test" "--frozen" "--no-run" "--message-format=json", kill_on_drop: false }`
[INFO] [stdout] 44f4a409f461759690c6cb6806d17b918447d311fe0cc327229759a7e50e8594
[INFO] running `Command { std: "docker" "start" "-a" "44f4a409f461759690c6cb6806d17b918447d311fe0cc327229759a7e50e8594", kill_on_drop: false }`
[INFO] [stderr]    Compiling robloxapi-s v0.0.16 (/opt/rustwide/workdir)
[INFO] [stderr]     Finished `test` profile [unoptimized + debuginfo] target(s) in 1.31s
[INFO] running `Command { std: "docker" "inspect" "44f4a409f461759690c6cb6806d17b918447d311fe0cc327229759a7e50e8594", kill_on_drop: false }`
[INFO] running `Command { std: "docker" "rm" "-f" "44f4a409f461759690c6cb6806d17b918447d311fe0cc327229759a7e50e8594", kill_on_drop: false }`
[INFO] [stdout] 44f4a409f461759690c6cb6806d17b918447d311fe0cc327229759a7e50e8594
[INFO] running `Command { std: "docker" "create" "-v" "/var/lib/crater-agent-workspace/builds/worker-3-tc1/target:/opt/rustwide/target:rw,Z" "-v" "/var/lib/crater-agent-workspace/builds/worker-3-tc1/source:/opt/rustwide/workdir:ro,Z" "-v" "/var/lib/crater-agent-workspace/cargo-home:/opt/rustwide/cargo-home:ro,Z" "-v" "/var/lib/crater-agent-workspace/rustup-home:/opt/rustwide/rustup-home:ro,Z" "-e" "SOURCE_DIR=/opt/rustwide/workdir" "-e" "CARGO_TARGET_DIR=/opt/rustwide/target" "-e" "CARGO_INCREMENTAL=0" "-e" "RUST_BACKTRACE=full" "-e" "RUSTFLAGS=--cap-lints=warn" "-e" "RUSTDOCFLAGS=--cap-lints=warn" "-e" "CARGO_HOME=/opt/rustwide/cargo-home" "-e" "RUSTUP_HOME=/opt/rustwide/rustup-home" "-w" "/opt/rustwide/workdir" "-m" "1610612736" "--user" "0:0" "--network" "none" "ghcr.io/rust-lang/crates-build-env/linux@sha256:f3a9d4ad9d972b27faf3965f35b62e55ba32bbce8f20bc8fe909558a86702fde" "/opt/rustwide/cargo-home/bin/cargo" "+1.83.0" "test" "--frozen", kill_on_drop: false }`
[INFO] [stdout] 5925d0f6b350a3ca8cbba0105fc5cb82dfc05b7102b3b2db0f6147cb8325e6ec
[INFO] running `Command { std: "docker" "start" "-a" "5925d0f6b350a3ca8cbba0105fc5cb82dfc05b7102b3b2db0f6147cb8325e6ec", kill_on_drop: false }`
[INFO] [stderr]     Finished `test` profile [unoptimized + debuginfo] target(s) in 0.16s
[INFO] [stderr]      Running unittests src/lib.rs (/opt/rustwide/target/debug/deps/robloxapi_s-421af99fa795bac6)
[INFO] [stdout] 
[INFO] [stderr]      Running tests/main.rs (/opt/rustwide/target/debug/deps/main-43f3a4077ea97827)
[INFO] [stdout] running 0 tests
[INFO] [stdout] 
[INFO] [stdout] test result: ok. 0 passed; 0 failed; 0 ignored; 0 measured; 0 filtered out; finished in 0.00s
[INFO] [stdout] 
[INFO] [stdout] 
[INFO] [stdout] running 0 tests
[INFO] [stdout] 
[INFO] [stdout] test result: ok. 0 passed; 0 failed; 0 ignored; 0 measured; 0 filtered out; finished in 0.00s
[INFO] [stdout] 
[INFO] [stderr]    Doc-tests robloxapi_s
[INFO] [stdout] 
[INFO] [stdout] running 6 tests
[INFO] [stdout] test src/lib.rs - Client::current_user (line 72) ... FAILED
[INFO] [stdout] test src/lib.rs - Client::user (line 58) ... FAILED
[INFO] [stdout] test src/games/mod.rs - games::Game::create_dev_product (line 154) ... FAILED
[INFO] [stdout] test src/https.rs - https::Client::set_cookie (line 21) ... FAILED
[INFO] [stdout] test src/games/mod.rs - games::Game::servers (line 62) ... FAILED
[INFO] [stdout] test src/lib.rs - Client::game (line 94) ... FAILED
[INFO] [stdout] 
[INFO] [stdout] failures:
[INFO] [stdout] 
[INFO] [stdout] ---- src/lib.rs - Client::current_user (line 72) stdout ----
[INFO] [stdout] error[E0433]: failed to resolve: use of undeclared crate or module `robloxapi`
[INFO] [stdout]  --> src/lib.rs:76:22
[INFO] [stdout]   |
[INFO] [stdout] 5 |     let mut client = robloxapi::Client::new();
[INFO] [stdout]   |                      ^^^^^^^^^ use of undeclared crate or module `robloxapi`
[INFO] [stdout]   |
[INFO] [stdout] help: there is a crate or module with a similar name
[INFO] [stdout]   |
[INFO] [stdout] 5 |     let mut client = robloxapi_s::Client::new();
[INFO] [stdout]   |                      ~~~~~~~~~~~
[INFO] [stdout] help: consider importing one of these structs
[INFO] [stdout]   |
[INFO] [stdout] 2 + use reqwest::Client;
[INFO] [stdout]   |
[INFO] [stdout] 2 + use robloxapi_s::Client;
[INFO] [stdout]   |
[INFO] [stdout] help: if you import `Client`, refer to it directly
[INFO] [stdout]   |
[INFO] [stdout] 5 -     let mut client = robloxapi::Client::new();
[INFO] [stdout] 5 +     let mut client = Client::new();
[INFO] [stdout]   |
[INFO] [stdout] 
[INFO] [stdout] error: aborting due to 1 previous error
[INFO] [stdout] 
[INFO] [stdout] For more information about this error, try `rustc --explain E0433`.
[INFO] [stdout] Couldn't compile the test.
[INFO] [stdout] ---- src/lib.rs - Client::user (line 58) stdout ----
[INFO] [stdout] error[E0433]: failed to resolve: use of undeclared crate or module `robloxapi`
[INFO] [stdout]  --> src/lib.rs:62:22
[INFO] [stdout]   |
[INFO] [stdout] 5 |     let mut client = robloxapi::Client::new();
[INFO] [stdout]   |                      ^^^^^^^^^ use of undeclared crate or module `robloxapi`
[INFO] [stdout]   |
[INFO] [stdout] help: there is a crate or module with a similar name
[INFO] [stdout]   |
[INFO] [stdout] 5 |     let mut client = robloxapi_s::Client::new();
[INFO] [stdout]   |                      ~~~~~~~~~~~
[INFO] [stdout] help: consider importing one of these structs
[INFO] [stdout]   |
[INFO] [stdout] 3 + use reqwest::Client;
[INFO] [stdout]   |
[INFO] [stdout] 3 + use robloxapi_s::Client;
[INFO] [stdout]   |
[INFO] [stdout] help: if you import `Client`, refer to it directly
[INFO] [stdout]   |
[INFO] [stdout] 5 -     let mut client = robloxapi::Client::new();
[INFO] [stdout] 5 +     let mut client = Client::new();
[INFO] [stdout]   |
[INFO] [stdout] 
[INFO] [stdout] error: aborting due to 1 previous error
[INFO] [stdout] 
[INFO] [stdout] For more information about this error, try `rustc --explain E0433`.
[INFO] [stdout] Couldn't compile the test.
[INFO] [stdout] ---- src/games/mod.rs - games::Game::create_dev_product (line 154) stdout ----
[INFO] [stdout] error[E0433]: failed to resolve: use of undeclared crate or module `robloxapi`
[INFO] [stdout]  --> src/games/mod.rs:157:22
[INFO] [stdout]   |
[INFO] [stdout] 4 |     let mut client = robloxapi::Client::new();
[INFO] [stdout]   |                      ^^^^^^^^^ use of undeclared crate or module `robloxapi`
[INFO] [stdout]   |
[INFO] [stdout] help: there is a crate or module with a similar name
[INFO] [stdout]   |
[INFO] [stdout] 4 |     let mut client = robloxapi_s::Client::new();
[INFO] [stdout]   |                      ~~~~~~~~~~~
[INFO] [stdout] help: consider importing one of these structs
[INFO] [stdout]   |
[INFO] [stdout] 2 + use reqwest::Client;
[INFO] [stdout]   |
[INFO] [stdout] 2 + use robloxapi_s::Client;
[INFO] [stdout]   |
[INFO] [stdout] help: if you import `Client`, refer to it directly
[INFO] [stdout]   |
[INFO] [stdout] 4 -     let mut client = robloxapi::Client::new();
[INFO] [stdout] 4 +     let mut client = Client::new();
[INFO] [stdout]   |
[INFO] [stdout] 
[INFO] [stdout] error[E0425]: cannot find value `COOKIE` in this scope
[INFO] [stdout]  --> src/games/mod.rs:158:23
[INFO] [stdout]   |
[INFO] [stdout] 5 |     client.set_cookie(COOKIE).await;
[INFO] [stdout]   |                       ^^^^^^ not found in this scope
[INFO] [stdout]   |
[INFO] [stdout] help: consider importing this constant
[INFO] [stdout]   |
[INFO] [stdout] 2 + use reqwest::header::COOKIE;
[INFO] [stdout]   |
[INFO] [stdout] 
[INFO] [stdout] error: aborting due to 2 previous errors
[INFO] [stdout] 
[INFO] [stdout] Some errors have detailed explanations: E0425, E0433.
[INFO] [stdout] For more information about an error, try `rustc --explain E0425`.
[INFO] [stdout] Couldn't compile the test.
[INFO] [stdout] ---- src/https.rs - https::Client::set_cookie (line 21) stdout ----
[INFO] [stdout] error[E0434]: can't capture dynamic environment in a fn item
[INFO] [stdout]  --> src/https.rs:28:23
[INFO] [stdout]   |
[INFO] [stdout] 9 |     client.set_cookie(COOKIE).await;
[INFO] [stdout]   |                       ^^^^^^
[INFO] [stdout]   |
[INFO] [stdout]   = help: use the `|| { ... }` closure form instead
[INFO] [stdout] 
[INFO] [stdout] error[E0433]: failed to resolve: use of undeclared crate or module `robloxapi`
[INFO] [stdout]  --> src/https.rs:27:22
[INFO] [stdout]   |
[INFO] [stdout] 8 |     let mut client = robloxapi::Client();
[INFO] [stdout]   |                      ^^^^^^^^^ use of undeclared crate or module `robloxapi`
[INFO] [stdout]   |
[INFO] [stdout] help: there is a crate or module with a similar name
[INFO] [stdout]   |
[INFO] [stdout] 8 |     let mut client = robloxapi_s::Client();
[INFO] [stdout]   |                      ~~~~~~~~~~~
[INFO] [stdout] 
[INFO] [stdout] error: aborting due to 2 previous errors
[INFO] [stdout] 
[INFO] [stdout] Some errors have detailed explanations: E0433, E0434.
[INFO] [stdout] For more information about an error, try `rustc --explain E0433`.
[INFO] [stdout] Couldn't compile the test.
[INFO] [stdout] ---- src/games/mod.rs - games::Game::servers (line 62) stdout ----
[INFO] [stdout] error[E0433]: failed to resolve: use of undeclared crate or module `robloxapi`
[INFO] [stdout]  --> src/games/mod.rs:69:22
[INFO] [stdout]   |
[INFO] [stdout] 8 |     let mut client = robloxapi::Client::new();
[INFO] [stdout]   |                      ^^^^^^^^^ use of undeclared crate or module `robloxapi`
[INFO] [stdout]   |
[INFO] [stdout] help: there is a crate or module with a similar name
[INFO] [stdout]   |
[INFO] [stdout] 8 |     let mut client = robloxapi_s::Client::new();
[INFO] [stdout]   |                      ~~~~~~~~~~~
[INFO] [stdout] help: consider importing one of these structs
[INFO] [stdout]   |
[INFO] [stdout] 3 + use reqwest::Client;
[INFO] [stdout]   |
[INFO] [stdout] 3 + use robloxapi_s::Client;
[INFO] [stdout]   |
[INFO] [stdout] help: if you import `Client`, refer to it directly
[INFO] [stdout]   |
[INFO] [stdout] 8 -     let mut client = robloxapi::Client::new();
[INFO] [stdout] 8 +     let mut client = Client::new();
[INFO] [stdout]   |
[INFO] [stdout] 
[INFO] [stdout] error: aborting due to 1 previous error
[INFO] [stdout] 
[INFO] [stdout] For more information about this error, try `rustc --explain E0433`.
[INFO] [stdout] Couldn't compile the test.
[INFO] [stdout] ---- src/lib.rs - Client::game (line 94) stdout ----
[INFO] [stdout] error[E0433]: failed to resolve: use of undeclared crate or module `robloxapi`
[INFO] [stdout]  --> src/lib.rs:99:22
[INFO] [stdout]   |
[INFO] [stdout] 6 |     let mut client = robloxapi::Client::new(); // Initialize a new client instance
[INFO] [stdout]   |                      ^^^^^^^^^ use of undeclared crate or module `robloxapi`
[INFO] [stdout]   |
[INFO] [stdout] help: there is a crate or module with a similar name
[INFO] [stdout]   |
[INFO] [stdout] 6 |     let mut client = robloxapi_s::Client::new(); // Initialize a new client instance
[INFO] [stdout]   |                      ~~~~~~~~~~~
[INFO] [stdout] help: consider importing one of these structs
[INFO] [stdout]   |
[INFO] [stdout] 3 + use reqwest::Client;
[INFO] [stdout]   |
[INFO] [stdout] 3 + use robloxapi_s::Client;
[INFO] [stdout]   |
[INFO] [stdout] help: if you import `Client`, refer to it directly
[INFO] [stdout]   |
[INFO] [stdout] 6 -     let mut client = robloxapi::Client::new(); // Initialize a new client instance
[INFO] [stdout] 6 +     let mut client = Client::new(); // Initialize a new client instance
[INFO] [stdout]   |
[INFO] [stdout] 
[INFO] [stdout] error: aborting due to 1 previous error
[INFO] [stdout] 
[INFO] [stdout] For more information about this error, try `rustc --explain E0433`.
[INFO] [stdout] Couldn't compile the test.
[INFO] [stdout] 
[INFO] [stdout] failures:
[INFO] [stdout]     src/games/mod.rs - games::Game::create_dev_product (line 154)
[INFO] [stdout]     src/games/mod.rs - games::Game::servers (line 62)
[INFO] [stdout]     src/https.rs - https::Client::set_cookie (line 21)
[INFO] [stdout]     src/lib.rs - Client::current_user (line 72)
[INFO] [stdout]     src/lib.rs - Client::game (line 94)
[INFO] [stdout]     src/lib.rs - Client::user (line 58)
[INFO] [stdout] 
[INFO] [stdout] test result: FAILED. 0 passed; 6 failed; 0 ignored; 0 measured; 0 filtered out; finished in 0.21s
[INFO] [stdout] 
[INFO] [stderr] error: doctest failed, to rerun pass `--doc`
[INFO] running `Command { std: "docker" "inspect" "5925d0f6b350a3ca8cbba0105fc5cb82dfc05b7102b3b2db0f6147cb8325e6ec", kill_on_drop: false }`
[INFO] running `Command { std: "docker" "rm" "-f" "5925d0f6b350a3ca8cbba0105fc5cb82dfc05b7102b3b2db0f6147cb8325e6ec", kill_on_drop: false }`
[INFO] [stdout] 5925d0f6b350a3ca8cbba0105fc5cb82dfc05b7102b3b2db0f6147cb8325e6ec
