[INFO] fetching crate riichi 0.1.0...
[INFO] testing riichi-0.1.0 against 1.83.0 for beta-1.84.0-4-retry
[INFO] extracting crate riichi 0.1.0 into /workspace/builds/worker-0-tc1/source
[INFO] validating manifest of crates.io crate riichi 0.1.0 on toolchain 1.83.0
[INFO] running `Command { std: CARGO_HOME="/workspace/cargo-home" RUSTUP_HOME="/workspace/rustup-home" "/workspace/cargo-home/bin/cargo" "+1.83.0" "metadata" "--manifest-path" "Cargo.toml" "--no-deps", kill_on_drop: false }`
[INFO] started tweaking crates.io crate riichi 0.1.0
[INFO] finished tweaking crates.io crate riichi 0.1.0
[INFO] tweaked toml for crates.io crate riichi 0.1.0 written to /workspace/builds/worker-0-tc1/source/Cargo.toml
[INFO] crate crates.io crate riichi 0.1.0 already has a lockfile, it will not be regenerated
[INFO] running `Command { std: CARGO_HOME="/workspace/cargo-home" RUSTUP_HOME="/workspace/rustup-home" "/workspace/cargo-home/bin/cargo" "+1.83.0" "fetch" "--manifest-path" "Cargo.toml", kill_on_drop: false }`
[INFO] [stderr]     Blocking waiting for file lock on package cache
[INFO] [stderr]     Updating crates.io index
[INFO] [stderr]  Downloading crates ...
[INFO] [stderr]   Downloaded test-log v0.2.11
[INFO] [stderr]   Downloaded serde_test v1.0.152
[INFO] [stderr]   Downloaded serde_with_macros v2.1.0
[INFO] [stderr]   Downloaded type-layout-derive v0.2.0
[INFO] [stderr]   Downloaded darrentsung_debug_parser v0.3.0
[INFO] [stderr]   Downloaded nanovec v0.2.1
[INFO] [stderr]   Downloaded riichi-decomp-table v0.1.0
[INFO] [stderr]   Downloaded sortnet v0.1.0
[INFO] [stderr]   Downloaded riichi-decomp v0.1.0
[INFO] [stderr]   Downloaded type-layout v0.2.0
[INFO] [stderr]   Downloaded pretty_assertions_sorted v1.2.1
[INFO] [stderr]   Downloaded riichi-elements v0.1.0
[INFO] [stderr]   Downloaded serde_with v2.1.0
[INFO] [stderr]   Downloaded bitfield-struct v0.1.8
[INFO] running `Command { std: "docker" "create" "-v" "/var/lib/crater-agent-workspace/builds/worker-0-tc1/target:/opt/rustwide/target:rw,Z" "-v" "/var/lib/crater-agent-workspace/builds/worker-0-tc1/source:/opt/rustwide/workdir:ro,Z" "-v" "/var/lib/crater-agent-workspace/cargo-home:/opt/rustwide/cargo-home:ro,Z" "-v" "/var/lib/crater-agent-workspace/rustup-home:/opt/rustwide/rustup-home:ro,Z" "-e" "SOURCE_DIR=/opt/rustwide/workdir" "-e" "CARGO_TARGET_DIR=/opt/rustwide/target" "-e" "CARGO_HOME=/opt/rustwide/cargo-home" "-e" "RUSTUP_HOME=/opt/rustwide/rustup-home" "-w" "/opt/rustwide/workdir" "-m" "1610612736" "--user" "0:0" "--network" "none" "ghcr.io/rust-lang/crates-build-env/linux@sha256:f3a9d4ad9d972b27faf3965f35b62e55ba32bbce8f20bc8fe909558a86702fde" "/opt/rustwide/cargo-home/bin/cargo" "+1.83.0" "metadata" "--no-deps" "--format-version=1", kill_on_drop: false }`
[INFO] [stdout] 43461e12fb24e7a089e486dff91875ffcea7c7f818cfb553555fa13d0c0227ce
[INFO] running `Command { std: "docker" "start" "-a" "43461e12fb24e7a089e486dff91875ffcea7c7f818cfb553555fa13d0c0227ce", kill_on_drop: false }`
[INFO] running `Command { std: "docker" "inspect" "43461e12fb24e7a089e486dff91875ffcea7c7f818cfb553555fa13d0c0227ce", kill_on_drop: false }`
[INFO] running `Command { std: "docker" "rm" "-f" "43461e12fb24e7a089e486dff91875ffcea7c7f818cfb553555fa13d0c0227ce", kill_on_drop: false }`
[INFO] [stdout] 43461e12fb24e7a089e486dff91875ffcea7c7f818cfb553555fa13d0c0227ce
[INFO] running `Command { std: "docker" "create" "-v" "/var/lib/crater-agent-workspace/builds/worker-0-tc1/target:/opt/rustwide/target:rw,Z" "-v" "/var/lib/crater-agent-workspace/builds/worker-0-tc1/source:/opt/rustwide/workdir:ro,Z" "-v" "/var/lib/crater-agent-workspace/cargo-home:/opt/rustwide/cargo-home:ro,Z" "-v" "/var/lib/crater-agent-workspace/rustup-home:/opt/rustwide/rustup-home:ro,Z" "-e" "SOURCE_DIR=/opt/rustwide/workdir" "-e" "CARGO_TARGET_DIR=/opt/rustwide/target" "-e" "CARGO_INCREMENTAL=0" "-e" "RUST_BACKTRACE=full" "-e" "RUSTFLAGS=--cap-lints=warn" "-e" "RUSTDOCFLAGS=--cap-lints=warn" "-e" "CARGO_HOME=/opt/rustwide/cargo-home" "-e" "RUSTUP_HOME=/opt/rustwide/rustup-home" "-w" "/opt/rustwide/workdir" "-m" "1610612736" "--user" "0:0" "--network" "none" "ghcr.io/rust-lang/crates-build-env/linux@sha256:f3a9d4ad9d972b27faf3965f35b62e55ba32bbce8f20bc8fe909558a86702fde" "/opt/rustwide/cargo-home/bin/cargo" "+1.83.0" "build" "--frozen" "--message-format=json", kill_on_drop: false }`
[INFO] [stdout] 8144c0cec150b606d3ae5181ebba4ba5e9e50623676fa4decd823ead127cf2c0
[INFO] running `Command { std: "docker" "start" "-a" "8144c0cec150b606d3ae5181ebba4ba5e9e50623676fa4decd823ead127cf2c0", kill_on_drop: false }`
[INFO] [stderr]    Compiling proc-macro2 v1.0.49
[INFO] [stderr]    Compiling quote v1.0.23
[INFO] [stderr]    Compiling unicode-ident v1.0.6
[INFO] [stderr]    Compiling syn v1.0.107
[INFO] [stderr]    Compiling libc v0.2.139
[INFO] [stderr]    Compiling cfg-if v1.0.0
[INFO] [stderr]    Compiling ppv-lite86 v0.2.17
[INFO] [stderr]    Compiling serde_derive v1.0.152
[INFO] [stderr]    Compiling siphasher v0.3.10
[INFO] [stderr]    Compiling rustversion v1.0.11
[INFO] [stderr]    Compiling serde v1.0.152
[INFO] [stderr]    Compiling autocfg v1.1.0
[INFO] [stderr]    Compiling heck v0.4.0
[INFO] [stderr]    Compiling either v1.8.0
[INFO] [stderr]    Compiling convert_case v0.4.0
[INFO] [stderr]    Compiling replace_with v0.1.7
[INFO] [stderr]    Compiling strsim v0.10.0
[INFO] [stderr]    Compiling fnv v1.0.7
[INFO] [stderr]    Compiling ident_case v1.0.1
[INFO] [stderr]    Compiling memchr v2.5.0
[INFO] [stderr]    Compiling rustc-hash v1.1.0
[INFO] [stderr]    Compiling semver v1.0.16
[INFO] [stderr]    Compiling itertools v0.10.5
[INFO] [stderr]    Compiling serde_json v1.0.91
[INFO] [stderr]    Compiling phf_shared v0.11.1
[INFO] [stderr]    Compiling thiserror v1.0.38
[INFO] [stderr]    Compiling static_assertions v1.1.0
[INFO] [stderr]    Compiling log v0.4.17
[INFO] [stderr]    Compiling arrayref v0.3.6
[INFO] [stderr]    Compiling num-traits v0.2.15
[INFO] [stderr]    Compiling ryu v1.0.12
[INFO] [stderr]    Compiling once_cell v1.17.0
[INFO] [stderr]    Compiling sortnet v0.1.0
[INFO] [stderr]    Compiling itoa v1.0.5
[INFO] [stderr]    Compiling regex-syntax v0.6.28
[INFO] [stderr]    Compiling aho-corasick v0.7.20
[INFO] [stderr]    Compiling getrandom v0.2.8
[INFO] [stderr]    Compiling rand_core v0.6.4
[INFO] [stderr]    Compiling rand_chacha v0.3.1
[INFO] [stderr]    Compiling rand v0.8.5
[INFO] [stderr]    Compiling nanovec v0.2.1
[INFO] [stderr]    Compiling phf_generator v0.11.1
[INFO] [stderr]    Compiling phf_codegen v0.11.1
[INFO] [stderr]    Compiling regex v1.7.0
[INFO] [stderr]    Compiling darling_core v0.14.2
[INFO] [stderr]    Compiling strum_macros v0.24.3
[INFO] [stderr]    Compiling phf_macros v0.11.1
[INFO] [stderr]    Compiling derive_more v0.99.17
[INFO] [stderr]    Compiling bitfield-struct v0.1.8
[INFO] [stderr]    Compiling serde_tuple_macros v0.5.0
[INFO] [stderr]    Compiling thiserror-impl v1.0.38
[INFO] [stderr]    Compiling derivative v2.2.0
[INFO] [stderr]    Compiling phf v0.11.1
[INFO] [stderr]    Compiling darling_macro v0.14.2
[INFO] [stderr]    Compiling strum v0.24.1
[INFO] [stderr]    Compiling darling v0.14.2
[INFO] [stderr]    Compiling serde_with_macros v2.1.0
[INFO] [stderr]    Compiling riichi-decomp-table v0.1.0
[INFO] [stderr]    Compiling riichi-decomp v0.1.0
[INFO] [stderr]    Compiling riichi-elements v0.1.0
[INFO] [stderr]    Compiling serde_with v2.1.0
[INFO] [stderr]    Compiling serde_tuple v0.5.0
[INFO] [stderr]    Compiling serde-big-array v0.4.1
[INFO] [stderr]    Compiling riichi v0.1.0 (/opt/rustwide/workdir)
[INFO] [stderr]     Finished `dev` profile [unoptimized + debuginfo] target(s) in 33.63s
[INFO] running `Command { std: "docker" "inspect" "8144c0cec150b606d3ae5181ebba4ba5e9e50623676fa4decd823ead127cf2c0", kill_on_drop: false }`
[INFO] running `Command { std: "docker" "rm" "-f" "8144c0cec150b606d3ae5181ebba4ba5e9e50623676fa4decd823ead127cf2c0", kill_on_drop: false }`
[INFO] [stdout] 8144c0cec150b606d3ae5181ebba4ba5e9e50623676fa4decd823ead127cf2c0
[INFO] running `Command { std: "docker" "create" "-v" "/var/lib/crater-agent-workspace/builds/worker-0-tc1/target:/opt/rustwide/target:rw,Z" "-v" "/var/lib/crater-agent-workspace/builds/worker-0-tc1/source:/opt/rustwide/workdir:ro,Z" "-v" "/var/lib/crater-agent-workspace/cargo-home:/opt/rustwide/cargo-home:ro,Z" "-v" "/var/lib/crater-agent-workspace/rustup-home:/opt/rustwide/rustup-home:ro,Z" "-e" "SOURCE_DIR=/opt/rustwide/workdir" "-e" "CARGO_TARGET_DIR=/opt/rustwide/target" "-e" "CARGO_INCREMENTAL=0" "-e" "RUST_BACKTRACE=full" "-e" "RUSTFLAGS=--cap-lints=warn" "-e" "RUSTDOCFLAGS=--cap-lints=warn" "-e" "CARGO_HOME=/opt/rustwide/cargo-home" "-e" "RUSTUP_HOME=/opt/rustwide/rustup-home" "-w" "/opt/rustwide/workdir" "-m" "1610612736" "--user" "0:0" "--network" "none" "ghcr.io/rust-lang/crates-build-env/linux@sha256:f3a9d4ad9d972b27faf3965f35b62e55ba32bbce8f20bc8fe909558a86702fde" "/opt/rustwide/cargo-home/bin/cargo" "+1.83.0" "test" "--frozen" "--no-run" "--message-format=json", kill_on_drop: false }`
[INFO] [stdout] 912889c9ee5a11a8af8282c3ffdd6c9691c2af65c437a0a6e8acdae10e3a4319
[INFO] running `Command { std: "docker" "start" "-a" "912889c9ee5a11a8af8282c3ffdd6c9691c2af65c437a0a6e8acdae10e3a4319", kill_on_drop: false }`
[INFO] [stderr]    Compiling anyhow v1.0.68
[INFO] [stderr]    Compiling memoffset v0.5.6
[INFO] [stderr]    Compiling minimal-lexical v0.2.1
[INFO] [stderr]    Compiling utf8-width v0.1.6
[INFO] [stderr]    Compiling ordered-float v2.10.0
[INFO] [stderr]    Compiling diff v0.1.13
[INFO] [stderr]    Compiling yansi v0.5.1
[INFO] [stderr]    Compiling serde_test v1.0.152
[INFO] [stderr]    Compiling atty v0.2.14
[INFO] [stderr]    Compiling type-layout-derive v0.2.0
[INFO] [stderr]    Compiling termcolor v1.1.3
[INFO] [stderr]    Compiling humantime v2.1.0
[INFO] [stderr]    Compiling assert-json-diff v2.0.2
[INFO] [stderr]    Compiling test-log v0.2.11
[INFO] [stderr]    Compiling bencher v0.1.5
[INFO] [stderr]    Compiling glob v0.3.0
[INFO] [stderr]    Compiling html-escape v0.2.13
[INFO] [stderr]    Compiling pretty_assertions v1.3.0
[INFO] [stderr]    Compiling env_logger v0.9.3
[INFO] [stderr]    Compiling nom v7.1.2
[INFO] [stderr]    Compiling type-layout v0.2.0
[INFO] [stderr]    Compiling darrentsung_debug_parser v0.3.0
[INFO] [stderr]    Compiling pretty_assertions_sorted v1.2.1
[INFO] [stderr]    Compiling riichi v0.1.0 (/opt/rustwide/workdir)
[INFO] [stdout] warning: unexpected `cfg` condition value: `tenhou-log`
[INFO] [stdout]  --> tests/tenhou_log.rs:1:7
[INFO] [stdout]   |
[INFO] [stdout] 1 | #[cfg(feature = "tenhou-log")]
[INFO] [stdout]   |       ^^^^^^^^^^^^^^^^^^^^^^
[INFO] [stdout]   |
[INFO] [stdout]   = note: expected values for `feature` are: `default`, `env_logger`, `glob`, `serde`, `static-lut`, and `tenhou-log-json`
[INFO] [stdout]   = help: consider adding `tenhou-log` as a feature in `Cargo.toml`
[INFO] [stdout]   = note: see <https://doc.rust-lang.org/nightly/rustc/check-cfg/cargo-specifics.html> for more information about checking conditional configuration
[INFO] [stdout]   = note: `#[warn(unexpected_cfgs)]` on by default
[INFO] [stdout] 
[INFO] [stdout] 
[INFO] [stderr]     Finished `test` profile [unoptimized + debuginfo] target(s) in 9.73s
[INFO] running `Command { std: "docker" "inspect" "912889c9ee5a11a8af8282c3ffdd6c9691c2af65c437a0a6e8acdae10e3a4319", kill_on_drop: false }`
[INFO] running `Command { std: "docker" "rm" "-f" "912889c9ee5a11a8af8282c3ffdd6c9691c2af65c437a0a6e8acdae10e3a4319", kill_on_drop: false }`
[INFO] [stdout] 912889c9ee5a11a8af8282c3ffdd6c9691c2af65c437a0a6e8acdae10e3a4319
[INFO] running `Command { std: "docker" "create" "-v" "/var/lib/crater-agent-workspace/builds/worker-0-tc1/target:/opt/rustwide/target:rw,Z" "-v" "/var/lib/crater-agent-workspace/builds/worker-0-tc1/source:/opt/rustwide/workdir:ro,Z" "-v" "/var/lib/crater-agent-workspace/cargo-home:/opt/rustwide/cargo-home:ro,Z" "-v" "/var/lib/crater-agent-workspace/rustup-home:/opt/rustwide/rustup-home:ro,Z" "-e" "SOURCE_DIR=/opt/rustwide/workdir" "-e" "CARGO_TARGET_DIR=/opt/rustwide/target" "-e" "CARGO_INCREMENTAL=0" "-e" "RUST_BACKTRACE=full" "-e" "RUSTFLAGS=--cap-lints=warn" "-e" "RUSTDOCFLAGS=--cap-lints=warn" "-e" "CARGO_HOME=/opt/rustwide/cargo-home" "-e" "RUSTUP_HOME=/opt/rustwide/rustup-home" "-w" "/opt/rustwide/workdir" "-m" "1610612736" "--user" "0:0" "--network" "none" "ghcr.io/rust-lang/crates-build-env/linux@sha256:f3a9d4ad9d972b27faf3965f35b62e55ba32bbce8f20bc8fe909558a86702fde" "/opt/rustwide/cargo-home/bin/cargo" "+1.83.0" "test" "--frozen", kill_on_drop: false }`
[INFO] [stdout] 3f5470b1b62fae0e0c0f58de70f9a63bd05ebab7ca32a3032ef7d54ada6fbbe3
[INFO] running `Command { std: "docker" "start" "-a" "3f5470b1b62fae0e0c0f58de70f9a63bd05ebab7ca32a3032ef7d54ada6fbbe3", kill_on_drop: false }`
[INFO] [stderr] warning: unexpected `cfg` condition value: `tenhou-log`
[INFO] [stderr]  --> tests/tenhou_log.rs:1:7
[INFO] [stderr]   |
[INFO] [stderr] 1 | #[cfg(feature = "tenhou-log")]
[INFO] [stderr]   |       ^^^^^^^^^^^^^^^^^^^^^^
[INFO] [stderr]   |
[INFO] [stderr]   = note: expected values for `feature` are: `default`, `env_logger`, `glob`, `serde`, `static-lut`, and `tenhou-log-json`
[INFO] [stderr]   = help: consider adding `tenhou-log` as a feature in `Cargo.toml`
[INFO] [stderr]   = note: see <https://doc.rust-lang.org/nightly/rustc/check-cfg/cargo-specifics.html> for more information about checking conditional configuration
[INFO] [stderr]   = note: `#[warn(unexpected_cfgs)]` on by default
[INFO] [stderr] 
[INFO] [stderr] warning: `riichi` (test "tenhou_log") generated 1 warning
[INFO] [stderr]     Finished `test` profile [unoptimized + debuginfo] target(s) in 0.11s
[INFO] [stderr]      Running unittests src/lib.rs (/opt/rustwide/target/debug/deps/riichi-ceb231e4d0e93974)
[INFO] [stdout] 
[INFO] [stdout] running 50 tests
[INFO] [stdout] test engine::agari::tests::chiitoi_negative_open ... ok
[INFO] [stdout] test engine::agari::tests::chuuren_downgrade ... ok
[INFO] [stdout] test engine::agari::tests::chuuren_example ... ok
[INFO] [stdout] test engine::agari::tests::chiitoi_upgrade_ryanpeikou ... ok
[INFO] [stdout] test engine::agari::tests::chiitoi_example ... ok
[INFO] [stdout] test engine::agari::tests::chiitoi_with_honroutou ... ok
[INFO] [stdout] test engine::agari::tests::haitei_example ... ok
[INFO] [stdout] test engine::agari::tests::houtei_example ... ok
[INFO] [stdout] test engine::agari::tests::iipeikou_example ... ok
[INFO] [stdout] test engine::agari::tests::iipeikou_downgrade ... ok
[INFO] [stdout] test engine::agari::tests::iipeikou_negative_open ... ok
[INFO] [stdout] test engine::agari::tests::mentsumo_example ... ok
[INFO] [stdout] test engine::agari::tests::mentsumo_negative_not_tsumo ... ok
[INFO] [stdout] test engine::agari::tests::mentsumo_negative_not_menzen ... ok
[INFO] [stdout] test engine::agari::tests::pinfu_negative_prevalent_wind_pair ... ok
[INFO] [stdout] test engine::agari::tests::pinfu_negative_penchan ... ok
[INFO] [stdout] test engine::agari::tests::pinfu_negative_self_wind_pair ... ok
[INFO] [stdout] test engine::agari::tests::pinfu_positive_two_side_tanki_alt_decomp ... ok
[INFO] [stdout] test engine::agari::tests::pinfu_negative_two_side_tanki ... ok
[INFO] [stdout] test engine::agari::tests::riichi_simple_example ... ok
[INFO] [stdout] test engine::agari::tests::tanyao_example ... ok
[INFO] [stdout] test engine::agari::tests::tanyao_negative ... ok
[INFO] [stdout] test engine::agari::tests::tanyao_open_example ... ok
[INFO] [stdout] test engine::agari::tests::pinfu_simple_example ... ok
[INFO] [stdout] test engine::step::tests::game_end_condition_examples ... ok
[INFO] [stdout] test interop::tenhou_log_json::end_info::tests::abort_example ... ok
[INFO] [stdout] test engine::scoring::tests::distribute_points_examples ... ok
[INFO] [stdout] test engine::agari::tests::haitei_negative_rinshan ... ok
[INFO] [stdout] test engine::agari::tests::jun_chuuren_example ... ok
[INFO] [stdout] test model::action::tests::serde_tests::serde_discard ... ok
[INFO] [stdout] test interop::tenhou_log_json::tile::tests::tenhou_tiles ... ok
[INFO] [stdout] test model::action::tests::serde_tests::serde_one_arg ... ok
[INFO] [stdout] test model::boundary::tests::round_id_computes_correct_self_wind ... ok
[INFO] [stdout] test model::reaction::tests::reaction_order_by_priority ... ok
[INFO] [stdout] test interop::tenhou_log_json::entry::tests::tenhou_outgoing_serde ... ok
[INFO] [stdout] test interop::tenhou_log_json::entry::tests::tenhou_incoming_serde ... ok
[INFO] [stdout] test interop::tenhou_log_json::scoring::tests::yaku_examples ... ok
[INFO] [stdout] test interop::tenhou_log_json::end_info::tests::ron_2_example ... ok
[INFO] [stdout] test interop::tenhou_log_json::round::tests::round_json_example ... ok
[INFO] [stdout] test interop::tenhou_log_json::scoring::tests::scoring_examples ... ok
[INFO] [stdout] test interop::tenhou_log_json::meld::tests::tenhou_melds ... ok
[INFO] [stdout] test model::action::tests::serde_tests::serde_zero_arg ... ok
[INFO] [stdout] test model::reaction::tests::serde_tests::serde_no_args ... ok
[INFO] [stdout] test model::state::tests::print_layout ... ok
[INFO] [stdout] test model::reaction::tests::serde_tests::serde_two_args ... ok
[INFO] [stdout] test yaku::builder::tests::test_yaku_builder ... ok
[INFO] [stdout] test interop::tenhou_log_json::end_info::tests::exhaust_example ... ok
[INFO] [stdout] test rules::tests::serde_tests::ruleset_example ... FAILED
[INFO] [stdout] test interop::tenhou_log_json::recovery::tests::print_some_example ... ok
[INFO] [stdout] test engine::utils::tests::chuuren_wait_exhaustive ... ok
[INFO] [stdout] 
[INFO] [stdout] failures:
[INFO] [stdout] 
[INFO] [stdout] ---- rules::tests::serde_tests::ruleset_example stdout ----
[INFO] [stdout] thread 'rules::tests::serde_tests::ruleset_example' panicked at src/rules.rs:323:13:
[INFO] [stdout] 
[INFO] [stdout] 
[INFO] [stdout] json atoms at path ".kokushi_chankan_allow_ankan" are not equal:
[INFO] [stdout]     lhs:
[INFO] [stdout]         false
[INFO] [stdout]     rhs:
[INFO] [stdout]         true
[INFO] [stdout] 
[INFO] [stdout] 
[INFO] [stdout] stack backtrace:
[INFO] [stdout]    0:     0x58b2ca48cc7a - std::backtrace_rs::backtrace::libunwind::trace::h5a5b8284f2d0c266
[INFO] [stdout]                                at /rustc/90b35a6239c3d8bdabc530a6a0816f7ff89a0aaf/library/std/src/../../backtrace/src/backtrace/libunwind.rs:116:5
[INFO] [stdout]    1:     0x58b2ca48cc7a - std::backtrace_rs::backtrace::trace_unsynchronized::h76d4f1c9b0b875e3
[INFO] [stdout]                                at /rustc/90b35a6239c3d8bdabc530a6a0816f7ff89a0aaf/library/std/src/../../backtrace/src/backtrace/mod.rs:66:5
[INFO] [stdout]    2:     0x58b2ca48cc7a - std::sys::backtrace::_print_fmt::hc4546b8364a537c6
[INFO] [stdout]                                at /rustc/90b35a6239c3d8bdabc530a6a0816f7ff89a0aaf/library/std/src/sys/backtrace.rs:66:9
[INFO] [stdout]    3:     0x58b2ca48cc7a - <std::sys::backtrace::BacktraceLock::print::DisplayBacktrace as core::fmt::Display>::fmt::h5b6bd5631a6d1f6b
[INFO] [stdout]                                at /rustc/90b35a6239c3d8bdabc530a6a0816f7ff89a0aaf/library/std/src/sys/backtrace.rs:39:26
[INFO] [stdout]    4:     0x58b2ca4b3293 - core::fmt::rt::Argument::fmt::h270f6602a2b96f62
[INFO] [stdout]                                at /rustc/90b35a6239c3d8bdabc530a6a0816f7ff89a0aaf/library/core/src/fmt/rt.rs:177:76
[INFO] [stdout]    5:     0x58b2ca4b3293 - core::fmt::write::h7550c97b06c86515
[INFO] [stdout]                                at /rustc/90b35a6239c3d8bdabc530a6a0816f7ff89a0aaf/library/core/src/fmt/mod.rs:1186:21
[INFO] [stdout]    6:     0x58b2ca489e43 - std::io::Write::write_fmt::h509ff860e5956e5e
[INFO] [stdout]                                at /rustc/90b35a6239c3d8bdabc530a6a0816f7ff89a0aaf/library/std/src/io/mod.rs:1839:15
[INFO] [stdout]    7:     0x58b2ca48cac2 - std::sys::backtrace::BacktraceLock::print::h2395ccd2c84ba3aa
[INFO] [stdout]                                at /rustc/90b35a6239c3d8bdabc530a6a0816f7ff89a0aaf/library/std/src/sys/backtrace.rs:42:9
[INFO] [stdout]    8:     0x58b2ca48e0da - std::panicking::default_hook::{{closure}}::he19d4c7230e07961
[INFO] [stdout]                                at /rustc/90b35a6239c3d8bdabc530a6a0816f7ff89a0aaf/library/std/src/panicking.rs:268:22
[INFO] [stdout]    9:     0x58b2ca48dee4 - std::panicking::default_hook::hf614597d3c67bbdb
[INFO] [stdout]                                at /rustc/90b35a6239c3d8bdabc530a6a0816f7ff89a0aaf/library/std/src/panicking.rs:292:9
[INFO] [stdout]   10:     0x58b2ca284d19 - <alloc::boxed::Box<F,A> as core::ops::function::Fn<Args>>::call::h39b51ce4599c23d1
[INFO] [stdout]                                at /rustc/90b35a6239c3d8bdabc530a6a0816f7ff89a0aaf/library/alloc/src/boxed.rs:2468:9
[INFO] [stdout]   11:     0x58b2ca284d19 - test::test_main::{{closure}}::he977ae839a582784
[INFO] [stdout]                                at /rustc/90b35a6239c3d8bdabc530a6a0816f7ff89a0aaf/library/test/src/lib.rs:133:21
[INFO] [stdout]   12:     0x58b2ca48e778 - <alloc::boxed::Box<F,A> as core::ops::function::Fn<Args>>::call::h9455091b6b06f9fb
[INFO] [stdout]                                at /rustc/90b35a6239c3d8bdabc530a6a0816f7ff89a0aaf/library/alloc/src/boxed.rs:2468:9
[INFO] [stdout]   13:     0x58b2ca48e778 - std::panicking::rust_panic_with_hook::h8942133a8b252070
[INFO] [stdout]                                at /rustc/90b35a6239c3d8bdabc530a6a0816f7ff89a0aaf/library/std/src/panicking.rs:809:13
[INFO] [stdout]   14:     0x58b2ca48e53a - std::panicking::begin_panic_handler::{{closure}}::hb5f5963570096b29
[INFO] [stdout]                                at /rustc/90b35a6239c3d8bdabc530a6a0816f7ff89a0aaf/library/std/src/panicking.rs:674:13
[INFO] [stdout]   15:     0x58b2ca48d159 - std::sys::backtrace::__rust_end_short_backtrace::h6208cedc1922feda
[INFO] [stdout]                                at /rustc/90b35a6239c3d8bdabc530a6a0816f7ff89a0aaf/library/std/src/sys/backtrace.rs:170:18
[INFO] [stdout]   16:     0x58b2ca48e1cc - rust_begin_unwind
[INFO] [stdout]                                at /rustc/90b35a6239c3d8bdabc530a6a0816f7ff89a0aaf/library/std/src/panicking.rs:665:5
[INFO] [stdout]   17:     0x58b2ca17c0d0 - core::panicking::panic_fmt::h0c3082644d1bf418
[INFO] [stdout]                                at /rustc/90b35a6239c3d8bdabc530a6a0816f7ff89a0aaf/library/core/src/panicking.rs:74:14
[INFO] [stdout]   18:     0x58b2ca1bda45 - riichi::rules::tests::serde_tests::ruleset_example::hd10fdf0ddaa41bdd
[INFO] [stdout]                                at /opt/rustwide/workdir/src/rules.rs:323:13
[INFO] [stdout]   19:     0x58b2ca1bc377 - riichi::rules::tests::serde_tests::ruleset_example::{{closure}}::h327d299e3a0f2c71
[INFO] [stdout]                                at /opt/rustwide/workdir/src/rules.rs:290:29
[INFO] [stdout]   20:     0x58b2ca2271f6 - core::ops::function::FnOnce::call_once::h23d36db31b3a2c04
[INFO] [stdout]                                at /rustc/90b35a6239c3d8bdabc530a6a0816f7ff89a0aaf/library/core/src/ops/function.rs:250:5
[INFO] [stdout]   21:     0x58b2ca2896db - core::ops::function::FnOnce::call_once::h109cf8051a59b34e
[INFO] [stdout]                                at /rustc/90b35a6239c3d8bdabc530a6a0816f7ff89a0aaf/library/core/src/ops/function.rs:250:5
[INFO] [stdout]   22:     0x58b2ca2896db - test::__rust_begin_short_backtrace::hf4fff89d377446ba
[INFO] [stdout]                                at /rustc/90b35a6239c3d8bdabc530a6a0816f7ff89a0aaf/library/test/src/lib.rs:621:18
[INFO] [stdout]   23:     0x58b2ca288f17 - test::run_test_in_process::{{closure}}::h0e39181dd7ee5a43
[INFO] [stdout]                                at /rustc/90b35a6239c3d8bdabc530a6a0816f7ff89a0aaf/library/test/src/lib.rs:644:60
[INFO] [stdout]   24:     0x58b2ca288f17 - <core::panic::unwind_safe::AssertUnwindSafe<F> as core::ops::function::FnOnce<()>>::call_once::hc5a66a30f0bdfd1f
[INFO] [stdout]                                at /rustc/90b35a6239c3d8bdabc530a6a0816f7ff89a0aaf/library/core/src/panic/unwind_safe.rs:272:9
[INFO] [stdout]   25:     0x58b2ca288f17 - std::panicking::try::do_call::h873b7cf639554a5e
[INFO] [stdout]                                at /rustc/90b35a6239c3d8bdabc530a6a0816f7ff89a0aaf/library/std/src/panicking.rs:557:40
[INFO] [stdout]   26:     0x58b2ca288f17 - std::panicking::try::hdb19862fad9c8bd1
[INFO] [stdout]                                at /rustc/90b35a6239c3d8bdabc530a6a0816f7ff89a0aaf/library/std/src/panicking.rs:520:19
[INFO] [stdout]   27:     0x58b2ca288f17 - std::panic::catch_unwind::h281fe732d236d260
[INFO] [stdout]                                at /rustc/90b35a6239c3d8bdabc530a6a0816f7ff89a0aaf/library/std/src/panic.rs:358:14
[INFO] [stdout]   28:     0x58b2ca288f17 - test::run_test_in_process::h949b6df8457ed338
[INFO] [stdout]                                at /rustc/90b35a6239c3d8bdabc530a6a0816f7ff89a0aaf/library/test/src/lib.rs:644:27
[INFO] [stdout]   29:     0x58b2ca288f17 - test::run_test::{{closure}}::h52c556a6d4740e10
[INFO] [stdout]                                at /rustc/90b35a6239c3d8bdabc530a6a0816f7ff89a0aaf/library/test/src/lib.rs:565:43
[INFO] [stdout]   30:     0x58b2ca24e1f4 - test::run_test::{{closure}}::h4237f6381c45ccb9
[INFO] [stdout]                                at /rustc/90b35a6239c3d8bdabc530a6a0816f7ff89a0aaf/library/test/src/lib.rs:595:41
[INFO] [stdout]   31:     0x58b2ca24e1f4 - std::sys::backtrace::__rust_begin_short_backtrace::h505c97a579eca628
[INFO] [stdout]                                at /rustc/90b35a6239c3d8bdabc530a6a0816f7ff89a0aaf/library/std/src/sys/backtrace.rs:154:18
[INFO] [stdout]   32:     0x58b2ca2518be - std::thread::Builder::spawn_unchecked_::{{closure}}::{{closure}}::h9e86b2e2bc107ea3
[INFO] [stdout]                                at /rustc/90b35a6239c3d8bdabc530a6a0816f7ff89a0aaf/library/std/src/thread/mod.rs:538:17
[INFO] [stdout]   33:     0x58b2ca2518be - <core::panic::unwind_safe::AssertUnwindSafe<F> as core::ops::function::FnOnce<()>>::call_once::h8b06ddb275ff4a25
[INFO] [stdout]                                at /rustc/90b35a6239c3d8bdabc530a6a0816f7ff89a0aaf/library/core/src/panic/unwind_safe.rs:272:9
[INFO] [stdout]   34:     0x58b2ca2518be - std::panicking::try::do_call::hb26ecd7cd9a9355d
[INFO] [stdout]                                at /rustc/90b35a6239c3d8bdabc530a6a0816f7ff89a0aaf/library/std/src/panicking.rs:557:40
[INFO] [stdout]   35:     0x58b2ca2518be - std::panicking::try::h8ddeca9d705f9069
[INFO] [stdout]                                at /rustc/90b35a6239c3d8bdabc530a6a0816f7ff89a0aaf/library/std/src/panicking.rs:520:19
[INFO] [stdout]   36:     0x58b2ca2518be - std::panic::catch_unwind::h49e1c33078844c46
[INFO] [stdout]                                at /rustc/90b35a6239c3d8bdabc530a6a0816f7ff89a0aaf/library/std/src/panic.rs:358:14
[INFO] [stdout]   37:     0x58b2ca2518be - std::thread::Builder::spawn_unchecked_::{{closure}}::h6073db6ff56ad35d
[INFO] [stdout]                                at /rustc/90b35a6239c3d8bdabc530a6a0816f7ff89a0aaf/library/std/src/thread/mod.rs:537:30
[INFO] [stdout]   38:     0x58b2ca2518be - core::ops::function::FnOnce::call_once{{vtable.shim}}::h2c5a5f3779c774f1
[INFO] [stdout]                                at /rustc/90b35a6239c3d8bdabc530a6a0816f7ff89a0aaf/library/core/src/ops/function.rs:250:5
[INFO] [stdout]   39:     0x58b2ca4924cb - <alloc::boxed::Box<F,A> as core::ops::function::FnOnce<Args>>::call_once::hf75717d9f28faebf
[INFO] [stdout]                                at /rustc/90b35a6239c3d8bdabc530a6a0816f7ff89a0aaf/library/alloc/src/boxed.rs:2454:9
[INFO] [stdout]   40:     0x58b2ca4924cb - <alloc::boxed::Box<F,A> as core::ops::function::FnOnce<Args>>::call_once::h7bd883a5f3c5f3c1
[INFO] [stdout]                                at /rustc/90b35a6239c3d8bdabc530a6a0816f7ff89a0aaf/library/alloc/src/boxed.rs:2454:9
[INFO] [stdout]   41:     0x58b2ca4924cb - std::sys::pal::unix::thread::Thread::new::thread_start::hcc78f3943333fa94
[INFO] [stdout]                                at /rustc/90b35a6239c3d8bdabc530a6a0816f7ff89a0aaf/library/std/src/sys/pal/unix/thread.rs:105:17
[INFO] [stdout]   42:     0x798d432caac3 - <unknown>
[INFO] [stdout]   43:     0x798d4335ba04 - clone
[INFO] [stdout]   44:                0x0 - <unknown>
[INFO] [stdout] 
[INFO] [stdout] 
[INFO] [stdout] failures:
[INFO] [stdout]     rules::tests::serde_tests::ruleset_example
[INFO] [stdout] 
[INFO] [stdout] test result: FAILED. 49 passed; 1 failed; 0 ignored; 0 measured; 0 filtered out; finished in 0.32s
[INFO] [stdout] 
[INFO] [stderr] error: test failed, to rerun pass `--lib`
[INFO] running `Command { std: "docker" "inspect" "3f5470b1b62fae0e0c0f58de70f9a63bd05ebab7ca32a3032ef7d54ada6fbbe3", kill_on_drop: false }`
[INFO] running `Command { std: "docker" "rm" "-f" "3f5470b1b62fae0e0c0f58de70f9a63bd05ebab7ca32a3032ef7d54ada6fbbe3", kill_on_drop: false }`
[INFO] [stdout] 3f5470b1b62fae0e0c0f58de70f9a63bd05ebab7ca32a3032ef7d54ada6fbbe3
