[INFO] fetching crate rgb-color 0.1.1...
[INFO] testing rgb-color-0.1.1 against beta-2024-12-08 for beta-1.84.0-4-retry
[INFO] extracting crate rgb-color 0.1.1 into /workspace/builds/worker-2-tc2/source
[INFO] validating manifest of crates.io crate rgb-color 0.1.1 on toolchain beta-2024-12-08
[INFO] running `Command { std: CARGO_HOME="/workspace/cargo-home" RUSTUP_HOME="/workspace/rustup-home" "/workspace/cargo-home/bin/cargo" "+beta-2024-12-08" "metadata" "--manifest-path" "Cargo.toml" "--no-deps", kill_on_drop: false }`
[INFO] started tweaking crates.io crate rgb-color 0.1.1
[INFO] finished tweaking crates.io crate rgb-color 0.1.1
[INFO] tweaked toml for crates.io crate rgb-color 0.1.1 written to /workspace/builds/worker-2-tc2/source/Cargo.toml
[INFO] running `Command { std: CARGO_HOME="/workspace/cargo-home" RUSTUP_HOME="/workspace/rustup-home" "/workspace/cargo-home/bin/cargo" "+beta-2024-12-08" "generate-lockfile" "--manifest-path" "Cargo.toml", kill_on_drop: false }`
[INFO] [stderr]     Blocking waiting for file lock on package cache
[INFO] running `Command { std: CARGO_HOME="/workspace/cargo-home" RUSTUP_HOME="/workspace/rustup-home" "/workspace/cargo-home/bin/cargo" "+beta-2024-12-08" "fetch" "--manifest-path" "Cargo.toml", kill_on_drop: false }`
[INFO] [stderr]     Blocking waiting for file lock on package cache
[INFO] [stderr]     Blocking waiting for file lock on package cache
[INFO] running `Command { std: "docker" "create" "-v" "/var/lib/crater-agent-workspace/builds/worker-2-tc2/target:/opt/rustwide/target:rw,Z" "-v" "/var/lib/crater-agent-workspace/builds/worker-2-tc2/source:/opt/rustwide/workdir:ro,Z" "-v" "/var/lib/crater-agent-workspace/cargo-home:/opt/rustwide/cargo-home:ro,Z" "-v" "/var/lib/crater-agent-workspace/rustup-home:/opt/rustwide/rustup-home:ro,Z" "-e" "SOURCE_DIR=/opt/rustwide/workdir" "-e" "CARGO_TARGET_DIR=/opt/rustwide/target" "-e" "CARGO_HOME=/opt/rustwide/cargo-home" "-e" "RUSTUP_HOME=/opt/rustwide/rustup-home" "-w" "/opt/rustwide/workdir" "-m" "1610612736" "--user" "0:0" "--network" "none" "ghcr.io/rust-lang/crates-build-env/linux@sha256:f3a9d4ad9d972b27faf3965f35b62e55ba32bbce8f20bc8fe909558a86702fde" "/opt/rustwide/cargo-home/bin/cargo" "+beta-2024-12-08" "metadata" "--no-deps" "--format-version=1", kill_on_drop: false }`
[INFO] [stdout] 8424c27e2cd04fe84489f0f64dd479350e72fe160a04d0f356584c67ea6da3a5
[INFO] running `Command { std: "docker" "start" "-a" "8424c27e2cd04fe84489f0f64dd479350e72fe160a04d0f356584c67ea6da3a5", kill_on_drop: false }`
[INFO] running `Command { std: "docker" "inspect" "8424c27e2cd04fe84489f0f64dd479350e72fe160a04d0f356584c67ea6da3a5", kill_on_drop: false }`
[INFO] running `Command { std: "docker" "rm" "-f" "8424c27e2cd04fe84489f0f64dd479350e72fe160a04d0f356584c67ea6da3a5", kill_on_drop: false }`
[INFO] [stdout] 8424c27e2cd04fe84489f0f64dd479350e72fe160a04d0f356584c67ea6da3a5
[INFO] running `Command { std: "docker" "create" "-v" "/var/lib/crater-agent-workspace/builds/worker-2-tc2/target:/opt/rustwide/target:rw,Z" "-v" "/var/lib/crater-agent-workspace/builds/worker-2-tc2/source:/opt/rustwide/workdir:ro,Z" "-v" "/var/lib/crater-agent-workspace/cargo-home:/opt/rustwide/cargo-home:ro,Z" "-v" "/var/lib/crater-agent-workspace/rustup-home:/opt/rustwide/rustup-home:ro,Z" "-e" "SOURCE_DIR=/opt/rustwide/workdir" "-e" "CARGO_TARGET_DIR=/opt/rustwide/target" "-e" "CARGO_INCREMENTAL=0" "-e" "RUST_BACKTRACE=full" "-e" "RUSTFLAGS=--cap-lints=warn" "-e" "RUSTDOCFLAGS=--cap-lints=warn" "-e" "CARGO_HOME=/opt/rustwide/cargo-home" "-e" "RUSTUP_HOME=/opt/rustwide/rustup-home" "-w" "/opt/rustwide/workdir" "-m" "1610612736" "--user" "0:0" "--network" "none" "ghcr.io/rust-lang/crates-build-env/linux@sha256:f3a9d4ad9d972b27faf3965f35b62e55ba32bbce8f20bc8fe909558a86702fde" "/opt/rustwide/cargo-home/bin/cargo" "+beta-2024-12-08" "build" "--frozen" "--message-format=json", kill_on_drop: false }`
[INFO] [stdout] 526e9b43d294d9619f24757919717d08bdd26ab2a1fb0e4cb80c2b43245451a0
[INFO] running `Command { std: "docker" "start" "-a" "526e9b43d294d9619f24757919717d08bdd26ab2a1fb0e4cb80c2b43245451a0", kill_on_drop: false }`
[INFO] [stderr]    Compiling rgb-color v0.1.1 (/opt/rustwide/workdir)
[INFO] [stderr]     Finished `dev` profile [unoptimized + debuginfo] target(s) in 0.24s
[INFO] running `Command { std: "docker" "inspect" "526e9b43d294d9619f24757919717d08bdd26ab2a1fb0e4cb80c2b43245451a0", kill_on_drop: false }`
[INFO] running `Command { std: "docker" "rm" "-f" "526e9b43d294d9619f24757919717d08bdd26ab2a1fb0e4cb80c2b43245451a0", kill_on_drop: false }`
[INFO] [stdout] 526e9b43d294d9619f24757919717d08bdd26ab2a1fb0e4cb80c2b43245451a0
[INFO] running `Command { std: "docker" "create" "-v" "/var/lib/crater-agent-workspace/builds/worker-2-tc2/target:/opt/rustwide/target:rw,Z" "-v" "/var/lib/crater-agent-workspace/builds/worker-2-tc2/source:/opt/rustwide/workdir:ro,Z" "-v" "/var/lib/crater-agent-workspace/cargo-home:/opt/rustwide/cargo-home:ro,Z" "-v" "/var/lib/crater-agent-workspace/rustup-home:/opt/rustwide/rustup-home:ro,Z" "-e" "SOURCE_DIR=/opt/rustwide/workdir" "-e" "CARGO_TARGET_DIR=/opt/rustwide/target" "-e" "CARGO_INCREMENTAL=0" "-e" "RUST_BACKTRACE=full" "-e" "RUSTFLAGS=--cap-lints=warn" "-e" "RUSTDOCFLAGS=--cap-lints=warn" "-e" "CARGO_HOME=/opt/rustwide/cargo-home" "-e" "RUSTUP_HOME=/opt/rustwide/rustup-home" "-w" "/opt/rustwide/workdir" "-m" "1610612736" "--user" "0:0" "--network" "none" "ghcr.io/rust-lang/crates-build-env/linux@sha256:f3a9d4ad9d972b27faf3965f35b62e55ba32bbce8f20bc8fe909558a86702fde" "/opt/rustwide/cargo-home/bin/cargo" "+beta-2024-12-08" "test" "--frozen" "--no-run" "--message-format=json", kill_on_drop: false }`
[INFO] [stdout] ea6a34d23eceead67c01e66f9ed30c71d5bb1bd99aec759612d1155b61cadf43
[INFO] running `Command { std: "docker" "start" "-a" "ea6a34d23eceead67c01e66f9ed30c71d5bb1bd99aec759612d1155b61cadf43", kill_on_drop: false }`
[INFO] [stderr]    Compiling rgb-color v0.1.1 (/opt/rustwide/workdir)
[INFO] [stderr]     Finished `test` profile [unoptimized + debuginfo] target(s) in 0.40s
[INFO] running `Command { std: "docker" "inspect" "ea6a34d23eceead67c01e66f9ed30c71d5bb1bd99aec759612d1155b61cadf43", kill_on_drop: false }`
[INFO] running `Command { std: "docker" "rm" "-f" "ea6a34d23eceead67c01e66f9ed30c71d5bb1bd99aec759612d1155b61cadf43", kill_on_drop: false }`
[INFO] [stdout] ea6a34d23eceead67c01e66f9ed30c71d5bb1bd99aec759612d1155b61cadf43
[INFO] running `Command { std: "docker" "create" "-v" "/var/lib/crater-agent-workspace/builds/worker-2-tc2/target:/opt/rustwide/target:rw,Z" "-v" "/var/lib/crater-agent-workspace/builds/worker-2-tc2/source:/opt/rustwide/workdir:ro,Z" "-v" "/var/lib/crater-agent-workspace/cargo-home:/opt/rustwide/cargo-home:ro,Z" "-v" "/var/lib/crater-agent-workspace/rustup-home:/opt/rustwide/rustup-home:ro,Z" "-e" "SOURCE_DIR=/opt/rustwide/workdir" "-e" "CARGO_TARGET_DIR=/opt/rustwide/target" "-e" "CARGO_INCREMENTAL=0" "-e" "RUST_BACKTRACE=full" "-e" "RUSTFLAGS=--cap-lints=warn" "-e" "RUSTDOCFLAGS=--cap-lints=warn" "-e" "CARGO_HOME=/opt/rustwide/cargo-home" "-e" "RUSTUP_HOME=/opt/rustwide/rustup-home" "-w" "/opt/rustwide/workdir" "-m" "1610612736" "--user" "0:0" "--network" "none" "ghcr.io/rust-lang/crates-build-env/linux@sha256:f3a9d4ad9d972b27faf3965f35b62e55ba32bbce8f20bc8fe909558a86702fde" "/opt/rustwide/cargo-home/bin/cargo" "+beta-2024-12-08" "test" "--frozen", kill_on_drop: false }`
[INFO] [stdout] 302a1a531e5728d43e9bb40119533432528aff02020e16a4ffe25c61cea74480
[INFO] running `Command { std: "docker" "start" "-a" "302a1a531e5728d43e9bb40119533432528aff02020e16a4ffe25c61cea74480", kill_on_drop: false }`
[INFO] [stderr]     Finished `test` profile [unoptimized + debuginfo] target(s) in 0.02s
[INFO] [stderr]      Running unittests src/lib.rs (/opt/rustwide/target/debug/deps/Color-aae6c009aed8149a)
[INFO] [stdout] 
[INFO] [stdout] running 0 tests
[INFO] [stdout] 
[INFO] [stdout] test result: ok. 0 passed; 0 failed; 0 ignored; 0 measured; 0 filtered out; finished in 0.00s
[INFO] [stdout] 
[INFO] [stderr]    Doc-tests Color
[INFO] [stdout] 
[INFO] [stdout] running 6 tests
[INFO] [stdout] test src/lib.rs - luminance (line 7) ... FAILED
[INFO] [stdout] test src/lib.rs - RGB (line 25) ... FAILED
[INFO] [stdout] test src/lib.rs - RGB::to_hex (line 44) ... FAILED
[INFO] [stdout] test src/lib.rs - RGB::contrast_ratio (line 53) ... FAILED
[INFO] [stdout] test src/lib.rs - RGB::from_hex (line 63) ... FAILED
[INFO] [stdout] test src/lib.rs - RGB::inverted (line 32) ... FAILED
[INFO] [stdout] 
[INFO] [stdout] failures:
[INFO] [stdout] 
[INFO] [stdout] ---- src/lib.rs - luminance (line 7) stdout ----
[INFO] [stdout] error[E0425]: cannot find function `luminance` in this scope
[INFO] [stdout]  --> src/lib.rs:8:11
[INFO] [stdout]   |
[INFO] [stdout] 3 | let lum = luminance([255, 0, 255]);
[INFO] [stdout]   |           ^^^^^^^^^ not found in this scope
[INFO] [stdout]   |
[INFO] [stdout] help: consider importing this function
[INFO] [stdout]   |
[INFO] [stdout] 2 + use Color::luminance;
[INFO] [stdout]   |
[INFO] [stdout] 
[INFO] [stdout] error: aborting due to 1 previous error
[INFO] [stdout] 
[INFO] [stdout] For more information about this error, try `rustc --explain E0425`.
[INFO] [stdout] Couldn't compile the test.
[INFO] [stdout] ---- src/lib.rs - RGB (line 25) stdout ----
[INFO] [stdout] error[E0425]: cannot find function, tuple struct or tuple variant `RGB` in this scope
[INFO] [stdout]  --> src/lib.rs:26:11
[INFO] [stdout]   |
[INFO] [stdout] 3 | let rgb = RGB([0, 0, 0]);
[INFO] [stdout]   |           ^^^ not found in this scope
[INFO] [stdout]   |
[INFO] [stdout] help: consider importing this tuple struct
[INFO] [stdout]   |
[INFO] [stdout] 2 + use Color::RGB;
[INFO] [stdout]   |
[INFO] [stdout] 
[INFO] [stdout] error: aborting due to 1 previous error
[INFO] [stdout] 
[INFO] [stdout] For more information about this error, try `rustc --explain E0425`.
[INFO] [stdout] Couldn't compile the test.
[INFO] [stdout] ---- src/lib.rs - RGB::to_hex (line 44) stdout ----
[INFO] [stdout] error[E0425]: cannot find value `rgb` in this scope
[INFO] [stdout]  --> src/lib.rs:45:17
[INFO] [stdout]   |
[INFO] [stdout] 3 | let color_hex = rgb.to_hex();
[INFO] [stdout]   |                 ^^^ not found in this scope
[INFO] [stdout] 
[INFO] [stdout] error: aborting due to 1 previous error
[INFO] [stdout] 
[INFO] [stdout] For more information about this error, try `rustc --explain E0425`.
[INFO] [stdout] Couldn't compile the test.
[INFO] [stdout] ---- src/lib.rs - RGB::contrast_ratio (line 53) stdout ----
[INFO] [stdout] error[E0425]: cannot find value `rgb` in this scope
[INFO] [stdout]  --> src/lib.rs:54:16
[INFO] [stdout]   |
[INFO] [stdout] 3 | let contrast = rgb.contrast_ratio([0, 0, 0]);
[INFO] [stdout]   |                ^^^ not found in this scope
[INFO] [stdout] 
[INFO] [stdout] error: aborting due to 1 previous error
[INFO] [stdout] 
[INFO] [stdout] For more information about this error, try `rustc --explain E0425`.
[INFO] [stdout] Couldn't compile the test.
[INFO] [stdout] ---- src/lib.rs - RGB::from_hex (line 63) stdout ----
[INFO] [stdout] error[E0433]: failed to resolve: use of undeclared type `RGB`
[INFO] [stdout]  --> src/lib.rs:64:12
[INFO] [stdout]   |
[INFO] [stdout] 3 | let rgb2 = RGB::from_hex("#00ff00");
[INFO] [stdout]   |            ^^^ use of undeclared type `RGB`
[INFO] [stdout]   |
[INFO] [stdout] help: consider importing this struct
[INFO] [stdout]   |
[INFO] [stdout] 2 + use Color::RGB;
[INFO] [stdout]   |
[INFO] [stdout] 
[INFO] [stdout] error: aborting due to 1 previous error
[INFO] [stdout] 
[INFO] [stdout] For more information about this error, try `rustc --explain E0433`.
[INFO] [stdout] Couldn't compile the test.
[INFO] [stdout] ---- src/lib.rs - RGB::inverted (line 32) stdout ----
[INFO] [stdout] error[E0425]: cannot find value `rgb` in this scope
[INFO] [stdout]  --> src/lib.rs:33:20
[INFO] [stdout]   |
[INFO] [stdout] 3 | let inverted_rgb = rgb.inverted();
[INFO] [stdout]   |                    ^^^ not found in this scope
[INFO] [stdout] 
[INFO] [stdout] error[E0425]: cannot find value `rgb` in this scope
[INFO] [stdout]  --> src/lib.rs:34:33
[INFO] [stdout]   |
[INFO] [stdout] 4 |     assert_eq!([255, 255, 255], rgb.0);
[INFO] [stdout]   |                                 ^^^ not found in this scope
[INFO] [stdout] 
[INFO] [stdout] error: aborting due to 2 previous errors
[INFO] [stdout] 
[INFO] [stdout] For more information about this error, try `rustc --explain E0425`.
[INFO] [stdout] Couldn't compile the test.
[INFO] [stdout] 
[INFO] [stdout] failures:
[INFO] [stdout]     src/lib.rs - RGB (line 25)
[INFO] [stdout]     src/lib.rs - RGB::contrast_ratio (line 53)
[INFO] [stdout]     src/lib.rs - RGB::from_hex (line 63)
[INFO] [stdout]     src/lib.rs - RGB::inverted (line 32)
[INFO] [stdout]     src/lib.rs - RGB::to_hex (line 44)
[INFO] [stdout]     src/lib.rs - luminance (line 7)
[INFO] [stdout] 
[INFO] [stdout] test result: FAILED. 0 passed; 6 failed; 0 ignored; 0 measured; 0 filtered out; finished in 0.15s
[INFO] [stdout] 
[INFO] [stderr] error: doctest failed, to rerun pass `--doc`
[INFO] running `Command { std: "docker" "inspect" "302a1a531e5728d43e9bb40119533432528aff02020e16a4ffe25c61cea74480", kill_on_drop: false }`
[INFO] running `Command { std: "docker" "rm" "-f" "302a1a531e5728d43e9bb40119533432528aff02020e16a4ffe25c61cea74480", kill_on_drop: false }`
[INFO] [stdout] 302a1a531e5728d43e9bb40119533432528aff02020e16a4ffe25c61cea74480
