[INFO] fetching crate regex_with_derive 0.1.1...
[INFO] testing regex_with_derive-0.1.1 against 1.83.0 for beta-1.84.0-4-retry
[INFO] extracting crate regex_with_derive 0.1.1 into /workspace/builds/worker-5-tc1/source
[INFO] validating manifest of crates.io crate regex_with_derive 0.1.1 on toolchain 1.83.0
[INFO] running `Command { std: CARGO_HOME="/workspace/cargo-home" RUSTUP_HOME="/workspace/rustup-home" "/workspace/cargo-home/bin/cargo" "+1.83.0" "metadata" "--manifest-path" "Cargo.toml" "--no-deps", kill_on_drop: false }`
[INFO] started tweaking crates.io crate regex_with_derive 0.1.1
[INFO] finished tweaking crates.io crate regex_with_derive 0.1.1
[INFO] tweaked toml for crates.io crate regex_with_derive 0.1.1 written to /workspace/builds/worker-5-tc1/source/Cargo.toml
[INFO] running `Command { std: CARGO_HOME="/workspace/cargo-home" RUSTUP_HOME="/workspace/rustup-home" "/workspace/cargo-home/bin/cargo" "+1.83.0" "generate-lockfile" "--manifest-path" "Cargo.toml", kill_on_drop: false }`
[INFO] [stderr]     Updating crates.io index
[INFO] [stderr]      Locking 6 packages to latest compatible versions
[INFO] running `Command { std: CARGO_HOME="/workspace/cargo-home" RUSTUP_HOME="/workspace/rustup-home" "/workspace/cargo-home/bin/cargo" "+1.83.0" "fetch" "--manifest-path" "Cargo.toml", kill_on_drop: false }`
[INFO] running `Command { std: "docker" "create" "-v" "/var/lib/crater-agent-workspace/builds/worker-5-tc1/target:/opt/rustwide/target:rw,Z" "-v" "/var/lib/crater-agent-workspace/builds/worker-5-tc1/source:/opt/rustwide/workdir:ro,Z" "-v" "/var/lib/crater-agent-workspace/cargo-home:/opt/rustwide/cargo-home:ro,Z" "-v" "/var/lib/crater-agent-workspace/rustup-home:/opt/rustwide/rustup-home:ro,Z" "-e" "SOURCE_DIR=/opt/rustwide/workdir" "-e" "CARGO_TARGET_DIR=/opt/rustwide/target" "-e" "CARGO_HOME=/opt/rustwide/cargo-home" "-e" "RUSTUP_HOME=/opt/rustwide/rustup-home" "-w" "/opt/rustwide/workdir" "-m" "1610612736" "--user" "0:0" "--network" "none" "ghcr.io/rust-lang/crates-build-env/linux@sha256:f3a9d4ad9d972b27faf3965f35b62e55ba32bbce8f20bc8fe909558a86702fde" "/opt/rustwide/cargo-home/bin/cargo" "+1.83.0" "metadata" "--no-deps" "--format-version=1", kill_on_drop: false }`
[INFO] [stdout] 13f0c6762c765a139bf7e6c1494b5993ebd172843c841e75772d12d10f4b91a0
[INFO] running `Command { std: "docker" "start" "-a" "13f0c6762c765a139bf7e6c1494b5993ebd172843c841e75772d12d10f4b91a0", kill_on_drop: false }`
[INFO] running `Command { std: "docker" "inspect" "13f0c6762c765a139bf7e6c1494b5993ebd172843c841e75772d12d10f4b91a0", kill_on_drop: false }`
[INFO] running `Command { std: "docker" "rm" "-f" "13f0c6762c765a139bf7e6c1494b5993ebd172843c841e75772d12d10f4b91a0", kill_on_drop: false }`
[INFO] [stdout] 13f0c6762c765a139bf7e6c1494b5993ebd172843c841e75772d12d10f4b91a0
[INFO] running `Command { std: "docker" "create" "-v" "/var/lib/crater-agent-workspace/builds/worker-5-tc1/target:/opt/rustwide/target:rw,Z" "-v" "/var/lib/crater-agent-workspace/builds/worker-5-tc1/source:/opt/rustwide/workdir:ro,Z" "-v" "/var/lib/crater-agent-workspace/cargo-home:/opt/rustwide/cargo-home:ro,Z" "-v" "/var/lib/crater-agent-workspace/rustup-home:/opt/rustwide/rustup-home:ro,Z" "-e" "SOURCE_DIR=/opt/rustwide/workdir" "-e" "CARGO_TARGET_DIR=/opt/rustwide/target" "-e" "CARGO_INCREMENTAL=0" "-e" "RUST_BACKTRACE=full" "-e" "RUSTFLAGS=--cap-lints=warn" "-e" "RUSTDOCFLAGS=--cap-lints=warn" "-e" "CARGO_HOME=/opt/rustwide/cargo-home" "-e" "RUSTUP_HOME=/opt/rustwide/rustup-home" "-w" "/opt/rustwide/workdir" "-m" "1610612736" "--user" "0:0" "--network" "none" "ghcr.io/rust-lang/crates-build-env/linux@sha256:f3a9d4ad9d972b27faf3965f35b62e55ba32bbce8f20bc8fe909558a86702fde" "/opt/rustwide/cargo-home/bin/cargo" "+1.83.0" "build" "--frozen" "--message-format=json", kill_on_drop: false }`
[INFO] [stdout] d3a5e537f3915f956ae12003761814b270041a7ad8376d705787db43a513bd13
[INFO] running `Command { std: "docker" "start" "-a" "d3a5e537f3915f956ae12003761814b270041a7ad8376d705787db43a513bd13", kill_on_drop: false }`
[INFO] [stderr]    Compiling proc-macro2 v1.0.92
[INFO] [stderr]    Compiling unicode-ident v1.0.14
[INFO] [stderr]    Compiling quote v1.0.37
[INFO] [stderr]    Compiling syn v2.0.90
[INFO] [stderr]    Compiling regex_with_derive v0.1.1 (/opt/rustwide/workdir)
[INFO] [stderr]     Finished `dev` profile [unoptimized + debuginfo] target(s) in 4.61s
[INFO] running `Command { std: "docker" "inspect" "d3a5e537f3915f956ae12003761814b270041a7ad8376d705787db43a513bd13", kill_on_drop: false }`
[INFO] running `Command { std: "docker" "rm" "-f" "d3a5e537f3915f956ae12003761814b270041a7ad8376d705787db43a513bd13", kill_on_drop: false }`
[INFO] [stdout] d3a5e537f3915f956ae12003761814b270041a7ad8376d705787db43a513bd13
[INFO] running `Command { std: "docker" "create" "-v" "/var/lib/crater-agent-workspace/builds/worker-5-tc1/target:/opt/rustwide/target:rw,Z" "-v" "/var/lib/crater-agent-workspace/builds/worker-5-tc1/source:/opt/rustwide/workdir:ro,Z" "-v" "/var/lib/crater-agent-workspace/cargo-home:/opt/rustwide/cargo-home:ro,Z" "-v" "/var/lib/crater-agent-workspace/rustup-home:/opt/rustwide/rustup-home:ro,Z" "-e" "SOURCE_DIR=/opt/rustwide/workdir" "-e" "CARGO_TARGET_DIR=/opt/rustwide/target" "-e" "CARGO_INCREMENTAL=0" "-e" "RUST_BACKTRACE=full" "-e" "RUSTFLAGS=--cap-lints=warn" "-e" "RUSTDOCFLAGS=--cap-lints=warn" "-e" "CARGO_HOME=/opt/rustwide/cargo-home" "-e" "RUSTUP_HOME=/opt/rustwide/rustup-home" "-w" "/opt/rustwide/workdir" "-m" "1610612736" "--user" "0:0" "--network" "none" "ghcr.io/rust-lang/crates-build-env/linux@sha256:f3a9d4ad9d972b27faf3965f35b62e55ba32bbce8f20bc8fe909558a86702fde" "/opt/rustwide/cargo-home/bin/cargo" "+1.83.0" "test" "--frozen" "--no-run" "--message-format=json", kill_on_drop: false }`
[INFO] [stdout] 933499f9c68c979a71cc5ca8be27b895128a01badac58532a9c8446313d54790
[INFO] running `Command { std: "docker" "start" "-a" "933499f9c68c979a71cc5ca8be27b895128a01badac58532a9c8446313d54790", kill_on_drop: false }`
[INFO] [stderr]    Compiling serde v1.0.216
[INFO] [stderr]    Compiling serde_derive v1.0.216
[INFO] [stderr]    Compiling regex_with_derive v0.1.1 (/opt/rustwide/workdir)
[INFO] [stderr]     Finished `test` profile [unoptimized + debuginfo] target(s) in 7.40s
[INFO] running `Command { std: "docker" "inspect" "933499f9c68c979a71cc5ca8be27b895128a01badac58532a9c8446313d54790", kill_on_drop: false }`
[INFO] running `Command { std: "docker" "rm" "-f" "933499f9c68c979a71cc5ca8be27b895128a01badac58532a9c8446313d54790", kill_on_drop: false }`
[INFO] [stdout] 933499f9c68c979a71cc5ca8be27b895128a01badac58532a9c8446313d54790
[INFO] running `Command { std: "docker" "create" "-v" "/var/lib/crater-agent-workspace/builds/worker-5-tc1/target:/opt/rustwide/target:rw,Z" "-v" "/var/lib/crater-agent-workspace/builds/worker-5-tc1/source:/opt/rustwide/workdir:ro,Z" "-v" "/var/lib/crater-agent-workspace/cargo-home:/opt/rustwide/cargo-home:ro,Z" "-v" "/var/lib/crater-agent-workspace/rustup-home:/opt/rustwide/rustup-home:ro,Z" "-e" "SOURCE_DIR=/opt/rustwide/workdir" "-e" "CARGO_TARGET_DIR=/opt/rustwide/target" "-e" "CARGO_INCREMENTAL=0" "-e" "RUST_BACKTRACE=full" "-e" "RUSTFLAGS=--cap-lints=warn" "-e" "RUSTDOCFLAGS=--cap-lints=warn" "-e" "CARGO_HOME=/opt/rustwide/cargo-home" "-e" "RUSTUP_HOME=/opt/rustwide/rustup-home" "-w" "/opt/rustwide/workdir" "-m" "1610612736" "--user" "0:0" "--network" "none" "ghcr.io/rust-lang/crates-build-env/linux@sha256:f3a9d4ad9d972b27faf3965f35b62e55ba32bbce8f20bc8fe909558a86702fde" "/opt/rustwide/cargo-home/bin/cargo" "+1.83.0" "test" "--frozen", kill_on_drop: false }`
[INFO] [stdout] 751fe3e64ed67fe0aac975a37e4764cf97dcaf71c19968812a607ecc4abc2072
[INFO] running `Command { std: "docker" "start" "-a" "751fe3e64ed67fe0aac975a37e4764cf97dcaf71c19968812a607ecc4abc2072", kill_on_drop: false }`
[INFO] [stderr]     Finished `test` profile [unoptimized + debuginfo] target(s) in 0.03s
[INFO] [stderr]      Running unittests src/lib.rs (/opt/rustwide/target/debug/deps/regex_with_derive-4ad824db83a90a64)
[INFO] [stdout] 
[INFO] [stdout] running 0 tests
[INFO] [stdout] 
[INFO] [stdout] test result: ok. 0 passed; 0 failed; 0 ignored; 0 measured; 0 filtered out; finished in 0.00s
[INFO] [stdout] 
[INFO] [stderr]    Doc-tests regex_with_derive
[INFO] [stdout] 
[INFO] [stdout] running 2 tests
[INFO] [stdout] test src/lib.rs - capturable_derive (line 26) ... FAILED
[INFO] [stdout] test src/lib.rs - de_from_str_derive (line 83) ... FAILED
[INFO] [stdout] 
[INFO] [stdout] failures:
[INFO] [stdout] 
[INFO] [stdout] ---- src/lib.rs - capturable_derive (line 26) stdout ----
[INFO] [stdout] error[E0432]: unresolved import `regex_with`
[INFO] [stdout]  --> src/lib.rs:27:5
[INFO] [stdout]   |
[INFO] [stdout] 3 | use regex_with::Capturable;
[INFO] [stdout]   |     ^^^^^^^^^^ use of undeclared crate or module `regex_with`
[INFO] [stdout] 
[INFO] [stdout] error: cannot find attribute `regex_with` in this scope
[INFO] [stdout]  --> src/lib.rs:29:3
[INFO] [stdout]   |
[INFO] [stdout] 5 | #[regex_with(re = "^\\d+")]
[INFO] [stdout]   |   ^^^^^^^^^^
[INFO] [stdout] 
[INFO] [stdout] error: aborting due to 2 previous errors
[INFO] [stdout] 
[INFO] [stdout] For more information about this error, try `rustc --explain E0432`.
[INFO] [stdout] Couldn't compile the test.
[INFO] [stdout] ---- src/lib.rs - de_from_str_derive (line 83) stdout ----
[INFO] [stdout] error[E0433]: failed to resolve: use of undeclared crate or module `regex_with`
[INFO] [stdout]  --> src/lib.rs:84:5
[INFO] [stdout]   |
[INFO] [stdout] 3 | use regex_with::{Capturable, de::FromStr};
[INFO] [stdout]   |     ^^^^^^^^^^ use of undeclared crate or module `regex_with`
[INFO] [stdout] 
[INFO] [stdout] error[E0432]: unresolved import `regex_with`
[INFO] [stdout]  --> src/lib.rs:84:5
[INFO] [stdout]   |
[INFO] [stdout] 3 | use regex_with::{Capturable, de::FromStr};
[INFO] [stdout]   |     ^^^^^^^^^^ use of undeclared crate or module `regex_with`
[INFO] [stdout] 
[INFO] [stdout] error: cannot find attribute `regex_with` in this scope
[INFO] [stdout]  --> src/lib.rs:86:3
[INFO] [stdout]   |
[INFO] [stdout] 5 | #[regex_with(re = "^(?P<id>\\d+)$")]
[INFO] [stdout]   |   ^^^^^^^^^^
[INFO] [stdout] 
[INFO] [stdout] error[E0277]: the trait bound `Record: FromStr` is not satisfied
[INFO] [stdout]   --> src/lib.rs:91:28
[INFO] [stdout]    |
[INFO] [stdout] 10 | let record: Record = "123".parse().unwrap();
[INFO] [stdout]    |                            ^^^^^ the trait `FromStr` is not implemented for `Record`
[INFO] [stdout]    |
[INFO] [stdout]    = help: the following other types implement trait `FromStr`:
[INFO] [stdout]              IpAddr
[INFO] [stdout]              Ipv4Addr
[INFO] [stdout]              Ipv6Addr
[INFO] [stdout]              NonZero<i128>
[INFO] [stdout]              NonZero<i16>
[INFO] [stdout]              NonZero<i32>
[INFO] [stdout]              NonZero<i64>
[INFO] [stdout]              NonZero<i8>
[INFO] [stdout]            and 33 others
[INFO] [stdout] note: required by a bound in `core::str::<impl str>::parse`
[INFO] [stdout]   --> /rustc/90b35a6239c3d8bdabc530a6a0816f7ff89a0aaf/library/core/src/str/mod.rs:2403:5
[INFO] [stdout] 
[INFO] [stdout] error: aborting due to 4 previous errors
[INFO] [stdout] 
[INFO] [stdout] Some errors have detailed explanations: E0277, E0432, E0433.
[INFO] [stdout] For more information about an error, try `rustc --explain E0277`.
[INFO] [stdout] Couldn't compile the test.
[INFO] [stdout] 
[INFO] [stdout] failures:
[INFO] [stdout]     src/lib.rs - capturable_derive (line 26)
[INFO] [stderr] error: doctest failed, to rerun pass `--doc`
[INFO] [stdout]     src/lib.rs - de_from_str_derive (line 83)
[INFO] [stdout] 
[INFO] [stdout] test result: FAILED. 0 passed; 2 failed; 0 ignored; 0 measured; 0 filtered out; finished in 0.17s
[INFO] [stdout] 
[INFO] running `Command { std: "docker" "inspect" "751fe3e64ed67fe0aac975a37e4764cf97dcaf71c19968812a607ecc4abc2072", kill_on_drop: false }`
[INFO] running `Command { std: "docker" "rm" "-f" "751fe3e64ed67fe0aac975a37e4764cf97dcaf71c19968812a607ecc4abc2072", kill_on_drop: false }`
[INFO] [stdout] 751fe3e64ed67fe0aac975a37e4764cf97dcaf71c19968812a607ecc4abc2072
