[INFO] fetching crate redis-protocol 6.0.0...
[INFO] testing redis-protocol-6.0.0 against 1.83.0 for beta-1.84.0-4-retry
[INFO] extracting crate redis-protocol 6.0.0 into /workspace/builds/worker-6-tc1/source
[INFO] validating manifest of crates.io crate redis-protocol 6.0.0 on toolchain 1.83.0
[INFO] running `Command { std: CARGO_HOME="/workspace/cargo-home" RUSTUP_HOME="/workspace/rustup-home" "/workspace/cargo-home/bin/cargo" "+1.83.0" "metadata" "--manifest-path" "Cargo.toml" "--no-deps", kill_on_drop: false }`
[INFO] started tweaking crates.io crate redis-protocol 6.0.0
[INFO] removed 0 missing tests
[INFO] finished tweaking crates.io crate redis-protocol 6.0.0
[INFO] tweaked toml for crates.io crate redis-protocol 6.0.0 written to /workspace/builds/worker-6-tc1/source/Cargo.toml
[INFO] running `Command { std: CARGO_HOME="/workspace/cargo-home" RUSTUP_HOME="/workspace/rustup-home" "/workspace/cargo-home/bin/cargo" "+1.83.0" "generate-lockfile" "--manifest-path" "Cargo.toml", kill_on_drop: false }`
[INFO] [stderr]     Updating crates.io index
[INFO] [stderr]      Locking 138 packages to latest compatible versions
[INFO] [stderr]       Adding cookie-factory v0.3.2 (available: v0.3.3)
[INFO] [stderr]       Adding criterion v0.4.0 (available: v0.5.1)
[INFO] [stderr]       Adding hashbrown v0.14.5 (available: v0.15.2)
[INFO] [stderr]       Adding itertools v0.12.1 (available: v0.13.0)
[INFO] running `Command { std: CARGO_HOME="/workspace/cargo-home" RUSTUP_HOME="/workspace/rustup-home" "/workspace/cargo-home/bin/cargo" "+1.83.0" "fetch" "--manifest-path" "Cargo.toml", kill_on_drop: false }`
[INFO] [stderr]     Blocking waiting for file lock on package cache
[INFO] [stderr]     Blocking waiting for file lock on package cache
[INFO] running `Command { std: "docker" "create" "-v" "/var/lib/crater-agent-workspace/builds/worker-6-tc1/target:/opt/rustwide/target:rw,Z" "-v" "/var/lib/crater-agent-workspace/builds/worker-6-tc1/source:/opt/rustwide/workdir:ro,Z" "-v" "/var/lib/crater-agent-workspace/cargo-home:/opt/rustwide/cargo-home:ro,Z" "-v" "/var/lib/crater-agent-workspace/rustup-home:/opt/rustwide/rustup-home:ro,Z" "-e" "SOURCE_DIR=/opt/rustwide/workdir" "-e" "CARGO_TARGET_DIR=/opt/rustwide/target" "-e" "CARGO_HOME=/opt/rustwide/cargo-home" "-e" "RUSTUP_HOME=/opt/rustwide/rustup-home" "-w" "/opt/rustwide/workdir" "-m" "1610612736" "--user" "0:0" "--network" "none" "ghcr.io/rust-lang/crates-build-env/linux@sha256:f3a9d4ad9d972b27faf3965f35b62e55ba32bbce8f20bc8fe909558a86702fde" "/opt/rustwide/cargo-home/bin/cargo" "+1.83.0" "metadata" "--no-deps" "--format-version=1", kill_on_drop: false }`
[INFO] [stdout] ab00fe4594e0a6919e537fdb3a663e383233dded58633ba6587dbfdf9da8d6f3
[INFO] running `Command { std: "docker" "start" "-a" "ab00fe4594e0a6919e537fdb3a663e383233dded58633ba6587dbfdf9da8d6f3", kill_on_drop: false }`
[INFO] running `Command { std: "docker" "inspect" "ab00fe4594e0a6919e537fdb3a663e383233dded58633ba6587dbfdf9da8d6f3", kill_on_drop: false }`
[INFO] running `Command { std: "docker" "rm" "-f" "ab00fe4594e0a6919e537fdb3a663e383233dded58633ba6587dbfdf9da8d6f3", kill_on_drop: false }`
[INFO] [stdout] ab00fe4594e0a6919e537fdb3a663e383233dded58633ba6587dbfdf9da8d6f3
[INFO] running `Command { std: "docker" "create" "-v" "/var/lib/crater-agent-workspace/builds/worker-6-tc1/target:/opt/rustwide/target:rw,Z" "-v" "/var/lib/crater-agent-workspace/builds/worker-6-tc1/source:/opt/rustwide/workdir:ro,Z" "-v" "/var/lib/crater-agent-workspace/cargo-home:/opt/rustwide/cargo-home:ro,Z" "-v" "/var/lib/crater-agent-workspace/rustup-home:/opt/rustwide/rustup-home:ro,Z" "-e" "SOURCE_DIR=/opt/rustwide/workdir" "-e" "CARGO_TARGET_DIR=/opt/rustwide/target" "-e" "CARGO_INCREMENTAL=0" "-e" "RUST_BACKTRACE=full" "-e" "RUSTFLAGS=--cap-lints=warn" "-e" "RUSTDOCFLAGS=--cap-lints=warn" "-e" "CARGO_HOME=/opt/rustwide/cargo-home" "-e" "RUSTUP_HOME=/opt/rustwide/rustup-home" "-w" "/opt/rustwide/workdir" "-m" "1610612736" "--user" "0:0" "--network" "none" "ghcr.io/rust-lang/crates-build-env/linux@sha256:f3a9d4ad9d972b27faf3965f35b62e55ba32bbce8f20bc8fe909558a86702fde" "/opt/rustwide/cargo-home/bin/cargo" "+1.83.0" "build" "--frozen" "--message-format=json", kill_on_drop: false }`
[INFO] [stdout] 99e9f74d17a2b89f22dcef07e5aa6c077258c31c69c9a28c079270cdf79243fd
[INFO] running `Command { std: "docker" "start" "-a" "99e9f74d17a2b89f22dcef07e5aa6c077258c31c69c9a28c079270cdf79243fd", kill_on_drop: false }`
[INFO] [stderr]    Compiling crc16 v0.4.0
[INFO] [stderr]    Compiling memchr v2.7.4
[INFO] [stderr]    Compiling minimal-lexical v0.2.1
[INFO] [stderr]    Compiling cookie-factory v0.3.2
[INFO] [stderr]    Compiling log v0.4.22
[INFO] [stderr]    Compiling nom v7.1.3
[INFO] [stderr]    Compiling redis-protocol v6.0.0 (/opt/rustwide/workdir)
[INFO] [stderr]     Finished `dev` profile [unoptimized + debuginfo] target(s) in 4.17s
[INFO] running `Command { std: "docker" "inspect" "99e9f74d17a2b89f22dcef07e5aa6c077258c31c69c9a28c079270cdf79243fd", kill_on_drop: false }`
[INFO] running `Command { std: "docker" "rm" "-f" "99e9f74d17a2b89f22dcef07e5aa6c077258c31c69c9a28c079270cdf79243fd", kill_on_drop: false }`
[INFO] [stdout] 99e9f74d17a2b89f22dcef07e5aa6c077258c31c69c9a28c079270cdf79243fd
[INFO] running `Command { std: "docker" "create" "-v" "/var/lib/crater-agent-workspace/builds/worker-6-tc1/target:/opt/rustwide/target:rw,Z" "-v" "/var/lib/crater-agent-workspace/builds/worker-6-tc1/source:/opt/rustwide/workdir:ro,Z" "-v" "/var/lib/crater-agent-workspace/cargo-home:/opt/rustwide/cargo-home:ro,Z" "-v" "/var/lib/crater-agent-workspace/rustup-home:/opt/rustwide/rustup-home:ro,Z" "-e" "SOURCE_DIR=/opt/rustwide/workdir" "-e" "CARGO_TARGET_DIR=/opt/rustwide/target" "-e" "CARGO_INCREMENTAL=0" "-e" "RUST_BACKTRACE=full" "-e" "RUSTFLAGS=--cap-lints=warn" "-e" "RUSTDOCFLAGS=--cap-lints=warn" "-e" "CARGO_HOME=/opt/rustwide/cargo-home" "-e" "RUSTUP_HOME=/opt/rustwide/rustup-home" "-w" "/opt/rustwide/workdir" "-m" "1610612736" "--user" "0:0" "--network" "none" "ghcr.io/rust-lang/crates-build-env/linux@sha256:f3a9d4ad9d972b27faf3965f35b62e55ba32bbce8f20bc8fe909558a86702fde" "/opt/rustwide/cargo-home/bin/cargo" "+1.83.0" "test" "--frozen" "--no-run" "--message-format=json", kill_on_drop: false }`
[INFO] [stdout] a2874883d4ab4d02868cf0099f5d0e2ecd27391f7b1b5a92cb420511346b4599
[INFO] running `Command { std: "docker" "start" "-a" "a2874883d4ab4d02868cf0099f5d0e2ecd27391f7b1b5a92cb420511346b4599", kill_on_drop: false }`
[INFO] [stderr]    Compiling proc-macro2 v1.0.92
[INFO] [stderr]    Compiling autocfg v1.4.0
[INFO] [stderr]    Compiling unicode-ident v1.0.14
[INFO] [stderr]    Compiling libc v0.2.168
[INFO] [stderr]    Compiling memchr v2.7.4
[INFO] [stderr]    Compiling cfg-if v1.0.0
[INFO] [stderr]    Compiling crossbeam-utils v0.8.20
[INFO] [stderr]    Compiling serde v1.0.216
[INFO] [stderr]    Compiling either v1.13.0
[INFO] [stderr]    Compiling regex-syntax v0.8.5
[INFO] [stderr]    Compiling futures-sink v0.3.31
[INFO] [stderr]    Compiling rayon-core v1.12.1
[INFO] [stderr]    Compiling parking_lot_core v0.9.10
[INFO] [stderr]    Compiling serde_json v1.0.133
[INFO] [stderr]    Compiling pin-project-lite v0.2.15
[INFO] [stderr]    Compiling futures-core v0.3.31
[INFO] [stderr]    Compiling byteorder v1.5.0
[INFO] [stderr]    Compiling half v2.4.1
[INFO] [stderr]    Compiling futures-channel v0.3.31
[INFO] [stderr]    Compiling scopeguard v1.2.0
[INFO] [stderr]    Compiling pin-utils v0.1.0
[INFO] [stderr]    Compiling ciborium-io v0.2.2
[INFO] [stderr]    Compiling plotters-backend v0.3.7
[INFO] [stderr]    Compiling log v0.4.22
[INFO] [stderr]    Compiling futures-io v0.3.31
[INFO] [stderr]    Compiling futures-task v0.3.31
[INFO] [stderr]    Compiling itoa v1.0.14
[INFO] [stderr]    Compiling ryu v1.0.18
[INFO] [stderr]    Compiling smallvec v1.13.2
[INFO] [stderr]    Compiling os_str_bytes v6.6.1
[INFO] [stderr]    Compiling hashbrown v0.12.3
[INFO] [stderr]    Compiling itertools v0.10.5
[INFO] [stderr]    Compiling textwrap v0.16.1
[INFO] [stderr]    Compiling bitflags v1.3.2
[INFO] [stderr]    Compiling termcolor v1.4.1
[INFO] [stderr]    Compiling plotters-svg v0.3.7
[INFO] [stderr]    Compiling slab v0.4.9
[INFO] [stderr]    Compiling indexmap v1.9.3
[INFO] [stderr]    Compiling lock_api v0.4.12
[INFO] [stderr]    Compiling num-traits v0.2.19
[INFO] [stderr]    Compiling ciborium-ll v0.2.2
[INFO] [stderr]    Compiling clap_lex v0.2.4
[INFO] [stderr]    Compiling cast v0.3.0
[INFO] [stderr]    Compiling same-file v1.0.6
[INFO] [stderr]    Compiling humantime v2.1.0
[INFO] [stderr]    Compiling aho-corasick v1.1.3
[INFO] [stderr]    Compiling nom v7.1.3
[INFO] [stderr]    Compiling walkdir v2.5.0
[INFO] [stderr]    Compiling oorandom v11.1.4
[INFO] [stderr]    Compiling lazy_static v1.5.0
[INFO] [stderr]    Compiling anes v0.1.6
[INFO] [stderr]    Compiling bytes v1.9.0
[INFO] [stderr]    Compiling getrandom v0.2.15
[INFO] [stderr]    Compiling quote v1.0.37
[INFO] [stderr]    Compiling crossbeam-epoch v0.9.18
[INFO] [stderr]    Compiling is-terminal v0.4.13
[INFO] [stderr]    Compiling rand_core v0.6.4
[INFO] [stderr]    Compiling clap v3.2.25
[INFO] [stderr]    Compiling syn v2.0.90
[INFO] [stderr]    Compiling signal-hook-registry v1.4.2
[INFO] [stderr]    Compiling mio v1.0.3
[INFO] [stderr]    Compiling socket2 v0.5.8
[INFO] [stderr]    Compiling atty v0.2.14
[INFO] [stderr]    Compiling crossbeam-deque v0.8.5
[INFO] [stderr]    Compiling parking_lot v0.12.3
[INFO] [stderr]    Compiling itertools v0.12.1
[INFO] [stderr]    Compiling criterion-plot v0.5.0
[INFO] [stderr]    Compiling regex-automata v0.4.9
[INFO] [stderr]    Compiling plotters v0.3.7
[INFO] [stderr]    Compiling rayon v1.10.0
[INFO] [stderr]    Compiling redis-protocol v6.0.0 (/opt/rustwide/workdir)
[INFO] [stderr]    Compiling regex v1.11.1
[INFO] [stderr]    Compiling serde_derive v1.0.216
[INFO] [stderr]    Compiling zerocopy-derive v0.7.35
[INFO] [stderr]    Compiling futures-macro v0.3.31
[INFO] [stderr]    Compiling tokio-macros v2.4.0
[INFO] [stderr]    Compiling env_logger v0.10.2
[INFO] [stderr]    Compiling pretty_env_logger v0.5.0
[INFO] [stderr]    Compiling tokio v1.42.0
[INFO] [stderr]    Compiling futures-util v0.3.31
[INFO] [stderr]    Compiling zerocopy v0.7.35
[INFO] [stderr]    Compiling ppv-lite86 v0.2.20
[INFO] [stderr]    Compiling rand_chacha v0.3.1
[INFO] [stderr]    Compiling rand v0.8.5
[INFO] [stderr]    Compiling futures-executor v0.3.31
[INFO] [stderr]    Compiling futures v0.3.31
[INFO] [stderr]    Compiling ciborium v0.2.2
[INFO] [stderr]    Compiling tinytemplate v1.2.1
[INFO] [stderr]    Compiling criterion v0.4.0
[INFO] [stderr]     Finished `test` profile [unoptimized + debuginfo] target(s) in 27.77s
[INFO] running `Command { std: "docker" "inspect" "a2874883d4ab4d02868cf0099f5d0e2ecd27391f7b1b5a92cb420511346b4599", kill_on_drop: false }`
[INFO] running `Command { std: "docker" "rm" "-f" "a2874883d4ab4d02868cf0099f5d0e2ecd27391f7b1b5a92cb420511346b4599", kill_on_drop: false }`
[INFO] [stdout] a2874883d4ab4d02868cf0099f5d0e2ecd27391f7b1b5a92cb420511346b4599
[INFO] running `Command { std: "docker" "create" "-v" "/var/lib/crater-agent-workspace/builds/worker-6-tc1/target:/opt/rustwide/target:rw,Z" "-v" "/var/lib/crater-agent-workspace/builds/worker-6-tc1/source:/opt/rustwide/workdir:ro,Z" "-v" "/var/lib/crater-agent-workspace/cargo-home:/opt/rustwide/cargo-home:ro,Z" "-v" "/var/lib/crater-agent-workspace/rustup-home:/opt/rustwide/rustup-home:ro,Z" "-e" "SOURCE_DIR=/opt/rustwide/workdir" "-e" "CARGO_TARGET_DIR=/opt/rustwide/target" "-e" "CARGO_INCREMENTAL=0" "-e" "RUST_BACKTRACE=full" "-e" "RUSTFLAGS=--cap-lints=warn" "-e" "RUSTDOCFLAGS=--cap-lints=warn" "-e" "CARGO_HOME=/opt/rustwide/cargo-home" "-e" "RUSTUP_HOME=/opt/rustwide/rustup-home" "-w" "/opt/rustwide/workdir" "-m" "1610612736" "--user" "0:0" "--network" "none" "ghcr.io/rust-lang/crates-build-env/linux@sha256:f3a9d4ad9d972b27faf3965f35b62e55ba32bbce8f20bc8fe909558a86702fde" "/opt/rustwide/cargo-home/bin/cargo" "+1.83.0" "test" "--frozen", kill_on_drop: false }`
[INFO] [stdout] 44556957c35f537ee8384d37877896d8004f678b212231731f261215dccf16ca
[INFO] running `Command { std: "docker" "start" "-a" "44556957c35f537ee8384d37877896d8004f678b212231731f261215dccf16ca", kill_on_drop: false }`
[INFO] [stderr]     Finished `test` profile [unoptimized + debuginfo] target(s) in 0.10s
[INFO] [stderr]      Running unittests src/lib.rs (/opt/rustwide/target/debug/deps/redis_protocol-3e9c3cf011e0bdc9)
[INFO] [stdout] 
[INFO] [stdout] running 141 tests
[INFO] [stdout] test int2dec::tests::should_convert_i64_42 ... ok
[INFO] [stdout] test int2dec::tests::should_convert_i64_max ... ok
[INFO] [stdout] test int2dec::tests::should_convert_i64_neg_42 ... ok
[INFO] [stdout] test int2dec::tests::should_convert_i64_min ... ok
[INFO] [stdout] test int2dec::tests::should_convert_i64_zero ... ok
[INFO] [stdout] test int2dec::tests::should_convert_lt_12_dec ... ok
[INFO] [stdout] test int2dec::tests::should_convert_lt_16_dec ... ok
[INFO] [stdout] test int2dec::tests::should_convert_lt_8_dec ... ok
[INFO] [stdout] test int2dec::tests::should_convert_max ... ok
[INFO] [stdout] test int2dec::tests::should_convert_u64_1000 ... ok
[INFO] [stdout] test int2dec::tests::should_convert_lt_20_dec ... ok
[INFO] [stdout] test resp2::decode::owned_tests::should_decode_array_no_nulls ... ok
[INFO] [stdout] test resp2::decode::owned_tests::should_decode_array_nulls ... ok
[INFO] [stdout] test int2dec::tests::should_convert_zero ... ok
[INFO] [stdout] test resp2::decode::owned_tests::should_decode_bulk_string ... ok
[INFO] [stdout] test resp2::decode::owned_tests::should_decode_ask_error ... ok
[INFO] [stdout] test resp2::decode::owned_tests::should_decode_incomplete ... ok
[INFO] [stdout] test int2dec::tests::should_convert_lt_4_dec ... ok
[INFO] [stdout] test resp2::decode::owned_tests::should_decode_moved_error ... ok
[INFO] [stdout] test resp2::decode::owned_tests::should_decode_llen_res_example ... ok
[INFO] [stdout] test resp2::decode::owned_tests::should_decode_normal_error ... ok
[INFO] [stdout] test resp2::encode::owned_tests::should_encode_array_null_test ... ok
[INFO] [stdout] test resp2::encode::owned_tests::should_encode_ask_error ... ok
[INFO] [stdout] test resp2::encode::owned_tests::should_encode_bitcount_req_example ... ok
[INFO] [stdout] test resp2::encode::owned_tests::should_encode_buf_array_bulk_string_test ... ok
[INFO] [stdout] test resp2::encode::owned_tests::should_encode_buf_array_null_test ... ok
[INFO] [stdout] test resp2::encode::owned_tests::should_encode_buf_bitcount_req_example ... ok
[INFO] [stdout] test resp2::decode::owned_tests::should_decode_simple_string ... ok
[INFO] [stdout] test resp2::encode::owned_tests::should_encode_buf_incr_req_example ... ok
[INFO] [stdout] test resp2::encode::owned_tests::should_encode_array_bulk_string_test ... ok
[INFO] [stdout] test resp2::encode::owned_tests::should_encode_error ... ok
[INFO] [stdout] test resp2::encode::owned_tests::should_encode_incr_req_example ... ok
[INFO] [stdout] test resp2::encode::owned_tests::should_encode_llen_req_example ... ok
[INFO] [stdout] test resp2::encode::owned_tests::should_encode_negative_integer ... ok
[INFO] [stdout] test resp2::encode::owned_tests::should_encode_moved_error ... ok
[INFO] [stdout] test resp2::encode::owned_tests::should_encode_simplestring ... ok
[INFO] [stdout] test resp2::utils::tests::should_get_encode_len_integer_as_bulkstring ... ok
[INFO] [stdout] test resp2::encode::owned_tests::should_encode_integer ... ok
[INFO] [stdout] test resp2::utils::tests::should_get_encode_len_simplestring ... ok
[INFO] [stdout] test resp2::utils::tests::should_get_encode_len_integer ... ok
[INFO] [stdout] test resp3::decode::owned_tests::should_decode_array_no_nulls ... ok
[INFO] [stdout] test resp3::decode::owned_tests::should_decode_ask_error ... ok
[INFO] [stdout] test resp2::utils::tests::should_get_encode_len_error ... ok
[INFO] [stdout] test resp3::decode::owned_tests::should_decode_blob_error ... ok
[INFO] [stdout] test resp3::decode::owned_tests::should_decode_boolean_false ... ok
[INFO] [stdout] test resp2::encode::owned_tests::should_encode_buf_llen_req_example ... ok
[INFO] [stdout] test resp3::decode::owned_tests::should_decode_boolean_true ... ok
[INFO] [stdout] test resp3::decode::owned_tests::should_decode_double_neg_inf ... ok
[INFO] [stdout] test resp3::decode::owned_tests::should_decode_hello_no_auth ... ok
[INFO] [stdout] test resp3::decode::owned_tests::should_decode_hello_with_auth_and_setname ... ok
[INFO] [stdout] test resp3::decode::owned_tests::should_decode_double_inf ... ok
[INFO] [stdout] test resp3::decode::owned_tests::should_decode_hello_with_auth_no_setname ... ok
[INFO] [stdout] test resp3::decode::owned_tests::should_decode_hello_with_setname ... ok
[INFO] [stdout] test resp3::decode::owned_tests::should_decode_incomplete ... ok
[INFO] [stdout] test resp3::decode::owned_tests::should_decode_llen_res_example ... ok
[INFO] [stdout] test resp3::decode::owned_tests::should_decode_array_nulls ... ok
[INFO] [stdout] test resp3::decode::owned_tests::should_decode_bignumber ... ok
[INFO] [stdout] test resp3::decode::owned_tests::should_decode_double ... ok
[INFO] [stdout] test resp3::decode::owned_tests::should_decode_keyevent_message ... ok
[INFO] [stdout] test resp3::decode::owned_tests::should_decode_blob_string ... ok
[INFO] [stdout] test resp3::decode::owned_tests::should_decode_moved_error ... ok
[INFO] [stdout] test resp3::decode::owned_tests::should_decode_normal_error ... ok
[INFO] [stdout] test resp3::decode::owned_tests::should_decode_number ... ok
[INFO] [stdout] test resp3::decode::owned_tests::should_decode_end_stream ... ok
[INFO] [stdout] test resp3::decode::owned_tests::should_decode_null ... ok
[INFO] [stdout] test resp3::decode::owned_tests::should_decode_set_no_nulls ... ok
[INFO] [stdout] test resp3::decode::owned_tests::should_decode_simple_error ... ok
[INFO] [stdout] test resp3::decode::owned_tests::should_decode_simple_string ... ok
[INFO] [stdout] test resp3::decode::owned_tests::should_decode_set_with_nulls ... ok
[INFO] [stdout] test resp3::decode::owned_tests::should_decode_map_with_nulls ... ok
[INFO] [stdout] test resp3::decode::owned_tests::should_decode_push_pubsub ... ok
[INFO] [stdout] test resp3::decode::owned_tests::should_decode_map_no_nulls ... ok
[INFO] [stdout] test resp3::decode::owned_tests::should_decode_push_pattern_pubsub ... ok
[INFO] [stdout] test resp3::decode::owned_tests::should_decode_streaming_map ... ok
[INFO] [stdout] test resp3::decode::owned_tests::should_decode_streaming_string ... ok
[INFO] [stdout] test resp3::decode::owned_tests::should_decode_verbatim_string_mkd ... ok
[INFO] [stdout] test resp3::decode::owned_tests::should_decode_verbatim_string_txt ... ok
[INFO] [stdout] test resp3::decode::owned_tests::should_decode_streaming_array ... ok
[INFO] [stdout] test resp3::decode::owned_tests::should_parse_inner_attributes ... ok
[INFO] [stdout] test resp3::decode::owned_tests::should_decode_streaming_set ... ok
[INFO] [stdout] test resp3::decode::owned_tests::should_parse_outer_attributes ... ok
[INFO] [stdout] test resp3::encode::owned_tests::should_encode_array_bulk_string_test ... ok
[INFO] [stdout] test resp3::encode::owned_tests::should_encode_array_null_test ... ok
[INFO] [stdout] test resp3::encode::owned_tests::should_encode_ask_error ... ok
[INFO] [stdout] test resp3::encode::owned_tests::should_encode_bignumber ... ok
[INFO] [stdout] test resp3::encode::owned_tests::should_encode_bitcount_req_example ... ok
[INFO] [stdout] test resp3::encode::owned_tests::should_encode_blobstring ... ok
[INFO] [stdout] test resp3::encode::owned_tests::should_encode_bool_false ... ok
[INFO] [stdout] test resp3::encode::owned_tests::should_encode_bool_true ... ok
[INFO] [stdout] test resp3::encode::owned_tests::should_encode_double_inf ... ok
[INFO] [stdout] test resp3::encode::owned_tests::should_encode_double_nan ... ok
[INFO] [stdout] test resp3::encode::owned_tests::should_encode_double_negative ... ok
[INFO] [stdout] test resp3::encode::owned_tests::should_encode_double_positive ... ok
[INFO] [stdout] test resp3::encode::owned_tests::should_encode_hello_with_auth ... ok
[INFO] [stdout] test resp3::encode::owned_tests::should_encode_hello_with_auth_and_setname ... ok
[INFO] [stdout] test resp3::encode::owned_tests::should_encode_error ... ok
[INFO] [stdout] test resp3::encode::owned_tests::should_encode_double_neg_inf ... ok
[INFO] [stdout] test resp3::encode::owned_tests::should_encode_hello ... ok
[INFO] [stdout] test resp3::encode::owned_tests::should_encode_bloberror ... ok
[INFO] [stdout] test resp3::encode::owned_tests::should_encode_llen_req_example ... ok
[INFO] [stdout] test resp3::encode::owned_tests::should_encode_negative_number ... ok
[INFO] [stdout] test resp3::encode::owned_tests::should_encode_null ... ok
[INFO] [stdout] test resp3::encode::owned_tests::should_encode_number ... ok
[INFO] [stdout] test resp3::encode::owned_tests::should_encode_moved_error ... ok
[INFO] [stdout] test resp3::encode::owned_tests::should_encode_push_keyspace_event ... ok
[INFO] [stdout] test resp3::encode::owned_tests::should_encode_raw_bitcount_req_example ... ok
[INFO] [stdout] test resp3::encode::owned_tests::should_encode_raw_array_bulk_string_test ... ok
[INFO] [stdout] test resp3::encode::owned_tests::should_encode_push_pubsub ... ok
[INFO] [stdout] test resp3::encode::owned_tests::should_encode_nested_map ... ok
[INFO] [stdout] test resp3::encode::owned_tests::should_encode_raw_array_null_test ... ok
[INFO] [stdout] test resp3::encode::owned_tests::should_encode_raw_llen_req_example ... ok
[INFO] [stdout] test resp3::encode::owned_tests::should_encode_simple_map ... ok
[INFO] [stdout] test resp3::encode::owned_tests::should_encode_incr_req_example ... ok
[INFO] [stdout] test resp3::encode::owned_tests::should_encode_simple_set ... ok
[INFO] [stdout] test resp3::encode::owned_tests::should_encode_raw_incr_req_example ... ok
[INFO] [stdout] test resp3::encode::owned_tests::should_encode_simplestring ... ok
[INFO] [stdout] test resp3::encode::owned_tests::should_encode_streaming_array ... ok
[INFO] [stdout] test resp3::encode::owned_tests::should_encode_streaming_blobstring ... ok
[INFO] [stdout] test resp3::encode::owned_tests::should_encode_streaming_map ... ok
[INFO] [stdout] test resp3::encode::owned_tests::should_encode_streaming_set ... ok
[INFO] [stdout] test resp3::encode::owned_tests::should_encode_verbatimstring_mkd ... ok
[INFO] [stdout] test resp3::encode::owned_tests::should_encode_verbatimstring_txt ... ok
[INFO] [stdout] test utils::tests::should_crc16_123456789 ... ok
[INFO] [stdout] test utils::tests::should_crc16_with_brackets ... ok
[INFO] [stdout] test utils::tests::should_crc16_with_invalid_brackets_lhs ... ok
[INFO] [stdout] test utils::tests::should_crc16_with_brackets_no_padding ... ok
[INFO] [stdout] test utils::tests::should_crc16_with_random_string ... ok
[INFO] [stdout] test utils::tests::should_hash_non_ascii_string_bytes ... ok
[INFO] [stdout] test utils::tests::should_hash_non_ascii_string_bytes_with_tag ... ok
[INFO] [stdout] test utils::tests::should_crc16_with_invalid_brackets_rhs ... ok
[INFO] [stdout] test utils::tests::should_hash_non_utf8_string_bytes ... ok
[INFO] [stdout] test utils::tests::should_hash_non_utf8_string_bytes_with_tag ... ok
[INFO] [stdout] test resp2::decode::owned_tests::should_decode_bulk_string_incomplete - should panic ... ok
[INFO] [stdout] test resp2::decode::owned_tests::should_decode_simple_string_incomplete - should panic ... ok
[INFO] [stdout] test resp2::decode::owned_tests::should_error_on_junk - should panic ... ok
[INFO] [stdout] test resp3::decode::owned_tests::should_decode_blob_string_incomplete - should panic ... ok
[INFO] [stdout] test resp3::decode::owned_tests::should_decode_blob_error_incomplete - should panic ... ok
[INFO] [stdout] test resp3::decode::owned_tests::should_decode_double_nan - should panic ... ok
[INFO] [stdout] test resp3::decode::owned_tests::should_decode_simple_error_incomplete - should panic ... ok
[INFO] [stdout] test resp3::decode::owned_tests::should_decode_simple_string_incomplete - should panic ... ok
[INFO] [stdout] test resp3::decode::owned_tests::should_error_on_junk - should panic ... ok
[INFO] [stdout] 
[INFO] [stdout] test result: ok. 141 passed; 0 failed; 0 ignored; 0 measured; 0 filtered out; finished in 0.04s
[INFO] [stdout] 
[INFO] [stderr]      Running tests/lib.rs (/opt/rustwide/target/debug/deps/lib-3e4395547574273e)
[INFO] [stdout] 
[INFO] [stdout] running 0 tests
[INFO] [stdout] 
[INFO] [stderr]    Doc-tests redis_protocol
[INFO] [stdout] test result: ok. 0 passed; 0 failed; 0 ignored; 0 measured; 0 filtered out; finished in 0.00s
[INFO] [stdout] 
[INFO] [stdout] 
[INFO] [stdout] running 11 tests
[INFO] [stdout] test src/utils.rs - utils::redis_keyslot (line 82) ... ignored
[INFO] [stdout] test src/resp3/encode.rs - resp3::encode::streaming (line 816) - compile ... FAILED
[INFO] [stdout] test src/../README.md - (line 200) ... FAILED
[INFO] [stdout] test src/resp3/encode.rs - resp3::encode::complete (line 703) ... FAILED
[INFO] [stdout] test src/../README.md - (line 110) ... FAILED
[INFO] [stdout] test src/../README.md - (line 145) ... ok
[INFO] [stdout] test src/resp3/encode.rs - resp3::encode::complete (line 677) ... ok
[INFO] [stdout] test src/resp3/types.rs - resp3::types::StreamedFrame (line 2065) ... ok
[INFO] [stdout] test src/../README.md - (line 86) ... ok
[INFO] [stdout] test src/../README.md - (line 24) ... ok
[INFO] [stdout] test src/utils.rs - utils::redis_keyslot (line 87) ... ok
[INFO] [stdout] 
[INFO] [stdout] failures:
[INFO] [stdout] 
[INFO] [stdout] ---- src/resp3/encode.rs - resp3::encode::streaming (line 816) stdout ----
[INFO] [stdout] error[E0432]: unresolved imports `redis_protocol::zero_extend`, `redis_protocol::resp3::types::BytesFrame`
[INFO] [stdout]     --> src/resp3/encode.rs:818:22
[INFO] [stdout]      |
[INFO] [stdout] 4    | use redis_protocol::{zero_extend, resp3::{encode::streaming::*, types::{BytesFrame, FrameKind, Resp3Frame}}, error::RedisProtocolError};
[INFO] [stdout]      |                      ^^^^^^^^^^^ no `zero_extend` in the root           ^^^^^^^^^^ no `BytesFrame` in `resp3::types`
[INFO] [stdout]      |
[INFO] [stdout] note: found an item that was configured out
[INFO] [stdout]     --> /opt/rustwide/workdir/src/lib.rs:65:16
[INFO] [stdout]      |
[INFO] [stdout] 65   | pub use utils::zero_extend;
[INFO] [stdout]      |                ^^^^^^^^^^^
[INFO] [stdout] note: the item is gated behind the `bytes` feature
[INFO] [stdout]     --> /opt/rustwide/workdir/src/lib.rs:64:7
[INFO] [stdout]      |
[INFO] [stdout] 64   | #[cfg(feature = "bytes")]
[INFO] [stdout]      |       ^^^^^^^^^^^^^^^^^
[INFO] [stdout] note: found an item that was configured out
[INFO] [stdout]     --> /opt/rustwide/workdir/src/resp3/types.rs:1468:10
[INFO] [stdout]      |
[INFO] [stdout] 1468 | pub enum BytesFrame {
[INFO] [stdout]      |          ^^^^^^^^^^
[INFO] [stdout] note: the item is gated behind the `bytes` feature
[INFO] [stdout]     --> /opt/rustwide/workdir/src/resp3/types.rs:1465:7
[INFO] [stdout]      |
[INFO] [stdout] 1465 | #[cfg(feature = "bytes")]
[INFO] [stdout]      |       ^^^^^^^^^^^^^^^^^
[INFO] [stdout] 
[INFO] [stdout] error[E0432]: unresolved import `bytes`
[INFO] [stdout]  --> src/resp3/encode.rs:819:5
[INFO] [stdout]   |
[INFO] [stdout] 5 | use bytes::BytesMut;
[INFO] [stdout]   |     ^^^^^ help: a similar path exists: `nom::bytes`
[INFO] [stdout] 
[INFO] [stdout] error[E0425]: cannot find function `encode_bytes_aggregate_type_inner_value` in this scope
[INFO] [stdout]     --> src/resp3/encode.rs:844:5
[INFO] [stdout]      |
[INFO] [stdout] 30   |       encode_bytes_aggregate_type_inner_value(&mut buf, 0, &frame, false).unwrap();
[INFO] [stdout]      |       ^^^^^^^^^^^^^^^^^^^^^^^^^^^^^^^^^^^^^^^ help: a function with a similar name exists: `encode_owned_aggregate_type_inner_value`
[INFO] [stdout]      |
[INFO] [stdout]     ::: /opt/rustwide/workdir/src/resp3/encode.rs:1037:3
[INFO] [stdout]      |
[INFO] [stdout] 1037 | /   pub fn encode_owned_aggregate_type_inner_value(
[INFO] [stdout] 1038 | |     buf: &mut [u8],
[INFO] [stdout] 1039 | |     offset: usize,
[INFO] [stdout] 1040 | |     data: &OwnedFrame,
[INFO] [stdout] 1041 | |     int_as_blobstring: bool,
[INFO] [stdout] 1042 | |   ) -> Result<usize, RedisProtocolError> {
[INFO] [stdout]      | |________________________________________- similarly named function `encode_owned_aggregate_type_inner_value` defined here
[INFO] [stdout] 
[INFO] [stdout] error: aborting due to 3 previous errors
[INFO] [stdout] 
[INFO] [stdout] Some errors have detailed explanations: E0425, E0432.
[INFO] [stdout] For more information about an error, try `rustc --explain E0425`.
[INFO] [stdout] Couldn't compile the test.
[INFO] [stdout] ---- src/../README.md - (line 200) stdout ----
[INFO] [stdout] error[E0432]: unresolved import `redis_protocol::resp2::types::BytesFrame`
[INFO] [stdout]    --> src/../README.md:204:23
[INFO] [stdout]     |
[INFO] [stdout] 6   |   types::{OwnedFrame, BytesFrame, BorrowedFrame, Resp2Frame}
[INFO] [stdout]     |                       ^^^^^^^^^^ no `BytesFrame` in `resp2::types`
[INFO] [stdout]     |
[INFO] [stdout] note: found an item that was configured out
[INFO] [stdout]    --> /opt/rustwide/workdir/src/resp2/types.rs:482:10
[INFO] [stdout]     |
[INFO] [stdout] 482 | pub enum BytesFrame {
[INFO] [stdout]     |          ^^^^^^^^^^
[INFO] [stdout] note: the item is gated behind the `bytes` feature
[INFO] [stdout]    --> /opt/rustwide/workdir/src/resp2/types.rs:479:7
[INFO] [stdout]     |
[INFO] [stdout] 479 | #[cfg(feature = "bytes")]
[INFO] [stdout]     |       ^^^^^^^^^^^^^^^^^
[INFO] [stdout] 
[INFO] [stdout] error[E0432]: unresolved import `bytes`
[INFO] [stdout]  --> src/../README.md:206:5
[INFO] [stdout]   |
[INFO] [stdout] 8 | use bytes::BytesMut;
[INFO] [stdout]   |     ^^^^^ help: a similar path exists: `nom::bytes`
[INFO] [stdout] 
[INFO] [stdout] error[E0425]: cannot find function `extend_encode` in module `encode`
[INFO] [stdout]    --> src/../README.md:218:21
[INFO] [stdout]     |
[INFO] [stdout] 20  |   let len = encode::extend_encode(&mut buf, &frame, false).expect("Error encoding frame");
[INFO] [stdout]     |                     ^^^^^^^^^^^^^ not found in `encode`
[INFO] [stdout]     |
[INFO] [stdout] note: found an item that was configured out
[INFO] [stdout]    --> /opt/rustwide/workdir/src/resp2/encode.rs:248:8
[INFO] [stdout]     |
[INFO] [stdout] 248 | pub fn extend_encode(
[INFO] [stdout]     |        ^^^^^^^^^^^^^
[INFO] [stdout] note: the item is gated behind the `bytes` feature
[INFO] [stdout]    --> /opt/rustwide/workdir/src/resp2/encode.rs:246:7
[INFO] [stdout]     |
[INFO] [stdout] 246 | #[cfg(feature = "bytes")]
[INFO] [stdout]     |       ^^^^^^^^^^^^^^^^^
[INFO] [stdout] 
[INFO] [stdout] error[E0425]: cannot find function `extend_encode_borrowed` in module `encode`
[INFO] [stdout]    --> src/../README.md:225:21
[INFO] [stdout]     |
[INFO] [stdout] 27  |     let len = encode::extend_encode_borrowed(&mut buf, &frame, false).expect("Error encoding frame");
[INFO] [stdout]     |                       ^^^^^^^^^^^^^^^^^^^^^^ help: a function with a similar name exists: `encode_borrowed`
[INFO] [stdout]     |
[INFO] [stdout]    ::: /opt/rustwide/workdir/src/resp2/encode.rs:218:1
[INFO] [stdout]     |
[INFO] [stdout] 218 | / pub fn encode_borrowed(
[INFO] [stdout] 219 | |   buf: &mut [u8],
[INFO] [stdout] 220 | |   frame: &BorrowedFrame,
[INFO] [stdout] 221 | |   int_as_bulkstring: bool,
[INFO] [stdout] 222 | | ) -> Result<usize, RedisProtocolError> {
[INFO] [stdout]     | |______________________________________- similarly named function `encode_borrowed` defined here
[INFO] [stdout]     |
[INFO] [stdout] note: found an item that was configured out
[INFO] [stdout]    --> /opt/rustwide/workdir/src/resp2/encode.rs:265:8
[INFO] [stdout]     |
[INFO] [stdout] 265 | pub fn extend_encode_borrowed(
[INFO] [stdout]     |        ^^^^^^^^^^^^^^^^^^^^^^
[INFO] [stdout] note: the item is gated behind the `bytes` feature
[INFO] [stdout]    --> /opt/rustwide/workdir/src/resp2/encode.rs:263:7
[INFO] [stdout]     |
[INFO] [stdout] 263 | #[cfg(feature = "bytes")]
[INFO] [stdout]     |       ^^^^^^^^^^^^^^^^^
[INFO] [stdout] 
[INFO] [stdout] error: aborting due to 4 previous errors
[INFO] [stdout] 
[INFO] [stdout] Some errors have detailed explanations: E0425, E0432.
[INFO] [stdout] For more information about an error, try `rustc --explain E0425`.
[INFO] [stdout] Couldn't compile the test.
[INFO] [stdout] ---- src/resp3/encode.rs - resp3::encode::complete (line 703) stdout ----
[INFO] [stdout] error[E0432]: unresolved import `redis_protocol::resp3::types::BytesFrame`
[INFO] [stdout]     --> src/resp3/encode.rs:706:36
[INFO] [stdout]      |
[INFO] [stdout] 6    | use redis_protocol::resp3::types::{BytesFrame, FrameKind};
[INFO] [stdout]      |                                    ^^^^^^^^^^ no `BytesFrame` in `resp3::types`
[INFO] [stdout]      |
[INFO] [stdout] note: found an item that was configured out
[INFO] [stdout]     --> /opt/rustwide/workdir/src/resp3/types.rs:1468:10
[INFO] [stdout]      |
[INFO] [stdout] 1468 | pub enum BytesFrame {
[INFO] [stdout]      |          ^^^^^^^^^^
[INFO] [stdout] note: the item is gated behind the `bytes` feature
[INFO] [stdout]     --> /opt/rustwide/workdir/src/resp3/types.rs:1465:7
[INFO] [stdout]      |
[INFO] [stdout] 1465 | #[cfg(feature = "bytes")]
[INFO] [stdout]      |       ^^^^^^^^^^^^^^^^^
[INFO] [stdout] 
[INFO] [stdout] error[E0432]: unresolved import `bytes`
[INFO] [stdout]  --> src/resp3/encode.rs:707:5
[INFO] [stdout]   |
[INFO] [stdout] 7 | use bytes::BytesMut;
[INFO] [stdout]   |     ^^^^^ help: a similar path exists: `nom::bytes`
[INFO] [stdout] 
[INFO] [stdout] error[E0425]: cannot find function `extend_encode` in this scope
[INFO] [stdout]   --> src/resp3/encode.rs:721:13
[INFO] [stdout]    |
[INFO] [stdout] 21 |   let amt = extend_encode(buf, &frame, false).expect("Failed to encode frame");
[INFO] [stdout]    |             ^^^^^^^^^^^^^ not found in this scope
[INFO] [stdout] 
[INFO] [stdout] error: aborting due to 3 previous errors
[INFO] [stdout] 
[INFO] [stdout] Some errors have detailed explanations: E0425, E0432.
[INFO] [stdout] For more information about an error, try `rustc --explain E0425`.
[INFO] [stdout] Couldn't compile the test.
[INFO] [stdout] ---- src/../README.md - (line 110) stdout ----
[INFO] [stdout] error[E0432]: unresolved imports `redis_protocol::resp2::decode::decode_bytes_mut`, `redis_protocol::resp2::types::BytesFrame`
[INFO] [stdout]    --> src/../README.md:113:3
[INFO] [stdout]     |
[INFO] [stdout] 6   |   decode::decode_bytes_mut,
[INFO] [stdout]     |   ^^^^^^^^^^^^^^^^^^^^^^^^ no `decode_bytes_mut` in `resp2::decode`
[INFO] [stdout] 7   |   types::{BytesFrame, Resp2Frame}
[INFO] [stdout]     |           ^^^^^^^^^^ no `BytesFrame` in `resp2::types`
[INFO] [stdout]     |
[INFO] [stdout] note: found an item that was configured out
[INFO] [stdout]    --> /opt/rustwide/workdir/src/resp2/decode.rs:226:8
[INFO] [stdout]     |
[INFO] [stdout] 226 | pub fn decode_bytes_mut(buf: &mut BytesMut) -> Result<Option<(BytesFrame, usize, Bytes)>, RedisProtocolError> {
[INFO] [stdout]     |        ^^^^^^^^^^^^^^^^
[INFO] [stdout] note: the item is gated behind the `bytes` feature
[INFO] [stdout]    --> /opt/rustwide/workdir/src/resp2/decode.rs:224:7
[INFO] [stdout]     |
[INFO] [stdout] 224 | #[cfg(feature = "bytes")]
[INFO] [stdout]     |       ^^^^^^^^^^^^^^^^^
[INFO] [stdout] note: found an item that was configured out
[INFO] [stdout]    --> /opt/rustwide/workdir/src/resp2/types.rs:482:10
[INFO] [stdout]     |
[INFO] [stdout] 482 | pub enum BytesFrame {
[INFO] [stdout]     |          ^^^^^^^^^^
[INFO] [stdout] note: the item is gated behind the `bytes` feature
[INFO] [stdout]    --> /opt/rustwide/workdir/src/resp2/types.rs:479:7
[INFO] [stdout]     |
[INFO] [stdout] 479 | #[cfg(feature = "bytes")]
[INFO] [stdout]     |       ^^^^^^^^^^^^^^^^^
[INFO] [stdout] 
[INFO] [stdout] error[E0432]: unresolved import `bytes`
[INFO] [stdout]  --> src/../README.md:116:5
[INFO] [stderr] error: doctest failed, to rerun pass `--doc`
[INFO] [stdout]   |
[INFO] [stdout] 9 | use bytes::BytesMut;
[INFO] [stdout]   |     ^^^^^ help: a similar path exists: `nom::bytes`
[INFO] [stdout] 
[INFO] [stdout] error: aborting due to 2 previous errors
[INFO] [stdout] 
[INFO] [stdout] For more information about this error, try `rustc --explain E0432`.
[INFO] [stdout] Couldn't compile the test.
[INFO] [stdout] 
[INFO] [stdout] failures:
[INFO] [stdout]     src/../README.md - (line 110)
[INFO] [stdout]     src/../README.md - (line 200)
[INFO] [stdout]     src/resp3/encode.rs - resp3::encode::complete (line 703)
[INFO] [stdout]     src/resp3/encode.rs - resp3::encode::streaming (line 816)
[INFO] [stdout] 
[INFO] [stdout] test result: FAILED. 6 passed; 4 failed; 1 ignored; 0 measured; 0 filtered out; finished in 0.50s
[INFO] [stdout] 
[INFO] running `Command { std: "docker" "inspect" "44556957c35f537ee8384d37877896d8004f678b212231731f261215dccf16ca", kill_on_drop: false }`
[INFO] running `Command { std: "docker" "rm" "-f" "44556957c35f537ee8384d37877896d8004f678b212231731f261215dccf16ca", kill_on_drop: false }`
[INFO] [stdout] 44556957c35f537ee8384d37877896d8004f678b212231731f261215dccf16ca
