[INFO] fetching crate reasonable 0.2.1-alpha19...
[INFO] testing reasonable-0.2.1-alpha19 against 1.83.0 for beta-1.84.0-4-retry
[INFO] extracting crate reasonable 0.2.1-alpha19 into /workspace/builds/worker-0-tc1/source
[INFO] validating manifest of crates.io crate reasonable 0.2.1-alpha19 on toolchain 1.83.0
[INFO] running `Command { std: CARGO_HOME="/workspace/cargo-home" RUSTUP_HOME="/workspace/rustup-home" "/workspace/cargo-home/bin/cargo" "+1.83.0" "metadata" "--manifest-path" "Cargo.toml" "--no-deps", kill_on_drop: false }`
[INFO] removed /workspace/builds/worker-0-tc1/source/.cargo/config
[INFO] started tweaking crates.io crate reasonable 0.2.1-alpha19
[INFO] finished tweaking crates.io crate reasonable 0.2.1-alpha19
[INFO] tweaked toml for crates.io crate reasonable 0.2.1-alpha19 written to /workspace/builds/worker-0-tc1/source/Cargo.toml
[INFO] crate crates.io crate reasonable 0.2.1-alpha19 already has a lockfile, it will not be regenerated
[INFO] running `Command { std: CARGO_HOME="/workspace/cargo-home" RUSTUP_HOME="/workspace/rustup-home" "/workspace/cargo-home/bin/cargo" "+1.83.0" "fetch" "--manifest-path" "Cargo.toml", kill_on_drop: false }`
[INFO] [stderr]     Blocking waiting for file lock on package cache
[INFO] [stderr]     Updating crates.io index
[INFO] [stderr]     Blocking waiting for file lock on package cache
[INFO] [stderr]  Downloading crates ...
[INFO] [stderr]   Downloaded roaring v0.5.2
[INFO] [stderr]   Downloaded rio_api v0.7.1
[INFO] [stderr]   Downloaded rio_turtle v0.7.1
[INFO] [stderr]   Downloaded lasso v0.6.0
[INFO] [stderr]   Downloaded rdf v0.1.4
[INFO] [stderr]   Downloaded oxrdf v0.1.0
[INFO] running `Command { std: "docker" "create" "-v" "/var/lib/crater-agent-workspace/builds/worker-0-tc1/target:/opt/rustwide/target:rw,Z" "-v" "/var/lib/crater-agent-workspace/builds/worker-0-tc1/source:/opt/rustwide/workdir:ro,Z" "-v" "/var/lib/crater-agent-workspace/cargo-home:/opt/rustwide/cargo-home:ro,Z" "-v" "/var/lib/crater-agent-workspace/rustup-home:/opt/rustwide/rustup-home:ro,Z" "-e" "SOURCE_DIR=/opt/rustwide/workdir" "-e" "CARGO_TARGET_DIR=/opt/rustwide/target" "-e" "CARGO_HOME=/opt/rustwide/cargo-home" "-e" "RUSTUP_HOME=/opt/rustwide/rustup-home" "-w" "/opt/rustwide/workdir" "-m" "1610612736" "--user" "0:0" "--network" "none" "ghcr.io/rust-lang/crates-build-env/linux@sha256:f3a9d4ad9d972b27faf3965f35b62e55ba32bbce8f20bc8fe909558a86702fde" "/opt/rustwide/cargo-home/bin/cargo" "+1.83.0" "metadata" "--no-deps" "--format-version=1", kill_on_drop: false }`
[INFO] [stdout] 122384ae77a36465ca4a3ab3605f75eea88c1a27e9284f0ddd4ebe9d8ea6c8de
[INFO] running `Command { std: "docker" "start" "-a" "122384ae77a36465ca4a3ab3605f75eea88c1a27e9284f0ddd4ebe9d8ea6c8de", kill_on_drop: false }`
[INFO] running `Command { std: "docker" "inspect" "122384ae77a36465ca4a3ab3605f75eea88c1a27e9284f0ddd4ebe9d8ea6c8de", kill_on_drop: false }`
[INFO] running `Command { std: "docker" "rm" "-f" "122384ae77a36465ca4a3ab3605f75eea88c1a27e9284f0ddd4ebe9d8ea6c8de", kill_on_drop: false }`
[INFO] [stdout] 122384ae77a36465ca4a3ab3605f75eea88c1a27e9284f0ddd4ebe9d8ea6c8de
[INFO] running `Command { std: "docker" "create" "-v" "/var/lib/crater-agent-workspace/builds/worker-0-tc1/target:/opt/rustwide/target:rw,Z" "-v" "/var/lib/crater-agent-workspace/builds/worker-0-tc1/source:/opt/rustwide/workdir:ro,Z" "-v" "/var/lib/crater-agent-workspace/cargo-home:/opt/rustwide/cargo-home:ro,Z" "-v" "/var/lib/crater-agent-workspace/rustup-home:/opt/rustwide/rustup-home:ro,Z" "-e" "SOURCE_DIR=/opt/rustwide/workdir" "-e" "CARGO_TARGET_DIR=/opt/rustwide/target" "-e" "CARGO_INCREMENTAL=0" "-e" "RUST_BACKTRACE=full" "-e" "RUSTFLAGS=--cap-lints=warn" "-e" "RUSTDOCFLAGS=--cap-lints=warn" "-e" "CARGO_HOME=/opt/rustwide/cargo-home" "-e" "RUSTUP_HOME=/opt/rustwide/rustup-home" "-w" "/opt/rustwide/workdir" "-m" "1610612736" "--user" "0:0" "--network" "none" "ghcr.io/rust-lang/crates-build-env/linux@sha256:f3a9d4ad9d972b27faf3965f35b62e55ba32bbce8f20bc8fe909558a86702fde" "/opt/rustwide/cargo-home/bin/cargo" "+1.83.0" "build" "--frozen" "--message-format=json", kill_on_drop: false }`
[INFO] [stdout] 3f204fd87e9345b7b70a59d6f5f7308459294847e544eb9e19d741e907325945
[INFO] running `Command { std: "docker" "start" "-a" "3f204fd87e9345b7b70a59d6f5f7308459294847e544eb9e19d741e907325945", kill_on_drop: false }`
[INFO] [stderr]    Compiling libc v0.2.137
[INFO] [stderr]    Compiling cfg-if v1.0.0
[INFO] [stderr]    Compiling version_check v0.9.4
[INFO] [stderr]    Compiling proc-macro2 v1.0.47
[INFO] [stderr]    Compiling memchr v2.5.0
[INFO] [stderr]    Compiling unicode-ident v1.0.5
[INFO] [stderr]    Compiling once_cell v1.16.0
[INFO] [stderr]    Compiling serde v1.0.147
[INFO] [stderr]    Compiling quote v1.0.21
[INFO] [stderr]    Compiling serde_json v1.0.87
[INFO] [stderr]    Compiling ppv-lite86 v0.2.17
[INFO] [stderr]    Compiling syn v1.0.103
[INFO] [stderr]    Compiling log v0.4.17
[INFO] [stderr]    Compiling serde_derive v1.0.147
[INFO] [stderr]    Compiling oxilangtag v0.1.3
[INFO] [stderr]    Compiling anyhow v1.0.66
[INFO] [stderr]    Compiling oxiri v0.2.2
[INFO] [stderr]    Compiling ryu v1.0.11
[INFO] [stderr]    Compiling itoa v1.0.4
[INFO] [stderr]    Compiling quick-error v1.2.3
[INFO] [stderr]    Compiling regex-syntax v0.6.28
[INFO] [stderr]    Compiling humantime v1.3.0
[INFO] [stderr]    Compiling ahash v0.7.6
[INFO] [stderr]    Compiling rio_api v0.7.1
[INFO] [stderr]    Compiling byteorder v0.5.3
[INFO] [stderr]    Compiling either v1.8.0
[INFO] [stderr]    Compiling termcolor v1.1.3
[INFO] [stderr]    Compiling rdf v0.1.4
[INFO] [stderr]    Compiling datafrog v2.0.1
[INFO] [stderr]    Compiling farmhash v1.1.5
[INFO] [stderr]    Compiling roaring v0.5.2
[INFO] [stderr]    Compiling rio_turtle v0.7.1
[INFO] [stderr]    Compiling disjoint-sets v0.4.2
[INFO] [stderr]    Compiling itertools v0.8.2
[INFO] [stderr]    Compiling aho-corasick v0.7.19
[INFO] [stderr]    Compiling getrandom v0.2.8
[INFO] [stderr]    Compiling atty v0.2.14
[INFO] [stderr]    Compiling rand_core v0.6.4
[INFO] [stderr]    Compiling rand_chacha v0.3.1
[INFO] [stderr]    Compiling hashbrown v0.11.2
[INFO] [stderr]    Compiling rand v0.8.5
[INFO] [stderr]    Compiling lasso v0.6.0
[INFO] [stderr]    Compiling oxrdf v0.1.0
[INFO] [stderr]    Compiling regex v1.7.0
[INFO] [stderr]    Compiling env_logger v0.7.1
[INFO] [stderr]    Compiling tinytemplate v1.2.1
[INFO] [stderr]    Compiling reasonable v0.2.1-alpha19 (/opt/rustwide/workdir)
[INFO] [stdout] warning: unexpected `cfg` condition value: `sqlite`
[INFO] [stdout]  --> src/error.rs:7:7
[INFO] [stdout]   |
[INFO] [stdout] 7 | #[cfg(feature = "sqlite")]
[INFO] [stdout]   |       ^^^^^^^^^^^^^^^^^^
[INFO] [stdout]   |
[INFO] [stdout]   = note: expected values for `feature` are: `pyo3` and `python`
[INFO] [stdout]   = help: consider adding `sqlite` as a feature in `Cargo.toml`
[INFO] [stdout]   = note: see <https://doc.rust-lang.org/nightly/rustc/check-cfg/cargo-specifics.html> for more information about checking conditional configuration
[INFO] [stdout]   = note: `#[warn(unexpected_cfgs)]` on by default
[INFO] [stdout] 
[INFO] [stdout] 
[INFO] [stdout] warning: unexpected `cfg` condition value: `sqlite`
[INFO] [stdout]   --> src/error.rs:18:11
[INFO] [stdout]    |
[INFO] [stdout] 18 | #[cfg(not(feature = "sqlite"))]
[INFO] [stdout]    |           ^^^^^^^^^^^^^^^^^^
[INFO] [stdout]    |
[INFO] [stdout]    = note: expected values for `feature` are: `pyo3` and `python`
[INFO] [stdout]    = help: consider adding `sqlite` as a feature in `Cargo.toml`
[INFO] [stdout]    = note: see <https://doc.rust-lang.org/nightly/rustc/check-cfg/cargo-specifics.html> for more information about checking conditional configuration
[INFO] [stdout] 
[INFO] [stdout] 
[INFO] [stdout] warning: unexpected `cfg` condition value: `sqlite`
[INFO] [stdout]   --> src/error.rs:58:7
[INFO] [stdout]    |
[INFO] [stdout] 58 | #[cfg(feature = "sqlite")]
[INFO] [stdout]    |       ^^^^^^^^^^^^^^^^^^
[INFO] [stdout]    |
[INFO] [stdout]    = note: expected values for `feature` are: `pyo3` and `python`
[INFO] [stdout]    = help: consider adding `sqlite` as a feature in `Cargo.toml`
[INFO] [stdout]    = note: see <https://doc.rust-lang.org/nightly/rustc/check-cfg/cargo-specifics.html> for more information about checking conditional configuration
[INFO] [stdout] 
[INFO] [stdout] 
[INFO] [stdout] warning: unexpected `cfg` condition value: `python-library`
[INFO] [stdout]   --> src/error.rs:73:7
[INFO] [stdout]    |
[INFO] [stdout] 73 | #[cfg(feature = "python-library")]
[INFO] [stdout]    |       ^^^^^^^^^^^^^^^^^^^^^^^^^^
[INFO] [stdout]    |
[INFO] [stdout]    = note: expected values for `feature` are: `pyo3` and `python`
[INFO] [stdout]    = help: consider adding `python-library` as a feature in `Cargo.toml`
[INFO] [stdout]    = note: see <https://doc.rust-lang.org/nightly/rustc/check-cfg/cargo-specifics.html> for more information about checking conditional configuration
[INFO] [stdout] 
[INFO] [stdout] 
[INFO] [stderr]     Finished `dev` profile [unoptimized + debuginfo] target(s) in 17.52s
[INFO] running `Command { std: "docker" "inspect" "3f204fd87e9345b7b70a59d6f5f7308459294847e544eb9e19d741e907325945", kill_on_drop: false }`
[INFO] running `Command { std: "docker" "rm" "-f" "3f204fd87e9345b7b70a59d6f5f7308459294847e544eb9e19d741e907325945", kill_on_drop: false }`
[INFO] [stdout] 3f204fd87e9345b7b70a59d6f5f7308459294847e544eb9e19d741e907325945
[INFO] running `Command { std: "docker" "create" "-v" "/var/lib/crater-agent-workspace/builds/worker-0-tc1/target:/opt/rustwide/target:rw,Z" "-v" "/var/lib/crater-agent-workspace/builds/worker-0-tc1/source:/opt/rustwide/workdir:ro,Z" "-v" "/var/lib/crater-agent-workspace/cargo-home:/opt/rustwide/cargo-home:ro,Z" "-v" "/var/lib/crater-agent-workspace/rustup-home:/opt/rustwide/rustup-home:ro,Z" "-e" "SOURCE_DIR=/opt/rustwide/workdir" "-e" "CARGO_TARGET_DIR=/opt/rustwide/target" "-e" "CARGO_INCREMENTAL=0" "-e" "RUST_BACKTRACE=full" "-e" "RUSTFLAGS=--cap-lints=warn" "-e" "RUSTDOCFLAGS=--cap-lints=warn" "-e" "CARGO_HOME=/opt/rustwide/cargo-home" "-e" "RUSTUP_HOME=/opt/rustwide/rustup-home" "-w" "/opt/rustwide/workdir" "-m" "1610612736" "--user" "0:0" "--network" "none" "ghcr.io/rust-lang/crates-build-env/linux@sha256:f3a9d4ad9d972b27faf3965f35b62e55ba32bbce8f20bc8fe909558a86702fde" "/opt/rustwide/cargo-home/bin/cargo" "+1.83.0" "test" "--frozen" "--no-run" "--message-format=json", kill_on_drop: false }`
[INFO] [stdout] 68c0f74da34ba4ff4e2c6802dcd3dcbd47aa0de8bcd3c41bdf7a51e7b2e90aa1
[INFO] running `Command { std: "docker" "start" "-a" "68c0f74da34ba4ff4e2c6802dcd3dcbd47aa0de8bcd3c41bdf7a51e7b2e90aa1", kill_on_drop: false }`
[INFO] [stderr]    Compiling autocfg v1.1.0
[INFO] [stderr]    Compiling crossbeam-utils v0.8.12
[INFO] [stderr]    Compiling rayon-core v1.9.3
[INFO] [stderr]    Compiling scopeguard v1.1.0
[INFO] [stderr]    Compiling unicode-width v0.1.10
[INFO] [stderr]    Compiling plotters-backend v0.3.4
[INFO] [stderr]    Compiling lazy_static v1.4.0
[INFO] [stderr]    Compiling num_cpus v1.14.0
[INFO] [stderr]    Compiling regex-automata v0.1.10
[INFO] [stderr]    Compiling csv-core v0.1.10
[INFO] [stderr]    Compiling itertools v0.10.5
[INFO] [stderr]    Compiling bitflags v1.3.2
[INFO] [stderr]    Compiling cast v0.3.0
[INFO] [stderr]    Compiling same-file v1.0.6
[INFO] [stderr]    Compiling itoa v0.4.8
[INFO] [stderr]    Compiling half v1.8.2
[INFO] [stderr]    Compiling oorandom v11.1.3
[INFO] [stderr]    Compiling textwrap v0.11.0
[INFO] [stdout] warning: unexpected `cfg` condition value: `sqlite`
[INFO] [stdout]  --> src/error.rs:7:7
[INFO] [stdout]   |
[INFO] [stdout] 7 | #[cfg(feature = "sqlite")]
[INFO] [stdout]   |       ^^^^^^^^^^^^^^^^^^
[INFO] [stdout]   |
[INFO] [stdout]   = note: expected values for `feature` are: `pyo3` and `python`
[INFO] [stdout]   = help: consider adding `sqlite` as a feature in `Cargo.toml`
[INFO] [stdout]   = note: see <https://doc.rust-lang.org/nightly/rustc/check-cfg/cargo-specifics.html> for more information about checking conditional configuration
[INFO] [stdout]   = note: `#[warn(unexpected_cfgs)]` on by default
[INFO] [stdout] 
[INFO] [stdout] 
[INFO] [stdout] warning: unexpected `cfg` condition value: `sqlite`
[INFO] [stdout]   --> src/error.rs:18:11
[INFO] [stdout]    |
[INFO] [stdout] 18 | #[cfg(not(feature = "sqlite"))]
[INFO] [stdout]    |           ^^^^^^^^^^^^^^^^^^
[INFO] [stdout]    |
[INFO] [stdout]    = note: expected values for `feature` are: `pyo3` and `python`
[INFO] [stdout]    = help: consider adding `sqlite` as a feature in `Cargo.toml`
[INFO] [stdout]    = note: see <https://doc.rust-lang.org/nightly/rustc/check-cfg/cargo-specifics.html> for more information about checking conditional configuration
[INFO] [stdout] 
[INFO] [stdout] 
[INFO] [stdout] warning: unexpected `cfg` condition value: `sqlite`
[INFO] [stdout]   --> src/error.rs:58:7
[INFO] [stdout]    |
[INFO] [stdout] 58 | #[cfg(feature = "sqlite")]
[INFO] [stdout]    |       ^^^^^^^^^^^^^^^^^^
[INFO] [stdout]    |
[INFO] [stdout]    = note: expected values for `feature` are: `pyo3` and `python`
[INFO] [stdout]    = help: consider adding `sqlite` as a feature in `Cargo.toml`
[INFO] [stdout]    = note: see <https://doc.rust-lang.org/nightly/rustc/check-cfg/cargo-specifics.html> for more information about checking conditional configuration
[INFO] [stdout] 
[INFO] [stdout] 
[INFO] [stdout] warning: unexpected `cfg` condition value: `python-library`
[INFO] [stdout]   --> src/error.rs:73:7
[INFO] [stdout]    |
[INFO] [stdout] 73 | #[cfg(feature = "python-library")]
[INFO] [stdout]    |       ^^^^^^^^^^^^^^^^^^^^^^^^^^
[INFO] [stdout]    |
[INFO] [stdout]    = note: expected values for `feature` are: `pyo3` and `python`
[INFO] [stdout]    = help: consider adding `python-library` as a feature in `Cargo.toml`
[INFO] [stdout]    = note: see <https://doc.rust-lang.org/nightly/rustc/check-cfg/cargo-specifics.html> for more information about checking conditional configuration
[INFO] [stdout] 
[INFO] [stdout] 
[INFO] [stderr]    Compiling walkdir v2.3.2
[INFO] [stderr]    Compiling bstr v0.2.17
[INFO] [stderr]    Compiling clap v2.34.0
[INFO] [stderr]    Compiling serde_cbor v0.11.2
[INFO] [stderr]    Compiling memoffset v0.6.5
[INFO] [stderr]    Compiling crossbeam-epoch v0.9.11
[INFO] [stderr]    Compiling num-traits v0.2.15
[INFO] [stderr]    Compiling rayon v1.5.3
[INFO] [stderr]    Compiling plotters-svg v0.3.3
[INFO] [stderr]    Compiling crossbeam-channel v0.5.6
[INFO] [stderr]    Compiling csv v1.1.6
[INFO] [stderr]    Compiling crossbeam-deque v0.8.2
[INFO] [stderr]    Compiling criterion-plot v0.4.5
[INFO] [stderr]    Compiling plotters v0.3.4
[INFO] [stderr]    Compiling criterion v0.3.6
[INFO] [stderr]    Compiling reasonable v0.2.1-alpha19 (/opt/rustwide/workdir)
[INFO] [stdout] warning: unexpected `cfg` condition value: `sqlite`
[INFO] [stdout]  --> src/error.rs:7:7
[INFO] [stdout]   |
[INFO] [stdout] 7 | #[cfg(feature = "sqlite")]
[INFO] [stdout]   |       ^^^^^^^^^^^^^^^^^^
[INFO] [stdout]   |
[INFO] [stdout]   = note: expected values for `feature` are: `pyo3` and `python`
[INFO] [stdout]   = help: consider adding `sqlite` as a feature in `Cargo.toml`
[INFO] [stdout]   = note: see <https://doc.rust-lang.org/nightly/rustc/check-cfg/cargo-specifics.html> for more information about checking conditional configuration
[INFO] [stdout]   = note: `#[warn(unexpected_cfgs)]` on by default
[INFO] [stdout] 
[INFO] [stdout] 
[INFO] [stdout] warning: unexpected `cfg` condition value: `sqlite`
[INFO] [stdout]   --> src/error.rs:18:11
[INFO] [stdout]    |
[INFO] [stdout] 18 | #[cfg(not(feature = "sqlite"))]
[INFO] [stdout]    |           ^^^^^^^^^^^^^^^^^^
[INFO] [stdout]    |
[INFO] [stdout]    = note: expected values for `feature` are: `pyo3` and `python`
[INFO] [stdout]    = help: consider adding `sqlite` as a feature in `Cargo.toml`
[INFO] [stdout]    = note: see <https://doc.rust-lang.org/nightly/rustc/check-cfg/cargo-specifics.html> for more information about checking conditional configuration
[INFO] [stdout] 
[INFO] [stdout] 
[INFO] [stdout] warning: unexpected `cfg` condition value: `sqlite`
[INFO] [stdout]   --> src/error.rs:58:7
[INFO] [stdout]    |
[INFO] [stdout] 58 | #[cfg(feature = "sqlite")]
[INFO] [stdout]    |       ^^^^^^^^^^^^^^^^^^
[INFO] [stdout]    |
[INFO] [stdout]    = note: expected values for `feature` are: `pyo3` and `python`
[INFO] [stdout]    = help: consider adding `sqlite` as a feature in `Cargo.toml`
[INFO] [stdout]    = note: see <https://doc.rust-lang.org/nightly/rustc/check-cfg/cargo-specifics.html> for more information about checking conditional configuration
[INFO] [stdout] 
[INFO] [stdout] 
[INFO] [stdout] warning: unexpected `cfg` condition value: `python-library`
[INFO] [stdout]   --> src/error.rs:73:7
[INFO] [stdout]    |
[INFO] [stdout] 73 | #[cfg(feature = "python-library")]
[INFO] [stdout]    |       ^^^^^^^^^^^^^^^^^^^^^^^^^^
[INFO] [stdout]    |
[INFO] [stdout]    = note: expected values for `feature` are: `pyo3` and `python`
[INFO] [stdout]    = help: consider adding `python-library` as a feature in `Cargo.toml`
[INFO] [stdout]    = note: see <https://doc.rust-lang.org/nightly/rustc/check-cfg/cargo-specifics.html> for more information about checking conditional configuration
[INFO] [stdout] 
[INFO] [stdout] 
[INFO] [stdout] warning: unused macro definition: `triple`
[INFO] [stdout]   --> src/tests.rs:43:14
[INFO] [stdout]    |
[INFO] [stdout] 43 | macro_rules! triple {
[INFO] [stdout]    |              ^^^^^^
[INFO] [stdout]    |
[INFO] [stdout]    = note: `#[warn(unused_macros)]` on by default
[INFO] [stdout] 
[INFO] [stdout] 
[INFO] [stdout] warning: constant `RDFS_DOMAIN` is never used
[INFO] [stdout]  --> src/tests.rs:7:7
[INFO] [stdout]   |
[INFO] [stdout] 7 | const RDFS_DOMAIN: &str = "http://www.w3.org/2000/01/rdf-schema#domain";
[INFO] [stdout]   |       ^^^^^^^^^^^
[INFO] [stdout]   |
[INFO] [stdout]   = note: `#[warn(dead_code)]` on by default
[INFO] [stdout] 
[INFO] [stdout] 
[INFO] [stdout] warning: constant `RDFS_RANGE` is never used
[INFO] [stdout]  --> src/tests.rs:8:7
[INFO] [stdout]   |
[INFO] [stdout] 8 | const RDFS_RANGE: &str = "http://www.w3.org/2000/01/rdf-schema#range";
[INFO] [stdout]   |       ^^^^^^^^^^
[INFO] [stdout] 
[INFO] [stdout] 
[INFO] [stdout] warning: constant `RDFS_LITERAL` is never used
[INFO] [stdout]  --> src/tests.rs:9:7
[INFO] [stdout]   |
[INFO] [stdout] 9 | const RDFS_LITERAL: &str = "http://www.w3.org/2000/01/rdf-schema#Literal";
[INFO] [stdout]   |       ^^^^^^^^^^^^
[INFO] [stdout] 
[INFO] [stdout] 
[INFO] [stdout] warning: constant `RDFS_RESOURCE` is never used
[INFO] [stdout]   --> src/tests.rs:10:7
[INFO] [stdout]    |
[INFO] [stdout] 10 | const RDFS_RESOURCE: &str = "http://www.w3.org/2000/01/rdf-schema#Resource";
[INFO] [stdout]    |       ^^^^^^^^^^^^^
[INFO] [stdout] 
[INFO] [stdout] 
[INFO] [stdout] warning: constant `OWL_UNION` is never used
[INFO] [stdout]   --> src/tests.rs:29:7
[INFO] [stdout]    |
[INFO] [stdout] 29 | const OWL_UNION: &str = "http://www.w3.org/2002/07/owl#unionOf";
[INFO] [stdout]    |       ^^^^^^^^^
[INFO] [stdout] 
[INFO] [stdout] 
[INFO] [stdout] warning: constant `OWL_RESTRICTION` is never used
[INFO] [stdout]   --> src/tests.rs:34:7
[INFO] [stdout]    |
[INFO] [stdout] 34 | const OWL_RESTRICTION: &str = "http://www.w3.org/2002/07/owl#Restriction";
[INFO] [stdout]    |       ^^^^^^^^^^^^^^^
[INFO] [stdout] 
[INFO] [stdout] 
[INFO] [stderr]     Finished `test` profile [unoptimized + debuginfo] target(s) in 11.84s
[INFO] running `Command { std: "docker" "inspect" "68c0f74da34ba4ff4e2c6802dcd3dcbd47aa0de8bcd3c41bdf7a51e7b2e90aa1", kill_on_drop: false }`
[INFO] running `Command { std: "docker" "rm" "-f" "68c0f74da34ba4ff4e2c6802dcd3dcbd47aa0de8bcd3c41bdf7a51e7b2e90aa1", kill_on_drop: false }`
[INFO] [stdout] 68c0f74da34ba4ff4e2c6802dcd3dcbd47aa0de8bcd3c41bdf7a51e7b2e90aa1
[INFO] running `Command { std: "docker" "create" "-v" "/var/lib/crater-agent-workspace/builds/worker-0-tc1/target:/opt/rustwide/target:rw,Z" "-v" "/var/lib/crater-agent-workspace/builds/worker-0-tc1/source:/opt/rustwide/workdir:ro,Z" "-v" "/var/lib/crater-agent-workspace/cargo-home:/opt/rustwide/cargo-home:ro,Z" "-v" "/var/lib/crater-agent-workspace/rustup-home:/opt/rustwide/rustup-home:ro,Z" "-e" "SOURCE_DIR=/opt/rustwide/workdir" "-e" "CARGO_TARGET_DIR=/opt/rustwide/target" "-e" "CARGO_INCREMENTAL=0" "-e" "RUST_BACKTRACE=full" "-e" "RUSTFLAGS=--cap-lints=warn" "-e" "RUSTDOCFLAGS=--cap-lints=warn" "-e" "CARGO_HOME=/opt/rustwide/cargo-home" "-e" "RUSTUP_HOME=/opt/rustwide/rustup-home" "-w" "/opt/rustwide/workdir" "-m" "1610612736" "--user" "0:0" "--network" "none" "ghcr.io/rust-lang/crates-build-env/linux@sha256:f3a9d4ad9d972b27faf3965f35b62e55ba32bbce8f20bc8fe909558a86702fde" "/opt/rustwide/cargo-home/bin/cargo" "+1.83.0" "test" "--frozen", kill_on_drop: false }`
[INFO] [stdout] 797ea1ccfb647a70c1a8f206d76c39a416b930cdda7e66b0e6dc236086b91f87
[INFO] running `Command { std: "docker" "start" "-a" "797ea1ccfb647a70c1a8f206d76c39a416b930cdda7e66b0e6dc236086b91f87", kill_on_drop: false }`
[INFO] [stderr] warning: unexpected `cfg` condition value: `sqlite`
[INFO] [stderr]  --> src/error.rs:7:7
[INFO] [stderr]   |
[INFO] [stderr] 7 | #[cfg(feature = "sqlite")]
[INFO] [stderr]   |       ^^^^^^^^^^^^^^^^^^
[INFO] [stderr]   |
[INFO] [stderr]   = note: expected values for `feature` are: `pyo3` and `python`
[INFO] [stderr]   = help: consider adding `sqlite` as a feature in `Cargo.toml`
[INFO] [stderr]   = note: see <https://doc.rust-lang.org/nightly/rustc/check-cfg/cargo-specifics.html> for more information about checking conditional configuration
[INFO] [stderr]   = note: `#[warn(unexpected_cfgs)]` on by default
[INFO] [stderr] 
[INFO] [stderr] warning: unexpected `cfg` condition value: `sqlite`
[INFO] [stderr]   --> src/error.rs:18:11
[INFO] [stderr]    |
[INFO] [stderr] 18 | #[cfg(not(feature = "sqlite"))]
[INFO] [stderr]    |           ^^^^^^^^^^^^^^^^^^
[INFO] [stderr]    |
[INFO] [stderr]    = note: expected values for `feature` are: `pyo3` and `python`
[INFO] [stderr]    = help: consider adding `sqlite` as a feature in `Cargo.toml`
[INFO] [stderr]    = note: see <https://doc.rust-lang.org/nightly/rustc/check-cfg/cargo-specifics.html> for more information about checking conditional configuration
[INFO] [stderr] 
[INFO] [stderr] warning: unexpected `cfg` condition value: `sqlite`
[INFO] [stderr]   --> src/error.rs:58:7
[INFO] [stderr]    |
[INFO] [stderr] 58 | #[cfg(feature = "sqlite")]
[INFO] [stderr]    |       ^^^^^^^^^^^^^^^^^^
[INFO] [stderr]    |
[INFO] [stderr]    = note: expected values for `feature` are: `pyo3` and `python`
[INFO] [stderr]    = help: consider adding `sqlite` as a feature in `Cargo.toml`
[INFO] [stderr]    = note: see <https://doc.rust-lang.org/nightly/rustc/check-cfg/cargo-specifics.html> for more information about checking conditional configuration
[INFO] [stderr] 
[INFO] [stderr] warning: unexpected `cfg` condition value: `python-library`
[INFO] [stderr]   --> src/error.rs:73:7
[INFO] [stderr]    |
[INFO] [stderr] 73 | #[cfg(feature = "python-library")]
[INFO] [stderr]    |       ^^^^^^^^^^^^^^^^^^^^^^^^^^
[INFO] [stderr]    |
[INFO] [stderr]    = note: expected values for `feature` are: `pyo3` and `python`
[INFO] [stderr]    = help: consider adding `python-library` as a feature in `Cargo.toml`
[INFO] [stderr]    = note: see <https://doc.rust-lang.org/nightly/rustc/check-cfg/cargo-specifics.html> for more information about checking conditional configuration
[INFO] [stderr] 
[INFO] [stderr] warning: `reasonable` (lib) generated 4 warnings
[INFO] [stderr] warning: unused macro definition: `triple`
[INFO] [stderr]   --> src/tests.rs:43:14
[INFO] [stderr]    |
[INFO] [stderr] 43 | macro_rules! triple {
[INFO] [stderr]    |              ^^^^^^
[INFO] [stderr]    |
[INFO] [stderr]    = note: `#[warn(unused_macros)]` on by default
[INFO] [stderr] 
[INFO] [stderr] warning: constant `RDFS_DOMAIN` is never used
[INFO] [stderr]  --> src/tests.rs:7:7
[INFO] [stderr]   |
[INFO] [stderr] 7 | const RDFS_DOMAIN: &str = "http://www.w3.org/2000/01/rdf-schema#domain";
[INFO] [stderr]   |       ^^^^^^^^^^^
[INFO] [stderr]   |
[INFO] [stderr]   = note: `#[warn(dead_code)]` on by default
[INFO] [stderr] 
[INFO] [stderr] warning: constant `RDFS_RANGE` is never used
[INFO] [stderr]  --> src/tests.rs:8:7
[INFO] [stderr]   |
[INFO] [stderr] 8 | const RDFS_RANGE: &str = "http://www.w3.org/2000/01/rdf-schema#range";
[INFO] [stderr]   |       ^^^^^^^^^^
[INFO] [stderr] 
[INFO] [stderr] warning: constant `RDFS_LITERAL` is never used
[INFO] [stderr]  --> src/tests.rs:9:7
[INFO] [stderr]   |
[INFO] [stderr] 9 | const RDFS_LITERAL: &str = "http://www.w3.org/2000/01/rdf-schema#Literal";
[INFO] [stderr]   |       ^^^^^^^^^^^^
[INFO] [stderr] 
[INFO] [stderr] warning: constant `RDFS_RESOURCE` is never used
[INFO] [stderr]   --> src/tests.rs:10:7
[INFO] [stderr]    |
[INFO] [stderr] 10 | const RDFS_RESOURCE: &str = "http://www.w3.org/2000/01/rdf-schema#Resource";
[INFO] [stderr]    |       ^^^^^^^^^^^^^
[INFO] [stderr] 
[INFO] [stderr] warning: constant `OWL_UNION` is never used
[INFO] [stderr]   --> src/tests.rs:29:7
[INFO] [stderr]    |
[INFO] [stderr] 29 | const OWL_UNION: &str = "http://www.w3.org/2002/07/owl#unionOf";
[INFO] [stderr]    |       ^^^^^^^^^
[INFO] [stderr] 
[INFO] [stderr] warning: constant `OWL_RESTRICTION` is never used
[INFO] [stderr]   --> src/tests.rs:34:7
[INFO] [stderr]    |
[INFO] [stderr] 34 | const OWL_RESTRICTION: &str = "http://www.w3.org/2002/07/owl#Restriction";
[INFO] [stderr]    |       ^^^^^^^^^^^^^^^
[INFO] [stderr] 
[INFO] [stderr] warning: `reasonable` (lib test) generated 11 warnings (4 duplicates)
[INFO] [stderr]     Finished `test` profile [unoptimized + debuginfo] target(s) in 0.08s
[INFO] [stderr]      Running unittests src/lib.rs (/opt/rustwide/target/debug/deps/reasonable-e18d76c3a7b7cc5b)
[INFO] [stdout] 
[INFO] [stdout] running 34 tests
[INFO] [stdout] test tests::test_cax_eqc2 ... ok
[INFO] [stdout] test tests::test_cax_eqc1 ... ok
[INFO] [stdout] test tests::test_cls_hv2 ... ok
[INFO] [stdout] test tests::test_cax_sco ... ok
[INFO] [stdout] test tests::test_cls_avf ... ok
[INFO] [stdout] test tests::test_cls_hv1 ... ok
[INFO] [stdout] test tests::test_eq_ref ... ignored
[INFO] [stdout] test tests::test_cax_eqc_chain_1 ... ok
[INFO] [stdout] test tests::test_cls_int1 ... ok
[INFO] [stdout] test tests::test_cls_thing_nothing ... ok
[INFO] [stdout] test tests::test_cls_int2 ... ok
[INFO] [stdout] test tests::test_cls_svf2 ... ok
[INFO] [stdout] test tests::test_cls_svf1 ... ok
[INFO] [stdout] test tests::test_eq_rep_s ... ok
[INFO] [stdout] test tests::test_eq_rep_p ... ok
[INFO] [stdout] test tests::test_eq_rep_o ... ok
[INFO] [stdout] test tests::test_cls_int1_withhasvalue ... ok
[INFO] [stdout] test tests::test_cls_int2_withequivalent ... ok
[INFO] [stdout] test tests::test_make_reasoner ... ok
[INFO] [stdout] test tests::test_error_asymmetric ... ok
[INFO] [stdout] test tests::test_complementof ... ok
[INFO] [stdout] test tests::test_prp_fp_2 ... ok
[INFO] [stdout] test tests::test_prp_fp ... ok
[INFO] [stdout] test tests::test_spo1 ... ok
[INFO] [stdout] test tests::test_prp_trp ... ok
[INFO] [stdout] test tests::test_load_file_ttl ... ok
[INFO] [stdout] test tests::test_eq_sym ... ok
[INFO] [stdout] test tests::test_prp_inv1 ... ok
[INFO] [stdout] test tests::test_prp_ifp ... ok
[INFO] [stdout] test tests::test_prp_eqp1 ... ok
[INFO] [stdout] test tests::test_cax_eqc_chain_2 ... ok
[INFO] [stdout] test tests::test_prp_symp ... ok
[INFO] [stdout] test tests::test_eq_trans ... ok
[INFO] [stdout] test tests::test_load_file_n3 ... ok
[INFO] [stdout] 
[INFO] [stdout] test result: ok. 33 passed; 0 failed; 1 ignored; 0 measured; 0 filtered out; finished in 0.65s
[INFO] [stdout] 
[INFO] [stderr]      Running unittests src/main.rs (/opt/rustwide/target/debug/deps/reasonable-9c417746f0cd55e8)
[INFO] [stdout] 
[INFO] [stdout] running 0 tests
[INFO] [stdout] 
[INFO] [stdout] test result: ok. 0 passed; 0 failed; 0 ignored; 0 measured; 0 filtered out; finished in 0.00s
[INFO] [stdout] 
[INFO] [stderr]    Doc-tests reasonable
[INFO] [stdout] 
[INFO] [stdout] running 4 tests
[INFO] [stdout] test src/common.rs - common::rdf (line 36) ... FAILED
[INFO] [stdout] test src/common.rs - common::rdfs (line 50) ... FAILED
[INFO] [stdout] test src/common.rs - common::owl (line 22) ... FAILED
[INFO] [stdout] test src/reasoner.rs - reasoner::Reasoner (line 49) ... FAILED
[INFO] [stdout] 
[INFO] [stdout] failures:
[INFO] [stdout] 
[INFO] [stdout] ---- src/common.rs - common::rdf (line 36) stdout ----
[INFO] [stdout] error[E0463]: can't find crate for `oxigraph`
[INFO] [stdout]  --> src/common.rs:37:39
[INFO] [stdout]   |
[INFO] [stdout] 2 | #[macro_use] extern crate reasonable; extern crate oxigraph; use oxigraph::model::{Term, NamedNode}; fn main() {
[INFO] [stdout]   |                                       ^^^^^^^^^^^^^^^^^^^^^^ can't find crate
[INFO] [stdout] 
[INFO] [stdout] error: aborting due to 1 previous error
[INFO] [stdout] 
[INFO] [stdout] For more information about this error, try `rustc --explain E0463`.
[INFO] [stdout] Couldn't compile the test.
[INFO] [stdout] ---- src/common.rs - common::rdfs (line 50) stdout ----
[INFO] [stdout] error[E0463]: can't find crate for `oxigraph`
[INFO] [stdout]  --> src/common.rs:51:39
[INFO] [stdout]   |
[INFO] [stdout] 2 | #[macro_use] extern crate reasonable; extern crate oxigraph; use oxigraph::model::{Term, NamedNode}; fn main() {
[INFO] [stdout]   |                                       ^^^^^^^^^^^^^^^^^^^^^^ can't find crate
[INFO] [stdout] 
[INFO] [stdout] error: aborting due to 1 previous error
[INFO] [stdout] 
[INFO] [stdout] For more information about this error, try `rustc --explain E0463`.
[INFO] [stdout] Couldn't compile the test.
[INFO] [stdout] ---- src/common.rs - common::owl (line 22) stdout ----
[INFO] [stdout] error[E0463]: can't find crate for `oxigraph`
[INFO] [stdout]  --> src/common.rs:23:39
[INFO] [stdout]   |
[INFO] [stdout] 2 | #[macro_use] extern crate reasonable; extern crate oxigraph; use oxigraph::model::{Term, NamedNode}; fn main() {
[INFO] [stdout]   |                                       ^^^^^^^^^^^^^^^^^^^^^^ can't find crate
[INFO] [stdout] 
[INFO] [stdout] error: aborting due to 1 previous error
[INFO] [stdout] 
[INFO] [stdout] For more information about this error, try `rustc --explain E0463`.
[INFO] [stdout] Couldn't compile the test.
[INFO] [stdout] ---- src/reasoner.rs - reasoner::Reasoner (line 49) stdout ----
[INFO] [stdout] Test executable failed (exit status: 101).
[INFO] [stdout] 
[INFO] [stdout] stdout:
[INFO] [stdout] filename example_models/ontologies/Brick.n3
[INFO] [stdout] filename example_models/ontologies/rdfs.ttl
[INFO] [stdout] filename example_models/small1.n3
[INFO] [stdout] 
[INFO] [stdout] stderr:
[INFO] [stdout] thread 'main' panicked at src/reasoner.rs:16:27:
[INFO] [stdout] called `Result::unwrap()` on an `Err` value: Os { code: 30, kind: ReadOnlyFilesystem, message: "Read-only file system" }
[INFO] [stdout] stack backtrace:
[INFO] [stdout]    0:     0x604e5b71189a - std::backtrace_rs::backtrace::libunwind::trace::h5a5b8284f2d0c266
[INFO] [stdout]                                at /rustc/90b35a6239c3d8bdabc530a6a0816f7ff89a0aaf/library/std/src/../../backtrace/src/backtrace/libunwind.rs:116:5
[INFO] [stdout]    1:     0x604e5b71189a - std::backtrace_rs::backtrace::trace_unsynchronized::h76d4f1c9b0b875e3
[INFO] [stdout]                                at /rustc/90b35a6239c3d8bdabc530a6a0816f7ff89a0aaf/library/std/src/../../backtrace/src/backtrace/mod.rs:66:5
[INFO] [stdout]    2:     0x604e5b71189a - std::sys::backtrace::_print_fmt::hc4546b8364a537c6
[INFO] [stdout]                                at /rustc/90b35a6239c3d8bdabc530a6a0816f7ff89a0aaf/library/std/src/sys/backtrace.rs:66:9
[INFO] [stdout]    3:     0x604e5b71189a - <std::sys::backtrace::BacktraceLock::print::DisplayBacktrace as core::fmt::Display>::fmt::h5b6bd5631a6d1f6b
[INFO] [stdout]                                at /rustc/90b35a6239c3d8bdabc530a6a0816f7ff89a0aaf/library/std/src/sys/backtrace.rs:39:26
[INFO] [stdout]    4:     0x604e5b72e2c3 - core::fmt::rt::Argument::fmt::h270f6602a2b96f62
[INFO] [stdout]                                at /rustc/90b35a6239c3d8bdabc530a6a0816f7ff89a0aaf/library/core/src/fmt/rt.rs:177:76
[INFO] [stdout]    5:     0x604e5b72e2c3 - core::fmt::write::h7550c97b06c86515
[INFO] [stdout]                                at /rustc/90b35a6239c3d8bdabc530a6a0816f7ff89a0aaf/library/core/src/fmt/mod.rs:1186:21
[INFO] [stdout]    6:     0x604e5b70f4b3 - std::io::Write::write_fmt::h7b09c64fe0be9c84
[INFO] [stdout]                                at /rustc/90b35a6239c3d8bdabc530a6a0816f7ff89a0aaf/library/std/src/io/mod.rs:1839:15
[INFO] [stdout]    7:     0x604e5b7116e2 - std::sys::backtrace::BacktraceLock::print::h2395ccd2c84ba3aa
[INFO] [stdout]                                at /rustc/90b35a6239c3d8bdabc530a6a0816f7ff89a0aaf/library/std/src/sys/backtrace.rs:42:9
[INFO] [stdout]    8:     0x604e5b71268c - std::panicking::default_hook::{{closure}}::he19d4c7230e07961
[INFO] [stdout]                                at /rustc/90b35a6239c3d8bdabc530a6a0816f7ff89a0aaf/library/std/src/panicking.rs:268:22
[INFO] [stdout]    9:     0x604e5b7124d2 - std::panicking::default_hook::hf614597d3c67bbdb
[INFO] [stdout]                                at /rustc/90b35a6239c3d8bdabc530a6a0816f7ff89a0aaf/library/std/src/panicking.rs:295:9
[INFO] [stdout]   10:     0x604e5b712c67 - std::panicking::rust_panic_with_hook::h8942133a8b252070
[INFO] [stdout]                                at /rustc/90b35a6239c3d8bdabc530a6a0816f7ff89a0aaf/library/std/src/panicking.rs:801:13
[INFO] [stdout]   11:     0x604e5b712afa - std::panicking::begin_panic_handler::{{closure}}::hb5f5963570096b29
[INFO] [stdout]                                at /rustc/90b35a6239c3d8bdabc530a6a0816f7ff89a0aaf/library/std/src/panicking.rs:674:13
[INFO] [stdout]   12:     0x604e5b711d79 - std::sys::backtrace::__rust_end_short_backtrace::h6208cedc1922feda
[INFO] [stdout]                                at /rustc/90b35a6239c3d8bdabc530a6a0816f7ff89a0aaf/library/std/src/sys/backtrace.rs:170:18
[INFO] [stdout]   13:     0x604e5b71278c - rust_begin_unwind
[INFO] [stdout]                                at /rustc/90b35a6239c3d8bdabc530a6a0816f7ff89a0aaf/library/std/src/panicking.rs:665:5
[INFO] [stdout]   14:     0x604e5b52a3d0 - core::panicking::panic_fmt::h0c3082644d1bf418
[INFO] [stdout]                                at /rustc/90b35a6239c3d8bdabc530a6a0816f7ff89a0aaf/library/core/src/panicking.rs:74:14
[INFO] [stdout]   15:     0x604e5b52a7e6 - core::result::unwrap_failed::hd20b4aa073bda1e2
[INFO] [stdout]                                at /rustc/90b35a6239c3d8bdabc530a6a0816f7ff89a0aaf/library/core/src/result.rs:1700:5
[INFO] [stdout]   16:     0x604e5b52b816 - rust_out::main::_doctest_main_src_reasoner_rs_49_0::ha6c538cf2c047037
[INFO] [stdout]   17:     0x604e5b52b476 - rust_out::main::h86d391cc11b8a827
[INFO] [stdout]   18:     0x604e5b52adf3 - core::ops::function::FnOnce::call_once::hd1e0b33d350e8c2e
[INFO] [stdout]   19:     0x604e5b52add6 - std::sys::backtrace::__rust_begin_short_backtrace::hb7c4fd168269da08
[INFO] [stdout]   20:     0x604e5b52adb9 - std::rt::lang_start::{{closure}}::h7630186e3858a44d
[INFO] [stdout]   21:     0x604e5b70ce5e - core::ops::function::impls::<impl core::ops::function::FnOnce<A> for &F>::call_once::hfdb85f4ee94732d3
[INFO] [stdout]                                at /rustc/90b35a6239c3d8bdabc530a6a0816f7ff89a0aaf/library/core/src/ops/function.rs:284:13
[INFO] [stdout]   22:     0x604e5b70ce5e - std::panicking::try::do_call::h6e577310f330cbef
[INFO] [stdout]                                at /rustc/90b35a6239c3d8bdabc530a6a0816f7ff89a0aaf/library/std/src/panicking.rs:557:40
[INFO] [stdout]   23:     0x604e5b70ce5e - std::panicking::try::ha588d438267d2645
[INFO] [stdout]                                at /rustc/90b35a6239c3d8bdabc530a6a0816f7ff89a0aaf/library/std/src/panicking.rs:520:19
[INFO] [stdout]   24:     0x604e5b70ce5e - std::panic::catch_unwind::h429fda1e025f26d9
[INFO] [stdout]                                at /rustc/90b35a6239c3d8bdabc530a6a0816f7ff89a0aaf/library/std/src/panic.rs:358:14
[INFO] [stdout]   25:     0x604e5b70ce5e - std::rt::lang_start_internal::{{closure}}::h7b731265e841c4bf
[INFO] [stdout]                                at /rustc/90b35a6239c3d8bdabc530a6a0816f7ff89a0aaf/library/std/src/rt.rs:174:48
[INFO] [stdout]   26:     0x604e5b70ce5e - std::panicking::try::do_call::hc0f6a675b7ae5a36
[INFO] [stdout]                                at /rustc/90b35a6239c3d8bdabc530a6a0816f7ff89a0aaf/library/std/src/panicking.rs:557:40
[INFO] [stdout]   27:     0x604e5b70ce5e - std::panicking::try::h4c93b7ff0671f1ff
[INFO] [stdout]                                at /rustc/90b35a6239c3d8bdabc530a6a0816f7ff89a0aaf/library/std/src/panicking.rs:520:19
[INFO] [stdout]   28:     0x604e5b70ce5e - std::panic::catch_unwind::hcc1e154961d16ce6
[INFO] [stdout]                                at /rustc/90b35a6239c3d8bdabc530a6a0816f7ff89a0aaf/library/std/src/panic.rs:358:14
[INFO] [stdout]   29:     0x604e5b70ce5e - std::rt::lang_start_internal::h1c66660c99c8424c
[INFO] [stdout]                                at /rustc/90b35a6239c3d8bdabc530a6a0816f7ff89a0aaf/library/std/src/rt.rs:174:20
[INFO] [stdout]   30:     0x604e5b52ad97 - std::rt::lang_start::hcdb31f4834f76b8c
[INFO] [stdout]   31:     0x604e5b52b8b5 - main
[INFO] [stdout]   32:     0x7f324824ad90 - <unknown>
[INFO] [stdout]   33:     0x7f324824ae40 - __libc_start_main
[INFO] [stdout]   34:     0x604e5b52aca5 - _start
[INFO] [stdout]   35:                0x0 - <unknown>
[INFO] [stdout] 
[INFO] [stdout] 
[INFO] [stdout] 
[INFO] [stdout] failures:
[INFO] [stdout]     src/common.rs - common::owl (line 22)
[INFO] [stdout]     src/common.rs - common::rdf (line 36)
[INFO] [stdout]     src/common.rs - common::rdfs (line 50)
[INFO] [stdout]     src/reasoner.rs - reasoner::Reasoner (line 49)
[INFO] [stdout] 
[INFO] [stderr] error: doctest failed, to rerun pass `--doc`
[INFO] [stdout] test result: FAILED. 0 passed; 4 failed; 0 ignored; 0 measured; 0 filtered out; finished in 37.00s
[INFO] [stdout] 
[INFO] running `Command { std: "docker" "inspect" "797ea1ccfb647a70c1a8f206d76c39a416b930cdda7e66b0e6dc236086b91f87", kill_on_drop: false }`
[INFO] running `Command { std: "docker" "rm" "-f" "797ea1ccfb647a70c1a8f206d76c39a416b930cdda7e66b0e6dc236086b91f87", kill_on_drop: false }`
[INFO] [stdout] 797ea1ccfb647a70c1a8f206d76c39a416b930cdda7e66b0e6dc236086b91f87
