[INFO] fetching crate rbook 0.5.0...
[INFO] testing rbook-0.5.0 against beta-2024-12-08 for beta-1.84.0-4-retry
[INFO] extracting crate rbook 0.5.0 into /workspace/builds/worker-1-tc2/source
[INFO] validating manifest of crates.io crate rbook 0.5.0 on toolchain beta-2024-12-08
[INFO] running `Command { std: CARGO_HOME="/workspace/cargo-home" RUSTUP_HOME="/workspace/rustup-home" "/workspace/cargo-home/bin/cargo" "+beta-2024-12-08" "metadata" "--manifest-path" "Cargo.toml" "--no-deps", kill_on_drop: false }`
[INFO] started tweaking crates.io crate rbook 0.5.0
[INFO] finished tweaking crates.io crate rbook 0.5.0
[INFO] tweaked toml for crates.io crate rbook 0.5.0 written to /workspace/builds/worker-1-tc2/source/Cargo.toml
[INFO] running `Command { std: CARGO_HOME="/workspace/cargo-home" RUSTUP_HOME="/workspace/rustup-home" "/workspace/cargo-home/bin/cargo" "+beta-2024-12-08" "generate-lockfile" "--manifest-path" "Cargo.toml", kill_on_drop: false }`
[INFO] [stderr]     Updating crates.io index
[INFO] [stderr]      Locking 99 packages to latest compatible versions
[INFO] [stderr]       Adding lol_html v0.3.3 (available: v2.1.0)
[INFO] [stderr]       Adding thiserror v1.0.69 (available: v2.0.7)
[INFO] [stderr]       Adding zip v0.6.6 (available: v2.2.1)
[INFO] running `Command { std: CARGO_HOME="/workspace/cargo-home" RUSTUP_HOME="/workspace/rustup-home" "/workspace/cargo-home/bin/cargo" "+beta-2024-12-08" "fetch" "--manifest-path" "Cargo.toml", kill_on_drop: false }`
[INFO] running `Command { std: "docker" "create" "-v" "/var/lib/crater-agent-workspace/builds/worker-1-tc2/target:/opt/rustwide/target:rw,Z" "-v" "/var/lib/crater-agent-workspace/builds/worker-1-tc2/source:/opt/rustwide/workdir:ro,Z" "-v" "/var/lib/crater-agent-workspace/cargo-home:/opt/rustwide/cargo-home:ro,Z" "-v" "/var/lib/crater-agent-workspace/rustup-home:/opt/rustwide/rustup-home:ro,Z" "-e" "SOURCE_DIR=/opt/rustwide/workdir" "-e" "CARGO_TARGET_DIR=/opt/rustwide/target" "-e" "CARGO_HOME=/opt/rustwide/cargo-home" "-e" "RUSTUP_HOME=/opt/rustwide/rustup-home" "-w" "/opt/rustwide/workdir" "-m" "1610612736" "--user" "0:0" "--network" "none" "ghcr.io/rust-lang/crates-build-env/linux@sha256:f3a9d4ad9d972b27faf3965f35b62e55ba32bbce8f20bc8fe909558a86702fde" "/opt/rustwide/cargo-home/bin/cargo" "+beta-2024-12-08" "metadata" "--no-deps" "--format-version=1", kill_on_drop: false }`
[INFO] [stdout] 2d96fff1151ffcffee8174e05fe5304dd17612f4a1c7ff3961ad1809e7bd7e46
[INFO] running `Command { std: "docker" "start" "-a" "2d96fff1151ffcffee8174e05fe5304dd17612f4a1c7ff3961ad1809e7bd7e46", kill_on_drop: false }`
[INFO] running `Command { std: "docker" "inspect" "2d96fff1151ffcffee8174e05fe5304dd17612f4a1c7ff3961ad1809e7bd7e46", kill_on_drop: false }`
[INFO] running `Command { std: "docker" "rm" "-f" "2d96fff1151ffcffee8174e05fe5304dd17612f4a1c7ff3961ad1809e7bd7e46", kill_on_drop: false }`
[INFO] [stdout] 2d96fff1151ffcffee8174e05fe5304dd17612f4a1c7ff3961ad1809e7bd7e46
[INFO] running `Command { std: "docker" "create" "-v" "/var/lib/crater-agent-workspace/builds/worker-1-tc2/target:/opt/rustwide/target:rw,Z" "-v" "/var/lib/crater-agent-workspace/builds/worker-1-tc2/source:/opt/rustwide/workdir:ro,Z" "-v" "/var/lib/crater-agent-workspace/cargo-home:/opt/rustwide/cargo-home:ro,Z" "-v" "/var/lib/crater-agent-workspace/rustup-home:/opt/rustwide/rustup-home:ro,Z" "-e" "SOURCE_DIR=/opt/rustwide/workdir" "-e" "CARGO_TARGET_DIR=/opt/rustwide/target" "-e" "CARGO_INCREMENTAL=0" "-e" "RUST_BACKTRACE=full" "-e" "RUSTFLAGS=--cap-lints=warn" "-e" "RUSTDOCFLAGS=--cap-lints=warn" "-e" "CARGO_HOME=/opt/rustwide/cargo-home" "-e" "RUSTUP_HOME=/opt/rustwide/rustup-home" "-w" "/opt/rustwide/workdir" "-m" "1610612736" "--user" "0:0" "--network" "none" "ghcr.io/rust-lang/crates-build-env/linux@sha256:f3a9d4ad9d972b27faf3965f35b62e55ba32bbce8f20bc8fe909558a86702fde" "/opt/rustwide/cargo-home/bin/cargo" "+beta-2024-12-08" "build" "--frozen" "--message-format=json", kill_on_drop: false }`
[INFO] [stdout] b30168caba4fc5f11371693869a65285cc7d84d023402799596b5a255a72750c
[INFO] running `Command { std: "docker" "start" "-a" "b30168caba4fc5f11371693869a65285cc7d84d023402799596b5a255a72750c", kill_on_drop: false }`
[INFO] [stderr]    Compiling version_check v0.9.5
[INFO] [stderr]    Compiling getrandom v0.1.16
[INFO] [stderr]    Compiling typenum v1.17.0
[INFO] [stderr]    Compiling byteorder v1.5.0
[INFO] [stderr]    Compiling pkg-config v0.3.31
[INFO] [stderr]    Compiling syn v1.0.109
[INFO] [stderr]    Compiling subtle v2.6.1
[INFO] [stderr]    Compiling proc-macro-hack v0.5.20+deprecated
[INFO] [stderr]    Compiling cpufeatures v0.2.16
[INFO] [stderr]    Compiling phf_shared v0.8.0
[INFO] [stderr]    Compiling dtoa v1.0.9
[INFO] [stderr]    Compiling zstd-safe v5.0.2+zstd.1.5.2
[INFO] [stderr]    Compiling rand_core v0.6.4
[INFO] [stderr]    Compiling jobserver v0.1.32
[INFO] [stderr]    Compiling syn v2.0.90
[INFO] [stderr]    Compiling thiserror v1.0.69
[INFO] [stderr]    Compiling dtoa-short v0.3.5
[INFO] [stderr]    Compiling matches v0.1.10
[INFO] [stderr]    Compiling zerocopy v0.7.35
[INFO] [stderr]    Compiling once_cell v1.20.2
[INFO] [stderr]    Compiling itoa v0.4.8
[INFO] [stderr]    Compiling base64ct v1.6.0
[INFO] [stderr]    Compiling adler2 v2.0.0
[INFO] [stderr]    Compiling powerfmt v0.2.0
[INFO] [stderr]    Compiling stable_deref_trait v1.2.0
[INFO] [stderr]    Compiling cc v1.2.4
[INFO] [stderr]    Compiling smallvec v1.13.2
[INFO] [stderr]    Compiling nodrop v0.1.14
[INFO] [stderr]    Compiling convert_case v0.4.0
[INFO] [stderr]    Compiling generic-array v0.14.7
[INFO] [stderr]    Compiling ahash v0.8.11
[INFO] [stderr]    Compiling rand_core v0.5.1
[INFO] [stderr]    Compiling password-hash v0.4.2
[INFO] [stderr]    Compiling servo_arc v0.1.1
[INFO] [stderr]    Compiling deranged v0.3.11
[INFO] [stderr]    Compiling miniz_oxide v0.8.0
[INFO] [stderr]    Compiling rand_pcg v0.2.1
[INFO] [stderr]    Compiling fxhash v0.2.1
[INFO] [stderr]    Compiling crc32fast v1.4.2
[INFO] [stderr]    Compiling num-conv v0.1.0
[INFO] [stderr]    Compiling thin-slice v0.1.1
[INFO] [stderr]    Compiling time-core v0.1.2
[INFO] [stderr]    Compiling bitflags v1.3.2
[INFO] [stderr]    Compiling log v0.4.22
[INFO] [stderr]    Compiling precomputed-hash v0.1.1
[INFO] [stderr]    Compiling encoding_rs v0.8.35
[INFO] [stderr]    Compiling bitflags v2.6.0
[INFO] [stderr]    Compiling memchr v2.7.4
[INFO] [stderr]    Compiling lazycell v1.3.0
[INFO] [stderr]    Compiling safemem v0.3.3
[INFO] [stderr]    Compiling lazy_static v1.5.0
[INFO] [stderr]    Compiling mime v0.3.17
[INFO] [stderr]    Compiling constant_time_eq v0.1.5
[INFO] [stderr]    Compiling hashbrown v0.13.2
[INFO] [stderr]    Compiling flate2 v1.0.35
[INFO] [stderr]    Compiling time v0.3.37
[INFO] [stderr]    Compiling zstd-sys v2.0.13+zstd.1.5.6
[INFO] [stderr]    Compiling bzip2-sys v0.1.11+1.0.8
[INFO] [stderr]    Compiling crypto-common v0.1.6
[INFO] [stderr]    Compiling block-buffer v0.10.4
[INFO] [stderr]    Compiling inout v0.1.3
[INFO] [stderr]    Compiling digest v0.10.7
[INFO] [stderr]    Compiling cipher v0.4.4
[INFO] [stderr]    Compiling sha2 v0.10.8
[INFO] [stderr]    Compiling hmac v0.12.1
[INFO] [stderr]    Compiling sha1 v0.10.6
[INFO] [stderr]    Compiling aes v0.8.4
[INFO] [stderr]    Compiling pbkdf2 v0.11.0
[INFO] [stderr]    Compiling bzip2 v0.4.4
[INFO] [stderr]    Compiling zerocopy-derive v0.7.35
[INFO] [stderr]    Compiling cssparser-macros v0.6.1
[INFO] [stderr]    Compiling derive_more v0.99.18
[INFO] [stderr]    Compiling thiserror-impl v1.0.69
[INFO] [stderr]    Compiling cssparser v0.27.2
[INFO] [stderr]    Compiling ppv-lite86 v0.2.20
[INFO] [stderr]    Compiling zstd v0.11.2+zstd.1.5.2
[INFO] [stderr]    Compiling zip v0.6.6
[INFO] [stderr]    Compiling rand_chacha v0.2.2
[INFO] [stderr]    Compiling rand v0.7.3
[INFO] [stderr]    Compiling phf_generator v0.8.0
[INFO] [stderr]    Compiling phf_codegen v0.8.0
[INFO] [stderr]    Compiling phf_macros v0.8.0
[INFO] [stderr]    Compiling selectors v0.22.0
[INFO] [stderr]    Compiling phf v0.8.0
[INFO] [stderr]    Compiling lol_html v0.3.3
[INFO] [stderr]    Compiling rbook v0.5.0 (/opt/rustwide/workdir)
[INFO] [stderr]     Finished `dev` profile [unoptimized + debuginfo] target(s) in 15.80s
[INFO] running `Command { std: "docker" "inspect" "b30168caba4fc5f11371693869a65285cc7d84d023402799596b5a255a72750c", kill_on_drop: false }`
[INFO] running `Command { std: "docker" "rm" "-f" "b30168caba4fc5f11371693869a65285cc7d84d023402799596b5a255a72750c", kill_on_drop: false }`
[INFO] [stdout] b30168caba4fc5f11371693869a65285cc7d84d023402799596b5a255a72750c
[INFO] running `Command { std: "docker" "create" "-v" "/var/lib/crater-agent-workspace/builds/worker-1-tc2/target:/opt/rustwide/target:rw,Z" "-v" "/var/lib/crater-agent-workspace/builds/worker-1-tc2/source:/opt/rustwide/workdir:ro,Z" "-v" "/var/lib/crater-agent-workspace/cargo-home:/opt/rustwide/cargo-home:ro,Z" "-v" "/var/lib/crater-agent-workspace/rustup-home:/opt/rustwide/rustup-home:ro,Z" "-e" "SOURCE_DIR=/opt/rustwide/workdir" "-e" "CARGO_TARGET_DIR=/opt/rustwide/target" "-e" "CARGO_INCREMENTAL=0" "-e" "RUST_BACKTRACE=full" "-e" "RUSTFLAGS=--cap-lints=warn" "-e" "RUSTDOCFLAGS=--cap-lints=warn" "-e" "CARGO_HOME=/opt/rustwide/cargo-home" "-e" "RUSTUP_HOME=/opt/rustwide/rustup-home" "-w" "/opt/rustwide/workdir" "-m" "1610612736" "--user" "0:0" "--network" "none" "ghcr.io/rust-lang/crates-build-env/linux@sha256:f3a9d4ad9d972b27faf3965f35b62e55ba32bbce8f20bc8fe909558a86702fde" "/opt/rustwide/cargo-home/bin/cargo" "+beta-2024-12-08" "test" "--frozen" "--no-run" "--message-format=json", kill_on_drop: false }`
[INFO] [stdout] 7f0d80b207f4860cada4a42c70d05935dc70c5f85f35b841e4f168aae83f7561
[INFO] running `Command { std: "docker" "start" "-a" "7f0d80b207f4860cada4a42c70d05935dc70c5f85f35b841e4f168aae83f7561", kill_on_drop: false }`
[INFO] [stderr]    Compiling rbook v0.5.0 (/opt/rustwide/workdir)
[INFO] [stderr]     Finished `test` profile [unoptimized + debuginfo] target(s) in 3.16s
[INFO] running `Command { std: "docker" "inspect" "7f0d80b207f4860cada4a42c70d05935dc70c5f85f35b841e4f168aae83f7561", kill_on_drop: false }`
[INFO] running `Command { std: "docker" "rm" "-f" "7f0d80b207f4860cada4a42c70d05935dc70c5f85f35b841e4f168aae83f7561", kill_on_drop: false }`
[INFO] [stdout] 7f0d80b207f4860cada4a42c70d05935dc70c5f85f35b841e4f168aae83f7561
[INFO] running `Command { std: "docker" "create" "-v" "/var/lib/crater-agent-workspace/builds/worker-1-tc2/target:/opt/rustwide/target:rw,Z" "-v" "/var/lib/crater-agent-workspace/builds/worker-1-tc2/source:/opt/rustwide/workdir:ro,Z" "-v" "/var/lib/crater-agent-workspace/cargo-home:/opt/rustwide/cargo-home:ro,Z" "-v" "/var/lib/crater-agent-workspace/rustup-home:/opt/rustwide/rustup-home:ro,Z" "-e" "SOURCE_DIR=/opt/rustwide/workdir" "-e" "CARGO_TARGET_DIR=/opt/rustwide/target" "-e" "CARGO_INCREMENTAL=0" "-e" "RUST_BACKTRACE=full" "-e" "RUSTFLAGS=--cap-lints=warn" "-e" "RUSTDOCFLAGS=--cap-lints=warn" "-e" "CARGO_HOME=/opt/rustwide/cargo-home" "-e" "RUSTUP_HOME=/opt/rustwide/rustup-home" "-w" "/opt/rustwide/workdir" "-m" "1610612736" "--user" "0:0" "--network" "none" "ghcr.io/rust-lang/crates-build-env/linux@sha256:f3a9d4ad9d972b27faf3965f35b62e55ba32bbce8f20bc8fe909558a86702fde" "/opt/rustwide/cargo-home/bin/cargo" "+beta-2024-12-08" "test" "--frozen", kill_on_drop: false }`
[INFO] [stdout] c13429d85c4b87e64214739e2de52ee4886e4621616fc69355bfb3adb9797c25
[INFO] running `Command { std: "docker" "start" "-a" "c13429d85c4b87e64214739e2de52ee4886e4621616fc69355bfb3adb9797c25", kill_on_drop: false }`
[INFO] [stderr]     Finished `test` profile [unoptimized + debuginfo] target(s) in 0.10s
[INFO] [stderr]      Running unittests src/lib.rs (/opt/rustwide/target/debug/deps/rbook-758a68c33ee2491c)
[INFO] [stdout] 
[INFO] [stdout] running 0 tests
[INFO] [stdout] 
[INFO] [stdout] test result: ok. 0 passed; 0 failed; 0 ignored; 0 measured; 0 filtered out; finished in 0.00s
[INFO] [stdout] 
[INFO] [stderr]      Running tests/find.rs (/opt/rustwide/target/debug/deps/find-7cb9e7e8e300d677)
[INFO] [stdout] 
[INFO] [stdout] running 4 tests
[INFO] [stdout] test manifest_find_test ... ok
[INFO] [stdout] test metadata_find_test ... ok
[INFO] [stdout] test toc_find_test ... ok
[INFO] [stdout] test spine_find_test ... ok
[INFO] [stdout] 
[INFO] [stdout] test result: ok. 4 passed; 0 failed; 0 ignored; 0 measured; 0 filtered out; finished in 0.04s
[INFO] [stdout] 
[INFO] [stderr]      Running tests/parse.rs (/opt/rustwide/target/debug/deps/parse-d660c063f32f7881)
[INFO] [stdout] 
[INFO] [stdout] running 7 tests
[INFO] [stdout] test directory_test ... ok
[INFO] [stdout] test metadata_test ... ok
[INFO] [stdout] test spine_test ... ok
[INFO] [stdout] test metadat_test_alt ... ok
[INFO] [stdout] test manifest_test ... ok
[INFO] [stdout] test metadata_test2 ... ok
[INFO] [stdout] test toc_test ... ok
[INFO] [stdout] 
[INFO] [stdout] test result: ok. 7 passed; 0 failed; 0 ignored; 0 measured; 0 filtered out; finished in 0.09s
[INFO] [stdout] 
[INFO] [stderr]      Running tests/reader.rs (/opt/rustwide/target/debug/deps/reader-d3b9a7ff5f2621b9)
[INFO] [stdout] 
[INFO] [stdout] running 5 tests
[INFO] [stdout] test access_content_test ... ok
[INFO] [stdout] test reader_test ... ok
[INFO] [stdout] test read_all_iterator_test ... ok
[INFO] [stdout] test read_all_while_test ... ok
[INFO] [stdout] test read_all_iterator_test2 ... ok
[INFO] [stdout] 
[INFO] [stdout] test result: ok. 5 passed; 0 failed; 0 ignored; 0 measured; 0 filtered out; finished in 0.28s
[INFO] [stdout] 
[INFO] [stderr]      Running tests/stats.rs (/opt/rustwide/target/debug/deps/stats-972a71b278645716)
[INFO] [stdout] 
[INFO] [stdout] running 1 test
[INFO] [stdout] test stats_test ... ok
[INFO] [stdout] 
[INFO] [stdout] test result: ok. 1 passed; 0 failed; 0 ignored; 0 measured; 0 filtered out; finished in 0.23s
[INFO] [stdout] 
[INFO] [stderr]      Running tests/threads.rs (/opt/rustwide/target/debug/deps/threads-0eeafb8783c0f8a6)
[INFO] [stdout] 
[INFO] [stdout] running 0 tests
[INFO] [stdout] 
[INFO] [stdout] test result: ok. 0 passed; 0 failed; 0 ignored; 0 measured; 0 filtered out; finished in 0.00s
[INFO] [stdout] 
[INFO] [stderr]    Doc-tests rbook
[INFO] [stdout] 
[INFO] [stdout] running 34 tests
[INFO] [stdout] test src/formats/epub.rs - formats::epub::Epub::root_file_directory (line 152) ... FAILED
[INFO] [stdout] test src/formats/epub.rs - formats::epub::Epub::root_file (line 135) ... FAILED
[INFO] [stdout] test src/formats/epub.rs - formats::epub::Epub (line 49) ... FAILED
[INFO] [stdout] test src/formats/epub/metadata.rs - formats::epub::metadata::Metadata::release_identifier (line 137) ... FAILED
[INFO] [stdout] test src/formats/epub/metadata.rs - formats::epub::metadata::Metadata (line 35) ... FAILED
[INFO] [stdout] test src/formats/epub.rs - formats::epub::Epub::read_file (line 175) ... FAILED
[INFO] [stdout] test src/formats/xml.rs - formats::xml::Find (line 58) ... FAILED
[INFO] [stdout] test src/formats/xml.rs - formats::xml::Element (line 205) ... FAILED
[INFO] [stdout] test src/formats/xml.rs - formats::xml::Attribute (line 345) ... FAILED
[INFO] [stdout] test src/formats/epub/table_of_contents.rs - formats::epub::table_of_contents::Toc (line 19) ... FAILED
[INFO] [stdout] test src/formats/epub/table_of_contents.rs - formats::epub::table_of_contents::Toc (line 48) ... FAILED
[INFO] [stdout] test src/formats/xml.rs - formats::xml::Find (line 42) ... FAILED
[INFO] [stdout] test src/formats/xml.rs - formats::xml::Find::find_value (line 122) ... FAILED
[INFO] [stdout] test src/formats/xml.rs - formats::xml::Find::find (line 84) ... FAILED
[INFO] [stdout] test src/reader.rs - reader::Reader (line 69) ... FAILED
[INFO] [stdout] test src/formats/xml.rs - formats::xml::Parent (line 314) ... FAILED
[INFO] [stdout] test src/reader.rs - reader::Reader (line 45) ... FAILED
[INFO] [stdout] test src/lib.rs - (line 32) ... FAILED
[INFO] [stdout] test src/lib.rs - (line 9) ... FAILED
[INFO] [stdout] test src/formats.rs - formats::Ebook::new (line 36) ... FAILED
[INFO] [stdout] test src/reader.rs - reader::Reader (line 88) ... FAILED
[INFO] [stdout] test src/statistics.rs - statistics::Stats (line 18) ... FAILED
[INFO] [stdout] test src/reader/content.rs - reader::content::Content (line 47) ... FAILED
[INFO] [stdout] test src/reader/content.rs - reader::content::Content (line 35) ... FAILED
[INFO] [stdout] test src/formats/epub/manifest.rs - formats::epub::manifest::Manifest::images (line 54) ... FAILED
[INFO] [stdout] test src/formats.rs - formats::Ebook::read_from (line 56) ... ok
[INFO] [stdout] test src/formats/epub/guide.rs - formats::epub::guide::Guide (line 15) ... ok
[INFO] [stdout] test src/formats/epub.rs - formats::epub::Epub::read_bytes_file (line 205) ... ok
[INFO] [stdout] test src/formats/epub/metadata.rs - formats::epub::metadata::Metadata (line 15) ... ok
[INFO] [stdout] test src/formats/epub/manifest.rs - formats::epub::manifest::Manifest::images (line 65) ... ok
[INFO] [stdout] test src/formats/epub/spine.rs - formats::epub::spine::Spine (line 14) ... ok
[INFO] [stdout] test src/formats/epub/manifest.rs - formats::epub::manifest::Manifest (line 14) ... ok
[INFO] [stdout] test src/formats/epub.rs - formats::epub::Epub::cover_image (line 116) ... ok
[INFO] [stdout] test src/statistics.rs - statistics::Stats (line 8) ... ok
[INFO] [stdout] 
[INFO] [stdout] failures:
[INFO] [stdout] 
[INFO] [stdout] ---- src/formats/epub.rs - formats::epub::Epub::root_file_directory (line 152) stdout ----
[INFO] [stdout] Couldn't compile the test.
[INFO] [stdout] ---- src/formats/epub.rs - formats::epub::Epub::root_file (line 135) stdout ----
[INFO] [stdout] Couldn't compile the test.
[INFO] [stdout] ---- src/formats/epub.rs - formats::epub::Epub (line 49) stdout ----
[INFO] [stdout] Couldn't compile the test.
[INFO] [stdout] ---- src/formats/epub/metadata.rs - formats::epub::metadata::Metadata::release_identifier (line 137) stdout ----
[INFO] [stdout] Couldn't compile the test.
[INFO] [stdout] ---- src/formats/epub/metadata.rs - formats::epub::metadata::Metadata (line 35) stdout ----
[INFO] [stdout] Couldn't compile the test.
[INFO] [stdout] ---- src/formats/epub.rs - formats::epub::Epub::read_file (line 175) stdout ----
[INFO] [stdout] error: linking with `cc` failed: exit status: 1
[INFO] [stdout]   |
[INFO] [stdout]   = note: LC_ALL="C" PATH="/opt/rustwide/rustup-home/toolchains/beta-2024-12-08-x86_64-unknown-linux-gnu/lib/rustlib/x86_64-unknown-linux-gnu/bin:/opt/rustwide/cargo-home/bin:/usr/local/sbin:/usr/local/bin:/usr/sbin:/usr/bin:/sbin:/bin" VSLANG="1033" "cc" "-m64" "/tmp/rustcQmYopY/symbols.o" "/tmp/rustdoctestVdgSX9/rust_out.rust_out.9242fac72db2cd11-cgu.0.rcgu.o" "/tmp/rustdoctestVdgSX9/rust_out.2hl2tb9xdtge7mguxzn2q1kvi.rcgu.o" "-Wl,--as-needed" "-Wl,-Bstatic" "/opt/rustwide/target/debug/deps/librbook-c3902a3904882094.rlib" "/opt/rustwide/target/debug/deps/liblol_html-168215839a840738.rlib" "/opt/rustwide/target/debug/deps/liblazy_static-34736fcc74b41a53.rlib" "/opt/rustwide/target/debug/deps/libselectors-1f6fe070edc35591.rlib" "/opt/rustwide/target/debug/deps/libthin_slice-3911b9962156ab86.rlib" "/opt/rustwide/target/debug/deps/libservo_arc-ad77914ab35625d3.rlib" "/opt/rustwide/target/debug/deps/libstable_deref_trait-2a0dbe5da253a28f.rlib" "/opt/rustwide/target/debug/deps/libnodrop-2134eb09d9f1eb1d.rlib" "/opt/rustwide/target/debug/deps/libprecomputed_hash-b9978982d60ae6d8.rlib" "/opt/rustwide/target/debug/deps/liblog-35c349e0e34201c2.rlib" "/opt/rustwide/target/debug/deps/libfxhash-2979afee709db725.rlib" "/opt/rustwide/target/debug/deps/libcssparser-75bf327f07c2ca6d.rlib" "/opt/rustwide/target/debug/deps/libitoa-a2832f2392deebad.rlib" "/opt/rustwide/target/debug/deps/libdtoa_short-222cf65d797d757c.rlib" "/opt/rustwide/target/debug/deps/libdtoa-c32c09a524048036.rlib" "/opt/rustwide/target/debug/deps/libsmallvec-cae3008cdb7d5db1.rlib" "/opt/rustwide/target/debug/deps/libmatches-59081526691d27d6.rlib" "/opt/rustwide/target/debug/deps/libphf-114bb4902a477c91.rlib" "/opt/rustwide/target/debug/deps/libphf_shared-af4f588a12dbcbd3.rlib" "/opt/rustwide/target/debug/deps/libsiphasher-8c98df6e4615cbd6.rlib" "/opt/rustwide/target/debug/deps/libbitflags-85e13ed1e0c6d910.rlib" "/opt/rustwide/target/debug/deps/libbitflags-84877d9103c9f4ef.rlib" "/opt/rustwide/target/debug/deps/liblazycell-7d1af79ecf1aabd8.rlib" "/opt/rustwide/target/debug/deps/libsafemem-c5268489761944e6.rlib" "/opt/rustwide/target/debug/deps/libmime-a9df5a780629fb7d.rlib" "/opt/rustwide/target/debug/deps/libhashbrown-e82beab1dccb3194.rlib" "/opt/rustwide/target/debug/deps/libahash-e11b04768cc7e998.rlib" "/opt/rustwide/target/debug/deps/libonce_cell-e8dd356c4f9e5246.rlib" "/opt/rustwide/target/debug/deps/libzerocopy-7d07cba449ed1a54.rlib" "/opt/rustwide/target/debug/deps/libmemchr-412d53cbfea52259.rlib" "/opt/rustwide/target/debug/deps/libencoding_rs-2caf505cdd079dea.rlib" "/opt/rustwide/target/debug/deps/libzip-75f01207283840fe.rlib" "/opt/rustwide/target/debug/deps/libpbkdf2-c4a522a071d91e3d.rlib" "/opt/rustwide/target/debug/deps/libsha2-84389209f51d933f.rlib" "/opt/rustwide/target/debug/deps/libpassword_hash-543bd319c4186ad5.rlib" "/opt/rustwide/target/debug/deps/libbase64ct-465e4fde6ddb9bb3.rlib" "/opt/rustwide/target/debug/deps/librand_core-ea3d08b2337ed21b.rlib" "/opt/rustwide/target/debug/deps/libtime-c8bfe42595148d4a.rlib" "/opt/rustwide/target/debug/deps/libtime_core-f368596cca30f67d.rlib" "/opt/rustwide/target/debug/deps/libnum_conv-a312b8300ce88506.rlib" "/opt/rustwide/target/debug/deps/libderanged-7c3aacebfed7a85e.rlib" "/opt/rustwide/target/debug/deps/libpowerfmt-a584063b8a4e44a4.rlib" "/opt/rustwide/target/debug/deps/libzstd-542799b0061dd985.rlib" "/opt/rustwide/target/debug/deps/libzstd_safe-1086f5ed6515cff5.rlib" "/opt/rustwide/target/debug/deps/libzstd_sys-f45bba1280cdf023.rlib" "/opt/rustwide/target/debug/deps/libbzip2-958ea59fc60a6c55.rlib" "/opt/rustwide/target/debug/deps/libbzip2_sys-3985b5c459018d50.rlib" "/opt/rustwide/target/debug/deps/liblibc-ab537429a1f68abe.rlib" "/opt/rustwide/target/debug/deps/libflate2-b7ccc9807a3687ea.rlib" "/opt/rustwide/target/debug/deps/libminiz_oxide-fcbe7fe0841c338b.rlib" "/opt/rustwide/target/debug/deps/libadler2-36adbb7ac4252fa0.rlib" "/opt/rustwide/target/debug/deps/libcrc32fast-3e4e944995101d8a.rlib" "/opt/rustwide/target/debug/deps/libbyteorder-6ac88002c46ec63a.rlib" "/opt/rustwide/target/debug/deps/libaes-473245415981aaec.rlib" "/opt/rustwide/target/debug/deps/libcipher-6c7181d41801ad55.rlib" "/opt/rustwide/target/debug/deps/libinout-4bfb63d8dbf8c11e.rlib" "/opt/rustwide/target/debug/deps/libsha1-3e71cc52de2cea02.rlib" "/opt/rustwide/target/debug/deps/libcpufeatures-13f0d802b744a919.rlib" "/opt/rustwide/target/debug/deps/libcfg_if-a3e7e701fcd1f47b.rlib" "/opt/rustwide/target/debug/deps/libhmac-8be05d2573ff455d.rlib" "/opt/rustwide/target/debug/deps/libdigest-7679a1a342812df4.rlib" "/opt/rustwide/target/debug/deps/libsubtle-e6e67616c861d261.rlib" "/opt/rustwide/target/debug/deps/libblock_buffer-8e334ab1a0801bf0.rlib" "/opt/rustwide/target/debug/deps/libcrypto_common-170d3139af090e14.rlib" "/opt/rustwide/target/debug/deps/libgeneric_array-bdec0aa205176506.rlib" "/opt/rustwide/target/debug/deps/libtypenum-b40ba058056b0bf8.rlib" "/opt/rustwide/target/debug/deps/libconstant_time_eq-ad62baf7b795d7e9.rlib" "/opt/rustwide/target/debug/deps/libthiserror-8e37cab7bafc343c.rlib" "/opt/rustwide/rustup-home/toolchains/beta-2024-12-08-x86_64-unknown-linux-gnu/lib/rustlib/x86_64-unknown-linux-gnu/lib/libstd-02dc84f49135b6b8.rlib" "/opt/rustwide/rustup-home/toolchains/beta-2024-12-08-x86_64-unknown-linux-gnu/lib/rustlib/x86_64-unknown-linux-gnu/lib/libpanic_unwind-a8f45b397fae3f81.rlib" "/opt/rustwide/rustup-home/toolchains/beta-2024-12-08-x86_64-unknown-linux-gnu/lib/rustlib/x86_64-unknown-linux-gnu/lib/libobject-089607133c180609.rlib" "/opt/rustwide/rustup-home/toolchains/beta-2024-12-08-x86_64-unknown-linux-gnu/lib/rustlib/x86_64-unknown-linux-gnu/lib/libmemchr-fc89f091bcd86cbb.rlib" "/opt/rustwide/rustup-home/toolchains/beta-2024-12-08-x86_64-unknown-linux-gnu/lib/rustlib/x86_64-unknown-linux-gnu/lib/libaddr2line-5a60949f01c7340c.rlib" "/opt/rustwide/rustup-home/toolchains/beta-2024-12-08-x86_64-unknown-linux-gnu/lib/rustlib/x86_64-unknown-linux-gnu/lib/libgimli-d29e6a55ca253c8c.rlib" "/opt/rustwide/rustup-home/toolchains/beta-2024-12-08-x86_64-unknown-linux-gnu/lib/rustlib/x86_64-unknown-linux-gnu/lib/librustc_demangle-273c078d5f65de7a.rlib" "/opt/rustwide/rustup-home/toolchains/beta-2024-12-08-x86_64-unknown-linux-gnu/lib/rustlib/x86_64-unknown-linux-gnu/lib/libstd_detect-413c950ffbdd4454.rlib" "/opt/rustwide/rustup-home/toolchains/beta-2024-12-08-x86_64-unknown-linux-gnu/lib/rustlib/x86_64-unknown-linux-gnu/lib/libhashbrown-1853c0976a1d88a6.rlib" "/opt/rustwide/rustup-home/toolchains/beta-2024-12-08-x86_64-unknown-linux-gnu/lib/rustlib/x86_64-unknown-linux-gnu/lib/librustc_std_workspace_alloc-ccb3384ddacb0f9e.rlib" "/opt/rustwide/rustup-home/toolchains/beta-2024-12-08-x86_64-unknown-linux-gnu/lib/rustlib/x86_64-unknown-linux-gnu/lib/libminiz_oxide-0b901dfb0ca849e0.rlib" "/opt/rustwide/rustup-home/toolchains/beta-2024-12-08-x86_64-unknown-linux-gnu/lib/rustlib/x86_64-unknown-linux-gnu/lib/libadler-eebeb8d7c64543ad.rlib" "/opt/rustwide/rustup-home/toolchains/beta-2024-12-08-x86_64-unknown-linux-gnu/lib/rustlib/x86_64-unknown-linux-gnu/lib/libunwind-4723ef81d6079867.rlib" "/opt/rustwide/rustup-home/toolchains/beta-2024-12-08-x86_64-unknown-linux-gnu/lib/rustlib/x86_64-unknown-linux-gnu/lib/libcfg_if-54442f8b422f5a54.rlib" "/opt/rustwide/rustup-home/toolchains/beta-2024-12-08-x86_64-unknown-linux-gnu/lib/rustlib/x86_64-unknown-linux-gnu/lib/liblibc-e0bbe034b5282553.rlib" "/opt/rustwide/rustup-home/toolchains/beta-2024-12-08-x86_64-unknown-linux-gnu/lib/rustlib/x86_64-unknown-linux-gnu/lib/liballoc-d0febb68c1c37b90.rlib" "/opt/rustwide/rustup-home/toolchains/beta-2024-12-08-x86_64-unknown-linux-gnu/lib/rustlib/x86_64-unknown-linux-gnu/lib/librustc_std_workspace_core-4cf833632aafa84c.rlib" "/opt/rustwide/rustup-home/toolchains/beta-2024-12-08-x86_64-unknown-linux-gnu/lib/rustlib/x86_64-unknown-linux-gnu/lib/libcore-65c2c6d2d6ae570b.rlib" "/opt/rustwide/rustup-home/toolchains/beta-2024-12-08-x86_64-unknown-linux-gnu/lib/rustlib/x86_64-unknown-linux-gnu/lib/libcompiler_builtins-97929cee0dcfe424.rlib" "-Wl,-Bdynamic" "-lgcc_s" "-lutil" "-lrt" "-lpthread" "-lm" "-ldl" "-lc" "-Wl,--eh-frame-hdr" "-Wl,-z,noexecstack" "-L" "/opt/rustwide/target/debug/build/bzip2-sys-b20b5005a83ae961/out/lib" "-L" "/opt/rustwide/target/debug/build/zstd-sys-58ea6e15480caf92/out" "-L" "/opt/rustwide/rustup-home/toolchains/beta-2024-12-08-x86_64-unknown-linux-gnu/lib/rustlib/x86_64-unknown-linux-gnu/lib" "-o" "/tmp/rustdoctestVdgSX9/rust_out" "-Wl,--gc-sections" "-pie" "-Wl,-z,relro,-z,now" "-nodefaultlibs"
[INFO] [stdout]   = note: collect2: fatal error: ld terminated with signal 9 [Killed]
[INFO] [stdout]           compilation terminated.
[INFO] [stdout]           
[INFO] [stdout] 
[INFO] [stdout] error: aborting due to 1 previous error
[INFO] [stdout] 
[INFO] [stdout] Couldn't compile the test.
[INFO] [stdout] ---- src/formats/xml.rs - formats::xml::Find (line 58) stdout ----
[INFO] [stdout] Couldn't compile the test.
[INFO] [stdout] ---- src/formats/xml.rs - formats::xml::Element (line 205) stdout ----
[INFO] [stdout] Couldn't compile the test.
[INFO] [stdout] ---- src/formats/xml.rs - formats::xml::Attribute (line 345) stdout ----
[INFO] [stdout] Couldn't compile the test.
[INFO] [stdout] ---- src/formats/epub/table_of_contents.rs - formats::epub::table_of_contents::Toc (line 19) stdout ----
[INFO] [stdout] Couldn't compile the test.
[INFO] [stdout] ---- src/formats/epub/table_of_contents.rs - formats::epub::table_of_contents::Toc (line 48) stdout ----
[INFO] [stdout] Couldn't compile the test.
[INFO] [stdout] ---- src/formats/xml.rs - formats::xml::Find (line 42) stdout ----
[INFO] [stdout] Couldn't compile the test.
[INFO] [stdout] ---- src/formats/xml.rs - formats::xml::Find::find_value (line 122) stdout ----
[INFO] [stdout] Couldn't compile the test.
[INFO] [stdout] ---- src/formats/xml.rs - formats::xml::Find::find (line 84) stdout ----
[INFO] [stdout] Couldn't compile the test.
[INFO] [stdout] ---- src/reader.rs - reader::Reader (line 69) stdout ----
[INFO] [stdout] Couldn't compile the test.
[INFO] [stdout] ---- src/formats/xml.rs - formats::xml::Parent (line 314) stdout ----
[INFO] [stdout] Couldn't compile the test.
[INFO] [stdout] ---- src/reader.rs - reader::Reader (line 45) stdout ----
[INFO] [stdout] Couldn't compile the test.
[INFO] [stdout] ---- src/lib.rs - (line 32) stdout ----
[INFO] [stdout] Couldn't compile the test.
[INFO] [stdout] ---- src/lib.rs - (line 9) stdout ----
[INFO] [stdout] Couldn't compile the test.
[INFO] [stdout] ---- src/formats.rs - formats::Ebook::new (line 36) stdout ----
[INFO] [stdout] error: linking with `cc` failed: exit status: 1
[INFO] [stdout]   |
[INFO] [stdout]   = note: LC_ALL="C" PATH="/opt/rustwide/rustup-home/toolchains/beta-2024-12-08-x86_64-unknown-linux-gnu/lib/rustlib/x86_64-unknown-linux-gnu/bin:/opt/rustwide/cargo-home/bin:/usr/local/sbin:/usr/local/bin:/usr/sbin:/usr/bin:/sbin:/bin" VSLANG="1033" "cc" "-m64" "/tmp/rustcAI9UB2/symbols.o" "/tmp/rustdoctestFg89mn/rust_out.rust_out.9242fac72db2cd11-cgu.0.rcgu.o" "/tmp/rustdoctestFg89mn/rust_out.2hl2tb9xdtge7mguxzn2q1kvi.rcgu.o" "-Wl,--as-needed" "-Wl,-Bstatic" "/opt/rustwide/target/debug/deps/librbook-c3902a3904882094.rlib" "/opt/rustwide/target/debug/deps/liblol_html-168215839a840738.rlib" "/opt/rustwide/target/debug/deps/liblazy_static-34736fcc74b41a53.rlib" "/opt/rustwide/target/debug/deps/libselectors-1f6fe070edc35591.rlib" "/opt/rustwide/target/debug/deps/libthin_slice-3911b9962156ab86.rlib" "/opt/rustwide/target/debug/deps/libservo_arc-ad77914ab35625d3.rlib" "/opt/rustwide/target/debug/deps/libstable_deref_trait-2a0dbe5da253a28f.rlib" "/opt/rustwide/target/debug/deps/libnodrop-2134eb09d9f1eb1d.rlib" "/opt/rustwide/target/debug/deps/libprecomputed_hash-b9978982d60ae6d8.rlib" "/opt/rustwide/target/debug/deps/liblog-35c349e0e34201c2.rlib" "/opt/rustwide/target/debug/deps/libfxhash-2979afee709db725.rlib" "/opt/rustwide/target/debug/deps/libcssparser-75bf327f07c2ca6d.rlib" "/opt/rustwide/target/debug/deps/libitoa-a2832f2392deebad.rlib" "/opt/rustwide/target/debug/deps/libdtoa_short-222cf65d797d757c.rlib" "/opt/rustwide/target/debug/deps/libdtoa-c32c09a524048036.rlib" "/opt/rustwide/target/debug/deps/libsmallvec-cae3008cdb7d5db1.rlib" "/opt/rustwide/target/debug/deps/libmatches-59081526691d27d6.rlib" "/opt/rustwide/target/debug/deps/libphf-114bb4902a477c91.rlib" "/opt/rustwide/target/debug/deps/libphf_shared-af4f588a12dbcbd3.rlib" "/opt/rustwide/target/debug/deps/libsiphasher-8c98df6e4615cbd6.rlib" "/opt/rustwide/target/debug/deps/libbitflags-85e13ed1e0c6d910.rlib" "/opt/rustwide/target/debug/deps/libbitflags-84877d9103c9f4ef.rlib" "/opt/rustwide/target/debug/deps/liblazycell-7d1af79ecf1aabd8.rlib" "/opt/rustwide/target/debug/deps/libsafemem-c5268489761944e6.rlib" "/opt/rustwide/target/debug/deps/libmime-a9df5a780629fb7d.rlib" "/opt/rustwide/target/debug/deps/libhashbrown-e82beab1dccb3194.rlib" "/opt/rustwide/target/debug/deps/libahash-e11b04768cc7e998.rlib" "/opt/rustwide/target/debug/deps/libonce_cell-e8dd356c4f9e5246.rlib" "/opt/rustwide/target/debug/deps/libzerocopy-7d07cba449ed1a54.rlib" "/opt/rustwide/target/debug/deps/libmemchr-412d53cbfea52259.rlib" "/opt/rustwide/target/debug/deps/libencoding_rs-2caf505cdd079dea.rlib" "/opt/rustwide/target/debug/deps/libzip-75f01207283840fe.rlib" "/opt/rustwide/target/debug/deps/libpbkdf2-c4a522a071d91e3d.rlib" "/opt/rustwide/target/debug/deps/libsha2-84389209f51d933f.rlib" "/opt/rustwide/target/debug/deps/libpassword_hash-543bd319c4186ad5.rlib" "/opt/rustwide/target/debug/deps/libbase64ct-465e4fde6ddb9bb3.rlib" "/opt/rustwide/target/debug/deps/librand_core-ea3d08b2337ed21b.rlib" "/opt/rustwide/target/debug/deps/libtime-c8bfe42595148d4a.rlib" "/opt/rustwide/target/debug/deps/libtime_core-f368596cca30f67d.rlib" "/opt/rustwide/target/debug/deps/libnum_conv-a312b8300ce88506.rlib" "/opt/rustwide/target/debug/deps/libderanged-7c3aacebfed7a85e.rlib" "/opt/rustwide/target/debug/deps/libpowerfmt-a584063b8a4e44a4.rlib" "/opt/rustwide/target/debug/deps/libzstd-542799b0061dd985.rlib" "/opt/rustwide/target/debug/deps/libzstd_safe-1086f5ed6515cff5.rlib" "/opt/rustwide/target/debug/deps/libzstd_sys-f45bba1280cdf023.rlib" "/opt/rustwide/target/debug/deps/libbzip2-958ea59fc60a6c55.rlib" "/opt/rustwide/target/debug/deps/libbzip2_sys-3985b5c459018d50.rlib" "/opt/rustwide/target/debug/deps/liblibc-ab537429a1f68abe.rlib" "/opt/rustwide/target/debug/deps/libflate2-b7ccc9807a3687ea.rlib" "/opt/rustwide/target/debug/deps/libminiz_oxide-fcbe7fe0841c338b.rlib" "/opt/rustwide/target/debug/deps/libadler2-36adbb7ac4252fa0.rlib" "/opt/rustwide/target/debug/deps/libcrc32fast-3e4e944995101d8a.rlib" "/opt/rustwide/target/debug/deps/libbyteorder-6ac88002c46ec63a.rlib" "/opt/rustwide/target/debug/deps/libaes-473245415981aaec.rlib" "/opt/rustwide/target/debug/deps/libcipher-6c7181d41801ad55.rlib" "/opt/rustwide/target/debug/deps/libinout-4bfb63d8dbf8c11e.rlib" "/opt/rustwide/target/debug/deps/libsha1-3e71cc52de2cea02.rlib" "/opt/rustwide/target/debug/deps/libcpufeatures-13f0d802b744a919.rlib" "/opt/rustwide/target/debug/deps/libcfg_if-a3e7e701fcd1f47b.rlib" "/opt/rustwide/target/debug/deps/libhmac-8be05d2573ff455d.rlib" "/opt/rustwide/target/debug/deps/libdigest-7679a1a342812df4.rlib" "/opt/rustwide/target/debug/deps/libsubtle-e6e67616c861d261.rlib" "/opt/rustwide/target/debug/deps/libblock_buffer-8e334ab1a0801bf0.rlib" "/opt/rustwide/target/debug/deps/libcrypto_common-170d3139af090e14.rlib" "/opt/rustwide/target/debug/deps/libgeneric_array-bdec0aa205176506.rlib" "/opt/rustwide/target/debug/deps/libtypenum-b40ba058056b0bf8.rlib" "/opt/rustwide/target/debug/deps/libconstant_time_eq-ad62baf7b795d7e9.rlib" "/opt/rustwide/target/debug/deps/libthiserror-8e37cab7bafc343c.rlib" "/opt/rustwide/rustup-home/toolchains/beta-2024-12-08-x86_64-unknown-linux-gnu/lib/rustlib/x86_64-unknown-linux-gnu/lib/libstd-02dc84f49135b6b8.rlib" "/opt/rustwide/rustup-home/toolchains/beta-2024-12-08-x86_64-unknown-linux-gnu/lib/rustlib/x86_64-unknown-linux-gnu/lib/libpanic_unwind-a8f45b397fae3f81.rlib" "/opt/rustwide/rustup-home/toolchains/beta-2024-12-08-x86_64-unknown-linux-gnu/lib/rustlib/x86_64-unknown-linux-gnu/lib/libobject-089607133c180609.rlib" "/opt/rustwide/rustup-home/toolchains/beta-2024-12-08-x86_64-unknown-linux-gnu/lib/rustlib/x86_64-unknown-linux-gnu/lib/libmemchr-fc89f091bcd86cbb.rlib" "/opt/rustwide/rustup-home/toolchains/beta-2024-12-08-x86_64-unknown-linux-gnu/lib/rustlib/x86_64-unknown-linux-gnu/lib/libaddr2line-5a60949f01c7340c.rlib" "/opt/rustwide/rustup-home/toolchains/beta-2024-12-08-x86_64-unknown-linux-gnu/lib/rustlib/x86_64-unknown-linux-gnu/lib/libgimli-d29e6a55ca253c8c.rlib" "/opt/rustwide/rustup-home/toolchains/beta-2024-12-08-x86_64-unknown-linux-gnu/lib/rustlib/x86_64-unknown-linux-gnu/lib/librustc_demangle-273c078d5f65de7a.rlib" "/opt/rustwide/rustup-home/toolchains/beta-2024-12-08-x86_64-unknown-linux-gnu/lib/rustlib/x86_64-unknown-linux-gnu/lib/libstd_detect-413c950ffbdd4454.rlib" "/opt/rustwide/rustup-home/toolchains/beta-2024-12-08-x86_64-unknown-linux-gnu/lib/rustlib/x86_64-unknown-linux-gnu/lib/libhashbrown-1853c0976a1d88a6.rlib" "/opt/rustwide/rustup-home/toolchains/beta-2024-12-08-x86_64-unknown-linux-gnu/lib/rustlib/x86_64-unknown-linux-gnu/lib/librustc_std_workspace_alloc-ccb3384ddacb0f9e.rlib" "/opt/rustwide/rustup-home/toolchains/beta-2024-12-08-x86_64-unknown-linux-gnu/lib/rustlib/x86_64-unknown-linux-gnu/lib/libminiz_oxide-0b901dfb0ca849e0.rlib" "/opt/rustwide/rustup-home/toolchains/beta-2024-12-08-x86_64-unknown-linux-gnu/lib/rustlib/x86_64-unknown-linux-gnu/lib/libadler-eebeb8d7c64543ad.rlib" "/opt/rustwide/rustup-home/toolchains/beta-2024-12-08-x86_64-unknown-linux-gnu/lib/rustlib/x86_64-unknown-linux-gnu/lib/libunwind-4723ef81d6079867.rlib" "/opt/rustwide/rustup-home/toolchains/beta-2024-12-08-x86_64-unknown-linux-gnu/lib/rustlib/x86_64-unknown-linux-gnu/lib/libcfg_if-54442f8b422f5a54.rlib" "/opt/rustwide/rustup-home/toolchains/beta-2024-12-08-x86_64-unknown-linux-gnu/lib/rustlib/x86_64-unknown-linux-gnu/lib/liblibc-e0bbe034b5282553.rlib" "/opt/rustwide/rustup-home/toolchains/beta-2024-12-08-x86_64-unknown-linux-gnu/lib/rustlib/x86_64-unknown-linux-gnu/lib/liballoc-d0febb68c1c37b90.rlib" "/opt/rustwide/rustup-home/toolchains/beta-2024-12-08-x86_64-unknown-linux-gnu/lib/rustlib/x86_64-unknown-linux-gnu/lib/librustc_std_workspace_core-4cf833632aafa84c.rlib" "/opt/rustwide/rustup-home/toolchains/beta-2024-12-08-x86_64-unknown-linux-gnu/lib/rustlib/x86_64-unknown-linux-gnu/lib/libcore-65c2c6d2d6ae570b.rlib" "/opt/rustwide/rustup-home/toolchains/beta-2024-12-08-x86_64-unknown-linux-gnu/lib/rustlib/x86_64-unknown-linux-gnu/lib/libcompiler_builtins-97929cee0dcfe424.rlib" "-Wl,-Bdynamic" "-lgcc_s" "-lutil" "-lrt" "-lpthread" "-lm" "-ldl" "-lc" "-Wl,--eh-frame-hdr" "-Wl,-z,noexecstack" "-L" "/opt/rustwide/target/debug/build/bzip2-sys-b20b5005a83ae961/out/lib" "-L" "/opt/rustwide/target/debug/build/zstd-sys-58ea6e15480caf92/out" "-L" "/opt/rustwide/rustup-home/toolchains/beta-2024-12-08-x86_64-unknown-linux-gnu/lib/rustlib/x86_64-unknown-linux-gnu/lib" "-o" "/tmp/rustdoctestFg89mn/rust_out" "-Wl,--gc-sections" "-pie" "-Wl,-z,relro,-z,now" "-nodefaultlibs"
[INFO] [stdout]   = note: collect2: fatal error: ld terminated with signal 9 [Killed]
[INFO] [stdout]           compilation terminated.
[INFO] [stdout]           
[INFO] [stdout] 
[INFO] [stdout] error: aborting due to 1 previous error
[INFO] [stdout] 
[INFO] [stdout] Couldn't compile the test.
[INFO] [stdout] ---- src/reader.rs - reader::Reader (line 88) stdout ----
[INFO] [stdout] Couldn't compile the test.
[INFO] [stdout] ---- src/statistics.rs - statistics::Stats (line 18) stdout ----
[INFO] [stdout] Couldn't compile the test.
[INFO] [stdout] ---- src/reader/content.rs - reader::content::Content (line 47) stdout ----
[INFO] [stdout] Couldn't compile the test.
[INFO] [stdout] ---- src/reader/content.rs - reader::content::Content (line 35) stdout ----
[INFO] [stdout] Couldn't compile the test.
[INFO] [stdout] ---- src/formats/epub/manifest.rs - formats::epub::manifest::Manifest::images (line 54) stdout ----
[INFO] [stdout] error: linking with `cc` failed: exit status: 1
[INFO] [stdout]   |
[INFO] [stdout]   = note: LC_ALL="C" PATH="/opt/rustwide/rustup-home/toolchains/beta-2024-12-08-x86_64-unknown-linux-gnu/lib/rustlib/x86_64-unknown-linux-gnu/bin:/opt/rustwide/cargo-home/bin:/usr/local/sbin:/usr/local/bin:/usr/sbin:/usr/bin:/sbin:/bin" VSLANG="1033" "cc" "-m64" "/tmp/rustc3cHjiq/symbols.o" "/tmp/rustdoctestDPIKyx/rust_out.rust_out.9242fac72db2cd11-cgu.0.rcgu.o" "/tmp/rustdoctestDPIKyx/rust_out.2hl2tb9xdtge7mguxzn2q1kvi.rcgu.o" "-Wl,--as-needed" "-Wl,-Bstatic" "/opt/rustwide/target/debug/deps/librbook-c3902a3904882094.rlib" "/opt/rustwide/target/debug/deps/liblol_html-168215839a840738.rlib" "/opt/rustwide/target/debug/deps/liblazy_static-34736fcc74b41a53.rlib" "/opt/rustwide/target/debug/deps/libselectors-1f6fe070edc35591.rlib" "/opt/rustwide/target/debug/deps/libthin_slice-3911b9962156ab86.rlib" "/opt/rustwide/target/debug/deps/libservo_arc-ad77914ab35625d3.rlib" "/opt/rustwide/target/debug/deps/libstable_deref_trait-2a0dbe5da253a28f.rlib" "/opt/rustwide/target/debug/deps/libnodrop-2134eb09d9f1eb1d.rlib" "/opt/rustwide/target/debug/deps/libprecomputed_hash-b9978982d60ae6d8.rlib" "/opt/rustwide/target/debug/deps/liblog-35c349e0e34201c2.rlib" "/opt/rustwide/target/debug/deps/libfxhash-2979afee709db725.rlib" "/opt/rustwide/target/debug/deps/libcssparser-75bf327f07c2ca6d.rlib" "/opt/rustwide/target/debug/deps/libitoa-a2832f2392deebad.rlib" "/opt/rustwide/target/debug/deps/libdtoa_short-222cf65d797d757c.rlib" "/opt/rustwide/target/debug/deps/libdtoa-c32c09a524048036.rlib" "/opt/rustwide/target/debug/deps/libsmallvec-cae3008cdb7d5db1.rlib" "/opt/rustwide/target/debug/deps/libmatches-59081526691d27d6.rlib" "/opt/rustwide/target/debug/deps/libphf-114bb4902a477c91.rlib" "/opt/rustwide/target/debug/deps/libphf_shared-af4f588a12dbcbd3.rlib" "/opt/rustwide/target/debug/deps/libsiphasher-8c98df6e4615cbd6.rlib" "/opt/rustwide/target/debug/deps/libbitflags-85e13ed1e0c6d910.rlib" "/opt/rustwide/target/debug/deps/libbitflags-84877d9103c9f4ef.rlib" "/opt/rustwide/target/debug/deps/liblazycell-7d1af79ecf1aabd8.rlib" "/opt/rustwide/target/debug/deps/libsafemem-c5268489761944e6.rlib" "/opt/rustwide/target/debug/deps/libmime-a9df5a780629fb7d.rlib" "/opt/rustwide/target/debug/deps/libhashbrown-e82beab1dccb3194.rlib" "/opt/rustwide/target/debug/deps/libahash-e11b04768cc7e998.rlib" "/opt/rustwide/target/debug/deps/libonce_cell-e8dd356c4f9e5246.rlib" "/opt/rustwide/target/debug/deps/libzerocopy-7d07cba449ed1a54.rlib" "/opt/rustwide/target/debug/deps/libmemchr-412d53cbfea52259.rlib" "/opt/rustwide/target/debug/deps/libencoding_rs-2caf505cdd079dea.rlib" "/opt/rustwide/target/debug/deps/libzip-75f01207283840fe.rlib" "/opt/rustwide/target/debug/deps/libpbkdf2-c4a522a071d91e3d.rlib" "/opt/rustwide/target/debug/deps/libsha2-84389209f51d933f.rlib" "/opt/rustwide/target/debug/deps/libpassword_hash-543bd319c4186ad5.rlib" "/opt/rustwide/target/debug/deps/libbase64ct-465e4fde6ddb9bb3.rlib" "/opt/rustwide/target/debug/deps/librand_core-ea3d08b2337ed21b.rlib" "/opt/rustwide/target/debug/deps/libtime-c8bfe42595148d4a.rlib" "/opt/rustwide/target/debug/deps/libtime_core-f368596cca30f67d.rlib" "/opt/rustwide/target/debug/deps/libnum_conv-a312b8300ce88506.rlib" "/opt/rustwide/target/debug/deps/libderanged-7c3aacebfed7a85e.rlib" "/opt/rustwide/target/debug/deps/libpowerfmt-a584063b8a4e44a4.rlib" "/opt/rustwide/target/debug/deps/libzstd-542799b0061dd985.rlib" "/opt/rustwide/target/debug/deps/libzstd_safe-1086f5ed6515cff5.rlib" "/opt/rustwide/target/debug/deps/libzstd_sys-f45bba1280cdf023.rlib" "/opt/rustwide/target/debug/deps/libbzip2-958ea59fc60a6c55.rlib" "/opt/rustwide/target/debug/deps/libbzip2_sys-3985b5c459018d50.rlib" "/opt/rustwide/target/debug/deps/liblibc-ab537429a1f68abe.rlib" "/opt/rustwide/target/debug/deps/libflate2-b7ccc9807a3687ea.rlib" "/opt/rustwide/target/debug/deps/libminiz_oxide-fcbe7fe0841c338b.rlib" "/opt/rustwide/target/debug/deps/libadler2-36adbb7ac4252fa0.rlib" "/opt/rustwide/target/debug/deps/libcrc32fast-3e4e944995101d8a.rlib" "/opt/rustwide/target/debug/deps/libbyteorder-6ac88002c46ec63a.rlib" "/opt/rustwide/target/debug/deps/libaes-473245415981aaec.rlib" "/opt/rustwide/target/debug/deps/libcipher-6c7181d41801ad55.rlib" "/opt/rustwide/target/debug/deps/libinout-4bfb63d8dbf8c11e.rlib" "/opt/rustwide/target/debug/deps/libsha1-3e71cc52de2cea02.rlib" "/opt/rustwide/target/debug/deps/libcpufeatures-13f0d802b744a919.rlib" "/opt/rustwide/target/debug/deps/libcfg_if-a3e7e701fcd1f47b.rlib" "/opt/rustwide/target/debug/deps/libhmac-8be05d2573ff455d.rlib" "/opt/rustwide/target/debug/deps/libdigest-7679a1a342812df4.rlib" "/opt/rustwide/target/debug/deps/libsubtle-e6e67616c861d261.rlib" "/opt/rustwide/target/debug/deps/libblock_buffer-8e334ab1a0801bf0.rlib" "/opt/rustwide/target/debug/deps/libcrypto_common-170d3139af090e14.rlib" "/opt/rustwide/target/debug/deps/libgeneric_array-bdec0aa205176506.rlib" "/opt/rustwide/target/debug/deps/libtypenum-b40ba058056b0bf8.rlib" "/opt/rustwide/target/debug/deps/libconstant_time_eq-ad62baf7b795d7e9.rlib" "/opt/rustwide/target/debug/deps/libthiserror-8e37cab7bafc343c.rlib" "/opt/rustwide/rustup-home/toolchains/beta-2024-12-08-x86_64-unknown-linux-gnu/lib/rustlib/x86_64-unknown-linux-gnu/lib/libstd-02dc84f49135b6b8.rlib" "/opt/rustwide/rustup-home/toolchains/beta-2024-12-08-x86_64-unknown-linux-gnu/lib/rustlib/x86_64-unknown-linux-gnu/lib/libpanic_unwind-a8f45b397fae3f81.rlib" "/opt/rustwide/rustup-home/toolchains/beta-2024-12-08-x86_64-unknown-linux-gnu/lib/rustlib/x86_64-unknown-linux-gnu/lib/libobject-089607133c180609.rlib" "/opt/rustwide/rustup-home/toolchains/beta-2024-12-08-x86_64-unknown-linux-gnu/lib/rustlib/x86_64-unknown-linux-gnu/lib/libmemchr-fc89f091bcd86cbb.rlib" "/opt/rustwide/rustup-home/toolchains/beta-2024-12-08-x86_64-unknown-linux-gnu/lib/rustlib/x86_64-unknown-linux-gnu/lib/libaddr2line-5a60949f01c7340c.rlib" "/opt/rustwide/rustup-home/toolchains/beta-2024-12-08-x86_64-unknown-linux-gnu/lib/rustlib/x86_64-unknown-linux-gnu/lib/libgimli-d29e6a55ca253c8c.rlib" "/opt/rustwide/rustup-home/toolchains/beta-2024-12-08-x86_64-unknown-linux-gnu/lib/rustlib/x86_64-unknown-linux-gnu/lib/librustc_demangle-273c078d5f65de7a.rlib" "/opt/rustwide/rustup-home/toolchains/beta-2024-12-08-x86_64-unknown-linux-gnu/lib/rustlib/x86_64-unknown-linux-gnu/lib/libstd_detect-413c950ffbdd4454.rlib" "/opt/rustwide/rustup-home/toolchains/beta-2024-12-08-x86_64-unknown-linux-gnu/lib/rustlib/x86_64-unknown-linux-gnu/lib/libhashbrown-1853c0976a1d88a6.rlib" "/opt/rustwide/rustup-home/toolchains/beta-2024-12-08-x86_64-unknown-linux-gnu/lib/rustlib/x86_64-unknown-linux-gnu/lib/librustc_std_workspace_alloc-ccb3384ddacb0f9e.rlib" "/opt/rustwide/rustup-home/toolchains/beta-2024-12-08-x86_64-unknown-linux-gnu/lib/rustlib/x86_64-unknown-linux-gnu/lib/libminiz_oxide-0b901dfb0ca849e0.rlib" "/opt/rustwide/rustup-home/toolchains/beta-2024-12-08-x86_64-unknown-linux-gnu/lib/rustlib/x86_64-unknown-linux-gnu/lib/libadler-eebeb8d7c64543ad.rlib" "/opt/rustwide/rustup-home/toolchains/beta-2024-12-08-x86_64-unknown-linux-gnu/lib/rustlib/x86_64-unknown-linux-gnu/lib/libunwind-4723ef81d6079867.rlib" "/opt/rustwide/rustup-home/toolchains/beta-2024-12-08-x86_64-unknown-linux-gnu/lib/rustlib/x86_64-unknown-linux-gnu/lib/libcfg_if-54442f8b422f5a54.rlib" "/opt/rustwide/rustup-home/toolchains/beta-2024-12-08-x86_64-unknown-linux-gnu/lib/rustlib/x86_64-unknown-linux-gnu/lib/liblibc-e0bbe034b5282553.rlib" "/opt/rustwide/rustup-home/toolchains/beta-2024-12-08-x86_64-unknown-linux-gnu/lib/rustlib/x86_64-unknown-linux-gnu/lib/liballoc-d0febb68c1c37b90.rlib" "/opt/rustwide/rustup-home/toolchains/beta-2024-12-08-x86_64-unknown-linux-gnu/lib/rustlib/x86_64-unknown-linux-gnu/lib/librustc_std_workspace_core-4cf833632aafa84c.rlib" "/opt/rustwide/rustup-home/toolchains/beta-2024-12-08-x86_64-unknown-linux-gnu/lib/rustlib/x86_64-unknown-linux-gnu/lib/libcore-65c2c6d2d6ae570b.rlib" "/opt/rustwide/rustup-home/toolchains/beta-2024-12-08-x86_64-unknown-linux-gnu/lib/rustlib/x86_64-unknown-linux-gnu/lib/libcompiler_builtins-97929cee0dcfe424.rlib" "-Wl,-Bdynamic" "-lgcc_s" "-lutil" "-lrt" "-lpthread" "-lm" "-ldl" "-lc" "-Wl,--eh-frame-hdr" "-Wl,-z,noexecstack" "-L" "/opt/rustwide/target/debug/build/bzip2-sys-b20b5005a83ae961/out/lib" "-L" "/opt/rustwide/target/debug/build/zstd-sys-58ea6e15480caf92/out" "-L" "/opt/rustwide/rustup-home/toolchains/beta-2024-12-08-x86_64-unknown-linux-gnu/lib/rustlib/x86_64-unknown-linux-gnu/lib" "-o" "/tmp/rustdoctestDPIKyx/rust_out" "-Wl,--gc-sections" "-pie" "-Wl,-z,relro,-z,now" "-nodefaultlibs"
[INFO] [stdout]   = note: collect2: fatal error: ld terminated with signal 9 [Killed]
[INFO] [stdout]           compilation terminated.
[INFO] [stdout]           
[INFO] [stdout] 
[INFO] [stdout] error: aborting due to 1 previous error
[INFO] [stdout] 
[INFO] [stdout] Couldn't compile the test.
[INFO] [stdout] 
[INFO] [stdout] failures:
[INFO] [stdout]     src/formats.rs - formats::Ebook::new (line 36)
[INFO] [stdout]     src/formats/epub.rs - formats::epub::Epub (line 49)
[INFO] [stdout]     src/formats/epub.rs - formats::epub::Epub::read_file (line 175)
[INFO] [stdout]     src/formats/epub.rs - formats::epub::Epub::root_file (line 135)
[INFO] [stdout]     src/formats/epub.rs - formats::epub::Epub::root_file_directory (line 152)
[INFO] [stdout]     src/formats/epub/manifest.rs - formats::epub::manifest::Manifest::images (line 54)
[INFO] [stdout]     src/formats/epub/metadata.rs - formats::epub::metadata::Metadata (line 35)
[INFO] [stdout]     src/formats/epub/metadata.rs - formats::epub::metadata::Metadata::release_identifier (line 137)
[INFO] [stdout]     src/formats/epub/table_of_contents.rs - formats::epub::table_of_contents::Toc (line 19)
[INFO] [stdout]     src/formats/epub/table_of_contents.rs - formats::epub::table_of_contents::Toc (line 48)
[INFO] [stdout]     src/formats/xml.rs - formats::xml::Attribute (line 345)
[INFO] [stdout]     src/formats/xml.rs - formats::xml::Element (line 205)
[INFO] [stdout]     src/formats/xml.rs - formats::xml::Find (line 42)
[INFO] [stdout]     src/formats/xml.rs - formats::xml::Find (line 58)
[INFO] [stdout]     src/formats/xml.rs - formats::xml::Find::find (line 84)
[INFO] [stdout]     src/formats/xml.rs - formats::xml::Find::find_value (line 122)
[INFO] [stdout]     src/formats/xml.rs - formats::xml::Parent (line 314)
[INFO] [stdout]     src/lib.rs - (line 32)
[INFO] [stdout]     src/lib.rs - (line 9)
[INFO] [stdout]     src/reader.rs - reader::Reader (line 45)
[INFO] [stdout]     src/reader.rs - reader::Reader (line 69)
[INFO] [stdout]     src/reader.rs - reader::Reader (line 88)
[INFO] [stdout]     src/reader/content.rs - reader::content::Content (line 35)
[INFO] [stdout]     src/reader/content.rs - reader::content::Content (line 47)
[INFO] [stdout]     src/statistics.rs - statistics::Stats (line 18)
[INFO] [stdout] 
[INFO] [stdout] test result: FAILED. 9 passed; 25 failed; 0 ignored; 0 measured; 0 filtered out; finished in 7.23s
[INFO] [stdout] 
[INFO] [stderr] error: doctest failed, to rerun pass `--doc`
[INFO] running `Command { std: "docker" "inspect" "c13429d85c4b87e64214739e2de52ee4886e4621616fc69355bfb3adb9797c25", kill_on_drop: false }`
[INFO] running `Command { std: "docker" "rm" "-f" "c13429d85c4b87e64214739e2de52ee4886e4621616fc69355bfb3adb9797c25", kill_on_drop: false }`
[INFO] [stdout] c13429d85c4b87e64214739e2de52ee4886e4621616fc69355bfb3adb9797c25
