[INFO] fetching crate rapiddb 0.1.32...
[INFO] testing rapiddb-0.1.32 against beta-2024-12-08 for beta-1.84.0-4-retry
[INFO] extracting crate rapiddb 0.1.32 into /workspace/builds/worker-5-tc2/source
[INFO] validating manifest of crates.io crate rapiddb 0.1.32 on toolchain beta-2024-12-08
[INFO] running `Command { std: CARGO_HOME="/workspace/cargo-home" RUSTUP_HOME="/workspace/rustup-home" "/workspace/cargo-home/bin/cargo" "+beta-2024-12-08" "metadata" "--manifest-path" "Cargo.toml" "--no-deps", kill_on_drop: false }`
[INFO] started tweaking crates.io crate rapiddb 0.1.32
[INFO] finished tweaking crates.io crate rapiddb 0.1.32
[INFO] tweaked toml for crates.io crate rapiddb 0.1.32 written to /workspace/builds/worker-5-tc2/source/Cargo.toml
[INFO] running `Command { std: CARGO_HOME="/workspace/cargo-home" RUSTUP_HOME="/workspace/rustup-home" "/workspace/cargo-home/bin/cargo" "+beta-2024-12-08" "generate-lockfile" "--manifest-path" "Cargo.toml", kill_on_drop: false }`
[INFO] [stderr]     Updating crates.io index
[INFO] [stderr]      Locking 38 packages to latest compatible versions
[INFO] running `Command { std: CARGO_HOME="/workspace/cargo-home" RUSTUP_HOME="/workspace/rustup-home" "/workspace/cargo-home/bin/cargo" "+beta-2024-12-08" "fetch" "--manifest-path" "Cargo.toml", kill_on_drop: false }`
[INFO] running `Command { std: "docker" "create" "-v" "/var/lib/crater-agent-workspace/builds/worker-5-tc2/target:/opt/rustwide/target:rw,Z" "-v" "/var/lib/crater-agent-workspace/builds/worker-5-tc2/source:/opt/rustwide/workdir:ro,Z" "-v" "/var/lib/crater-agent-workspace/cargo-home:/opt/rustwide/cargo-home:ro,Z" "-v" "/var/lib/crater-agent-workspace/rustup-home:/opt/rustwide/rustup-home:ro,Z" "-e" "SOURCE_DIR=/opt/rustwide/workdir" "-e" "CARGO_TARGET_DIR=/opt/rustwide/target" "-e" "CARGO_HOME=/opt/rustwide/cargo-home" "-e" "RUSTUP_HOME=/opt/rustwide/rustup-home" "-w" "/opt/rustwide/workdir" "-m" "1610612736" "--user" "0:0" "--network" "none" "ghcr.io/rust-lang/crates-build-env/linux@sha256:f3a9d4ad9d972b27faf3965f35b62e55ba32bbce8f20bc8fe909558a86702fde" "/opt/rustwide/cargo-home/bin/cargo" "+beta-2024-12-08" "metadata" "--no-deps" "--format-version=1", kill_on_drop: false }`
[INFO] [stdout] f5708be49fdc0e60f8c65d22d8698285d73dd6ca00253288518f0f042a45dfb6
[INFO] running `Command { std: "docker" "start" "-a" "f5708be49fdc0e60f8c65d22d8698285d73dd6ca00253288518f0f042a45dfb6", kill_on_drop: false }`
[INFO] running `Command { std: "docker" "inspect" "f5708be49fdc0e60f8c65d22d8698285d73dd6ca00253288518f0f042a45dfb6", kill_on_drop: false }`
[INFO] running `Command { std: "docker" "rm" "-f" "f5708be49fdc0e60f8c65d22d8698285d73dd6ca00253288518f0f042a45dfb6", kill_on_drop: false }`
[INFO] [stdout] f5708be49fdc0e60f8c65d22d8698285d73dd6ca00253288518f0f042a45dfb6
[INFO] running `Command { std: "docker" "create" "-v" "/var/lib/crater-agent-workspace/builds/worker-5-tc2/target:/opt/rustwide/target:rw,Z" "-v" "/var/lib/crater-agent-workspace/builds/worker-5-tc2/source:/opt/rustwide/workdir:ro,Z" "-v" "/var/lib/crater-agent-workspace/cargo-home:/opt/rustwide/cargo-home:ro,Z" "-v" "/var/lib/crater-agent-workspace/rustup-home:/opt/rustwide/rustup-home:ro,Z" "-e" "SOURCE_DIR=/opt/rustwide/workdir" "-e" "CARGO_TARGET_DIR=/opt/rustwide/target" "-e" "CARGO_INCREMENTAL=0" "-e" "RUST_BACKTRACE=full" "-e" "RUSTFLAGS=--cap-lints=warn" "-e" "RUSTDOCFLAGS=--cap-lints=warn" "-e" "CARGO_HOME=/opt/rustwide/cargo-home" "-e" "RUSTUP_HOME=/opt/rustwide/rustup-home" "-w" "/opt/rustwide/workdir" "-m" "1610612736" "--user" "0:0" "--network" "none" "ghcr.io/rust-lang/crates-build-env/linux@sha256:f3a9d4ad9d972b27faf3965f35b62e55ba32bbce8f20bc8fe909558a86702fde" "/opt/rustwide/cargo-home/bin/cargo" "+beta-2024-12-08" "build" "--frozen" "--message-format=json", kill_on_drop: false }`
[INFO] [stdout] 6ed8bfa7058b018a3c6cb2997b83cd07ef3abb3cff7aa78903265fcca6428229
[INFO] running `Command { std: "docker" "start" "-a" "6ed8bfa7058b018a3c6cb2997b83cd07ef3abb3cff7aa78903265fcca6428229", kill_on_drop: false }`
[INFO] [stderr]    Compiling proc-macro2 v1.0.92
[INFO] [stderr]    Compiling unicode-ident v1.0.14
[INFO] [stderr]    Compiling serde v1.0.216
[INFO] [stderr]    Compiling libc v0.2.168
[INFO] [stderr]    Compiling serde_json v1.0.133
[INFO] [stderr]    Compiling itoa v1.0.14
[INFO] [stderr]    Compiling pin-project-lite v0.2.15
[INFO] [stderr]    Compiling memchr v2.7.4
[INFO] [stderr]    Compiling ryu v1.0.18
[INFO] [stderr]    Compiling tokio v1.42.0
[INFO] [stderr]    Compiling quote v1.0.37
[INFO] [stderr]    Compiling syn v2.0.90
[INFO] [stderr]    Compiling memmap2 v0.9.5
[INFO] [stderr]    Compiling async-trait v0.1.83
[INFO] [stderr]    Compiling rapiddb v0.1.32 (/opt/rustwide/workdir)
[INFO] [stderr]     Finished `dev` profile [unoptimized + debuginfo] target(s) in 18.44s
[INFO] running `Command { std: "docker" "inspect" "6ed8bfa7058b018a3c6cb2997b83cd07ef3abb3cff7aa78903265fcca6428229", kill_on_drop: false }`
[INFO] running `Command { std: "docker" "rm" "-f" "6ed8bfa7058b018a3c6cb2997b83cd07ef3abb3cff7aa78903265fcca6428229", kill_on_drop: false }`
[INFO] [stdout] 6ed8bfa7058b018a3c6cb2997b83cd07ef3abb3cff7aa78903265fcca6428229
[INFO] running `Command { std: "docker" "create" "-v" "/var/lib/crater-agent-workspace/builds/worker-5-tc2/target:/opt/rustwide/target:rw,Z" "-v" "/var/lib/crater-agent-workspace/builds/worker-5-tc2/source:/opt/rustwide/workdir:ro,Z" "-v" "/var/lib/crater-agent-workspace/cargo-home:/opt/rustwide/cargo-home:ro,Z" "-v" "/var/lib/crater-agent-workspace/rustup-home:/opt/rustwide/rustup-home:ro,Z" "-e" "SOURCE_DIR=/opt/rustwide/workdir" "-e" "CARGO_TARGET_DIR=/opt/rustwide/target" "-e" "CARGO_INCREMENTAL=0" "-e" "RUST_BACKTRACE=full" "-e" "RUSTFLAGS=--cap-lints=warn" "-e" "RUSTDOCFLAGS=--cap-lints=warn" "-e" "CARGO_HOME=/opt/rustwide/cargo-home" "-e" "RUSTUP_HOME=/opt/rustwide/rustup-home" "-w" "/opt/rustwide/workdir" "-m" "1610612736" "--user" "0:0" "--network" "none" "ghcr.io/rust-lang/crates-build-env/linux@sha256:f3a9d4ad9d972b27faf3965f35b62e55ba32bbce8f20bc8fe909558a86702fde" "/opt/rustwide/cargo-home/bin/cargo" "+beta-2024-12-08" "test" "--frozen" "--no-run" "--message-format=json", kill_on_drop: false }`
[INFO] [stdout] 1fa13978ad6ac331f0c9ee2ca2ad4474604fab3f60b37088673381f1aedd91b5
[INFO] running `Command { std: "docker" "start" "-a" "1fa13978ad6ac331f0c9ee2ca2ad4474604fab3f60b37088673381f1aedd91b5", kill_on_drop: false }`
[INFO] [stderr]    Compiling futures-core v0.3.31
[INFO] [stderr]    Compiling tokio v1.42.0
[INFO] [stderr]    Compiling bytes v1.9.0
[INFO] [stderr]    Compiling syn v2.0.90
[INFO] [stderr]    Compiling tokio-stream v0.1.17
[INFO] [stderr]    Compiling async-stream-impl v0.3.6
[INFO] [stderr]    Compiling async-trait v0.1.83
[INFO] [stderr]    Compiling async-stream v0.3.6
[INFO] [stderr]    Compiling tokio-test v0.4.4
[INFO] [stderr]    Compiling rapiddb v0.1.32 (/opt/rustwide/workdir)
[INFO] [stderr]     Finished `test` profile [unoptimized + debuginfo] target(s) in 15.09s
[INFO] running `Command { std: "docker" "inspect" "1fa13978ad6ac331f0c9ee2ca2ad4474604fab3f60b37088673381f1aedd91b5", kill_on_drop: false }`
[INFO] running `Command { std: "docker" "rm" "-f" "1fa13978ad6ac331f0c9ee2ca2ad4474604fab3f60b37088673381f1aedd91b5", kill_on_drop: false }`
[INFO] [stdout] 1fa13978ad6ac331f0c9ee2ca2ad4474604fab3f60b37088673381f1aedd91b5
[INFO] running `Command { std: "docker" "create" "-v" "/var/lib/crater-agent-workspace/builds/worker-5-tc2/target:/opt/rustwide/target:rw,Z" "-v" "/var/lib/crater-agent-workspace/builds/worker-5-tc2/source:/opt/rustwide/workdir:ro,Z" "-v" "/var/lib/crater-agent-workspace/cargo-home:/opt/rustwide/cargo-home:ro,Z" "-v" "/var/lib/crater-agent-workspace/rustup-home:/opt/rustwide/rustup-home:ro,Z" "-e" "SOURCE_DIR=/opt/rustwide/workdir" "-e" "CARGO_TARGET_DIR=/opt/rustwide/target" "-e" "CARGO_INCREMENTAL=0" "-e" "RUST_BACKTRACE=full" "-e" "RUSTFLAGS=--cap-lints=warn" "-e" "RUSTDOCFLAGS=--cap-lints=warn" "-e" "CARGO_HOME=/opt/rustwide/cargo-home" "-e" "RUSTUP_HOME=/opt/rustwide/rustup-home" "-w" "/opt/rustwide/workdir" "-m" "1610612736" "--user" "0:0" "--network" "none" "ghcr.io/rust-lang/crates-build-env/linux@sha256:f3a9d4ad9d972b27faf3965f35b62e55ba32bbce8f20bc8fe909558a86702fde" "/opt/rustwide/cargo-home/bin/cargo" "+beta-2024-12-08" "test" "--frozen", kill_on_drop: false }`
[INFO] [stdout] d07a1b72807dea5656b85a37bb2f1aaef6175c6e247295bd4c1f621867c0ad23
[INFO] running `Command { std: "docker" "start" "-a" "d07a1b72807dea5656b85a37bb2f1aaef6175c6e247295bd4c1f621867c0ad23", kill_on_drop: false }`
[INFO] [stderr]     Finished `test` profile [unoptimized + debuginfo] target(s) in 0.06s
[INFO] [stderr]      Running unittests src/lib.rs (/opt/rustwide/target/debug/deps/rapiddb-f9a75fd257189153)
[INFO] [stdout] 
[INFO] [stdout] running 0 tests
[INFO] [stdout] 
[INFO] [stdout] test result: ok. 0 passed; 0 failed; 0 ignored; 0 measured; 0 filtered out; finished in 0.00s
[INFO] [stdout] 
[INFO] [stderr]    Doc-tests rapiddb
[INFO] [stdout] 
[INFO] [stdout] running 60 tests
[INFO] [stdout] test src/db/mmav_db/mmav.rs - db::mmav_db::mmav::MMAV (line 12) ... ignored
[INFO] [stdout] test src/db/mmav_db/mmav.rs - db::mmav_db::mmav::MMAV::_get (line 253) ... ignored
[INFO] [stdout] test src/db/mmav_db/mmav.rs - db::mmav_db::mmav::MMAV::_range (line 325) ... ignored
[INFO] [stdout] test src/db/mmav_db/mmav.rs - db::mmav_db::mmav::MMAV::bisect_left (line 110) ... ignored
[INFO] [stdout] test src/db/mmav_db/mmav.rs - db::mmav_db::mmav::MMAV::expand (line 204) ... ignored
[INFO] [stdout] test src/db/mmav_db/mmav.rs - db::mmav_db::mmav::MMAV::get (line 272) ... ignored
[INFO] [stdout] test src/db/mmav_db/mmav.rs - db::mmav_db::mmav::MMAV::last (line 288) ... ignored
[INFO] [stdout] test src/db/mmav_db/mmav.rs - db::mmav_db::mmav::MMAV::last_limit (line 391) ... ignored
[INFO] [stdout] test src/db/mmav_db/mmav.rs - db::mmav_db::mmav::MMAV::len (line 307) ... ignored
[INFO] [stdout] test src/db/mmav_db/mmav.rs - db::mmav_db::mmav::MMAV::load (line 165) ... ignored
[INFO] [stdout] test src/db/mmav_db/mmav.rs - db::mmav_db::mmav::MMAV::load_unchecked (line 136) ... ignored
[INFO] [stdout] test src/db/mmav_db/mmav.rs - db::mmav_db::mmav::MMAV::new (line 34) ... ignored
[INFO] [stdout] test src/db/mmav_db/mmav.rs - db::mmav_db::mmav::MMAV::push (line 227) ... ignored
[INFO] [stdout] test src/db/mmav_db/mmav.rs - db::mmav_db::mmav::MMAV::range (line 358) ... ignored
[INFO] [stdout] test src/db/mmav_db/mmav.rs - db::mmav_db::mmav::MMAV::unload (line 181) ... ignored
[INFO] [stdout] test src/db/database_test_factory.rs - db::database_test_factory::DatabaseTestFactory::new (line 45) - compile ... ok
[INFO] [stdout] test src/db/mmav_db/mmav_unit.rs - db::mmav_db::mmav_unit::MMAVUnit (line 10) ... ignored
[INFO] [stdout] test src/db/mmav_db/mmav_unit.rs - db::mmav_db::mmav_unit::MMAVUnit::get (line 138) ... ignored
[INFO] [stdout] test src/db/mmav_db/mmav_unit.rs - db::mmav_db::mmav_unit::MMAVUnit::last (line 179) ... ignored
[INFO] [stdout] test src/db/mmav_db/mmav_unit.rs - db::mmav_db::mmav_unit::MMAVUnit::len (line 197) ... ignored
[INFO] [stdout] test src/db/mmav_db/mmav_unit.rs - db::mmav_db::mmav_unit::MMAVUnit::new (line 32) ... ignored
[INFO] [stdout] test src/db/mmav_db/mmav_unit.rs - db::mmav_db::mmav_unit::MMAVUnit::push (line 113) ... ignored
[INFO] [stdout] test src/db/mmav_db/mmav_unit.rs - db::mmav_db::mmav_unit::MMAVUnit::set_seek (line 91) ... ignored
[INFO] [stdout] test src/db/mmav_db/mmav_async_database.rs - db::mmav_db::mmav_async_database::MMAVAsyncDatabase::new (line 43) - compile ... ok
[INFO] [stdout] test src/db/mmav_db/mmav_async_database.rs - db::mmav_db::mmav_async_database::MMAVAsyncDatabase::new_with_all (line 66) - compile ... ok
[INFO] [stdout] test src/db/mmav_db/mmav_async_database.rs - db::mmav_db::mmav_async_database::MMAVAsyncDatabase (line 16) - compile ... ok
[INFO] [stdout] test src/db/mmav_db/mmav_database.rs - db::mmav_db::mmav_database::MMAVDatabase (line 16) - compile ... ok
[INFO] [stdout] test src/errors/mod.rs - errors::Error (line 4) - compile ... ok
[INFO] [stdout] test src/db/mmav_db/mmav_database.rs - db::mmav_db::mmav_database::MMAVDatabase::new_with_all (line 66) - compile ... ok
[INFO] [stdout] test src/traits/i_async_database.rs - traits::i_async_database::IAsyncDatabase::contains (line 22) - compile ... ok
[INFO] [stdout] test src/db/mmav_db/mmav_database.rs - db::mmav_db::mmav_database::MMAVDatabase::new (line 43) - compile ... ok
[INFO] [stdout] test src/db/database_test_factory.rs - db::database_test_factory::DatabaseTestFactory (line 14) - compile ... ok
[INFO] [stdout] test src/traits/i_async_database.rs - traits::i_async_database::IAsyncDatabase::get (line 47) - compile ... ok
[INFO] [stdout] test src/traits/i_async_database.rs - traits::i_async_database::IAsyncDatabase (line 4) - compile ... ok
[INFO] [stdout] test src/traits/i_async_database.rs - traits::i_async_database::IAsyncDatabase::get_all_meta (line 201) - compile ... ok
[INFO] [stdout] test src/traits/i_async_database.rs - traits::i_async_database::IAsyncDatabase::get_all_latest_with_limit (line 258) - compile ... ok
[INFO] [stdout] test src/traits/i_async_database.rs - traits::i_async_database::IAsyncDatabase::get_all_latest (line 235) - compile ... ok
[INFO] [stdout] test src/traits/i_async_database.rs - traits::i_async_database::IAsyncDatabase::get_latest (line 133) - compile ... ok
[INFO] [stdout] test src/traits/i_async_database.rs - traits::i_async_database::IAsyncDatabase::get_all_aggregates (line 217) - compile ... ok
[INFO] [stdout] test src/traits/i_async_database.rs - traits::i_async_database::IAsyncDatabase::get_aggregates (line 117) - compile ... ok
[INFO] [stdout] test src/traits/i_async_database.rs - traits::i_async_database::IAsyncDatabase::get_latest_with_limit (line 155) - compile ... ok
[INFO] [stdout] test src/traits/i_async_database.rs - traits::i_async_database::IAsyncDatabase::get_meta (line 82) - compile ... ok
[INFO] [stdout] test src/traits/i_async_database.rs - traits::i_async_database::IAsyncDatabase::get_range (line 180) - compile ... ok
[INFO] [stdout] test src/traits/i_async_database.rs - traits::i_async_database::IAsyncDatabase::post (line 63) - compile ... ok
[INFO] [stdout] test src/traits/i_database.rs - traits::i_database::IDatabase (line 4) - compile ... ok
[INFO] [stdout] test src/traits/i_async_database.rs - traits::i_async_database::IAsyncDatabase::post_meta (line 98) - compile ... ok
[INFO] [stdout] test src/traits/i_database.rs - traits::i_database::IDatabase::contains (line 21) - compile ... ok
[INFO] [stdout] test src/traits/i_database.rs - traits::i_database::IDatabase::get_all_latest (line 223) - compile ... ok
[INFO] [stdout] test src/traits/i_database.rs - traits::i_database::IDatabase::get (line 46) - compile ... ok
[INFO] [stdout] test src/traits/i_database.rs - traits::i_database::IDatabase::get_aggregates (line 116) - compile ... ok
[INFO] [stdout] test src/traits/i_database.rs - traits::i_database::IDatabase::get_all_aggregates (line 207) - compile ... ok
[INFO] [stdout] test src/traits/i_database.rs - traits::i_database::IDatabase::get_all_meta (line 191) - compile ... ok
[INFO] [stdout] test src/traits/i_database.rs - traits::i_database::IDatabase::get_all_latest_with_limit (line 244) - compile ... ok
[INFO] [stdout] test src/traits/i_database.rs - traits::i_database::IDatabase::get_latest (line 132) - compile ... ok
[INFO] [stdout] test src/traits/i_database.rs - traits::i_database::IDatabase::get_meta (line 81) - compile ... ok
[INFO] [stdout] test src/traits/i_database.rs - traits::i_database::IDatabase::get_latest_with_limit (line 154) - compile ... ok
[INFO] [stdout] test src/traits/i_database.rs - traits::i_database::IDatabase::post (line 62) - compile ... ok
[INFO] [stdout] test src/traits/i_database.rs - traits::i_database::IDatabase::get_range (line 175) - compile ... ok
[INFO] [stdout] test src/traits/i_database.rs - traits::i_database::IDatabase::post_meta (line 97) - compile ... ok
[INFO] [stdout] test src/lib.rs - (line 44) ... FAILED
[INFO] [stdout] 
[INFO] [stdout] failures:
[INFO] [stdout] 
[INFO] [stdout] ---- src/lib.rs - (line 44) stdout ----
[INFO] [stdout] Test executable failed (exit status: 101).
[INFO] [stdout] 
[INFO] [stdout] stderr:
[INFO] [stdout] thread 'main' panicked at src/db/mmav_db/mmav_database.rs:90:34:
[INFO] [stdout] called `Result::unwrap()` on an `Err` value: Os { code: 2, kind: NotFound, message: "No such file or directory" }
[INFO] [stdout] stack backtrace:
[INFO] [stdout]    0:     0x5fb413ad42fa - std::backtrace_rs::backtrace::libunwind::trace::h8810477743020387
[INFO] [stdout]                                at /rustc/202008a1b8de96d2e5b6bc02d379db03a877d34d/library/std/src/../../backtrace/src/backtrace/libunwind.rs:116:5
[INFO] [stdout]    1:     0x5fb413ad42fa - std::backtrace_rs::backtrace::trace_unsynchronized::h3aa55355dd6c54a6
[INFO] [stdout]                                at /rustc/202008a1b8de96d2e5b6bc02d379db03a877d34d/library/std/src/../../backtrace/src/backtrace/mod.rs:66:5
[INFO] [stdout]    2:     0x5fb413ad42fa - std::sys::backtrace::_print_fmt::h8588b0f62410823f
[INFO] [stdout]                                at /rustc/202008a1b8de96d2e5b6bc02d379db03a877d34d/library/std/src/sys/backtrace.rs:66:9
[INFO] [stdout]    3:     0x5fb413ad42fa - <std::sys::backtrace::BacktraceLock::print::DisplayBacktrace as core::fmt::Display>::fmt::h98c26ac25ffe89bb
[INFO] [stdout]                                at /rustc/202008a1b8de96d2e5b6bc02d379db03a877d34d/library/std/src/sys/backtrace.rs:39:26
[INFO] [stdout]    4:     0x5fb413af0d03 - core::fmt::rt::Argument::fmt::hf95377f4aebd453b
[INFO] [stdout]                                at /rustc/202008a1b8de96d2e5b6bc02d379db03a877d34d/library/core/src/fmt/rt.rs:177:76
[INFO] [stdout]    5:     0x5fb413af0d03 - core::fmt::write::h0dd5f6e2238c7982
[INFO] [stdout]                                at /rustc/202008a1b8de96d2e5b6bc02d379db03a877d34d/library/core/src/fmt/mod.rs:1189:21
[INFO] [stdout]    6:     0x5fb413ad1f43 - std::io::Write::write_fmt::hc00bff0a88e08857
[INFO] [stdout]                                at /rustc/202008a1b8de96d2e5b6bc02d379db03a877d34d/library/std/src/io/mod.rs:1884:15
[INFO] [stdout]    7:     0x5fb413ad4142 - std::sys::backtrace::BacktraceLock::print::h5c19c1c038ee186d
[INFO] [stdout]                                at /rustc/202008a1b8de96d2e5b6bc02d379db03a877d34d/library/std/src/sys/backtrace.rs:42:9
[INFO] [stdout]    8:     0x5fb413ad510c - std::panicking::default_hook::{{closure}}::h77172f079a1fcb13
[INFO] [stdout]                                at /rustc/202008a1b8de96d2e5b6bc02d379db03a877d34d/library/std/src/panicking.rs:268:22
[INFO] [stdout]    9:     0x5fb413ad4f52 - std::panicking::default_hook::he5f8e3b203ccddba
[INFO] [stdout]                                at /rustc/202008a1b8de96d2e5b6bc02d379db03a877d34d/library/std/src/panicking.rs:295:9
[INFO] [stdout]   10:     0x5fb413ad56e7 - std::panicking::rust_panic_with_hook::h53863d4e9018df39
[INFO] [stdout]                                at /rustc/202008a1b8de96d2e5b6bc02d379db03a877d34d/library/std/src/panicking.rs:801:13
[INFO] [stdout]   11:     0x5fb413ad557a - std::panicking::begin_panic_handler::{{closure}}::h67280e6fa0757873
[INFO] [stdout]                                at /rustc/202008a1b8de96d2e5b6bc02d379db03a877d34d/library/std/src/panicking.rs:674:13
[INFO] [stdout]   12:     0x5fb413ad47d9 - std::sys::backtrace::__rust_end_short_backtrace::h1dac3f54d6fbbeb2
[INFO] [stdout]                                at /rustc/202008a1b8de96d2e5b6bc02d379db03a877d34d/library/std/src/sys/backtrace.rs:170:18
[INFO] [stdout]   13:     0x5fb413ad520c - rust_begin_unwind
[INFO] [stdout]                                at /rustc/202008a1b8de96d2e5b6bc02d379db03a877d34d/library/std/src/panicking.rs:665:5
[INFO] [stdout]   14:     0x5fb413a77300 - core::panicking::panic_fmt::h6792bd1b2bf01041
[INFO] [stdout]                                at /rustc/202008a1b8de96d2e5b6bc02d379db03a877d34d/library/core/src/panicking.rs:76:14
[INFO] [stdout]   15:     0x5fb413a77676 - core::result::unwrap_failed::h05e0602ed34287c5
[INFO] [stdout]                                at /rustc/202008a1b8de96d2e5b6bc02d379db03a877d34d/library/core/src/result.rs:1699:5
[INFO] [stdout]   16:     0x5fb413a7abf8 - core::result::Result<T,E>::unwrap::he6f6e87e27312647
[INFO] [stdout]                                at /rustc/202008a1b8de96d2e5b6bc02d379db03a877d34d/library/core/src/result.rs:1104:23
[INFO] [stdout]   17:     0x5fb413a7abf8 - rapiddb::db::mmav_db::mmav_database::MMAVDatabase::new_with_all::{{closure}}::h6351d67d82b917e0
[INFO] [stdout]                                at /opt/rustwide/workdir/src/db/mmav_db/mmav_database.rs:90:7
[INFO] [stdout]   18:     0x5fb413a7cd55 - core::result::Result<T,E>::unwrap_or_else::hd91f96f5aa9bc267
[INFO] [stdout]                                at /rustc/202008a1b8de96d2e5b6bc02d379db03a877d34d/library/core/src/result.rs:1458:23
[INFO] [stdout]   19:     0x5fb413a7a612 - rapiddb::db::mmav_db::mmav_database::MMAVDatabase::new_with_all::hd429d75dac3abdc1
[INFO] [stdout]                                at /opt/rustwide/workdir/src/db/mmav_db/mmav_database.rs:88:17
[INFO] [stdout]   20:     0x5fb413a7a4f5 - rapiddb::db::mmav_db::mmav_database::MMAVDatabase::new::h0a7dc64fb23a1ad2
[INFO] [stdout]                                at /opt/rustwide/workdir/src/db/mmav_db/mmav_database.rs:57:5
[INFO] [stdout]   21:     0x5fb413a781fa - rust_out::main::h57eefffa92e38ed0
[INFO] [stdout]   22:     0x5fb413a77e13 - core::ops::function::FnOnce::call_once::hcb3872443a25b5b7
[INFO] [stdout]   23:     0x5fb413a77bc6 - std::sys::backtrace::__rust_begin_short_backtrace::hb8f53f53663d2e9e
[INFO] [stdout]   24:     0x5fb413a77ba9 - std::rt::lang_start::{{closure}}::h0d6bdb8cb611c7e9
[INFO] [stdout]   25:     0x5fb413acf927 - core::ops::function::impls::<impl core::ops::function::FnOnce<A> for &F>::call_once::hba2470d01d3f5e41
[INFO] [stdout]                                at /rustc/202008a1b8de96d2e5b6bc02d379db03a877d34d/library/core/src/ops/function.rs:284:13
[INFO] [stdout]   26:     0x5fb413acf927 - std::panicking::try::do_call::hc063fb73159aab72
[INFO] [stdout]                                at /rustc/202008a1b8de96d2e5b6bc02d379db03a877d34d/library/std/src/panicking.rs:557:40
[INFO] [stdout]   27:     0x5fb413acf927 - std::panicking::try::h2767c6d245d3a3bb
[INFO] [stdout]                                at /rustc/202008a1b8de96d2e5b6bc02d379db03a877d34d/library/std/src/panicking.rs:520:19
[INFO] [stdout]   28:     0x5fb413acf927 - std::panic::catch_unwind::h061c6ef75790da63
[INFO] [stdout]                                at /rustc/202008a1b8de96d2e5b6bc02d379db03a877d34d/library/std/src/panic.rs:358:14
[INFO] [stdout]   29:     0x5fb413acf927 - std::rt::lang_start_internal::{{closure}}::h5c5e35b11a4b8c4e
[INFO] [stdout]                                at /rustc/202008a1b8de96d2e5b6bc02d379db03a877d34d/library/std/src/rt.rs:174:48
[INFO] [stdout]   30:     0x5fb413acf927 - std::panicking::try::do_call::h705e99690a8109cc
[INFO] [stdout]                                at /rustc/202008a1b8de96d2e5b6bc02d379db03a877d34d/library/std/src/panicking.rs:557:40
[INFO] [stdout]   31:     0x5fb413acf927 - std::panicking::try::he5f4452754ed9a34
[INFO] [stdout]                                at /rustc/202008a1b8de96d2e5b6bc02d379db03a877d34d/library/std/src/panicking.rs:520:19
[INFO] [stdout]   32:     0x5fb413acf927 - std::panic::catch_unwind::h5db61b3bcbe883e5
[INFO] [stdout]                                at /rustc/202008a1b8de96d2e5b6bc02d379db03a877d34d/library/std/src/panic.rs:358:14
[INFO] [stdout]   33:     0x5fb413acf927 - std::rt::lang_start_internal::h81da9b59bab665c6
[INFO] [stdout]                                at /rustc/202008a1b8de96d2e5b6bc02d379db03a877d34d/library/std/src/rt.rs:174:20
[INFO] [stdout]   34:     0x5fb413a77b87 - std::rt::lang_start::h2798034e47ddebf9
[INFO] [stdout]   35:     0x5fb413a78365 - main
[INFO] [stdout]   36:     0x763fc5a09d90 - <unknown>
[INFO] [stdout]   37:     0x763fc5a09e40 - __libc_start_main
[INFO] [stdout]   38:     0x5fb413a77a95 - _start
[INFO] [stdout]   39:                0x0 - <unknown>
[INFO] [stdout] 
[INFO] [stdout] 
[INFO] [stdout] 
[INFO] [stdout] failures:
[INFO] [stdout]     src/lib.rs - (line 44)
[INFO] [stdout] 
[INFO] [stdout] test result: FAILED. 37 passed; 1 failed; 22 ignored; 0 measured; 0 filtered out; finished in 1.97s
[INFO] [stdout] 
[INFO] [stderr] error: doctest failed, to rerun pass `--doc`
[INFO] running `Command { std: "docker" "inspect" "d07a1b72807dea5656b85a37bb2f1aaef6175c6e247295bd4c1f621867c0ad23", kill_on_drop: false }`
[INFO] running `Command { std: "docker" "rm" "-f" "d07a1b72807dea5656b85a37bb2f1aaef6175c6e247295bd4c1f621867c0ad23", kill_on_drop: false }`
[INFO] [stdout] d07a1b72807dea5656b85a37bb2f1aaef6175c6e247295bd4c1f621867c0ad23
