[INFO] fetching crate radix-wasmi 1.0.0...
[INFO] testing radix-wasmi-1.0.0 against 1.83.0 for beta-1.84.0-4-retry
[INFO] extracting crate radix-wasmi 1.0.0 into /workspace/builds/worker-5-tc1/source
[INFO] validating manifest of crates.io crate radix-wasmi 1.0.0 on toolchain 1.83.0
[INFO] running `Command { std: CARGO_HOME="/workspace/cargo-home" RUSTUP_HOME="/workspace/rustup-home" "/workspace/cargo-home/bin/cargo" "+1.83.0" "metadata" "--manifest-path" "Cargo.toml" "--no-deps", kill_on_drop: false }`
[INFO] started tweaking crates.io crate radix-wasmi 1.0.0
[INFO] finished tweaking crates.io crate radix-wasmi 1.0.0
[INFO] tweaked toml for crates.io crate radix-wasmi 1.0.0 written to /workspace/builds/worker-5-tc1/source/Cargo.toml
[INFO] running `Command { std: CARGO_HOME="/workspace/cargo-home" RUSTUP_HOME="/workspace/rustup-home" "/workspace/cargo-home/bin/cargo" "+1.83.0" "generate-lockfile" "--manifest-path" "Cargo.toml", kill_on_drop: false }`
[INFO] [stderr]     Updating crates.io index
[INFO] [stderr]      Locking 82 packages to latest compatible versions
[INFO] [stderr]       Adding criterion v0.4.0 (available: v0.5.1)
[INFO] [stderr]       Adding wasmi_core v0.8.0 (available: v0.40.0)
[INFO] [stderr]       Adding wasmparser-nostd v0.91.0 (available: v0.100.2)
[INFO] [stderr]       Adding wast v44.0.0 (available: v221.0.2)
[INFO] running `Command { std: CARGO_HOME="/workspace/cargo-home" RUSTUP_HOME="/workspace/rustup-home" "/workspace/cargo-home/bin/cargo" "+1.83.0" "fetch" "--manifest-path" "Cargo.toml", kill_on_drop: false }`
[INFO] [stderr]  Downloading crates ...
[INFO] [stderr]   Downloaded radix-wasmi-arena v1.0.0
[INFO] [stderr]   Downloaded wat v1.221.2
[INFO] [stderr]   Downloaded wasmi_core v0.8.0
[INFO] [stderr]   Downloaded wast v221.0.2
[INFO] [stderr]   Downloaded wasm-encoder v0.221.2
[INFO] [stderr]   Downloaded wasmparser v0.221.2
[INFO] running `Command { std: "docker" "create" "-v" "/var/lib/crater-agent-workspace/builds/worker-5-tc1/target:/opt/rustwide/target:rw,Z" "-v" "/var/lib/crater-agent-workspace/builds/worker-5-tc1/source:/opt/rustwide/workdir:ro,Z" "-v" "/var/lib/crater-agent-workspace/cargo-home:/opt/rustwide/cargo-home:ro,Z" "-v" "/var/lib/crater-agent-workspace/rustup-home:/opt/rustwide/rustup-home:ro,Z" "-e" "SOURCE_DIR=/opt/rustwide/workdir" "-e" "CARGO_TARGET_DIR=/opt/rustwide/target" "-e" "CARGO_HOME=/opt/rustwide/cargo-home" "-e" "RUSTUP_HOME=/opt/rustwide/rustup-home" "-w" "/opt/rustwide/workdir" "-m" "1610612736" "--user" "0:0" "--network" "none" "ghcr.io/rust-lang/crates-build-env/linux@sha256:f3a9d4ad9d972b27faf3965f35b62e55ba32bbce8f20bc8fe909558a86702fde" "/opt/rustwide/cargo-home/bin/cargo" "+1.83.0" "metadata" "--no-deps" "--format-version=1", kill_on_drop: false }`
[INFO] [stdout] 102c9b64fcaa1d62b1f79309e6487287c67eaa5e3f3ce632e55bda5953198a7f
[INFO] running `Command { std: "docker" "start" "-a" "102c9b64fcaa1d62b1f79309e6487287c67eaa5e3f3ce632e55bda5953198a7f", kill_on_drop: false }`
[INFO] running `Command { std: "docker" "inspect" "102c9b64fcaa1d62b1f79309e6487287c67eaa5e3f3ce632e55bda5953198a7f", kill_on_drop: false }`
[INFO] running `Command { std: "docker" "rm" "-f" "102c9b64fcaa1d62b1f79309e6487287c67eaa5e3f3ce632e55bda5953198a7f", kill_on_drop: false }`
[INFO] [stdout] 102c9b64fcaa1d62b1f79309e6487287c67eaa5e3f3ce632e55bda5953198a7f
[INFO] running `Command { std: "docker" "create" "-v" "/var/lib/crater-agent-workspace/builds/worker-5-tc1/target:/opt/rustwide/target:rw,Z" "-v" "/var/lib/crater-agent-workspace/builds/worker-5-tc1/source:/opt/rustwide/workdir:ro,Z" "-v" "/var/lib/crater-agent-workspace/cargo-home:/opt/rustwide/cargo-home:ro,Z" "-v" "/var/lib/crater-agent-workspace/rustup-home:/opt/rustwide/rustup-home:ro,Z" "-e" "SOURCE_DIR=/opt/rustwide/workdir" "-e" "CARGO_TARGET_DIR=/opt/rustwide/target" "-e" "CARGO_INCREMENTAL=0" "-e" "RUST_BACKTRACE=full" "-e" "RUSTFLAGS=--cap-lints=warn" "-e" "RUSTDOCFLAGS=--cap-lints=warn" "-e" "CARGO_HOME=/opt/rustwide/cargo-home" "-e" "RUSTUP_HOME=/opt/rustwide/rustup-home" "-w" "/opt/rustwide/workdir" "-m" "1610612736" "--user" "0:0" "--network" "none" "ghcr.io/rust-lang/crates-build-env/linux@sha256:f3a9d4ad9d972b27faf3965f35b62e55ba32bbce8f20bc8fe909558a86702fde" "/opt/rustwide/cargo-home/bin/cargo" "+1.83.0" "build" "--frozen" "--message-format=json", kill_on_drop: false }`
[INFO] [stdout] f293af0a37c72885ce1a49b44d5ff23e07069eac77ca43a43831199c1a137fa8
[INFO] running `Command { std: "docker" "start" "-a" "f293af0a37c72885ce1a49b44d5ff23e07069eac77ca43a43831199c1a137fa8", kill_on_drop: false }`
[INFO] [stderr]    Compiling autocfg v1.4.0
[INFO] [stderr]    Compiling libm v0.2.11
[INFO] [stderr]    Compiling paste v1.0.15
[INFO] [stderr]    Compiling downcast-rs v1.2.1
[INFO] [stderr]    Compiling indexmap-nostd v0.4.0
[INFO] [stderr]    Compiling radix-wasmi-arena v1.0.0
[INFO] [stderr]    Compiling spin v0.9.8
[INFO] [stderr]    Compiling wasmparser-nostd v0.91.0
[INFO] [stderr]    Compiling num-traits v0.2.19
[INFO] [stderr]    Compiling wasmi_core v0.8.0
[INFO] [stderr]    Compiling radix-wasmi v1.0.0 (/opt/rustwide/workdir)
[INFO] [stdout] warning: elided lifetime has a name
[INFO] [stdout]    --> src/instance.rs:196:82
[INFO] [stdout]     |
[INFO] [stdout] 188 | impl<'instance> ExportsIter<'instance> {
[INFO] [stdout]     |      --------- lifetime `'instance` declared here
[INFO] [stdout] ...
[INFO] [stdout] 196 |     fn convert_item((name, export): (&'instance Box<str>, &'instance Extern)) -> Export {
[INFO] [stdout]     |                                                                                  ^^^^^^ this elided lifetime gets resolved as `'instance`
[INFO] [stdout]     |
[INFO] [stdout]     = note: `#[warn(elided_named_lifetimes)]` on by default
[INFO] [stdout] 
[INFO] [stdout] 
[INFO] [stderr]     Finished `dev` profile [unoptimized + debuginfo] target(s) in 9.20s
[INFO] running `Command { std: "docker" "inspect" "f293af0a37c72885ce1a49b44d5ff23e07069eac77ca43a43831199c1a137fa8", kill_on_drop: false }`
[INFO] running `Command { std: "docker" "rm" "-f" "f293af0a37c72885ce1a49b44d5ff23e07069eac77ca43a43831199c1a137fa8", kill_on_drop: false }`
[INFO] [stdout] f293af0a37c72885ce1a49b44d5ff23e07069eac77ca43a43831199c1a137fa8
[INFO] running `Command { std: "docker" "create" "-v" "/var/lib/crater-agent-workspace/builds/worker-5-tc1/target:/opt/rustwide/target:rw,Z" "-v" "/var/lib/crater-agent-workspace/builds/worker-5-tc1/source:/opt/rustwide/workdir:ro,Z" "-v" "/var/lib/crater-agent-workspace/cargo-home:/opt/rustwide/cargo-home:ro,Z" "-v" "/var/lib/crater-agent-workspace/rustup-home:/opt/rustwide/rustup-home:ro,Z" "-e" "SOURCE_DIR=/opt/rustwide/workdir" "-e" "CARGO_TARGET_DIR=/opt/rustwide/target" "-e" "CARGO_INCREMENTAL=0" "-e" "RUST_BACKTRACE=full" "-e" "RUSTFLAGS=--cap-lints=warn" "-e" "RUSTDOCFLAGS=--cap-lints=warn" "-e" "CARGO_HOME=/opt/rustwide/cargo-home" "-e" "RUSTUP_HOME=/opt/rustwide/rustup-home" "-w" "/opt/rustwide/workdir" "-m" "1610612736" "--user" "0:0" "--network" "none" "ghcr.io/rust-lang/crates-build-env/linux@sha256:f3a9d4ad9d972b27faf3965f35b62e55ba32bbce8f20bc8fe909558a86702fde" "/opt/rustwide/cargo-home/bin/cargo" "+1.83.0" "test" "--frozen" "--no-run" "--message-format=json", kill_on_drop: false }`
[INFO] [stdout] 412bd8a41110fc2acfdb83266d0d17a48105659e97d5e298eab73acec5b06481
[INFO] running `Command { std: "docker" "start" "-a" "412bd8a41110fc2acfdb83266d0d17a48105659e97d5e298eab73acec5b06481", kill_on_drop: false }`
[INFO] [stderr]    Compiling proc-macro2 v1.0.92
[INFO] [stderr]    Compiling unicode-ident v1.0.14
[INFO] [stderr]    Compiling memchr v2.7.4
[INFO] [stderr]    Compiling serde v1.0.216
[INFO] [stderr]    Compiling leb128 v0.2.5
[INFO] [stderr]    Compiling indexmap v1.9.3
[INFO] [stderr]    Compiling libc v0.2.168
[INFO] [stderr]    Compiling serde_json v1.0.133
[INFO] [stderr]    Compiling cfg-if v1.0.0
[INFO] [stderr]    Compiling half v2.4.1
[INFO] [stderr]    Compiling either v1.13.0
[INFO] [stderr]    Compiling ryu v1.0.18
[INFO] [stderr]    Compiling os_str_bytes v6.6.1
[INFO] [stderr]    Compiling itoa v1.0.14
[INFO] [stderr]    Compiling hashbrown v0.12.3
[INFO] [stderr]    Compiling regex-syntax v0.8.5
[INFO] [stderr]    Compiling ciborium-io v0.2.2
[INFO] [stderr]    Compiling itertools v0.10.5
[INFO] [stderr]    Compiling ciborium-ll v0.2.2
[INFO] [stderr]    Compiling clap_lex v0.2.4
[INFO] [stderr]    Compiling wasm-encoder v0.221.2
[INFO] [stderr]    Compiling textwrap v0.16.1
[INFO] [stderr]    Compiling quote v1.0.37
[INFO] [stderr]    Compiling anyhow v1.0.94
[INFO] [stderr]    Compiling syn v2.0.90
[INFO] [stderr]    Compiling regex-automata v0.4.9
[INFO] [stderr]    Compiling bumpalo v3.16.0
[INFO] [stderr]    Compiling cast v0.3.0
[INFO] [stderr]    Compiling unicode-width v0.2.0
[INFO] [stderr]    Compiling bitflags v1.3.2
[INFO] [stderr]    Compiling same-file v1.0.6
[INFO] [stderr]    Compiling clap v3.2.25
[INFO] [stderr]    Compiling walkdir v2.5.0
[INFO] [stderr]    Compiling atty v0.2.14
[INFO] [stderr]    Compiling wasm-encoder v0.14.0
[INFO] [stderr]    Compiling anes v0.1.6
[INFO] [stderr]    Compiling criterion-plot v0.5.0
[INFO] [stderr]    Compiling wast v221.0.2
[INFO] [stderr]    Compiling regex v1.11.1
[INFO] [stderr]    Compiling oorandom v11.1.4
[INFO] [stderr]    Compiling lazy_static v1.5.0
[INFO] [stderr]    Compiling unicode-width v0.1.14
[INFO] [stderr]    Compiling wast v44.0.0
[INFO] [stderr]    Compiling assert_matches v1.5.0
[INFO] [stdout] warning: elided lifetime has a name
[INFO] [stdout]    --> src/instance.rs:196:82
[INFO] [stdout]     |
[INFO] [stdout] 188 | impl<'instance> ExportsIter<'instance> {
[INFO] [stdout]     |      --------- lifetime `'instance` declared here
[INFO] [stdout] ...
[INFO] [stdout] 196 |     fn convert_item((name, export): (&'instance Box<str>, &'instance Extern)) -> Export {
[INFO] [stdout]     |                                                                                  ^^^^^^ this elided lifetime gets resolved as `'instance`
[INFO] [stdout]     |
[INFO] [stdout]     = note: `#[warn(elided_named_lifetimes)]` on by default
[INFO] [stdout] 
[INFO] [stdout] 
[INFO] [stderr]    Compiling serde_derive v1.0.216
[INFO] [stderr]    Compiling wat v1.221.2
[INFO] [stderr]    Compiling ciborium v0.2.2
[INFO] [stderr]    Compiling tinytemplate v1.2.1
[INFO] [stderr]    Compiling criterion v0.4.0
[INFO] [stderr]    Compiling radix-wasmi v1.0.0 (/opt/rustwide/workdir)
[INFO] [stdout] warning: elided lifetime has a name
[INFO] [stdout]    --> src/instance.rs:196:82
[INFO] [stdout]     |
[INFO] [stdout] 188 | impl<'instance> ExportsIter<'instance> {
[INFO] [stdout]     |      --------- lifetime `'instance` declared here
[INFO] [stdout] ...
[INFO] [stdout] 196 |     fn convert_item((name, export): (&'instance Box<str>, &'instance Extern)) -> Export {
[INFO] [stdout]     |                                                                                  ^^^^^^ this elided lifetime gets resolved as `'instance`
[INFO] [stdout]     |
[INFO] [stdout]     = note: `#[warn(elided_named_lifetimes)]` on by default
[INFO] [stdout] 
[INFO] [stdout] 
[INFO] [stdout] warning: trait `ImplementsWasmRetFallback` is never used
[INFO] [stdout]    --> src/func/into_func.rs:326:15
[INFO] [stdout]     |
[INFO] [stdout] 326 |     pub trait ImplementsWasmRetFallback {
[INFO] [stdout]     |               ^^^^^^^^^^^^^^^^^^^^^^^^^
[INFO] [stdout]     |
[INFO] [stdout]     = note: `#[warn(dead_code)]` on by default
[INFO] [stdout] 
[INFO] [stdout] 
[INFO] [stderr]     Finished `test` profile [unoptimized + debuginfo] target(s) in 1m 03s
[INFO] running `Command { std: "docker" "inspect" "412bd8a41110fc2acfdb83266d0d17a48105659e97d5e298eab73acec5b06481", kill_on_drop: false }`
[INFO] running `Command { std: "docker" "rm" "-f" "412bd8a41110fc2acfdb83266d0d17a48105659e97d5e298eab73acec5b06481", kill_on_drop: false }`
[INFO] [stdout] 412bd8a41110fc2acfdb83266d0d17a48105659e97d5e298eab73acec5b06481
[INFO] running `Command { std: "docker" "create" "-v" "/var/lib/crater-agent-workspace/builds/worker-5-tc1/target:/opt/rustwide/target:rw,Z" "-v" "/var/lib/crater-agent-workspace/builds/worker-5-tc1/source:/opt/rustwide/workdir:ro,Z" "-v" "/var/lib/crater-agent-workspace/cargo-home:/opt/rustwide/cargo-home:ro,Z" "-v" "/var/lib/crater-agent-workspace/rustup-home:/opt/rustwide/rustup-home:ro,Z" "-e" "SOURCE_DIR=/opt/rustwide/workdir" "-e" "CARGO_TARGET_DIR=/opt/rustwide/target" "-e" "CARGO_INCREMENTAL=0" "-e" "RUST_BACKTRACE=full" "-e" "RUSTFLAGS=--cap-lints=warn" "-e" "RUSTDOCFLAGS=--cap-lints=warn" "-e" "CARGO_HOME=/opt/rustwide/cargo-home" "-e" "RUSTUP_HOME=/opt/rustwide/rustup-home" "-w" "/opt/rustwide/workdir" "-m" "1610612736" "--user" "0:0" "--network" "none" "ghcr.io/rust-lang/crates-build-env/linux@sha256:f3a9d4ad9d972b27faf3965f35b62e55ba32bbce8f20bc8fe909558a86702fde" "/opt/rustwide/cargo-home/bin/cargo" "+1.83.0" "test" "--frozen", kill_on_drop: false }`
[INFO] [stdout] 2cba4a55ea3ddbb1b04e6f67219509e0735be79dd6f8af3ac2934f81c2050b79
[INFO] running `Command { std: "docker" "start" "-a" "2cba4a55ea3ddbb1b04e6f67219509e0735be79dd6f8af3ac2934f81c2050b79", kill_on_drop: false }`
[INFO] [stderr] warning: elided lifetime has a name
[INFO] [stderr]    --> src/instance.rs:196:82
[INFO] [stderr]     |
[INFO] [stderr] 188 | impl<'instance> ExportsIter<'instance> {
[INFO] [stderr]     |      --------- lifetime `'instance` declared here
[INFO] [stderr] ...
[INFO] [stderr] 196 |     fn convert_item((name, export): (&'instance Box<str>, &'instance Extern)) -> Export {
[INFO] [stderr]     |                                                                                  ^^^^^^ this elided lifetime gets resolved as `'instance`
[INFO] [stderr]     |
[INFO] [stderr]     = note: `#[warn(elided_named_lifetimes)]` on by default
[INFO] [stderr] 
[INFO] [stderr] warning: `radix-wasmi` (lib) generated 1 warning
[INFO] [stderr] warning: trait `ImplementsWasmRetFallback` is never used
[INFO] [stderr]    --> src/func/into_func.rs:326:15
[INFO] [stderr]     |
[INFO] [stderr] 326 |     pub trait ImplementsWasmRetFallback {
[INFO] [stderr]     |               ^^^^^^^^^^^^^^^^^^^^^^^^^
[INFO] [stderr]     |
[INFO] [stderr]     = note: `#[warn(dead_code)]` on by default
[INFO] [stderr] 
[INFO] [stderr] warning: `radix-wasmi` (lib test) generated 2 warnings (1 duplicate)
[INFO] [stderr]     Finished `test` profile [unoptimized + debuginfo] target(s) in 0.10s
[INFO] [stderr]      Running unittests src/lib.rs (/opt/rustwide/target/debug/deps/radix_wasmi-60b810f0b9ee0abd)
[INFO] [stdout] 
[INFO] [stdout] running 44 tests
[INFO] [stdout] test engine::stack::values::tests::drop_keep_works ... ok
[INFO] [stdout] test engine::bytecode::tests::size_of_instruction ... ok
[INFO] [stdout] test engine::tests::br_if_return ... ok
[INFO] [stdout] test engine::tests::br_table_returns_result ... ok
[INFO] [stdout] test engine::tests::br_return ... ok
[INFO] [stdout] test engine::tests::drop_locals ... ok
[INFO] [stdout] test engine::tests::get_local_2 ... ok
[INFO] [stdout] test engine::tests::br_table ... ok
[INFO] [stdout] test engine::tests::explicit_return ... ok
[INFO] [stdout] test engine::tests::br_table_return ... ok
[INFO] [stdout] test engine::tests::get_local ... ok
[INFO] [stdout] test engine::tests::get_local_3 ... ok
[INFO] [stdout] test engine::tests::implicit_return_no_value ... ok
[INFO] [stdout] test engine::tests::if_else ... ok
[INFO] [stdout] test engine::tests::if_else_branch_from_true_branch ... ok
[INFO] [stdout] test engine::tests::if_else_branch_from_false_branch ... ok
[INFO] [stdout] test engine::tests::if_else_returns_result ... ok
[INFO] [stdout] test engine::tests::if_without_else ... ok
[INFO] [stdout] test engine::tests::if_else_both_unreachable_before_end ... ok
[INFO] [stdout] test engine::tests::implicit_return_with_value ... ok
[INFO] [stdout] test engine::tests::loop_ ... ok
[INFO] [stdout] test engine::tests::implicit_return_param ... ok
[INFO] [stdout] test func_type::tests::display_0in_1out ... ok
[INFO] [stdout] test engine::tests::loop_empty ... ok
[INFO] [stdout] test engine::tests::simple_add ... ok
[INFO] [stdout] test engine::tests::simple_mul_add ... ok
[INFO] [stdout] test engine::tests::spec_as_br_if_value_cond ... ok
[INFO] [stdout] test func::into_func::tests::into_func_trait_impls ... ok
[INFO] [stdout] test func_type::tests::display_0in_0out ... ok
[INFO] [stdout] test func_type::tests::display_1in_1out ... ok
[INFO] [stdout] test func_type::tests::new_empty_works ... ok
[INFO] [stdout] test func_type::tests::display_0in_4out ... ok
[INFO] [stdout] test func_type::tests::new_works ... ok
[INFO] [stdout] test func_type::tests::display_1in_0out ... ok
[INFO] [stdout] test module::instantiate::tests::test_import_memory ... ok
[INFO] [stdout] test module::instantiate::tests::test_import_table ... ok
[INFO] [stdout] test store::test_store_is_send_sync ... ok
[INFO] [stdout] test module::instantiate::tests::test_internal_memory ... ok
[INFO] [stdout] test module::instantiate::tests::test_internal_table ... ok
[INFO] [stdout] test func_type::tests::display_4in_0out ... ok
[INFO] [stdout] test func_type::tests::display_4in_4out ... ok
[INFO] [stdout] test module::instantiate::tests::test_import_memory_and_table ... ok
[INFO] [stdout] test module::instantiate::tests::test_no_memory_no_table ... ok
[INFO] [stdout] test engine::tests::wabt_example ... FAILED
[INFO] [stdout] 
[INFO] [stdout] failures:
[INFO] [stdout] 
[INFO] [stdout] ---- engine::tests::wabt_example stdout ----
[INFO] [stdout] thread 'engine::tests::wabt_example' panicked at src/engine/tests.rs:13:25:
[INFO] [stdout] called `Result::unwrap()` on an `Err` value: Error { kind: Wast(Error { inner: ErrorInner { text: Some(Text { line: 4, col: 20, snippet: "                    get_local 0" }), file: None, span: Span { offset: 124 }, kind: Custom("unknown operator or unexpected token") } }) }
[INFO] [stdout] stack backtrace:
[INFO] [stdout]    0:     0x62dd865e143a - std::backtrace_rs::backtrace::libunwind::trace::h5a5b8284f2d0c266
[INFO] [stdout]                                at /rustc/90b35a6239c3d8bdabc530a6a0816f7ff89a0aaf/library/std/src/../../backtrace/src/backtrace/libunwind.rs:116:5
[INFO] [stdout]    1:     0x62dd865e143a - std::backtrace_rs::backtrace::trace_unsynchronized::h76d4f1c9b0b875e3
[INFO] [stdout]                                at /rustc/90b35a6239c3d8bdabc530a6a0816f7ff89a0aaf/library/std/src/../../backtrace/src/backtrace/mod.rs:66:5
[INFO] [stdout]    2:     0x62dd865e143a - std::sys::backtrace::_print_fmt::hc4546b8364a537c6
[INFO] [stdout]                                at /rustc/90b35a6239c3d8bdabc530a6a0816f7ff89a0aaf/library/std/src/sys/backtrace.rs:66:9
[INFO] [stdout]    3:     0x62dd865e143a - <std::sys::backtrace::BacktraceLock::print::DisplayBacktrace as core::fmt::Display>::fmt::h5b6bd5631a6d1f6b
[INFO] [stdout]                                at /rustc/90b35a6239c3d8bdabc530a6a0816f7ff89a0aaf/library/std/src/sys/backtrace.rs:39:26
[INFO] [stdout]    4:     0x62dd86608ca3 - core::fmt::rt::Argument::fmt::h270f6602a2b96f62
[INFO] [stdout]                                at /rustc/90b35a6239c3d8bdabc530a6a0816f7ff89a0aaf/library/core/src/fmt/rt.rs:177:76
[INFO] [stdout]    5:     0x62dd86608ca3 - core::fmt::write::h7550c97b06c86515
[INFO] [stdout]                                at /rustc/90b35a6239c3d8bdabc530a6a0816f7ff89a0aaf/library/core/src/fmt/mod.rs:1186:21
[INFO] [stdout]    6:     0x62dd865de603 - std::io::Write::write_fmt::h509ff860e5956e5e
[INFO] [stdout]                                at /rustc/90b35a6239c3d8bdabc530a6a0816f7ff89a0aaf/library/std/src/io/mod.rs:1839:15
[INFO] [stdout]    7:     0x62dd865e1282 - std::sys::backtrace::BacktraceLock::print::h2395ccd2c84ba3aa
[INFO] [stdout]                                at /rustc/90b35a6239c3d8bdabc530a6a0816f7ff89a0aaf/library/std/src/sys/backtrace.rs:42:9
[INFO] [stdout]    8:     0x62dd865e289a - std::panicking::default_hook::{{closure}}::he19d4c7230e07961
[INFO] [stdout]                                at /rustc/90b35a6239c3d8bdabc530a6a0816f7ff89a0aaf/library/std/src/panicking.rs:268:22
[INFO] [stdout]    9:     0x62dd865e26a4 - std::panicking::default_hook::hf614597d3c67bbdb
[INFO] [stdout]                                at /rustc/90b35a6239c3d8bdabc530a6a0816f7ff89a0aaf/library/std/src/panicking.rs:292:9
[INFO] [stdout]   10:     0x62dd864f5259 - <alloc::boxed::Box<F,A> as core::ops::function::Fn<Args>>::call::h39b51ce4599c23d1
[INFO] [stdout]                                at /rustc/90b35a6239c3d8bdabc530a6a0816f7ff89a0aaf/library/alloc/src/boxed.rs:2468:9
[INFO] [stdout]   11:     0x62dd864f5259 - test::test_main::{{closure}}::he977ae839a582784
[INFO] [stdout]                                at /rustc/90b35a6239c3d8bdabc530a6a0816f7ff89a0aaf/library/test/src/lib.rs:133:21
[INFO] [stdout]   12:     0x62dd865e2f38 - <alloc::boxed::Box<F,A> as core::ops::function::Fn<Args>>::call::h9455091b6b06f9fb
[INFO] [stdout]                                at /rustc/90b35a6239c3d8bdabc530a6a0816f7ff89a0aaf/library/alloc/src/boxed.rs:2468:9
[INFO] [stdout]   13:     0x62dd865e2f38 - std::panicking::rust_panic_with_hook::h8942133a8b252070
[INFO] [stdout]                                at /rustc/90b35a6239c3d8bdabc530a6a0816f7ff89a0aaf/library/std/src/panicking.rs:809:13
[INFO] [stdout]   14:     0x62dd865e2cfa - std::panicking::begin_panic_handler::{{closure}}::hb5f5963570096b29
[INFO] [stdout]                                at /rustc/90b35a6239c3d8bdabc530a6a0816f7ff89a0aaf/library/std/src/panicking.rs:674:13
[INFO] [stdout]   15:     0x62dd865e1919 - std::sys::backtrace::__rust_end_short_backtrace::h6208cedc1922feda
[INFO] [stdout]                                at /rustc/90b35a6239c3d8bdabc530a6a0816f7ff89a0aaf/library/std/src/sys/backtrace.rs:170:18
[INFO] [stdout]   16:     0x62dd865e298c - rust_begin_unwind
[INFO] [stdout]                                at /rustc/90b35a6239c3d8bdabc530a6a0816f7ff89a0aaf/library/std/src/panicking.rs:665:5
[INFO] [stdout]   17:     0x62dd861e60d0 - core::panicking::panic_fmt::h0c3082644d1bf418
[INFO] [stdout]                                at /rustc/90b35a6239c3d8bdabc530a6a0816f7ff89a0aaf/library/core/src/panicking.rs:74:14
[INFO] [stdout]   18:     0x62dd861e6556 - core::result::unwrap_failed::hd20b4aa073bda1e2
[INFO] [stdout]                                at /rustc/90b35a6239c3d8bdabc530a6a0816f7ff89a0aaf/library/core/src/result.rs:1700:5
[INFO] [stdout]   19:     0x62dd862385d4 - core::result::Result<T,E>::unwrap::h2e5ed26af1ce7159
[INFO] [stdout]                                at /rustc/90b35a6239c3d8bdabc530a6a0816f7ff89a0aaf/library/core/src/result.rs:1104:23
[INFO] [stdout]   20:     0x62dd862385d4 - radix_wasmi::engine::tests::wat2wasm::h011332bd48b3d723
[INFO] [stdout]                                at /opt/rustwide/workdir/src/engine/tests.rs:13:5
[INFO] [stdout]   21:     0x62dd862491ad - radix_wasmi::engine::tests::wabt_example::hfb03d3f1bac378c5
[INFO] [stdout]                                at /opt/rustwide/workdir/src/engine/tests.rs:633:16
[INFO] [stdout]   22:     0x62dd86249177 - radix_wasmi::engine::tests::wabt_example::{{closure}}::h70a66e26554cca1e
[INFO] [stdout]                                at /opt/rustwide/workdir/src/engine/tests.rs:632:18
[INFO] [stdout]   23:     0x62dd86262296 - core::ops::function::FnOnce::call_once::hdaa618e295ebcc44
[INFO] [stdout]                                at /rustc/90b35a6239c3d8bdabc530a6a0816f7ff89a0aaf/library/core/src/ops/function.rs:250:5
[INFO] [stdout]   24:     0x62dd864f9c1b - core::ops::function::FnOnce::call_once::h109cf8051a59b34e
[INFO] [stdout]                                at /rustc/90b35a6239c3d8bdabc530a6a0816f7ff89a0aaf/library/core/src/ops/function.rs:250:5
[INFO] [stdout]   25:     0x62dd864f9c1b - test::__rust_begin_short_backtrace::hf4fff89d377446ba
[INFO] [stdout]                                at /rustc/90b35a6239c3d8bdabc530a6a0816f7ff89a0aaf/library/test/src/lib.rs:621:18
[INFO] [stdout]   26:     0x62dd864f9457 - test::run_test_in_process::{{closure}}::h0e39181dd7ee5a43
[INFO] [stdout]                                at /rustc/90b35a6239c3d8bdabc530a6a0816f7ff89a0aaf/library/test/src/lib.rs:644:60
[INFO] [stdout]   27:     0x62dd864f9457 - <core::panic::unwind_safe::AssertUnwindSafe<F> as core::ops::function::FnOnce<()>>::call_once::hc5a66a30f0bdfd1f
[INFO] [stdout]                                at /rustc/90b35a6239c3d8bdabc530a6a0816f7ff89a0aaf/library/core/src/panic/unwind_safe.rs:272:9
[INFO] [stdout]   28:     0x62dd864f9457 - std::panicking::try::do_call::h873b7cf639554a5e
[INFO] [stdout]                                at /rustc/90b35a6239c3d8bdabc530a6a0816f7ff89a0aaf/library/std/src/panicking.rs:557:40
[INFO] [stdout]   29:     0x62dd864f9457 - std::panicking::try::hdb19862fad9c8bd1
[INFO] [stdout]                                at /rustc/90b35a6239c3d8bdabc530a6a0816f7ff89a0aaf/library/std/src/panicking.rs:520:19
[INFO] [stdout]   30:     0x62dd864f9457 - std::panic::catch_unwind::h281fe732d236d260
[INFO] [stdout]                                at /rustc/90b35a6239c3d8bdabc530a6a0816f7ff89a0aaf/library/std/src/panic.rs:358:14
[INFO] [stdout]   31:     0x62dd864f9457 - test::run_test_in_process::h949b6df8457ed338
[INFO] [stdout]                                at /rustc/90b35a6239c3d8bdabc530a6a0816f7ff89a0aaf/library/test/src/lib.rs:644:27
[INFO] [stdout]   32:     0x62dd864f9457 - test::run_test::{{closure}}::h52c556a6d4740e10
[INFO] [stdout]                                at /rustc/90b35a6239c3d8bdabc530a6a0816f7ff89a0aaf/library/test/src/lib.rs:565:43
[INFO] [stdout]   33:     0x62dd864be734 - test::run_test::{{closure}}::h4237f6381c45ccb9
[INFO] [stdout]                                at /rustc/90b35a6239c3d8bdabc530a6a0816f7ff89a0aaf/library/test/src/lib.rs:595:41
[INFO] [stdout]   34:     0x62dd864be734 - std::sys::backtrace::__rust_begin_short_backtrace::h505c97a579eca628
[INFO] [stdout]                                at /rustc/90b35a6239c3d8bdabc530a6a0816f7ff89a0aaf/library/std/src/sys/backtrace.rs:154:18
[INFO] [stdout]   35:     0x62dd864c1dfe - std::thread::Builder::spawn_unchecked_::{{closure}}::{{closure}}::h9e86b2e2bc107ea3
[INFO] [stdout]                                at /rustc/90b35a6239c3d8bdabc530a6a0816f7ff89a0aaf/library/std/src/thread/mod.rs:538:17
[INFO] [stdout]   36:     0x62dd864c1dfe - <core::panic::unwind_safe::AssertUnwindSafe<F> as core::ops::function::FnOnce<()>>::call_once::h8b06ddb275ff4a25
[INFO] [stdout]                                at /rustc/90b35a6239c3d8bdabc530a6a0816f7ff89a0aaf/library/core/src/panic/unwind_safe.rs:272:9
[INFO] [stdout]   37:     0x62dd864c1dfe - std::panicking::try::do_call::hb26ecd7cd9a9355d
[INFO] [stdout]                                at /rustc/90b35a6239c3d8bdabc530a6a0816f7ff89a0aaf/library/std/src/panicking.rs:557:40
[INFO] [stdout]   38:     0x62dd864c1dfe - std::panicking::try::h8ddeca9d705f9069
[INFO] [stdout]                                at /rustc/90b35a6239c3d8bdabc530a6a0816f7ff89a0aaf/library/std/src/panicking.rs:520:19
[INFO] [stdout]   39:     0x62dd864c1dfe - std::panic::catch_unwind::h49e1c33078844c46
[INFO] [stdout]                                at /rustc/90b35a6239c3d8bdabc530a6a0816f7ff89a0aaf/library/std/src/panic.rs:358:14
[INFO] [stdout]   40:     0x62dd864c1dfe - std::thread::Builder::spawn_unchecked_::{{closure}}::h6073db6ff56ad35d
[INFO] [stdout]                                at /rustc/90b35a6239c3d8bdabc530a6a0816f7ff89a0aaf/library/std/src/thread/mod.rs:537:30
[INFO] [stdout]   41:     0x62dd864c1dfe - core::ops::function::FnOnce::call_once{{vtable.shim}}::h2c5a5f3779c774f1
[INFO] [stdout]                                at /rustc/90b35a6239c3d8bdabc530a6a0816f7ff89a0aaf/library/core/src/ops/function.rs:250:5
[INFO] [stdout]   42:     0x62dd865e6d0b - <alloc::boxed::Box<F,A> as core::ops::function::FnOnce<Args>>::call_once::hf75717d9f28faebf
[INFO] [stdout]                                at /rustc/90b35a6239c3d8bdabc530a6a0816f7ff89a0aaf/library/alloc/src/boxed.rs:2454:9
[INFO] [stdout]   43:     0x62dd865e6d0b - <alloc::boxed::Box<F,A> as core::ops::function::FnOnce<Args>>::call_once::h7bd883a5f3c5f3c1
[INFO] [stdout]                                at /rustc/90b35a6239c3d8bdabc530a6a0816f7ff89a0aaf/library/alloc/src/boxed.rs:2454:9
[INFO] [stdout]   44:     0x62dd865e6d0b - std::sys::pal::unix::thread::Thread::new::thread_start::hcc78f3943333fa94
[INFO] [stdout]                                at /rustc/90b35a6239c3d8bdabc530a6a0816f7ff89a0aaf/library/std/src/sys/pal/unix/thread.rs:105:17
[INFO] [stdout]   45:     0x7f64eec0eac3 - <unknown>
[INFO] [stdout]   46:     0x7f64eec9fa04 - clone
[INFO] [stdout]   47:                0x0 - <unknown>
[INFO] [stdout] 
[INFO] [stdout] 
[INFO] [stdout] failures:
[INFO] [stdout]     engine::tests::wabt_example
[INFO] [stdout] 
[INFO] [stdout] test result: FAILED. 43 passed; 1 failed; 0 ignored; 0 measured; 0 filtered out; finished in 0.07s
[INFO] [stdout] 
[INFO] [stderr] error: test failed, to rerun pass `--lib`
[INFO] running `Command { std: "docker" "inspect" "2cba4a55ea3ddbb1b04e6f67219509e0735be79dd6f8af3ac2934f81c2050b79", kill_on_drop: false }`
[INFO] running `Command { std: "docker" "rm" "-f" "2cba4a55ea3ddbb1b04e6f67219509e0735be79dd6f8af3ac2934f81c2050b79", kill_on_drop: false }`
[INFO] [stdout] 2cba4a55ea3ddbb1b04e6f67219509e0735be79dd6f8af3ac2934f81c2050b79
