[INFO] fetching crate radegast 0.3.0...
[INFO] testing radegast-0.3.0 against 1.83.0 for beta-1.84.0-4-retry
[INFO] extracting crate radegast 0.3.0 into /workspace/builds/worker-5-tc1/source
[INFO] validating manifest of crates.io crate radegast 0.3.0 on toolchain 1.83.0
[INFO] running `Command { std: CARGO_HOME="/workspace/cargo-home" RUSTUP_HOME="/workspace/rustup-home" "/workspace/cargo-home/bin/cargo" "+1.83.0" "metadata" "--manifest-path" "Cargo.toml" "--no-deps", kill_on_drop: false }`
[INFO] started tweaking crates.io crate radegast 0.3.0
[INFO] finished tweaking crates.io crate radegast 0.3.0
[INFO] tweaked toml for crates.io crate radegast 0.3.0 written to /workspace/builds/worker-5-tc1/source/Cargo.toml
[INFO] running `Command { std: CARGO_HOME="/workspace/cargo-home" RUSTUP_HOME="/workspace/rustup-home" "/workspace/cargo-home/bin/cargo" "+1.83.0" "generate-lockfile" "--manifest-path" "Cargo.toml", kill_on_drop: false }`
[INFO] [stderr]     Updating crates.io index
[INFO] [stderr]     Blocking waiting for file lock on package cache
[INFO] [stderr]      Locking 213 packages to latest compatible versions
[INFO] [stderr]       Adding http v0.2.12 (available: v1.2.0)
[INFO] [stderr]       Adding reqwest v0.11.27 (available: v0.12.9)
[INFO] [stderr]       Adding rmp v0.8.11 (available: v0.8.14)
[INFO] [stderr]       Adding rmpv v1.0.0 (available: v1.3.0)
[INFO] [stderr]       Adding tarantool v4.0.1 (available: v6.1.0)
[INFO] [stderr]       Adding thiserror v1.0.69 (available: v2.0.7)
[INFO] [stderr]       Adding time v0.3.17 (available: v0.3.37)
[INFO] [stderr]       Adding time-core v0.1.0 (available: v0.1.2)
[INFO] running `Command { std: CARGO_HOME="/workspace/cargo-home" RUSTUP_HOME="/workspace/rustup-home" "/workspace/cargo-home/bin/cargo" "+1.83.0" "fetch" "--manifest-path" "Cargo.toml", kill_on_drop: false }`
[INFO] [stderr]     Blocking waiting for file lock on package cache
[INFO] [stderr]     Blocking waiting for file lock on package cache
[INFO] running `Command { std: "docker" "create" "-v" "/var/lib/crater-agent-workspace/builds/worker-5-tc1/target:/opt/rustwide/target:rw,Z" "-v" "/var/lib/crater-agent-workspace/builds/worker-5-tc1/source:/opt/rustwide/workdir:ro,Z" "-v" "/var/lib/crater-agent-workspace/cargo-home:/opt/rustwide/cargo-home:ro,Z" "-v" "/var/lib/crater-agent-workspace/rustup-home:/opt/rustwide/rustup-home:ro,Z" "-e" "SOURCE_DIR=/opt/rustwide/workdir" "-e" "CARGO_TARGET_DIR=/opt/rustwide/target" "-e" "CARGO_HOME=/opt/rustwide/cargo-home" "-e" "RUSTUP_HOME=/opt/rustwide/rustup-home" "-w" "/opt/rustwide/workdir" "-m" "1610612736" "--user" "0:0" "--network" "none" "ghcr.io/rust-lang/crates-build-env/linux@sha256:f3a9d4ad9d972b27faf3965f35b62e55ba32bbce8f20bc8fe909558a86702fde" "/opt/rustwide/cargo-home/bin/cargo" "+1.83.0" "metadata" "--no-deps" "--format-version=1", kill_on_drop: false }`
[INFO] [stdout] b52ff83f89a50513f790daf88461d0b99d981d432a4317e8b7e268fe65a70055
[INFO] running `Command { std: "docker" "start" "-a" "b52ff83f89a50513f790daf88461d0b99d981d432a4317e8b7e268fe65a70055", kill_on_drop: false }`
[INFO] running `Command { std: "docker" "inspect" "b52ff83f89a50513f790daf88461d0b99d981d432a4317e8b7e268fe65a70055", kill_on_drop: false }`
[INFO] running `Command { std: "docker" "rm" "-f" "b52ff83f89a50513f790daf88461d0b99d981d432a4317e8b7e268fe65a70055", kill_on_drop: false }`
[INFO] [stdout] b52ff83f89a50513f790daf88461d0b99d981d432a4317e8b7e268fe65a70055
[INFO] running `Command { std: "docker" "create" "-v" "/var/lib/crater-agent-workspace/builds/worker-5-tc1/target:/opt/rustwide/target:rw,Z" "-v" "/var/lib/crater-agent-workspace/builds/worker-5-tc1/source:/opt/rustwide/workdir:ro,Z" "-v" "/var/lib/crater-agent-workspace/cargo-home:/opt/rustwide/cargo-home:ro,Z" "-v" "/var/lib/crater-agent-workspace/rustup-home:/opt/rustwide/rustup-home:ro,Z" "-e" "SOURCE_DIR=/opt/rustwide/workdir" "-e" "CARGO_TARGET_DIR=/opt/rustwide/target" "-e" "CARGO_INCREMENTAL=0" "-e" "RUST_BACKTRACE=full" "-e" "RUSTFLAGS=--cap-lints=warn" "-e" "RUSTDOCFLAGS=--cap-lints=warn" "-e" "CARGO_HOME=/opt/rustwide/cargo-home" "-e" "RUSTUP_HOME=/opt/rustwide/rustup-home" "-w" "/opt/rustwide/workdir" "-m" "1610612736" "--user" "0:0" "--network" "none" "ghcr.io/rust-lang/crates-build-env/linux@sha256:f3a9d4ad9d972b27faf3965f35b62e55ba32bbce8f20bc8fe909558a86702fde" "/opt/rustwide/cargo-home/bin/cargo" "+1.83.0" "build" "--frozen" "--message-format=json", kill_on_drop: false }`
[INFO] [stdout] cda61daa880de4e701d1f045c1471dc14298a20796c9a4fd3370760abab19e30
[INFO] running `Command { std: "docker" "start" "-a" "cda61daa880de4e701d1f045c1471dc14298a20796c9a4fd3370760abab19e30", kill_on_drop: false }`
[INFO] [stderr]    Compiling proc-macro2 v1.0.92
[INFO] [stderr]    Compiling unicode-ident v1.0.14
[INFO] [stderr]    Compiling autocfg v1.4.0
[INFO] [stderr]    Compiling libc v0.2.168
[INFO] [stderr]    Compiling shlex v1.3.0
[INFO] [stderr]    Compiling cfg-if v1.0.0
[INFO] [stderr]    Compiling version_check v0.9.5
[INFO] [stderr]    Compiling stable_deref_trait v1.2.0
[INFO] [stderr]    Compiling smallvec v1.13.2
[INFO] [stderr]    Compiling pin-project-lite v0.2.15
[INFO] [stderr]    Compiling syn v1.0.109
[INFO] [stderr]    Compiling fnv v1.0.7
[INFO] [stderr]    Compiling futures-core v0.3.31
[INFO] [stderr]    Compiling serde v1.0.216
[INFO] [stderr]    Compiling pkg-config v0.3.31
[INFO] [stderr]    Compiling parking_lot_core v0.9.10
[INFO] [stderr]    Compiling once_cell v1.20.2
[INFO] [stderr]    Compiling futures-sink v0.3.31
[INFO] [stderr]    Compiling vcpkg v0.2.15
[INFO] [stderr]    Compiling memchr v2.7.4
[INFO] [stderr]    Compiling itoa v1.0.14
[INFO] [stderr]    Compiling scopeguard v1.2.0
[INFO] [stderr]    Compiling writeable v0.5.5
[INFO] [stderr]    Compiling cc v1.2.4
[INFO] [stderr]    Compiling litemap v0.7.4
[INFO] [stderr]    Compiling bytes v1.9.0
[INFO] [stderr]    Compiling futures-channel v0.3.31
[INFO] [stderr]    Compiling futures-task v0.3.31
[INFO] [stderr]    Compiling futures-io v0.3.31
[INFO] [stderr]    Compiling pin-utils v0.1.0
[INFO] [stderr]    Compiling paste v1.0.15
[INFO] [stderr]    Compiling icu_locid_transform_data v1.5.0
[INFO] [stderr]    Compiling slab v0.4.9
[INFO] [stderr]    Compiling lock_api v0.4.12
[INFO] [stderr]    Compiling proc-macro2 v0.4.30
[INFO] [stderr]    Compiling typenum v1.17.0
[INFO] [stderr]    Compiling num-traits v0.2.19
[INFO] [stderr]    Compiling generic-array v0.14.7
[INFO] [stderr]    Compiling unicode-xid v0.1.0
[INFO] [stderr]    Compiling openssl v0.10.68
[INFO] [stderr]    Compiling icu_properties_data v1.5.0
[INFO] [stderr]    Compiling foreign-types-shared v0.1.1
[INFO] [stderr]    Compiling foreign-types v0.3.2
[INFO] [stderr]    Compiling http v0.2.12
[INFO] [stderr]    Compiling proc-macro-error-attr v1.0.4
[INFO] [stderr]    Compiling tracing-core v0.1.33
[INFO] [stderr]    Compiling bitflags v2.6.0
[INFO] [stderr]    Compiling write16 v1.0.0
[INFO] [stderr]    Compiling httparse v1.9.5
[INFO] [stderr]    Compiling utf8_iter v1.0.4
[INFO] [stderr]    Compiling utf16_iter v1.0.5
[INFO] [stderr]    Compiling ident_case v1.0.1
[INFO] [stderr]    Compiling equivalent v1.0.1
[INFO] [stderr]    Compiling quote v1.0.37
[INFO] [stderr]    Compiling strsim v0.10.0
[INFO] [stderr]    Compiling log v0.4.22
[INFO] [stderr]    Compiling icu_normalizer_data v1.5.0
[INFO] [stderr]    Compiling native-tls v0.2.12
[INFO] [stderr]    Compiling hashbrown v0.15.2
[INFO] [stderr]    Compiling syn v0.15.44
[INFO] [stderr]    Compiling syn v2.0.90
[INFO] [stderr]    Compiling tracing v0.1.41
[INFO] [stderr]    Compiling proc-macro-error v1.0.4
[INFO] [stderr]    Compiling quote v0.6.13
[INFO] [stderr]    Compiling serde_json v1.0.133
[INFO] [stderr]    Compiling ryu v1.0.18
[INFO] [stderr]    Compiling crossbeam-utils v0.8.20
[INFO] [stderr]    Compiling try-lock v0.2.5
[INFO] [stderr]    Compiling percent-encoding v2.3.1
[INFO] [stderr]    Compiling unicase v2.8.0
[INFO] [stderr]    Compiling openssl-probe v0.1.5
[INFO] [stderr]    Compiling thiserror v1.0.69
[INFO] [stderr]    Compiling byteorder v1.5.0
[INFO] [stderr]    Compiling form_urlencoded v1.2.1
[INFO] [stderr]    Compiling want v0.3.1
[INFO] [stderr]    Compiling indexmap v2.7.0
[INFO] [stderr]    Compiling http-body v0.4.6
[INFO] [stderr]    Compiling mime_guess v2.0.5
[INFO] [stderr]    Compiling tower-service v0.3.3
[INFO] [stderr]    Compiling httpdate v1.0.3
[INFO] [stderr]    Compiling socket2 v0.5.8
[INFO] [stderr]    Compiling openssl-sys v0.9.104
[INFO] [stderr]    Compiling parking_lot v0.12.3
[INFO] [stderr]    Compiling signal-hook-registry v1.4.2
[INFO] [stderr]    Compiling mio v1.0.3
[INFO] [stderr]    Compiling decnumber-sys v0.1.6
[INFO] [stderr]    Compiling rmp v0.8.11
[INFO] [stderr]    Compiling digest v0.9.0
[INFO] [stderr]    Compiling block-buffer v0.9.0
[INFO] [stderr]    Compiling mime v0.3.17
[INFO] [stderr]    Compiling static_assertions v1.1.0
[INFO] [stderr]    Compiling base64 v0.21.7
[INFO] [stderr]    Compiling time-core v0.1.0
[INFO] [stderr]    Compiling cpufeatures v0.2.16
[INFO] [stderr]    Compiling lazy_static v1.5.0
[INFO] [stderr]    Compiling opaque-debug v0.3.1
[INFO] [stderr]    Compiling time v0.3.17
[INFO] [stderr]    Compiling sha-1 v0.9.8
[INFO] [stderr]    Compiling crossbeam-queue v0.3.11
[INFO] [stderr]    Compiling rustls-pemfile v1.0.4
[INFO] [stderr]    Compiling encoding_rs v0.8.35
[INFO] [stderr]    Compiling va_list v0.2.0
[INFO] [stderr]    Compiling base64 v0.13.1
[INFO] [stderr]    Compiling bitflags v1.3.2
[INFO] [stderr]    Compiling ipnet v2.10.1
[INFO] [stderr]    Compiling sync_wrapper v0.1.2
[INFO] [stderr]    Compiling refpool v0.4.3
[INFO] [stderr]    Compiling uuid v0.8.2
[INFO] [stderr]    Compiling dlopen_derive v0.1.4
[INFO] [stderr]    Compiling darling_core v0.14.4
[INFO] [stderr]    Compiling synstructure v0.13.1
[INFO] [stderr]    Compiling dlopen v0.1.8
[INFO] [stderr]    Compiling linkme-impl v0.2.10
[INFO] [stderr]    Compiling tlua-derive v0.2.1
[INFO] [stderr]    Compiling zerofrom-derive v0.1.5
[INFO] [stderr]    Compiling yoke-derive v0.7.5
[INFO] [stderr]    Compiling zerovec-derive v0.10.3
[INFO] [stderr]    Compiling displaydoc v0.2.5
[INFO] [stderr]    Compiling serde_derive v1.0.216
[INFO] [stderr]    Compiling futures-macro v0.3.31
[INFO] [stderr]    Compiling icu_provider_macros v1.5.0
[INFO] [stderr]    Compiling tokio-macros v2.4.0
[INFO] [stderr]    Compiling openssl-macros v0.1.1
[INFO] [stderr]    Compiling thiserror-impl v1.0.69
[INFO] [stderr]    Compiling async-trait v0.1.83
[INFO] [stderr]    Compiling linkme v0.2.10
[INFO] [stderr]    Compiling dec v0.4.9
[INFO] [stderr]    Compiling darling_macro v0.14.4
[INFO] [stderr]    Compiling tokio v1.42.0
[INFO] [stderr]    Compiling futures-util v0.3.31
[INFO] [stderr]    Compiling zerofrom v0.1.5
[INFO] [stderr]    Compiling yoke v0.7.5
[INFO] [stderr]    Compiling darling v0.14.4
[INFO] [stderr]    Compiling tarantool-proc v3.2.0
[INFO] [stderr]    Compiling zerovec v0.10.4
[INFO] [stderr]    Compiling tinystr v0.7.6
[INFO] [stderr]    Compiling icu_collections v1.5.0
[INFO] [stderr]    Compiling icu_locid v1.5.0
[INFO] [stderr]    Compiling icu_provider v1.5.0
[INFO] [stderr]    Compiling futures-executor v0.3.31
[INFO] [stderr]    Compiling futures v0.3.31
[INFO] [stderr]    Compiling icu_locid_transform v1.5.0
[INFO] [stderr]    Compiling tokio-util v0.7.13
[INFO] [stderr]    Compiling tokio-native-tls v0.3.1
[INFO] [stderr]    Compiling h2 v0.3.26
[INFO] [stderr]    Compiling icu_properties v1.5.1
[INFO] [stderr]    Compiling serde_bytes v0.11.15
[INFO] [stderr]    Compiling tlua v3.1.0
[INFO] [stderr]    Compiling serde_urlencoded v0.7.1
[INFO] [stderr]    Compiling picodata-rmp-serde v1.0.0
[INFO] [stderr]    Compiling rmpv v1.0.0
[INFO] [stderr]    Compiling icu_normalizer v1.5.0
[INFO] [stderr]    Compiling idna_adapter v1.2.0
[INFO] [stderr]    Compiling idna v1.0.3
[INFO] [stderr]    Compiling url v2.5.4
[INFO] [stderr]    Compiling tarantool v4.0.1
[INFO] [stderr]    Compiling hyper v0.14.31
[INFO] [stderr]    Compiling hyper-tls v0.5.0
[INFO] [stderr]    Compiling reqwest v0.11.27
[INFO] [stderr]    Compiling radegast v0.3.0 (/opt/rustwide/workdir)
[INFO] [stdout] warning: elided lifetime has a name
[INFO] [stdout]   --> src/lib.rs:70:58
[INFO] [stdout]    |
[INFO] [stdout] 45 | impl<'a> ClientBuilder<'a> {
[INFO] [stdout]    |      -- lifetime `'a` declared here
[INFO] [stdout] ...
[INFO] [stdout] 70 |     pub fn build(self, cbus_endpoint: &'a str) -> Result<Client> {
[INFO] [stdout]    |                                                          ^^^^^^ this elided lifetime gets resolved as `'a`
[INFO] [stdout]    |
[INFO] [stdout]    = note: `#[warn(elided_named_lifetimes)]` on by default
[INFO] [stdout] 
[INFO] [stdout] 
[INFO] [stderr]     Finished `dev` profile [unoptimized + debuginfo] target(s) in 36.01s
[INFO] running `Command { std: "docker" "inspect" "cda61daa880de4e701d1f045c1471dc14298a20796c9a4fd3370760abab19e30", kill_on_drop: false }`
[INFO] running `Command { std: "docker" "rm" "-f" "cda61daa880de4e701d1f045c1471dc14298a20796c9a4fd3370760abab19e30", kill_on_drop: false }`
[INFO] [stdout] cda61daa880de4e701d1f045c1471dc14298a20796c9a4fd3370760abab19e30
[INFO] running `Command { std: "docker" "create" "-v" "/var/lib/crater-agent-workspace/builds/worker-5-tc1/target:/opt/rustwide/target:rw,Z" "-v" "/var/lib/crater-agent-workspace/builds/worker-5-tc1/source:/opt/rustwide/workdir:ro,Z" "-v" "/var/lib/crater-agent-workspace/cargo-home:/opt/rustwide/cargo-home:ro,Z" "-v" "/var/lib/crater-agent-workspace/rustup-home:/opt/rustwide/rustup-home:ro,Z" "-e" "SOURCE_DIR=/opt/rustwide/workdir" "-e" "CARGO_TARGET_DIR=/opt/rustwide/target" "-e" "CARGO_INCREMENTAL=0" "-e" "RUST_BACKTRACE=full" "-e" "RUSTFLAGS=--cap-lints=warn" "-e" "RUSTDOCFLAGS=--cap-lints=warn" "-e" "CARGO_HOME=/opt/rustwide/cargo-home" "-e" "RUSTUP_HOME=/opt/rustwide/rustup-home" "-w" "/opt/rustwide/workdir" "-m" "1610612736" "--user" "0:0" "--network" "none" "ghcr.io/rust-lang/crates-build-env/linux@sha256:f3a9d4ad9d972b27faf3965f35b62e55ba32bbce8f20bc8fe909558a86702fde" "/opt/rustwide/cargo-home/bin/cargo" "+1.83.0" "test" "--frozen" "--no-run" "--message-format=json", kill_on_drop: false }`
[INFO] [stdout] ae524c34161ac5b813f1b1027d6d57c8258b73a0e1db48edf0db7b12a3858313
[INFO] running `Command { std: "docker" "start" "-a" "ae524c34161ac5b813f1b1027d6d57c8258b73a0e1db48edf0db7b12a3858313", kill_on_drop: false }`
[INFO] [stdout] warning: elided lifetime has a name
[INFO] [stdout]   --> src/lib.rs:70:58
[INFO] [stdout]    |
[INFO] [stdout] 45 | impl<'a> ClientBuilder<'a> {
[INFO] [stdout]    |      -- lifetime `'a` declared here
[INFO] [stdout] ...
[INFO] [stdout] 70 |     pub fn build(self, cbus_endpoint: &'a str) -> Result<Client> {
[INFO] [stdout]    |                                                          ^^^^^^ this elided lifetime gets resolved as `'a`
[INFO] [stdout]    |
[INFO] [stdout]    = note: `#[warn(elided_named_lifetimes)]` on by default
[INFO] [stdout] 
[INFO] [stdout] 
[INFO] [stderr]    Compiling radegast v0.3.0 (/opt/rustwide/workdir)
[INFO] [stdout] warning: elided lifetime has a name
[INFO] [stdout]   --> src/lib.rs:70:58
[INFO] [stdout]    |
[INFO] [stdout] 45 | impl<'a> ClientBuilder<'a> {
[INFO] [stdout]    |      -- lifetime `'a` declared here
[INFO] [stdout] ...
[INFO] [stdout] 70 |     pub fn build(self, cbus_endpoint: &'a str) -> Result<Client> {
[INFO] [stdout]    |                                                          ^^^^^^ this elided lifetime gets resolved as `'a`
[INFO] [stdout]    |
[INFO] [stdout]    = note: `#[warn(elided_named_lifetimes)]` on by default
[INFO] [stdout] 
[INFO] [stdout] 
[INFO] [stderr]     Finished `test` profile [unoptimized + debuginfo] target(s) in 1.64s
[INFO] running `Command { std: "docker" "inspect" "ae524c34161ac5b813f1b1027d6d57c8258b73a0e1db48edf0db7b12a3858313", kill_on_drop: false }`
[INFO] running `Command { std: "docker" "rm" "-f" "ae524c34161ac5b813f1b1027d6d57c8258b73a0e1db48edf0db7b12a3858313", kill_on_drop: false }`
[INFO] [stdout] ae524c34161ac5b813f1b1027d6d57c8258b73a0e1db48edf0db7b12a3858313
[INFO] running `Command { std: "docker" "create" "-v" "/var/lib/crater-agent-workspace/builds/worker-5-tc1/target:/opt/rustwide/target:rw,Z" "-v" "/var/lib/crater-agent-workspace/builds/worker-5-tc1/source:/opt/rustwide/workdir:ro,Z" "-v" "/var/lib/crater-agent-workspace/cargo-home:/opt/rustwide/cargo-home:ro,Z" "-v" "/var/lib/crater-agent-workspace/rustup-home:/opt/rustwide/rustup-home:ro,Z" "-e" "SOURCE_DIR=/opt/rustwide/workdir" "-e" "CARGO_TARGET_DIR=/opt/rustwide/target" "-e" "CARGO_INCREMENTAL=0" "-e" "RUST_BACKTRACE=full" "-e" "RUSTFLAGS=--cap-lints=warn" "-e" "RUSTDOCFLAGS=--cap-lints=warn" "-e" "CARGO_HOME=/opt/rustwide/cargo-home" "-e" "RUSTUP_HOME=/opt/rustwide/rustup-home" "-w" "/opt/rustwide/workdir" "-m" "1610612736" "--user" "0:0" "--network" "none" "ghcr.io/rust-lang/crates-build-env/linux@sha256:f3a9d4ad9d972b27faf3965f35b62e55ba32bbce8f20bc8fe909558a86702fde" "/opt/rustwide/cargo-home/bin/cargo" "+1.83.0" "test" "--frozen", kill_on_drop: false }`
[INFO] [stdout] 2e7a1f5af27a194110790d641409166a14a62cc1cab3f4723bfa278aeccf6302
[INFO] running `Command { std: "docker" "start" "-a" "2e7a1f5af27a194110790d641409166a14a62cc1cab3f4723bfa278aeccf6302", kill_on_drop: false }`
[INFO] [stderr] warning: elided lifetime has a name
[INFO] [stderr]   --> src/lib.rs:70:58
[INFO] [stderr]    |
[INFO] [stderr] 45 | impl<'a> ClientBuilder<'a> {
[INFO] [stderr]    |      -- lifetime `'a` declared here
[INFO] [stderr] ...
[INFO] [stderr] 70 |     pub fn build(self, cbus_endpoint: &'a str) -> Result<Client> {
[INFO] [stderr]    |                                                          ^^^^^^ this elided lifetime gets resolved as `'a`
[INFO] [stderr]    |
[INFO] [stderr]    = note: `#[warn(elided_named_lifetimes)]` on by default
[INFO] [stderr] 
[INFO] [stderr] warning: `radegast` (lib) generated 1 warning
[INFO] [stderr] warning: `radegast` (lib test) generated 1 warning (1 duplicate)
[INFO] [stderr]     Finished `test` profile [unoptimized + debuginfo] target(s) in 0.18s
[INFO] [stderr]      Running unittests src/lib.rs (/opt/rustwide/target/debug/deps/radegast-27a2057acacef512)
[INFO] [stdout] 
[INFO] [stdout] running 0 tests
[INFO] [stdout] 
[INFO] [stdout] test result: ok. 0 passed; 0 failed; 0 ignored; 0 measured; 0 filtered out; finished in 0.00s
[INFO] [stdout] 
[INFO] [stderr]    Doc-tests radegast
[INFO] [stdout] 
[INFO] [stdout] running 4 tests
[INFO] [stdout] test src/request.rs - request::RequestBuilder<'a>::send (line 233) - compile ... ok
[INFO] [stdout] test src/request.rs - request::RequestBuilder<'a>::form (line 173) ... FAILED
[INFO] [stdout] test src/request.rs - request::RequestBuilder<'a>::multipart (line 112) ... FAILED
[INFO] [stdout] test src/request.rs - request::RequestBuilder<'a>::basic_auth (line 57) ... FAILED
[INFO] [stdout] 
[INFO] [stdout] failures:
[INFO] [stdout] 
[INFO] [stdout] ---- src/request.rs - request::RequestBuilder<'a>::form (line 173) stdout ----
[INFO] [stdout] error: linking with `cc` failed: exit status: 1
[INFO] [stdout]   |
[INFO] [stdout]   = note: LC_ALL="C" PATH="/opt/rustwide/rustup-home/toolchains/1.83.0-x86_64-unknown-linux-gnu/lib/rustlib/x86_64-unknown-linux-gnu/bin:/opt/rustwide/cargo-home/bin:/usr/local/sbin:/usr/local/bin:/usr/sbin:/usr/bin:/sbin:/bin" VSLANG="1033" "cc" "-m64" "/tmp/rustcDWGOEA/symbols.o" "/tmp/rustdoctest4iUj0L/rust_out.rust_out.cb03291d53e4e161-cgu.0.rcgu.o" "/tmp/rustdoctest4iUj0L/rust_out.1s7umcihpz0t7nkz1uc2ifee9.rcgu.o" "-Wl,--as-needed" "-Wl,-Bstatic" "/opt/rustwide/target/debug/deps/libradegast-8d001de0994e89a6.rlib" "/opt/rustwide/target/debug/deps/libtarantool-c8a22f0b50171848.rlib" "/opt/rustwide/target/debug/deps/libbase64-ae8327474e664153.rlib" "/opt/rustwide/target/debug/deps/librmpv-066d065e786d3947.rlib" "/opt/rustwide/target/debug/deps/libdec-29aaf694d22b3847.rlib" "/opt/rustwide/target/debug/deps/libdecnumber_sys-a0e20bf69116747b.rlib" "/opt/rustwide/target/debug/deps/libserde_bytes-c0c01e9eef148bba.rlib" "/opt/rustwide/target/debug/deps/libcrossbeam_queue-af3456d1d6211d1b.rlib" "/opt/rustwide/target/debug/deps/libcrossbeam_utils-f7ce83001347108b.rlib" "/opt/rustwide/target/debug/deps/libpicodata_rmp_serde-5a54a64157bf45ca.rlib" "/opt/rustwide/target/debug/deps/liblinkme-8d0169cdec2a1693.rlib" "/opt/rustwide/target/debug/deps/libuuid-d1e8858609ce89d5.rlib" "/opt/rustwide/target/debug/deps/librefpool-9c68703c3fe1d937.rlib" "/opt/rustwide/target/debug/deps/libsha1-3e56b850165157d5.rlib" "/opt/rustwide/target/debug/deps/libopaque_debug-f02ce38bf32809a9.rlib" "/opt/rustwide/target/debug/deps/libcpufeatures-9ef920896d0c969a.rlib" "/opt/rustwide/target/debug/deps/libblock_buffer-bb4df3adf4384dc5.rlib" "/opt/rustwide/target/debug/deps/libdigest-fa7c628ec347c799.rlib" "/opt/rustwide/target/debug/deps/libgeneric_array-80004742634c90e5.rlib" "/opt/rustwide/target/debug/deps/libtypenum-f8bcce2b4da82a7e.rlib" "/opt/rustwide/target/debug/deps/libfutures-b01318c7ea43dc9d.rlib" "/opt/rustwide/target/debug/deps/libfutures_executor-e923a1e0c54fc82f.rlib" "/opt/rustwide/target/debug/deps/libbitflags-d3511f9afe014f87.rlib" "/opt/rustwide/target/debug/deps/libva_list-1e81fad8b9344248.rlib" "/opt/rustwide/target/debug/deps/libdlopen-23a6ad1840f81e87.rlib" "/opt/rustwide/target/debug/deps/liblazy_static-977f75dcedc2f7be.rlib" "/opt/rustwide/target/debug/deps/librmp-0e74bde5e65b16cc.rlib" "/opt/rustwide/target/debug/deps/libbyteorder-f47bc0e1adee4793.rlib" "/opt/rustwide/target/debug/deps/libnum_traits-696d2cc76a84ef40.rlib" "/opt/rustwide/target/debug/deps/libtlua-51b4d0dfbf704a11.rlib" "/opt/rustwide/target/debug/deps/libthiserror-aaacfd6c558ac3da.rlib" "/opt/rustwide/target/debug/deps/libtime-725e895dfa1d9215.rlib" "/opt/rustwide/target/debug/deps/libtime_core-1c330fe878cd7f8e.rlib" "/opt/rustwide/target/debug/deps/libreqwest-20f791af0297ad06.rlib" "/opt/rustwide/target/debug/deps/librustls_pemfile-b4469f59e1b4f2e0.rlib" "/opt/rustwide/target/debug/deps/libhyper_tls-c7e2b38140dd8ffa.rlib" "/opt/rustwide/target/debug/deps/libserde_urlencoded-cfbee3e728423a2a.rlib" "/opt/rustwide/target/debug/deps/libbase64-c3b18b0672582aa9.rlib" "/opt/rustwide/target/debug/deps/libipnet-8bcb02e74b665020.rlib" "/opt/rustwide/target/debug/deps/libtokio_native_tls-5d1e5837f9a4d7a8.rlib" "/opt/rustwide/target/debug/deps/libencoding_rs-769073f1aea0b84b.rlib" "/opt/rustwide/target/debug/deps/libserde_json-d951a65844da0ceb.rlib" "/opt/rustwide/target/debug/deps/libryu-bba83beca99dd7c0.rlib" "/opt/rustwide/target/debug/deps/libserde-2178101527b7f8e5.rlib" "/opt/rustwide/target/debug/deps/libmime_guess-16aa5bbf1ab4b99d.rlib" "/opt/rustwide/target/debug/deps/libunicase-33f63275c5ec20a7.rlib" "/opt/rustwide/target/debug/deps/libmime-566b615028bbb9d4.rlib" "/opt/rustwide/target/debug/deps/libnative_tls-d58013b164c13c0e.rlib" "/opt/rustwide/target/debug/deps/libopenssl_probe-111dcb0b3b714b0f.rlib" "/opt/rustwide/target/debug/deps/libopenssl-1bed06c6f2ae2640.rlib" "/opt/rustwide/target/debug/deps/libbitflags-e3f7c5486a00e38a.rlib" "/opt/rustwide/target/debug/deps/libforeign_types-504d8dbdd27ff197.rlib" "/opt/rustwide/target/debug/deps/libforeign_types_shared-f6b6a54f87ce1292.rlib" "/opt/rustwide/target/debug/deps/libopenssl_sys-ce8586d7b5661cf2.rlib" "/opt/rustwide/target/debug/deps/libhyper-2db748248b2a137f.rlib" "/opt/rustwide/target/debug/deps/libwant-3f13e9c0d2560241.rlib" "/opt/rustwide/target/debug/deps/libtry_lock-f3f4362ed4ca7e4a.rlib" "/opt/rustwide/target/debug/deps/libhttparse-63cb856626cec0ca.rlib" "/opt/rustwide/target/debug/deps/libh2-1946c10c2b969512.rlib" "/opt/rustwide/target/debug/deps/libindexmap-10fc62c8bb74c388.rlib" "/opt/rustwide/target/debug/deps/libequivalent-4d5cfde55792e26d.rlib" "/opt/rustwide/target/debug/deps/libhashbrown-62cdb64ce3ed52bb.rlib" "/opt/rustwide/target/debug/deps/libtokio_util-99c09feb7092413a.rlib" "/opt/rustwide/target/debug/deps/libtower_service-153488c259ad6c35.rlib" "/opt/rustwide/target/debug/deps/libtracing-beb7b925bbf6e179.rlib" "/opt/rustwide/target/debug/deps/libtracing_core-9b2ef5bfdc695f2a.rlib" "/opt/rustwide/target/debug/deps/libonce_cell-6f631f2a5f71cecc.rlib" "/opt/rustwide/target/debug/deps/libfutures_util-9c7dd1ab0e89a60a.rlib" "/opt/rustwide/target/debug/deps/libmemchr-a61794c77f52d343.rlib" "/opt/rustwide/target/debug/deps/libfutures_io-306100ebd700a899.rlib" "/opt/rustwide/target/debug/deps/libslab-083dd68e0bc19c95.rlib" "/opt/rustwide/target/debug/deps/libfutures_channel-c27f4a4ff696df8c.rlib" "/opt/rustwide/target/debug/deps/libfutures_sink-140504a081023950.rlib" "/opt/rustwide/target/debug/deps/libfutures_task-b8cf8cc4fcc89c75.rlib" "/opt/rustwide/target/debug/deps/libpin_utils-6bd6355de79f98af.rlib" "/opt/rustwide/target/debug/deps/libtokio-1967151b951f4b13.rlib" "/opt/rustwide/target/debug/deps/libsignal_hook_registry-49ae925b7129e4de.rlib" "/opt/rustwide/target/debug/deps/libsocket2-f70772c05ae94d67.rlib" "/opt/rustwide/target/debug/deps/libmio-4701592036a87513.rlib" "/opt/rustwide/target/debug/deps/libparking_lot-75e0b540afae1979.rlib" "/opt/rustwide/target/debug/deps/libparking_lot_core-fcdfce834707032c.rlib" "/opt/rustwide/target/debug/deps/liblibc-c7def1cd1c4956c8.rlib" "/opt/rustwide/target/debug/deps/libcfg_if-8217498f8667ada9.rlib" "/opt/rustwide/target/debug/deps/liblock_api-a23216ec06dff3bb.rlib" "/opt/rustwide/target/debug/deps/libscopeguard-d59b845c07f126eb.rlib" "/opt/rustwide/target/debug/deps/libsync_wrapper-7e107893d08c1041.rlib" "/opt/rustwide/target/debug/deps/libhttp_body-9aa63b2de36559e8.rlib" "/opt/rustwide/target/debug/deps/libpin_project_lite-be51d264b86b6c5b.rlib" "/opt/rustwide/target/debug/deps/liblog-2579a5a2dbce8c4d.rlib" "/opt/rustwide/target/debug/deps/libfutures_core-6acc1f6b4df0dd33.rlib" "/opt/rustwide/target/debug/deps/liburl-3879c530de842d72.rlib" "/opt/rustwide/target/debug/deps/libidna-a5c84fb26325f1a4.rlib" "/opt/rustwide/target/debug/deps/libidna_adapter-7ecfad9c79410921.rlib" "/opt/rustwide/target/debug/deps/libicu_normalizer-d0a250f906327f69.rlib" "/opt/rustwide/target/debug/deps/libicu_normalizer_data-762e61f43eae08c2.rlib" "/opt/rustwide/target/debug/deps/libwrite16-85fd16f27fd45657.rlib" "/opt/rustwide/target/debug/deps/libutf8_iter-fbf995b92c341ba3.rlib" "/opt/rustwide/target/debug/deps/libutf16_iter-83f8708e12b6535a.rlib" "/opt/rustwide/target/debug/deps/libsmallvec-01f95b0ceff06af9.rlib" "/opt/rustwide/target/debug/deps/libicu_properties-4f0aacaa4e006cbc.rlib" "/opt/rustwide/target/debug/deps/libicu_properties_data-52a01acc947e4a6d.rlib" "/opt/rustwide/target/debug/deps/libicu_locid_transform-86a31a2ba3bc49f3.rlib" "/opt/rustwide/target/debug/deps/libicu_locid_transform_data-38f8208716c2d35a.rlib" "/opt/rustwide/target/debug/deps/libicu_collections-45f06e0f98da5aa7.rlib" "/opt/rustwide/target/debug/deps/libicu_provider-b33241e03fcb0d1b.rlib" "/opt/rustwide/target/debug/deps/libicu_locid-57927dd1321264dd.rlib" "/opt/rustwide/target/debug/deps/liblitemap-a0ca3b3971bb4be7.rlib" "/opt/rustwide/target/debug/deps/libtinystr-e701c31b6408cdbc.rlib" "/opt/rustwide/target/debug/deps/libzerovec-140d18236b1b859b.rlib" "/opt/rustwide/target/debug/deps/libwriteable-c63e282ed55b92df.rlib" "/opt/rustwide/target/debug/deps/libyoke-c3686be1c83072a7.rlib" "/opt/rustwide/target/debug/deps/libzerofrom-942a239d4238ad4a.rlib" "/opt/rustwide/target/debug/deps/libstable_deref_trait-3602560bab1848e8.rlib" "/opt/rustwide/target/debug/deps/libform_urlencoded-533db7122d3ddfc5.rlib" "/opt/rustwide/target/debug/deps/libpercent_encoding-88cba40a7181d984.rlib" "/opt/rustwide/target/debug/deps/libhttp-23c828acfeaa9be7.rlib" "/opt/rustwide/target/debug/deps/libitoa-e8776415c5fe0047.rlib" "/opt/rustwide/target/debug/deps/libbytes-4283fbd60d33408b.rlib" "/opt/rustwide/target/debug/deps/libfnv-b4bd047f342dff07.rlib" "/opt/rustwide/rustup-home/toolchains/1.83.0-x86_64-unknown-linux-gnu/lib/rustlib/x86_64-unknown-linux-gnu/lib/libstd-ca74a2d9c5166d9f.rlib" "/opt/rustwide/rustup-home/toolchains/1.83.0-x86_64-unknown-linux-gnu/lib/rustlib/x86_64-unknown-linux-gnu/lib/libpanic_unwind-e31ab23316ed5080.rlib" "/opt/rustwide/rustup-home/toolchains/1.83.0-x86_64-unknown-linux-gnu/lib/rustlib/x86_64-unknown-linux-gnu/lib/libobject-27dc4aa955912662.rlib" "/opt/rustwide/rustup-home/toolchains/1.83.0-x86_64-unknown-linux-gnu/lib/rustlib/x86_64-unknown-linux-gnu/lib/libmemchr-bd0d6cccce077b99.rlib" "/opt/rustwide/rustup-home/toolchains/1.83.0-x86_64-unknown-linux-gnu/lib/rustlib/x86_64-unknown-linux-gnu/lib/libaddr2line-8d001680935b5e3c.rlib" "/opt/rustwide/rustup-home/toolchains/1.83.0-x86_64-unknown-linux-gnu/lib/rustlib/x86_64-unknown-linux-gnu/lib/libgimli-ba8ce71964f984f4.rlib" "/opt/rustwide/rustup-home/toolchains/1.83.0-x86_64-unknown-linux-gnu/lib/rustlib/x86_64-unknown-linux-gnu/lib/librustc_demangle-99a73526abcec14b.rlib" "/opt/rustwide/rustup-home/toolchains/1.83.0-x86_64-unknown-linux-gnu/lib/rustlib/x86_64-unknown-linux-gnu/lib/libstd_detect-63ac0d22cff92579.rlib" "/opt/rustwide/rustup-home/toolchains/1.83.0-x86_64-unknown-linux-gnu/lib/rustlib/x86_64-unknown-linux-gnu/lib/libhashbrown-9057355c92c922d5.rlib" "/opt/rustwide/rustup-home/toolchains/1.83.0-x86_64-unknown-linux-gnu/lib/rustlib/x86_64-unknown-linux-gnu/lib/librustc_std_workspace_alloc-358be9bc1f6bab04.rlib" "/opt/rustwide/rustup-home/toolchains/1.83.0-x86_64-unknown-linux-gnu/lib/rustlib/x86_64-unknown-linux-gnu/lib/libminiz_oxide-aca15549d5bff974.rlib" "/opt/rustwide/rustup-home/toolchains/1.83.0-x86_64-unknown-linux-gnu/lib/rustlib/x86_64-unknown-linux-gnu/lib/libadler-8251d2cef7072448.rlib" "/opt/rustwide/rustup-home/toolchains/1.83.0-x86_64-unknown-linux-gnu/lib/rustlib/x86_64-unknown-linux-gnu/lib/libunwind-7d50b86011c66411.rlib" "/opt/rustwide/rustup-home/toolchains/1.83.0-x86_64-unknown-linux-gnu/lib/rustlib/x86_64-unknown-linux-gnu/lib/libcfg_if-51ea098fce5006bf.rlib" "/opt/rustwide/rustup-home/toolchains/1.83.0-x86_64-unknown-linux-gnu/lib/rustlib/x86_64-unknown-linux-gnu/lib/liblibc-5a14e0d0b712e731.rlib" "/opt/rustwide/rustup-home/toolchains/1.83.0-x86_64-unknown-linux-gnu/lib/rustlib/x86_64-unknown-linux-gnu/lib/liballoc-8b83dbf3a7b8f999.rlib" "/opt/rustwide/rustup-home/toolchains/1.83.0-x86_64-unknown-linux-gnu/lib/rustlib/x86_64-unknown-linux-gnu/lib/librustc_std_workspace_core-c6fd227bdc7b39ff.rlib" "/opt/rustwide/rustup-home/toolchains/1.83.0-x86_64-unknown-linux-gnu/lib/rustlib/x86_64-unknown-linux-gnu/lib/libcore-959d3389fa3da8a5.rlib" "/opt/rustwide/rustup-home/toolchains/1.83.0-x86_64-unknown-linux-gnu/lib/rustlib/x86_64-unknown-linux-gnu/lib/libcompiler_builtins-abe05db089cc2c62.rlib" "-Wl,-Bdynamic" "-lssl" "-lcrypto" "-lgcc_s" "-lutil" "-lrt" "-lpthread" "-lm" "-ldl" "-lc" "-Wl,--eh-frame-hdr" "-Wl,-z,noexecstack" "-L" "/opt/rustwide/target/debug/build/decnumber-sys-7a1c638a48f9cc4f/out/lib" "-L" "/opt/rustwide/rustup-home/toolchains/1.83.0-x86_64-unknown-linux-gnu/lib/rustlib/x86_64-unknown-linux-gnu/lib" "-o" "/tmp/rustdoctest4iUj0L/rust_out" "-Wl,--gc-sections" "-pie" "-Wl,-z,relro,-z,now" "-nodefaultlibs"
[INFO] [stdout]   = note: /usr/bin/ld: /opt/rustwide/target/debug/deps/libradegast-8d001de0994e89a6.rlib(radegast-8d001de0994e89a6.radegast.36d068c6c5b64b86-cgu.3.rcgu.o): in function `tarantool::fiber::Cond::signal':
[INFO] [stdout]           /opt/rustwide/cargo-home/registry/src/index.crates.io-6f17d22bba15001f/tarantool-4.0.1/src/fiber.rs:1900: undefined reference to `fiber_cond_signal'
[INFO] [stdout]           /usr/bin/ld: /opt/rustwide/target/debug/deps/libradegast-8d001de0994e89a6.rlib(radegast-8d001de0994e89a6.radegast.36d068c6c5b64b86-cgu.3.rcgu.o): in function `tarantool::cbus::LCPipe::push_message':
[INFO] [stdout]           /opt/rustwide/cargo-home/registry/src/index.crates.io-6f17d22bba15001f/tarantool-4.0.1/src/cbus/mod.rs:203: undefined reference to `lcpipe_push_now'
[INFO] [stdout]           /usr/bin/ld: /opt/rustwide/target/debug/deps/libradegast-8d001de0994e89a6.rlib(radegast-8d001de0994e89a6.radegast.36d068c6c5b64b86-cgu.3.rcgu.o): in function `tarantool::fiber::Cond::new':
[INFO] [stdout]           /opt/rustwide/cargo-home/registry/src/index.crates.io-6f17d22bba15001f/tarantool-4.0.1/src/fiber.rs:1892: undefined reference to `fiber_cond_new'
[INFO] [stdout]           /usr/bin/ld: /opt/rustwide/target/debug/deps/libradegast-8d001de0994e89a6.rlib(radegast-8d001de0994e89a6.radegast.36d068c6c5b64b86-cgu.3.rcgu.o): in function `tarantool::fiber::Cond::wait':
[INFO] [stdout]           /opt/rustwide/cargo-home/registry/src/index.crates.io-6f17d22bba15001f/tarantool-4.0.1/src/fiber.rs:1969: undefined reference to `fiber_cond_wait'
[INFO] [stdout]           /usr/bin/ld: /opt/rustwide/target/debug/deps/libtarantool-c8a22f0b50171848.rlib(tarantool-c8a22f0b50171848.tarantool.5ad81158f504d085-cgu.12.rcgu.o): in function `<tarantool::fiber::Cond as core::ops::drop::Drop>::drop':
[INFO] [stdout]           /opt/rustwide/cargo-home/registry/src/index.crates.io-6f17d22bba15001f/tarantool-4.0.1/src/fiber.rs:1983: undefined reference to `fiber_cond_delete'
[INFO] [stdout]           /usr/bin/ld: /opt/rustwide/target/debug/deps/libtarantool-c8a22f0b50171848.rlib(tarantool-c8a22f0b50171848.tarantool.5ad81158f504d085-cgu.15.rcgu.o): in function `tarantool::cbus::LCPipe::new':
[INFO] [stdout]           /opt/rustwide/cargo-home/registry/src/index.crates.io-6f17d22bba15001f/tarantool-4.0.1/src/cbus/mod.rs:193: undefined reference to `lcpipe_new'
[INFO] [stdout]           /usr/bin/ld: /opt/rustwide/target/debug/deps/libtarantool-c8a22f0b50171848.rlib(tarantool-c8a22f0b50171848.tarantool.5ad81158f504d085-cgu.15.rcgu.o): in function `<tarantool::cbus::LCPipe as core::ops::drop::Drop>::drop':
[INFO] [stdout]           /opt/rustwide/cargo-home/registry/src/index.crates.io-6f17d22bba15001f/tarantool-4.0.1/src/cbus/mod.rs:209: undefined reference to `lcpipe_delete'
[INFO] [stdout]           collect2: error: ld returned 1 exit status
[INFO] [stdout]           
[INFO] [stdout]   = note: some `extern` functions couldn't be found; some native libraries may need to be installed or have their path specified
[INFO] [stdout]   = note: use the `-l` flag to specify native libraries to link
[INFO] [stdout]   = note: use the `cargo:rustc-link-lib` directive to specify the native libraries to link with Cargo (see https://doc.rust-lang.org/cargo/reference/build-scripts.html#rustc-link-lib)
[INFO] [stdout] 
[INFO] [stdout] error: aborting due to 1 previous error
[INFO] [stdout] 
[INFO] [stdout] Couldn't compile the test.
[INFO] [stdout] ---- src/request.rs - request::RequestBuilder<'a>::multipart (line 112) stdout ----
[INFO] [stdout] error: linking with `cc` failed: exit status: 1
[INFO] [stdout]   |
[INFO] [stdout]   = note: LC_ALL="C" PATH="/opt/rustwide/rustup-home/toolchains/1.83.0-x86_64-unknown-linux-gnu/lib/rustlib/x86_64-unknown-linux-gnu/bin:/opt/rustwide/cargo-home/bin:/usr/local/sbin:/usr/local/bin:/usr/sbin:/usr/bin:/sbin:/bin" VSLANG="1033" "cc" "-m64" "/tmp/rustcasfhZG/symbols.o" "/tmp/rustdoctestRnjkM1/rust_out.rust_out.cb03291d53e4e161-cgu.0.rcgu.o" "/tmp/rustdoctestRnjkM1/rust_out.1s7umcihpz0t7nkz1uc2ifee9.rcgu.o" "-Wl,--as-needed" "-Wl,-Bstatic" "/opt/rustwide/target/debug/deps/libradegast-8d001de0994e89a6.rlib" "/opt/rustwide/target/debug/deps/libtarantool-c8a22f0b50171848.rlib" "/opt/rustwide/target/debug/deps/libbase64-ae8327474e664153.rlib" "/opt/rustwide/target/debug/deps/librmpv-066d065e786d3947.rlib" "/opt/rustwide/target/debug/deps/libdec-29aaf694d22b3847.rlib" "/opt/rustwide/target/debug/deps/libdecnumber_sys-a0e20bf69116747b.rlib" "/opt/rustwide/target/debug/deps/libserde_bytes-c0c01e9eef148bba.rlib" "/opt/rustwide/target/debug/deps/libcrossbeam_queue-af3456d1d6211d1b.rlib" "/opt/rustwide/target/debug/deps/libcrossbeam_utils-f7ce83001347108b.rlib" "/opt/rustwide/target/debug/deps/libpicodata_rmp_serde-5a54a64157bf45ca.rlib" "/opt/rustwide/target/debug/deps/liblinkme-8d0169cdec2a1693.rlib" "/opt/rustwide/target/debug/deps/libuuid-d1e8858609ce89d5.rlib" "/opt/rustwide/target/debug/deps/librefpool-9c68703c3fe1d937.rlib" "/opt/rustwide/target/debug/deps/libsha1-3e56b850165157d5.rlib" "/opt/rustwide/target/debug/deps/libopaque_debug-f02ce38bf32809a9.rlib" "/opt/rustwide/target/debug/deps/libcpufeatures-9ef920896d0c969a.rlib" "/opt/rustwide/target/debug/deps/libblock_buffer-bb4df3adf4384dc5.rlib" "/opt/rustwide/target/debug/deps/libdigest-fa7c628ec347c799.rlib" "/opt/rustwide/target/debug/deps/libgeneric_array-80004742634c90e5.rlib" "/opt/rustwide/target/debug/deps/libtypenum-f8bcce2b4da82a7e.rlib" "/opt/rustwide/target/debug/deps/libfutures-b01318c7ea43dc9d.rlib" "/opt/rustwide/target/debug/deps/libfutures_executor-e923a1e0c54fc82f.rlib" "/opt/rustwide/target/debug/deps/libbitflags-d3511f9afe014f87.rlib" "/opt/rustwide/target/debug/deps/libva_list-1e81fad8b9344248.rlib" "/opt/rustwide/target/debug/deps/libdlopen-23a6ad1840f81e87.rlib" "/opt/rustwide/target/debug/deps/liblazy_static-977f75dcedc2f7be.rlib" "/opt/rustwide/target/debug/deps/librmp-0e74bde5e65b16cc.rlib" "/opt/rustwide/target/debug/deps/libbyteorder-f47bc0e1adee4793.rlib" "/opt/rustwide/target/debug/deps/libnum_traits-696d2cc76a84ef40.rlib" "/opt/rustwide/target/debug/deps/libtlua-51b4d0dfbf704a11.rlib" "/opt/rustwide/target/debug/deps/libthiserror-aaacfd6c558ac3da.rlib" "/opt/rustwide/target/debug/deps/libtime-725e895dfa1d9215.rlib" "/opt/rustwide/target/debug/deps/libtime_core-1c330fe878cd7f8e.rlib" "/opt/rustwide/target/debug/deps/libreqwest-20f791af0297ad06.rlib" "/opt/rustwide/target/debug/deps/librustls_pemfile-b4469f59e1b4f2e0.rlib" "/opt/rustwide/target/debug/deps/libhyper_tls-c7e2b38140dd8ffa.rlib" "/opt/rustwide/target/debug/deps/libserde_urlencoded-cfbee3e728423a2a.rlib" "/opt/rustwide/target/debug/deps/libbase64-c3b18b0672582aa9.rlib" "/opt/rustwide/target/debug/deps/libipnet-8bcb02e74b665020.rlib" "/opt/rustwide/target/debug/deps/libtokio_native_tls-5d1e5837f9a4d7a8.rlib" "/opt/rustwide/target/debug/deps/libencoding_rs-769073f1aea0b84b.rlib" "/opt/rustwide/target/debug/deps/libserde_json-d951a65844da0ceb.rlib" "/opt/rustwide/target/debug/deps/libryu-bba83beca99dd7c0.rlib" "/opt/rustwide/target/debug/deps/libserde-2178101527b7f8e5.rlib" "/opt/rustwide/target/debug/deps/libmime_guess-16aa5bbf1ab4b99d.rlib" "/opt/rustwide/target/debug/deps/libunicase-33f63275c5ec20a7.rlib" "/opt/rustwide/target/debug/deps/libmime-566b615028bbb9d4.rlib" "/opt/rustwide/target/debug/deps/libnative_tls-d58013b164c13c0e.rlib" "/opt/rustwide/target/debug/deps/libopenssl_probe-111dcb0b3b714b0f.rlib" "/opt/rustwide/target/debug/deps/libopenssl-1bed06c6f2ae2640.rlib" "/opt/rustwide/target/debug/deps/libbitflags-e3f7c5486a00e38a.rlib" "/opt/rustwide/target/debug/deps/libforeign_types-504d8dbdd27ff197.rlib" "/opt/rustwide/target/debug/deps/libforeign_types_shared-f6b6a54f87ce1292.rlib" "/opt/rustwide/target/debug/deps/libopenssl_sys-ce8586d7b5661cf2.rlib" "/opt/rustwide/target/debug/deps/libhyper-2db748248b2a137f.rlib" "/opt/rustwide/target/debug/deps/libwant-3f13e9c0d2560241.rlib" "/opt/rustwide/target/debug/deps/libtry_lock-f3f4362ed4ca7e4a.rlib" "/opt/rustwide/target/debug/deps/libhttparse-63cb856626cec0ca.rlib" "/opt/rustwide/target/debug/deps/libh2-1946c10c2b969512.rlib" "/opt/rustwide/target/debug/deps/libindexmap-10fc62c8bb74c388.rlib" "/opt/rustwide/target/debug/deps/libequivalent-4d5cfde55792e26d.rlib" "/opt/rustwide/target/debug/deps/libhashbrown-62cdb64ce3ed52bb.rlib" "/opt/rustwide/target/debug/deps/libtokio_util-99c09feb7092413a.rlib" "/opt/rustwide/target/debug/deps/libtower_service-153488c259ad6c35.rlib" "/opt/rustwide/target/debug/deps/libtracing-beb7b925bbf6e179.rlib" "/opt/rustwide/target/debug/deps/libtracing_core-9b2ef5bfdc695f2a.rlib" "/opt/rustwide/target/debug/deps/libonce_cell-6f631f2a5f71cecc.rlib" "/opt/rustwide/target/debug/deps/libfutures_util-9c7dd1ab0e89a60a.rlib" "/opt/rustwide/target/debug/deps/libmemchr-a61794c77f52d343.rlib" "/opt/rustwide/target/debug/deps/libfutures_io-306100ebd700a899.rlib" "/opt/rustwide/target/debug/deps/libslab-083dd68e0bc19c95.rlib" "/opt/rustwide/target/debug/deps/libfutures_channel-c27f4a4ff696df8c.rlib" "/opt/rustwide/target/debug/deps/libfutures_sink-140504a081023950.rlib" "/opt/rustwide/target/debug/deps/libfutures_task-b8cf8cc4fcc89c75.rlib" "/opt/rustwide/target/debug/deps/libpin_utils-6bd6355de79f98af.rlib" "/opt/rustwide/target/debug/deps/libtokio-1967151b951f4b13.rlib" "/opt/rustwide/target/debug/deps/libsignal_hook_registry-49ae925b7129e4de.rlib" "/opt/rustwide/target/debug/deps/libsocket2-f70772c05ae94d67.rlib" "/opt/rustwide/target/debug/deps/libmio-4701592036a87513.rlib" "/opt/rustwide/target/debug/deps/libparking_lot-75e0b540afae1979.rlib" "/opt/rustwide/target/debug/deps/libparking_lot_core-fcdfce834707032c.rlib" "/opt/rustwide/target/debug/deps/liblibc-c7def1cd1c4956c8.rlib" "/opt/rustwide/target/debug/deps/libcfg_if-8217498f8667ada9.rlib" "/opt/rustwide/target/debug/deps/liblock_api-a23216ec06dff3bb.rlib" "/opt/rustwide/target/debug/deps/libscopeguard-d59b845c07f126eb.rlib" "/opt/rustwide/target/debug/deps/libsync_wrapper-7e107893d08c1041.rlib" "/opt/rustwide/target/debug/deps/libhttp_body-9aa63b2de36559e8.rlib" "/opt/rustwide/target/debug/deps/libpin_project_lite-be51d264b86b6c5b.rlib" "/opt/rustwide/target/debug/deps/liblog-2579a5a2dbce8c4d.rlib" "/opt/rustwide/target/debug/deps/libfutures_core-6acc1f6b4df0dd33.rlib" "/opt/rustwide/target/debug/deps/liburl-3879c530de842d72.rlib" "/opt/rustwide/target/debug/deps/libidna-a5c84fb26325f1a4.rlib" "/opt/rustwide/target/debug/deps/libidna_adapter-7ecfad9c79410921.rlib" "/opt/rustwide/target/debug/deps/libicu_normalizer-d0a250f906327f69.rlib" "/opt/rustwide/target/debug/deps/libicu_normalizer_data-762e61f43eae08c2.rlib" "/opt/rustwide/target/debug/deps/libwrite16-85fd16f27fd45657.rlib" "/opt/rustwide/target/debug/deps/libutf8_iter-fbf995b92c341ba3.rlib" "/opt/rustwide/target/debug/deps/libutf16_iter-83f8708e12b6535a.rlib" "/opt/rustwide/target/debug/deps/libsmallvec-01f95b0ceff06af9.rlib" "/opt/rustwide/target/debug/deps/libicu_properties-4f0aacaa4e006cbc.rlib" "/opt/rustwide/target/debug/deps/libicu_properties_data-52a01acc947e4a6d.rlib" "/opt/rustwide/target/debug/deps/libicu_locid_transform-86a31a2ba3bc49f3.rlib" "/opt/rustwide/target/debug/deps/libicu_locid_transform_data-38f8208716c2d35a.rlib" "/opt/rustwide/target/debug/deps/libicu_collections-45f06e0f98da5aa7.rlib" "/opt/rustwide/target/debug/deps/libicu_provider-b33241e03fcb0d1b.rlib" "/opt/rustwide/target/debug/deps/libicu_locid-57927dd1321264dd.rlib" "/opt/rustwide/target/debug/deps/liblitemap-a0ca3b3971bb4be7.rlib" "/opt/rustwide/target/debug/deps/libtinystr-e701c31b6408cdbc.rlib" "/opt/rustwide/target/debug/deps/libzerovec-140d18236b1b859b.rlib" "/opt/rustwide/target/debug/deps/libwriteable-c63e282ed55b92df.rlib" "/opt/rustwide/target/debug/deps/libyoke-c3686be1c83072a7.rlib" "/opt/rustwide/target/debug/deps/libzerofrom-942a239d4238ad4a.rlib" "/opt/rustwide/target/debug/deps/libstable_deref_trait-3602560bab1848e8.rlib" "/opt/rustwide/target/debug/deps/libform_urlencoded-533db7122d3ddfc5.rlib" "/opt/rustwide/target/debug/deps/libpercent_encoding-88cba40a7181d984.rlib" "/opt/rustwide/target/debug/deps/libhttp-23c828acfeaa9be7.rlib" "/opt/rustwide/target/debug/deps/libitoa-e8776415c5fe0047.rlib" "/opt/rustwide/target/debug/deps/libbytes-4283fbd60d33408b.rlib" "/opt/rustwide/target/debug/deps/libfnv-b4bd047f342dff07.rlib" "/opt/rustwide/rustup-home/toolchains/1.83.0-x86_64-unknown-linux-gnu/lib/rustlib/x86_64-unknown-linux-gnu/lib/libstd-ca74a2d9c5166d9f.rlib" "/opt/rustwide/rustup-home/toolchains/1.83.0-x86_64-unknown-linux-gnu/lib/rustlib/x86_64-unknown-linux-gnu/lib/libpanic_unwind-e31ab23316ed5080.rlib" "/opt/rustwide/rustup-home/toolchains/1.83.0-x86_64-unknown-linux-gnu/lib/rustlib/x86_64-unknown-linux-gnu/lib/libobject-27dc4aa955912662.rlib" "/opt/rustwide/rustup-home/toolchains/1.83.0-x86_64-unknown-linux-gnu/lib/rustlib/x86_64-unknown-linux-gnu/lib/libmemchr-bd0d6cccce077b99.rlib" "/opt/rustwide/rustup-home/toolchains/1.83.0-x86_64-unknown-linux-gnu/lib/rustlib/x86_64-unknown-linux-gnu/lib/libaddr2line-8d001680935b5e3c.rlib" "/opt/rustwide/rustup-home/toolchains/1.83.0-x86_64-unknown-linux-gnu/lib/rustlib/x86_64-unknown-linux-gnu/lib/libgimli-ba8ce71964f984f4.rlib" "/opt/rustwide/rustup-home/toolchains/1.83.0-x86_64-unknown-linux-gnu/lib/rustlib/x86_64-unknown-linux-gnu/lib/librustc_demangle-99a73526abcec14b.rlib" "/opt/rustwide/rustup-home/toolchains/1.83.0-x86_64-unknown-linux-gnu/lib/rustlib/x86_64-unknown-linux-gnu/lib/libstd_detect-63ac0d22cff92579.rlib" "/opt/rustwide/rustup-home/toolchains/1.83.0-x86_64-unknown-linux-gnu/lib/rustlib/x86_64-unknown-linux-gnu/lib/libhashbrown-9057355c92c922d5.rlib" "/opt/rustwide/rustup-home/toolchains/1.83.0-x86_64-unknown-linux-gnu/lib/rustlib/x86_64-unknown-linux-gnu/lib/librustc_std_workspace_alloc-358be9bc1f6bab04.rlib" "/opt/rustwide/rustup-home/toolchains/1.83.0-x86_64-unknown-linux-gnu/lib/rustlib/x86_64-unknown-linux-gnu/lib/libminiz_oxide-aca15549d5bff974.rlib" "/opt/rustwide/rustup-home/toolchains/1.83.0-x86_64-unknown-linux-gnu/lib/rustlib/x86_64-unknown-linux-gnu/lib/libadler-8251d2cef7072448.rlib" "/opt/rustwide/rustup-home/toolchains/1.83.0-x86_64-unknown-linux-gnu/lib/rustlib/x86_64-unknown-linux-gnu/lib/libunwind-7d50b86011c66411.rlib" "/opt/rustwide/rustup-home/toolchains/1.83.0-x86_64-unknown-linux-gnu/lib/rustlib/x86_64-unknown-linux-gnu/lib/libcfg_if-51ea098fce5006bf.rlib" "/opt/rustwide/rustup-home/toolchains/1.83.0-x86_64-unknown-linux-gnu/lib/rustlib/x86_64-unknown-linux-gnu/lib/liblibc-5a14e0d0b712e731.rlib" "/opt/rustwide/rustup-home/toolchains/1.83.0-x86_64-unknown-linux-gnu/lib/rustlib/x86_64-unknown-linux-gnu/lib/liballoc-8b83dbf3a7b8f999.rlib" "/opt/rustwide/rustup-home/toolchains/1.83.0-x86_64-unknown-linux-gnu/lib/rustlib/x86_64-unknown-linux-gnu/lib/librustc_std_workspace_core-c6fd227bdc7b39ff.rlib" "/opt/rustwide/rustup-home/toolchains/1.83.0-x86_64-unknown-linux-gnu/lib/rustlib/x86_64-unknown-linux-gnu/lib/libcore-959d3389fa3da8a5.rlib" "/opt/rustwide/rustup-home/toolchains/1.83.0-x86_64-unknown-linux-gnu/lib/rustlib/x86_64-unknown-linux-gnu/lib/libcompiler_builtins-abe05db089cc2c62.rlib" "-Wl,-Bdynamic" "-lssl" "-lcrypto" "-lgcc_s" "-lutil" "-lrt" "-lpthread" "-lm" "-ldl" "-lc" "-Wl,--eh-frame-hdr" "-Wl,-z,noexecstack" "-L" "/opt/rustwide/target/debug/build/decnumber-sys-7a1c638a48f9cc4f/out/lib" "-L" "/opt/rustwide/rustup-home/toolchains/1.83.0-x86_64-unknown-linux-gnu/lib/rustlib/x86_64-unknown-linux-gnu/lib" "-o" "/tmp/rustdoctestRnjkM1/rust_out" "-Wl,--gc-sections" "-pie" "-Wl,-z,relro,-z,now" "-nodefaultlibs"
[INFO] [stdout]   = note: /usr/bin/ld: /opt/rustwide/target/debug/deps/libradegast-8d001de0994e89a6.rlib(radegast-8d001de0994e89a6.radegast.36d068c6c5b64b86-cgu.3.rcgu.o): in function `tarantool::fiber::Cond::signal':
[INFO] [stdout]           /opt/rustwide/cargo-home/registry/src/index.crates.io-6f17d22bba15001f/tarantool-4.0.1/src/fiber.rs:1900: undefined reference to `fiber_cond_signal'
[INFO] [stdout]           /usr/bin/ld: /opt/rustwide/target/debug/deps/libradegast-8d001de0994e89a6.rlib(radegast-8d001de0994e89a6.radegast.36d068c6c5b64b86-cgu.3.rcgu.o): in function `tarantool::cbus::LCPipe::push_message':
[INFO] [stdout]           /opt/rustwide/cargo-home/registry/src/index.crates.io-6f17d22bba15001f/tarantool-4.0.1/src/cbus/mod.rs:203: undefined reference to `lcpipe_push_now'
[INFO] [stdout]           /usr/bin/ld: /opt/rustwide/target/debug/deps/libradegast-8d001de0994e89a6.rlib(radegast-8d001de0994e89a6.radegast.36d068c6c5b64b86-cgu.3.rcgu.o): in function `tarantool::fiber::Cond::new':
[INFO] [stdout]           /opt/rustwide/cargo-home/registry/src/index.crates.io-6f17d22bba15001f/tarantool-4.0.1/src/fiber.rs:1892: undefined reference to `fiber_cond_new'
[INFO] [stdout]           /usr/bin/ld: /opt/rustwide/target/debug/deps/libradegast-8d001de0994e89a6.rlib(radegast-8d001de0994e89a6.radegast.36d068c6c5b64b86-cgu.3.rcgu.o): in function `tarantool::fiber::Cond::wait':
[INFO] [stdout]           /opt/rustwide/cargo-home/registry/src/index.crates.io-6f17d22bba15001f/tarantool-4.0.1/src/fiber.rs:1969: undefined reference to `fiber_cond_wait'
[INFO] [stdout]           /usr/bin/ld: /opt/rustwide/target/debug/deps/libtarantool-c8a22f0b50171848.rlib(tarantool-c8a22f0b50171848.tarantool.5ad81158f504d085-cgu.12.rcgu.o): in function `<tarantool::fiber::Cond as core::ops::drop::Drop>::drop':
[INFO] [stdout]           /opt/rustwide/cargo-home/registry/src/index.crates.io-6f17d22bba15001f/tarantool-4.0.1/src/fiber.rs:1983: undefined reference to `fiber_cond_delete'
[INFO] [stdout]           /usr/bin/ld: /opt/rustwide/target/debug/deps/libtarantool-c8a22f0b50171848.rlib(tarantool-c8a22f0b50171848.tarantool.5ad81158f504d085-cgu.15.rcgu.o): in function `tarantool::cbus::LCPipe::new':
[INFO] [stdout]           /opt/rustwide/cargo-home/registry/src/index.crates.io-6f17d22bba15001f/tarantool-4.0.1/src/cbus/mod.rs:193: undefined reference to `lcpipe_new'
[INFO] [stdout]           /usr/bin/ld: /opt/rustwide/target/debug/deps/libtarantool-c8a22f0b50171848.rlib(tarantool-c8a22f0b50171848.tarantool.5ad81158f504d085-cgu.15.rcgu.o): in function `<tarantool::cbus::LCPipe as core::ops::drop::Drop>::drop':
[INFO] [stdout]           /opt/rustwide/cargo-home/registry/src/index.crates.io-6f17d22bba15001f/tarantool-4.0.1/src/cbus/mod.rs:209: undefined reference to `lcpipe_delete'
[INFO] [stdout]           collect2: error: ld returned 1 exit status
[INFO] [stdout]           
[INFO] [stdout]   = note: some `extern` functions couldn't be found; some native libraries may need to be installed or have their path specified
[INFO] [stdout]   = note: use the `-l` flag to specify native libraries to link
[INFO] [stdout]   = note: use the `cargo:rustc-link-lib` directive to specify the native libraries to link with Cargo (see https://doc.rust-lang.org/cargo/reference/build-scripts.html#rustc-link-lib)
[INFO] [stdout] 
[INFO] [stdout] error: aborting due to 1 previous error
[INFO] [stdout] 
[INFO] [stdout] Couldn't compile the test.
[INFO] [stdout] ---- src/request.rs - request::RequestBuilder<'a>::basic_auth (line 57) stdout ----
[INFO] [stdout] error: linking with `cc` failed: exit status: 1
[INFO] [stdout]   |
[INFO] [stdout]   = note: LC_ALL="C" PATH="/opt/rustwide/rustup-home/toolchains/1.83.0-x86_64-unknown-linux-gnu/lib/rustlib/x86_64-unknown-linux-gnu/bin:/opt/rustwide/cargo-home/bin:/usr/local/sbin:/usr/local/bin:/usr/sbin:/usr/bin:/sbin:/bin" VSLANG="1033" "cc" "-m64" "/tmp/rustcOzor59/symbols.o" "/tmp/rustdoctestOs5YTZ/rust_out.rust_out.cb03291d53e4e161-cgu.0.rcgu.o" "/tmp/rustdoctestOs5YTZ/rust_out.1s7umcihpz0t7nkz1uc2ifee9.rcgu.o" "-Wl,--as-needed" "-Wl,-Bstatic" "/opt/rustwide/target/debug/deps/libradegast-8d001de0994e89a6.rlib" "/opt/rustwide/target/debug/deps/libtarantool-c8a22f0b50171848.rlib" "/opt/rustwide/target/debug/deps/libbase64-ae8327474e664153.rlib" "/opt/rustwide/target/debug/deps/librmpv-066d065e786d3947.rlib" "/opt/rustwide/target/debug/deps/libdec-29aaf694d22b3847.rlib" "/opt/rustwide/target/debug/deps/libdecnumber_sys-a0e20bf69116747b.rlib" "/opt/rustwide/target/debug/deps/libserde_bytes-c0c01e9eef148bba.rlib" "/opt/rustwide/target/debug/deps/libcrossbeam_queue-af3456d1d6211d1b.rlib" "/opt/rustwide/target/debug/deps/libcrossbeam_utils-f7ce83001347108b.rlib" "/opt/rustwide/target/debug/deps/libpicodata_rmp_serde-5a54a64157bf45ca.rlib" "/opt/rustwide/target/debug/deps/liblinkme-8d0169cdec2a1693.rlib" "/opt/rustwide/target/debug/deps/libuuid-d1e8858609ce89d5.rlib" "/opt/rustwide/target/debug/deps/librefpool-9c68703c3fe1d937.rlib" "/opt/rustwide/target/debug/deps/libsha1-3e56b850165157d5.rlib" "/opt/rustwide/target/debug/deps/libopaque_debug-f02ce38bf32809a9.rlib" "/opt/rustwide/target/debug/deps/libcpufeatures-9ef920896d0c969a.rlib" "/opt/rustwide/target/debug/deps/libblock_buffer-bb4df3adf4384dc5.rlib" "/opt/rustwide/target/debug/deps/libdigest-fa7c628ec347c799.rlib" "/opt/rustwide/target/debug/deps/libgeneric_array-80004742634c90e5.rlib" "/opt/rustwide/target/debug/deps/libtypenum-f8bcce2b4da82a7e.rlib" "/opt/rustwide/target/debug/deps/libfutures-b01318c7ea43dc9d.rlib" "/opt/rustwide/target/debug/deps/libfutures_executor-e923a1e0c54fc82f.rlib" "/opt/rustwide/target/debug/deps/libbitflags-d3511f9afe014f87.rlib" "/opt/rustwide/target/debug/deps/libva_list-1e81fad8b9344248.rlib" "/opt/rustwide/target/debug/deps/libdlopen-23a6ad1840f81e87.rlib" "/opt/rustwide/target/debug/deps/liblazy_static-977f75dcedc2f7be.rlib" "/opt/rustwide/target/debug/deps/librmp-0e74bde5e65b16cc.rlib" "/opt/rustwide/target/debug/deps/libbyteorder-f47bc0e1adee4793.rlib" "/opt/rustwide/target/debug/deps/libnum_traits-696d2cc76a84ef40.rlib" "/opt/rustwide/target/debug/deps/libtlua-51b4d0dfbf704a11.rlib" "/opt/rustwide/target/debug/deps/libthiserror-aaacfd6c558ac3da.rlib" "/opt/rustwide/target/debug/deps/libtime-725e895dfa1d9215.rlib" "/opt/rustwide/target/debug/deps/libtime_core-1c330fe878cd7f8e.rlib" "/opt/rustwide/target/debug/deps/libreqwest-20f791af0297ad06.rlib" "/opt/rustwide/target/debug/deps/librustls_pemfile-b4469f59e1b4f2e0.rlib" "/opt/rustwide/target/debug/deps/libhyper_tls-c7e2b38140dd8ffa.rlib" "/opt/rustwide/target/debug/deps/libserde_urlencoded-cfbee3e728423a2a.rlib" "/opt/rustwide/target/debug/deps/libbase64-c3b18b0672582aa9.rlib" "/opt/rustwide/target/debug/deps/libipnet-8bcb02e74b665020.rlib" "/opt/rustwide/target/debug/deps/libtokio_native_tls-5d1e5837f9a4d7a8.rlib" "/opt/rustwide/target/debug/deps/libencoding_rs-769073f1aea0b84b.rlib" "/opt/rustwide/target/debug/deps/libserde_json-d951a65844da0ceb.rlib" "/opt/rustwide/target/debug/deps/libryu-bba83beca99dd7c0.rlib" "/opt/rustwide/target/debug/deps/libserde-2178101527b7f8e5.rlib" "/opt/rustwide/target/debug/deps/libmime_guess-16aa5bbf1ab4b99d.rlib" "/opt/rustwide/target/debug/deps/libunicase-33f63275c5ec20a7.rlib" "/opt/rustwide/target/debug/deps/libmime-566b615028bbb9d4.rlib" "/opt/rustwide/target/debug/deps/libnative_tls-d58013b164c13c0e.rlib" "/opt/rustwide/target/debug/deps/libopenssl_probe-111dcb0b3b714b0f.rlib" "/opt/rustwide/target/debug/deps/libopenssl-1bed06c6f2ae2640.rlib" "/opt/rustwide/target/debug/deps/libbitflags-e3f7c5486a00e38a.rlib" "/opt/rustwide/target/debug/deps/libforeign_types-504d8dbdd27ff197.rlib" "/opt/rustwide/target/debug/deps/libforeign_types_shared-f6b6a54f87ce1292.rlib" "/opt/rustwide/target/debug/deps/libopenssl_sys-ce8586d7b5661cf2.rlib" "/opt/rustwide/target/debug/deps/libhyper-2db748248b2a137f.rlib" "/opt/rustwide/target/debug/deps/libwant-3f13e9c0d2560241.rlib" "/opt/rustwide/target/debug/deps/libtry_lock-f3f4362ed4ca7e4a.rlib" "/opt/rustwide/target/debug/deps/libhttparse-63cb856626cec0ca.rlib" "/opt/rustwide/target/debug/deps/libh2-1946c10c2b969512.rlib" "/opt/rustwide/target/debug/deps/libindexmap-10fc62c8bb74c388.rlib" "/opt/rustwide/target/debug/deps/libequivalent-4d5cfde55792e26d.rlib" "/opt/rustwide/target/debug/deps/libhashbrown-62cdb64ce3ed52bb.rlib" "/opt/rustwide/target/debug/deps/libtokio_util-99c09feb7092413a.rlib" "/opt/rustwide/target/debug/deps/libtower_service-153488c259ad6c35.rlib" "/opt/rustwide/target/debug/deps/libtracing-beb7b925bbf6e179.rlib" "/opt/rustwide/target/debug/deps/libtracing_core-9b2ef5bfdc695f2a.rlib" "/opt/rustwide/target/debug/deps/libonce_cell-6f631f2a5f71cecc.rlib" "/opt/rustwide/target/debug/deps/libfutures_util-9c7dd1ab0e89a60a.rlib" "/opt/rustwide/target/debug/deps/libmemchr-a61794c77f52d343.rlib" "/opt/rustwide/target/debug/deps/libfutures_io-306100ebd700a899.rlib" "/opt/rustwide/target/debug/deps/libslab-083dd68e0bc19c95.rlib" "/opt/rustwide/target/debug/deps/libfutures_channel-c27f4a4ff696df8c.rlib" "/opt/rustwide/target/debug/deps/libfutures_sink-140504a081023950.rlib" "/opt/rustwide/target/debug/deps/libfutures_task-b8cf8cc4fcc89c75.rlib" "/opt/rustwide/target/debug/deps/libpin_utils-6bd6355de79f98af.rlib" "/opt/rustwide/target/debug/deps/libtokio-1967151b951f4b13.rlib" "/opt/rustwide/target/debug/deps/libsignal_hook_registry-49ae925b7129e4de.rlib" "/opt/rustwide/target/debug/deps/libsocket2-f70772c05ae94d67.rlib" "/opt/rustwide/target/debug/deps/libmio-4701592036a87513.rlib" "/opt/rustwide/target/debug/deps/libparking_lot-75e0b540afae1979.rlib" "/opt/rustwide/target/debug/deps/libparking_lot_core-fcdfce834707032c.rlib" "/opt/rustwide/target/debug/deps/liblibc-c7def1cd1c4956c8.rlib" "/opt/rustwide/target/debug/deps/libcfg_if-8217498f8667ada9.rlib" "/opt/rustwide/target/debug/deps/liblock_api-a23216ec06dff3bb.rlib" "/opt/rustwide/target/debug/deps/libscopeguard-d59b845c07f126eb.rlib" "/opt/rustwide/target/debug/deps/libsync_wrapper-7e107893d08c1041.rlib" "/opt/rustwide/target/debug/deps/libhttp_body-9aa63b2de36559e8.rlib" "/opt/rustwide/target/debug/deps/libpin_project_lite-be51d264b86b6c5b.rlib" "/opt/rustwide/target/debug/deps/liblog-2579a5a2dbce8c4d.rlib" "/opt/rustwide/target/debug/deps/libfutures_core-6acc1f6b4df0dd33.rlib" "/opt/rustwide/target/debug/deps/liburl-3879c530de842d72.rlib" "/opt/rustwide/target/debug/deps/libidna-a5c84fb26325f1a4.rlib" "/opt/rustwide/target/debug/deps/libidna_adapter-7ecfad9c79410921.rlib" "/opt/rustwide/target/debug/deps/libicu_normalizer-d0a250f906327f69.rlib" "/opt/rustwide/target/debug/deps/libicu_normalizer_data-762e61f43eae08c2.rlib" "/opt/rustwide/target/debug/deps/libwrite16-85fd16f27fd45657.rlib" "/opt/rustwide/target/debug/deps/libutf8_iter-fbf995b92c341ba3.rlib" "/opt/rustwide/target/debug/deps/libutf16_iter-83f8708e12b6535a.rlib" "/opt/rustwide/target/debug/deps/libsmallvec-01f95b0ceff06af9.rlib" "/opt/rustwide/target/debug/deps/libicu_properties-4f0aacaa4e006cbc.rlib" "/opt/rustwide/target/debug/deps/libicu_properties_data-52a01acc947e4a6d.rlib" "/opt/rustwide/target/debug/deps/libicu_locid_transform-86a31a2ba3bc49f3.rlib" "/opt/rustwide/target/debug/deps/libicu_locid_transform_data-38f8208716c2d35a.rlib" "/opt/rustwide/target/debug/deps/libicu_collections-45f06e0f98da5aa7.rlib" "/opt/rustwide/target/debug/deps/libicu_provider-b33241e03fcb0d1b.rlib" "/opt/rustwide/target/debug/deps/libicu_locid-57927dd1321264dd.rlib" "/opt/rustwide/target/debug/deps/liblitemap-a0ca3b3971bb4be7.rlib" "/opt/rustwide/target/debug/deps/libtinystr-e701c31b6408cdbc.rlib" "/opt/rustwide/target/debug/deps/libzerovec-140d18236b1b859b.rlib" "/opt/rustwide/target/debug/deps/libwriteable-c63e282ed55b92df.rlib" "/opt/rustwide/target/debug/deps/libyoke-c3686be1c83072a7.rlib" "/opt/rustwide/target/debug/deps/libzerofrom-942a239d4238ad4a.rlib" "/opt/rustwide/target/debug/deps/libstable_deref_trait-3602560bab1848e8.rlib" "/opt/rustwide/target/debug/deps/libform_urlencoded-533db7122d3ddfc5.rlib" "/opt/rustwide/target/debug/deps/libpercent_encoding-88cba40a7181d984.rlib" "/opt/rustwide/target/debug/deps/libhttp-23c828acfeaa9be7.rlib" "/opt/rustwide/target/debug/deps/libitoa-e8776415c5fe0047.rlib" "/opt/rustwide/target/debug/deps/libbytes-4283fbd60d33408b.rlib" "/opt/rustwide/target/debug/deps/libfnv-b4bd047f342dff07.rlib" "/opt/rustwide/rustup-home/toolchains/1.83.0-x86_64-unknown-linux-gnu/lib/rustlib/x86_64-unknown-linux-gnu/lib/libstd-ca74a2d9c5166d9f.rlib" "/opt/rustwide/rustup-home/toolchains/1.83.0-x86_64-unknown-linux-gnu/lib/rustlib/x86_64-unknown-linux-gnu/lib/libpanic_unwind-e31ab23316ed5080.rlib" "/opt/rustwide/rustup-home/toolchains/1.83.0-x86_64-unknown-linux-gnu/lib/rustlib/x86_64-unknown-linux-gnu/lib/libobject-27dc4aa955912662.rlib" "/opt/rustwide/rustup-home/toolchains/1.83.0-x86_64-unknown-linux-gnu/lib/rustlib/x86_64-unknown-linux-gnu/lib/libmemchr-bd0d6cccce077b99.rlib" "/opt/rustwide/rustup-home/toolchains/1.83.0-x86_64-unknown-linux-gnu/lib/rustlib/x86_64-unknown-linux-gnu/lib/libaddr2line-8d001680935b5e3c.rlib" "/opt/rustwide/rustup-home/toolchains/1.83.0-x86_64-unknown-linux-gnu/lib/rustlib/x86_64-unknown-linux-gnu/lib/libgimli-ba8ce71964f984f4.rlib" "/opt/rustwide/rustup-home/toolchains/1.83.0-x86_64-unknown-linux-gnu/lib/rustlib/x86_64-unknown-linux-gnu/lib/librustc_demangle-99a73526abcec14b.rlib" "/opt/rustwide/rustup-home/toolchains/1.83.0-x86_64-unknown-linux-gnu/lib/rustlib/x86_64-unknown-linux-gnu/lib/libstd_detect-63ac0d22cff92579.rlib" "/opt/rustwide/rustup-home/toolchains/1.83.0-x86_64-unknown-linux-gnu/lib/rustlib/x86_64-unknown-linux-gnu/lib/libhashbrown-9057355c92c922d5.rlib" "/opt/rustwide/rustup-home/toolchains/1.83.0-x86_64-unknown-linux-gnu/lib/rustlib/x86_64-unknown-linux-gnu/lib/librustc_std_workspace_alloc-358be9bc1f6bab04.rlib" "/opt/rustwide/rustup-home/toolchains/1.83.0-x86_64-unknown-linux-gnu/lib/rustlib/x86_64-unknown-linux-gnu/lib/libminiz_oxide-aca15549d5bff974.rlib" "/opt/rustwide/rustup-home/toolchains/1.83.0-x86_64-unknown-linux-gnu/lib/rustlib/x86_64-unknown-linux-gnu/lib/libadler-8251d2cef7072448.rlib" "/opt/rustwide/rustup-home/toolchains/1.83.0-x86_64-unknown-linux-gnu/lib/rustlib/x86_64-unknown-linux-gnu/lib/libunwind-7d50b86011c66411.rlib" "/opt/rustwide/rustup-home/toolchains/1.83.0-x86_64-unknown-linux-gnu/lib/rustlib/x86_64-unknown-linux-gnu/lib/libcfg_if-51ea098fce5006bf.rlib" "/opt/rustwide/rustup-home/toolchains/1.83.0-x86_64-unknown-linux-gnu/lib/rustlib/x86_64-unknown-linux-gnu/lib/liblibc-5a14e0d0b712e731.rlib" "/opt/rustwide/rustup-home/toolchains/1.83.0-x86_64-unknown-linux-gnu/lib/rustlib/x86_64-unknown-linux-gnu/lib/liballoc-8b83dbf3a7b8f999.rlib" "/opt/rustwide/rustup-home/toolchains/1.83.0-x86_64-unknown-linux-gnu/lib/rustlib/x86_64-unknown-linux-gnu/lib/librustc_std_workspace_core-c6fd227bdc7b39ff.rlib" "/opt/rustwide/rustup-home/toolchains/1.83.0-x86_64-unknown-linux-gnu/lib/rustlib/x86_64-unknown-linux-gnu/lib/libcore-959d3389fa3da8a5.rlib" "/opt/rustwide/rustup-home/toolchains/1.83.0-x86_64-unknown-linux-gnu/lib/rustlib/x86_64-unknown-linux-gnu/lib/libcompiler_builtins-abe05db089cc2c62.rlib" "-Wl,-Bdynamic" "-lssl" "-lcrypto" "-lgcc_s" "-lutil" "-lrt" "-lpthread" "-lm" "-ldl" "-lc" "-Wl,--eh-frame-hdr" "-Wl,-z,noexecstack" "-L" "/opt/rustwide/target/debug/build/decnumber-sys-7a1c638a48f9cc4f/out/lib" "-L" "/opt/rustwide/rustup-home/toolchains/1.83.0-x86_64-unknown-linux-gnu/lib/rustlib/x86_64-unknown-linux-gnu/lib" "-o" "/tmp/rustdoctestOs5YTZ/rust_out" "-Wl,--gc-sections" "-pie" "-Wl,-z,relro,-z,now" "-nodefaultlibs"
[INFO] [stdout]   = note: /usr/bin/ld: /opt/rustwide/target/debug/deps/libradegast-8d001de0994e89a6.rlib(radegast-8d001de0994e89a6.radegast.36d068c6c5b64b86-cgu.3.rcgu.o): in function `tarantool::fiber::Cond::signal':
[INFO] [stdout]           /opt/rustwide/cargo-home/registry/src/index.crates.io-6f17d22bba15001f/tarantool-4.0.1/src/fiber.rs:1900: undefined reference to `fiber_cond_signal'
[INFO] [stdout]           /usr/bin/ld: /opt/rustwide/target/debug/deps/libradegast-8d001de0994e89a6.rlib(radegast-8d001de0994e89a6.radegast.36d068c6c5b64b86-cgu.3.rcgu.o): in function `tarantool::cbus::LCPipe::push_message':
[INFO] [stdout]           /opt/rustwide/cargo-home/registry/src/index.crates.io-6f17d22bba15001f/tarantool-4.0.1/src/cbus/mod.rs:203: undefined reference to `lcpipe_push_now'
[INFO] [stdout]           /usr/bin/ld: /opt/rustwide/target/debug/deps/libradegast-8d001de0994e89a6.rlib(radegast-8d001de0994e89a6.radegast.36d068c6c5b64b86-cgu.3.rcgu.o): in function `tarantool::fiber::Cond::new':
[INFO] [stdout]           /opt/rustwide/cargo-home/registry/src/index.crates.io-6f17d22bba15001f/tarantool-4.0.1/src/fiber.rs:1892: undefined reference to `fiber_cond_new'
[INFO] [stdout]           /usr/bin/ld: /opt/rustwide/target/debug/deps/libradegast-8d001de0994e89a6.rlib(radegast-8d001de0994e89a6.radegast.36d068c6c5b64b86-cgu.3.rcgu.o): in function `tarantool::fiber::Cond::wait':
[INFO] [stdout]           /opt/rustwide/cargo-home/registry/src/index.crates.io-6f17d22bba15001f/tarantool-4.0.1/src/fiber.rs:1969: undefined reference to `fiber_cond_wait'
[INFO] [stdout]           /usr/bin/ld: /opt/rustwide/target/debug/deps/libtarantool-c8a22f0b50171848.rlib(tarantool-c8a22f0b50171848.tarantool.5ad81158f504d085-cgu.12.rcgu.o): in function `<tarantool::fiber::Cond as core::ops::drop::Drop>::drop':
[INFO] [stdout]           /opt/rustwide/cargo-home/registry/src/index.crates.io-6f17d22bba15001f/tarantool-4.0.1/src/fiber.rs:1983: undefined reference to `fiber_cond_delete'
[INFO] [stdout]           /usr/bin/ld: /opt/rustwide/target/debug/deps/libtarantool-c8a22f0b50171848.rlib(tarantool-c8a22f0b50171848.tarantool.5ad81158f504d085-cgu.15.rcgu.o): in function `tarantool::cbus::LCPipe::new':
[INFO] [stdout]           /opt/rustwide/cargo-home/registry/src/index.crates.io-6f17d22bba15001f/tarantool-4.0.1/src/cbus/mod.rs:193: undefined reference to `lcpipe_new'
[INFO] [stdout]           /usr/bin/ld: /opt/rustwide/target/debug/deps/libtarantool-c8a22f0b50171848.rlib(tarantool-c8a22f0b50171848.tarantool.5ad81158f504d085-cgu.15.rcgu.o): in function `<tarantool::cbus::LCPipe as core::ops::drop::Drop>::drop':
[INFO] [stdout]           /opt/rustwide/cargo-home/registry/src/index.crates.io-6f17d22bba15001f/tarantool-4.0.1/src/cbus/mod.rs:209: undefined reference to `lcpipe_delete'
[INFO] [stdout]           collect2: error: ld returned 1 exit status
[INFO] [stdout]           
[INFO] [stdout]   = note: some `extern` functions couldn't be found; some native libraries may need to be installed or have their path specified
[INFO] [stdout]   = note: use the `-l` flag to specify native libraries to link
[INFO] [stdout]   = note: use the `cargo:rustc-link-lib` directive to specify the native libraries to link with Cargo (see https://doc.rust-lang.org/cargo/reference/build-scripts.html#rustc-link-lib)
[INFO] [stdout] 
[INFO] [stdout] error: aborting due to 1 previous error
[INFO] [stdout] 
[INFO] [stdout] Couldn't compile the test.
[INFO] [stdout] 
[INFO] [stdout] failures:
[INFO] [stdout]     src/request.rs - request::RequestBuilder<'a>::basic_auth (line 57)
[INFO] [stdout]     src/request.rs - request::RequestBuilder<'a>::form (line 173)
[INFO] [stdout]     src/request.rs - request::RequestBuilder<'a>::multipart (line 112)
[INFO] [stdout] 
[INFO] [stdout] test result: FAILED. 1 passed; 3 failed; 0 ignored; 0 measured; 0 filtered out; finished in 6.61s
[INFO] [stdout] 
[INFO] [stderr] error: doctest failed, to rerun pass `--doc`
[INFO] running `Command { std: "docker" "inspect" "2e7a1f5af27a194110790d641409166a14a62cc1cab3f4723bfa278aeccf6302", kill_on_drop: false }`
[INFO] running `Command { std: "docker" "rm" "-f" "2e7a1f5af27a194110790d641409166a14a62cc1cab3f4723bfa278aeccf6302", kill_on_drop: false }`
[INFO] [stdout] 2e7a1f5af27a194110790d641409166a14a62cc1cab3f4723bfa278aeccf6302
