[INFO] fetching crate quack-builder 0.1.20241121...
[INFO] testing quack-builder-0.1.20241121 against 1.83.0 for beta-1.84.0-4-retry
[INFO] extracting crate quack-builder 0.1.20241121 into /workspace/builds/worker-3-tc1/source
[INFO] validating manifest of crates.io crate quack-builder 0.1.20241121 on toolchain 1.83.0
[INFO] running `Command { std: CARGO_HOME="/workspace/cargo-home" RUSTUP_HOME="/workspace/rustup-home" "/workspace/cargo-home/bin/cargo" "+1.83.0" "metadata" "--manifest-path" "Cargo.toml" "--no-deps", kill_on_drop: false }`
[INFO] started tweaking crates.io crate quack-builder 0.1.20241121
[INFO] finished tweaking crates.io crate quack-builder 0.1.20241121
[INFO] tweaked toml for crates.io crate quack-builder 0.1.20241121 written to /workspace/builds/worker-3-tc1/source/Cargo.toml
[INFO] crate crates.io crate quack-builder 0.1.20241121 already has a lockfile, it will not be regenerated
[INFO] running `Command { std: CARGO_HOME="/workspace/cargo-home" RUSTUP_HOME="/workspace/rustup-home" "/workspace/cargo-home/bin/cargo" "+1.83.0" "fetch" "--manifest-path" "Cargo.toml", kill_on_drop: false }`
[INFO] [stderr]     Blocking waiting for file lock on package cache
[INFO] [stderr]     Blocking waiting for file lock on package cache
[INFO] running `Command { std: "docker" "create" "-v" "/var/lib/crater-agent-workspace/builds/worker-3-tc1/target:/opt/rustwide/target:rw,Z" "-v" "/var/lib/crater-agent-workspace/builds/worker-3-tc1/source:/opt/rustwide/workdir:ro,Z" "-v" "/var/lib/crater-agent-workspace/cargo-home:/opt/rustwide/cargo-home:ro,Z" "-v" "/var/lib/crater-agent-workspace/rustup-home:/opt/rustwide/rustup-home:ro,Z" "-e" "SOURCE_DIR=/opt/rustwide/workdir" "-e" "CARGO_TARGET_DIR=/opt/rustwide/target" "-e" "CARGO_HOME=/opt/rustwide/cargo-home" "-e" "RUSTUP_HOME=/opt/rustwide/rustup-home" "-w" "/opt/rustwide/workdir" "-m" "1610612736" "--user" "0:0" "--network" "none" "ghcr.io/rust-lang/crates-build-env/linux@sha256:f3a9d4ad9d972b27faf3965f35b62e55ba32bbce8f20bc8fe909558a86702fde" "/opt/rustwide/cargo-home/bin/cargo" "+1.83.0" "metadata" "--no-deps" "--format-version=1", kill_on_drop: false }`
[INFO] [stdout] a62a49acb44fa02fdc3f8358426e20755d44aabf748936f7d4dd341d49a627bd
[INFO] running `Command { std: "docker" "start" "-a" "a62a49acb44fa02fdc3f8358426e20755d44aabf748936f7d4dd341d49a627bd", kill_on_drop: false }`
[INFO] running `Command { std: "docker" "inspect" "a62a49acb44fa02fdc3f8358426e20755d44aabf748936f7d4dd341d49a627bd", kill_on_drop: false }`
[INFO] running `Command { std: "docker" "rm" "-f" "a62a49acb44fa02fdc3f8358426e20755d44aabf748936f7d4dd341d49a627bd", kill_on_drop: false }`
[INFO] [stdout] a62a49acb44fa02fdc3f8358426e20755d44aabf748936f7d4dd341d49a627bd
[INFO] running `Command { std: "docker" "create" "-v" "/var/lib/crater-agent-workspace/builds/worker-3-tc1/target:/opt/rustwide/target:rw,Z" "-v" "/var/lib/crater-agent-workspace/builds/worker-3-tc1/source:/opt/rustwide/workdir:ro,Z" "-v" "/var/lib/crater-agent-workspace/cargo-home:/opt/rustwide/cargo-home:ro,Z" "-v" "/var/lib/crater-agent-workspace/rustup-home:/opt/rustwide/rustup-home:ro,Z" "-e" "SOURCE_DIR=/opt/rustwide/workdir" "-e" "CARGO_TARGET_DIR=/opt/rustwide/target" "-e" "CARGO_INCREMENTAL=0" "-e" "RUST_BACKTRACE=full" "-e" "RUSTFLAGS=--cap-lints=warn" "-e" "RUSTDOCFLAGS=--cap-lints=warn" "-e" "CARGO_HOME=/opt/rustwide/cargo-home" "-e" "RUSTUP_HOME=/opt/rustwide/rustup-home" "-w" "/opt/rustwide/workdir" "-m" "1610612736" "--user" "0:0" "--network" "none" "ghcr.io/rust-lang/crates-build-env/linux@sha256:f3a9d4ad9d972b27faf3965f35b62e55ba32bbce8f20bc8fe909558a86702fde" "/opt/rustwide/cargo-home/bin/cargo" "+1.83.0" "build" "--frozen" "--message-format=json", kill_on_drop: false }`
[INFO] [stdout] cd2b65ffe01de1740451ee96019d63e87b9bd04b8116de914ff3a8ce2307f365
[INFO] running `Command { std: "docker" "start" "-a" "cd2b65ffe01de1740451ee96019d63e87b9bd04b8116de914ff3a8ce2307f365", kill_on_drop: false }`
[INFO] [stderr]    Compiling libc v0.2.164
[INFO] [stderr]    Compiling unicode-width v0.1.14
[INFO] [stderr]    Compiling minimal-lexical v0.2.1
[INFO] [stderr]    Compiling vec_map v0.8.2
[INFO] [stderr]    Compiling strsim v0.8.0
[INFO] [stderr]    Compiling ansi_term v0.12.1
[INFO] [stderr]    Compiling bitflags v1.3.2
[INFO] [stderr]    Compiling memchr v2.7.4
[INFO] [stderr]    Compiling textwrap v0.11.0
[INFO] [stderr]    Compiling nom v7.1.3
[INFO] [stderr]    Compiling atty v0.2.14
[INFO] [stderr]    Compiling clap v2.34.0
[INFO] [stderr]    Compiling quack-builder v0.1.20241121 (/opt/rustwide/workdir)
[INFO] [stderr]     Finished `dev` profile [unoptimized + debuginfo] target(s) in 16.80s
[INFO] running `Command { std: "docker" "inspect" "cd2b65ffe01de1740451ee96019d63e87b9bd04b8116de914ff3a8ce2307f365", kill_on_drop: false }`
[INFO] running `Command { std: "docker" "rm" "-f" "cd2b65ffe01de1740451ee96019d63e87b9bd04b8116de914ff3a8ce2307f365", kill_on_drop: false }`
[INFO] [stdout] cd2b65ffe01de1740451ee96019d63e87b9bd04b8116de914ff3a8ce2307f365
[INFO] running `Command { std: "docker" "create" "-v" "/var/lib/crater-agent-workspace/builds/worker-3-tc1/target:/opt/rustwide/target:rw,Z" "-v" "/var/lib/crater-agent-workspace/builds/worker-3-tc1/source:/opt/rustwide/workdir:ro,Z" "-v" "/var/lib/crater-agent-workspace/cargo-home:/opt/rustwide/cargo-home:ro,Z" "-v" "/var/lib/crater-agent-workspace/rustup-home:/opt/rustwide/rustup-home:ro,Z" "-e" "SOURCE_DIR=/opt/rustwide/workdir" "-e" "CARGO_TARGET_DIR=/opt/rustwide/target" "-e" "CARGO_INCREMENTAL=0" "-e" "RUST_BACKTRACE=full" "-e" "RUSTFLAGS=--cap-lints=warn" "-e" "RUSTDOCFLAGS=--cap-lints=warn" "-e" "CARGO_HOME=/opt/rustwide/cargo-home" "-e" "RUSTUP_HOME=/opt/rustwide/rustup-home" "-w" "/opt/rustwide/workdir" "-m" "1610612736" "--user" "0:0" "--network" "none" "ghcr.io/rust-lang/crates-build-env/linux@sha256:f3a9d4ad9d972b27faf3965f35b62e55ba32bbce8f20bc8fe909558a86702fde" "/opt/rustwide/cargo-home/bin/cargo" "+1.83.0" "test" "--frozen" "--no-run" "--message-format=json", kill_on_drop: false }`
[INFO] [stdout] 6f2ff8a36f1992e9e7368a3b356f508d0758adcdea2f445ce52ff06e4d9461f0
[INFO] running `Command { std: "docker" "start" "-a" "6f2ff8a36f1992e9e7368a3b356f508d0758adcdea2f445ce52ff06e4d9461f0", kill_on_drop: false }`
[INFO] [stderr]    Compiling quack-builder v0.1.20241121 (/opt/rustwide/workdir)
[INFO] [stderr]     Finished `test` profile [unoptimized + debuginfo] target(s) in 2.16s
[INFO] running `Command { std: "docker" "inspect" "6f2ff8a36f1992e9e7368a3b356f508d0758adcdea2f445ce52ff06e4d9461f0", kill_on_drop: false }`
[INFO] running `Command { std: "docker" "rm" "-f" "6f2ff8a36f1992e9e7368a3b356f508d0758adcdea2f445ce52ff06e4d9461f0", kill_on_drop: false }`
[INFO] [stdout] 6f2ff8a36f1992e9e7368a3b356f508d0758adcdea2f445ce52ff06e4d9461f0
[INFO] running `Command { std: "docker" "create" "-v" "/var/lib/crater-agent-workspace/builds/worker-3-tc1/target:/opt/rustwide/target:rw,Z" "-v" "/var/lib/crater-agent-workspace/builds/worker-3-tc1/source:/opt/rustwide/workdir:ro,Z" "-v" "/var/lib/crater-agent-workspace/cargo-home:/opt/rustwide/cargo-home:ro,Z" "-v" "/var/lib/crater-agent-workspace/rustup-home:/opt/rustwide/rustup-home:ro,Z" "-e" "SOURCE_DIR=/opt/rustwide/workdir" "-e" "CARGO_TARGET_DIR=/opt/rustwide/target" "-e" "CARGO_INCREMENTAL=0" "-e" "RUST_BACKTRACE=full" "-e" "RUSTFLAGS=--cap-lints=warn" "-e" "RUSTDOCFLAGS=--cap-lints=warn" "-e" "CARGO_HOME=/opt/rustwide/cargo-home" "-e" "RUSTUP_HOME=/opt/rustwide/rustup-home" "-w" "/opt/rustwide/workdir" "-m" "1610612736" "--user" "0:0" "--network" "none" "ghcr.io/rust-lang/crates-build-env/linux@sha256:f3a9d4ad9d972b27faf3965f35b62e55ba32bbce8f20bc8fe909558a86702fde" "/opt/rustwide/cargo-home/bin/cargo" "+1.83.0" "test" "--frozen", kill_on_drop: false }`
[INFO] [stdout] 903723fae991570c8cd5a9eb3a74279842c0ced44eb68f19189d499c07f5d9a9
[INFO] running `Command { std: "docker" "start" "-a" "903723fae991570c8cd5a9eb3a74279842c0ced44eb68f19189d499c07f5d9a9", kill_on_drop: false }`
[INFO] [stderr]     Finished `test` profile [unoptimized + debuginfo] target(s) in 0.04s
[INFO] [stderr]      Running unittests src/lib.rs (/opt/rustwide/target/debug/deps/quack_builder-fe5b62b16466f0cb)
[INFO] [stdout] 
[INFO] [stdout] running 0 tests
[INFO] [stdout] 
[INFO] [stdout] test result: ok. 0 passed; 0 failed; 0 ignored; 0 measured; 0 filtered out; finished in 0.00s
[INFO] [stdout] 
[INFO] [stderr]      Running unittests src/main.rs (/opt/rustwide/target/debug/deps/quack_builder-c002d7fc1f948161)
[INFO] [stdout] 
[INFO] [stdout] running 0 tests
[INFO] [stdout] 
[INFO] [stdout] test result: ok. 0 passed; 0 failed; 0 ignored; 0 measured; 0 filtered out; finished in 0.00s
[INFO] [stdout] 
[INFO] [stderr]    Doc-tests quack_builder
[INFO] [stdout] 
[INFO] [stdout] running 1 test
[INFO] [stdout] test src/lib.rs - ConfigBuilder (line 15) - compile ... FAILED
[INFO] [stdout] 
[INFO] [stdout] failures:
[INFO] [stdout] 
[INFO] [stdout] ---- src/lib.rs - ConfigBuilder (line 15) stdout ----
[INFO] [stdout] error[E0433]: failed to resolve: use of undeclared crate or module `pb_rs`
[INFO] [stdout]  --> src/lib.rs:16:5
[INFO] [stdout]   |
[INFO] [stdout] 2 | use pb_rs::{types::FileDescriptor, ConfigBuilder};
[INFO] [stdout]   |     ^^^^^ use of undeclared crate or module `pb_rs`
[INFO] [stdout] 
[INFO] [stdout] error[E0432]: unresolved import `pb_rs`
[INFO] [stdout]  --> src/lib.rs:16:5
[INFO] [stdout]   |
[INFO] [stdout] 2 | use pb_rs::{types::FileDescriptor, ConfigBuilder};
[INFO] [stdout]   |     ^^^^^ use of undeclared crate or module `pb_rs`
[INFO] [stdout] 
[INFO] [stdout] error[E0432]: unresolved import `walkdir`
[INFO] [stdout]  --> src/lib.rs:18:5
[INFO] [stdout]   |
[INFO] [stdout] 4 | use walkdir::WalkDir;
[INFO] [stdout]   |     ^^^^^^^ use of undeclared crate or module `walkdir`
[INFO] [stdout] 
[INFO] [stdout] error: aborting due to 3 previous errors
[INFO] [stdout] 
[INFO] [stdout] Some errors have detailed explanations: E0432, E0433.
[INFO] [stdout] For more information about an error, try `rustc --explain E0432`.
[INFO] [stdout] Couldn't compile the test.
[INFO] [stdout] 
[INFO] [stdout] failures:
[INFO] [stdout]     src/lib.rs - ConfigBuilder (line 15)
[INFO] [stdout] 
[INFO] [stdout] test result: FAILED. 0 passed; 1 failed; 0 ignored; 0 measured; 0 filtered out; finished in 0.08s
[INFO] [stdout] 
[INFO] [stderr] error: doctest failed, to rerun pass `--doc`
[INFO] running `Command { std: "docker" "inspect" "903723fae991570c8cd5a9eb3a74279842c0ced44eb68f19189d499c07f5d9a9", kill_on_drop: false }`
[INFO] running `Command { std: "docker" "rm" "-f" "903723fae991570c8cd5a9eb3a74279842c0ced44eb68f19189d499c07f5d9a9", kill_on_drop: false }`
[INFO] [stdout] 903723fae991570c8cd5a9eb3a74279842c0ced44eb68f19189d499c07f5d9a9
