[INFO] fetching crate pyth-min 0.1.2...
[INFO] testing pyth-min-0.1.2 against beta-2024-12-08 for beta-1.84.0-4-retry
[INFO] extracting crate pyth-min 0.1.2 into /workspace/builds/worker-4-tc2/source
[INFO] validating manifest of crates.io crate pyth-min 0.1.2 on toolchain beta-2024-12-08
[INFO] running `Command { std: CARGO_HOME="/workspace/cargo-home" RUSTUP_HOME="/workspace/rustup-home" "/workspace/cargo-home/bin/cargo" "+beta-2024-12-08" "metadata" "--manifest-path" "Cargo.toml" "--no-deps", kill_on_drop: false }`
[INFO] started tweaking crates.io crate pyth-min 0.1.2
[INFO] finished tweaking crates.io crate pyth-min 0.1.2
[INFO] tweaked toml for crates.io crate pyth-min 0.1.2 written to /workspace/builds/worker-4-tc2/source/Cargo.toml
[INFO] running `Command { std: CARGO_HOME="/workspace/cargo-home" RUSTUP_HOME="/workspace/rustup-home" "/workspace/cargo-home/bin/cargo" "+beta-2024-12-08" "generate-lockfile" "--manifest-path" "Cargo.toml", kill_on_drop: false }`
[INFO] running `Command { std: CARGO_HOME="/workspace/cargo-home" RUSTUP_HOME="/workspace/rustup-home" "/workspace/cargo-home/bin/cargo" "+beta-2024-12-08" "fetch" "--manifest-path" "Cargo.toml", kill_on_drop: false }`
[INFO] [stderr]     Blocking waiting for file lock on package cache
[INFO] running `Command { std: "docker" "create" "-v" "/var/lib/crater-agent-workspace/builds/worker-4-tc2/target:/opt/rustwide/target:rw,Z" "-v" "/var/lib/crater-agent-workspace/builds/worker-4-tc2/source:/opt/rustwide/workdir:ro,Z" "-v" "/var/lib/crater-agent-workspace/cargo-home:/opt/rustwide/cargo-home:ro,Z" "-v" "/var/lib/crater-agent-workspace/rustup-home:/opt/rustwide/rustup-home:ro,Z" "-e" "SOURCE_DIR=/opt/rustwide/workdir" "-e" "CARGO_TARGET_DIR=/opt/rustwide/target" "-e" "CARGO_HOME=/opt/rustwide/cargo-home" "-e" "RUSTUP_HOME=/opt/rustwide/rustup-home" "-w" "/opt/rustwide/workdir" "-m" "1610612736" "--user" "0:0" "--network" "none" "ghcr.io/rust-lang/crates-build-env/linux@sha256:f3a9d4ad9d972b27faf3965f35b62e55ba32bbce8f20bc8fe909558a86702fde" "/opt/rustwide/cargo-home/bin/cargo" "+beta-2024-12-08" "metadata" "--no-deps" "--format-version=1", kill_on_drop: false }`
[INFO] [stdout] b22ab361fa5d3f38382dc9f94b564b3fbf65a4668c4c2f71d46e80d3c6896483
[INFO] running `Command { std: "docker" "start" "-a" "b22ab361fa5d3f38382dc9f94b564b3fbf65a4668c4c2f71d46e80d3c6896483", kill_on_drop: false }`
[INFO] running `Command { std: "docker" "inspect" "b22ab361fa5d3f38382dc9f94b564b3fbf65a4668c4c2f71d46e80d3c6896483", kill_on_drop: false }`
[INFO] running `Command { std: "docker" "rm" "-f" "b22ab361fa5d3f38382dc9f94b564b3fbf65a4668c4c2f71d46e80d3c6896483", kill_on_drop: false }`
[INFO] [stdout] b22ab361fa5d3f38382dc9f94b564b3fbf65a4668c4c2f71d46e80d3c6896483
[INFO] running `Command { std: "docker" "create" "-v" "/var/lib/crater-agent-workspace/builds/worker-4-tc2/target:/opt/rustwide/target:rw,Z" "-v" "/var/lib/crater-agent-workspace/builds/worker-4-tc2/source:/opt/rustwide/workdir:ro,Z" "-v" "/var/lib/crater-agent-workspace/cargo-home:/opt/rustwide/cargo-home:ro,Z" "-v" "/var/lib/crater-agent-workspace/rustup-home:/opt/rustwide/rustup-home:ro,Z" "-e" "SOURCE_DIR=/opt/rustwide/workdir" "-e" "CARGO_TARGET_DIR=/opt/rustwide/target" "-e" "CARGO_INCREMENTAL=0" "-e" "RUST_BACKTRACE=full" "-e" "RUSTFLAGS=--cap-lints=warn" "-e" "RUSTDOCFLAGS=--cap-lints=warn" "-e" "CARGO_HOME=/opt/rustwide/cargo-home" "-e" "RUSTUP_HOME=/opt/rustwide/rustup-home" "-w" "/opt/rustwide/workdir" "-m" "1610612736" "--user" "0:0" "--network" "none" "ghcr.io/rust-lang/crates-build-env/linux@sha256:f3a9d4ad9d972b27faf3965f35b62e55ba32bbce8f20bc8fe909558a86702fde" "/opt/rustwide/cargo-home/bin/cargo" "+beta-2024-12-08" "build" "--frozen" "--message-format=json", kill_on_drop: false }`
[INFO] [stdout] 30473e21911236e8d82b7c9404c916f26f670ff0fea922c9a7a507f0678728cf
[INFO] running `Command { std: "docker" "start" "-a" "30473e21911236e8d82b7c9404c916f26f670ff0fea922c9a7a507f0678728cf", kill_on_drop: false }`
[INFO] [stderr]    Compiling pyth-min v0.1.2 (/opt/rustwide/workdir)
[INFO] [stderr]     Finished `dev` profile [unoptimized + debuginfo] target(s) in 0.26s
[INFO] running `Command { std: "docker" "inspect" "30473e21911236e8d82b7c9404c916f26f670ff0fea922c9a7a507f0678728cf", kill_on_drop: false }`
[INFO] running `Command { std: "docker" "rm" "-f" "30473e21911236e8d82b7c9404c916f26f670ff0fea922c9a7a507f0678728cf", kill_on_drop: false }`
[INFO] [stdout] 30473e21911236e8d82b7c9404c916f26f670ff0fea922c9a7a507f0678728cf
[INFO] running `Command { std: "docker" "create" "-v" "/var/lib/crater-agent-workspace/builds/worker-4-tc2/target:/opt/rustwide/target:rw,Z" "-v" "/var/lib/crater-agent-workspace/builds/worker-4-tc2/source:/opt/rustwide/workdir:ro,Z" "-v" "/var/lib/crater-agent-workspace/cargo-home:/opt/rustwide/cargo-home:ro,Z" "-v" "/var/lib/crater-agent-workspace/rustup-home:/opt/rustwide/rustup-home:ro,Z" "-e" "SOURCE_DIR=/opt/rustwide/workdir" "-e" "CARGO_TARGET_DIR=/opt/rustwide/target" "-e" "CARGO_INCREMENTAL=0" "-e" "RUST_BACKTRACE=full" "-e" "RUSTFLAGS=--cap-lints=warn" "-e" "RUSTDOCFLAGS=--cap-lints=warn" "-e" "CARGO_HOME=/opt/rustwide/cargo-home" "-e" "RUSTUP_HOME=/opt/rustwide/rustup-home" "-w" "/opt/rustwide/workdir" "-m" "1610612736" "--user" "0:0" "--network" "none" "ghcr.io/rust-lang/crates-build-env/linux@sha256:f3a9d4ad9d972b27faf3965f35b62e55ba32bbce8f20bc8fe909558a86702fde" "/opt/rustwide/cargo-home/bin/cargo" "+beta-2024-12-08" "test" "--frozen" "--no-run" "--message-format=json", kill_on_drop: false }`
[INFO] [stdout] 47c66c26193158bad0c74ad2c379cc365310a9b7cd459af451f5d2f3b194ad92
[INFO] running `Command { std: "docker" "start" "-a" "47c66c26193158bad0c74ad2c379cc365310a9b7cd459af451f5d2f3b194ad92", kill_on_drop: false }`
[INFO] [stderr]    Compiling pyth-min v0.1.2 (/opt/rustwide/workdir)
[INFO] [stderr]     Finished `test` profile [unoptimized + debuginfo] target(s) in 0.58s
[INFO] running `Command { std: "docker" "inspect" "47c66c26193158bad0c74ad2c379cc365310a9b7cd459af451f5d2f3b194ad92", kill_on_drop: false }`
[INFO] running `Command { std: "docker" "rm" "-f" "47c66c26193158bad0c74ad2c379cc365310a9b7cd459af451f5d2f3b194ad92", kill_on_drop: false }`
[INFO] [stdout] 47c66c26193158bad0c74ad2c379cc365310a9b7cd459af451f5d2f3b194ad92
[INFO] running `Command { std: "docker" "create" "-v" "/var/lib/crater-agent-workspace/builds/worker-4-tc2/target:/opt/rustwide/target:rw,Z" "-v" "/var/lib/crater-agent-workspace/builds/worker-4-tc2/source:/opt/rustwide/workdir:ro,Z" "-v" "/var/lib/crater-agent-workspace/cargo-home:/opt/rustwide/cargo-home:ro,Z" "-v" "/var/lib/crater-agent-workspace/rustup-home:/opt/rustwide/rustup-home:ro,Z" "-e" "SOURCE_DIR=/opt/rustwide/workdir" "-e" "CARGO_TARGET_DIR=/opt/rustwide/target" "-e" "CARGO_INCREMENTAL=0" "-e" "RUST_BACKTRACE=full" "-e" "RUSTFLAGS=--cap-lints=warn" "-e" "RUSTDOCFLAGS=--cap-lints=warn" "-e" "CARGO_HOME=/opt/rustwide/cargo-home" "-e" "RUSTUP_HOME=/opt/rustwide/rustup-home" "-w" "/opt/rustwide/workdir" "-m" "1610612736" "--user" "0:0" "--network" "none" "ghcr.io/rust-lang/crates-build-env/linux@sha256:f3a9d4ad9d972b27faf3965f35b62e55ba32bbce8f20bc8fe909558a86702fde" "/opt/rustwide/cargo-home/bin/cargo" "+beta-2024-12-08" "test" "--frozen", kill_on_drop: false }`
[INFO] [stdout] 88b5d529651af50211605b1cc26dab19920777edb34b4bedf9d07446fbc4a078
[INFO] running `Command { std: "docker" "start" "-a" "88b5d529651af50211605b1cc26dab19920777edb34b4bedf9d07446fbc4a078", kill_on_drop: false }`
[INFO] [stderr]     Finished `test` profile [unoptimized + debuginfo] target(s) in 0.01s
[INFO] [stderr]      Running unittests src/lib.rs (/opt/rustwide/target/debug/deps/pyth_min-342555cdedceb9b3)
[INFO] [stdout] 
[INFO] [stdout] running 8 tests
[INFO] [stdout] test price_update::tests::pricev2_from_bytes_partial ... ok
[INFO] [stdout] test price_update::tests::pricev2_from_bytes_full ... ok
[INFO] [stdout] test messages::tests::price_feed_message_from_bytes ... ok
[INFO] [stdout] test price_update::tests::test_get_price_no_older_than_exact_age ... ok
[INFO] [stdout] test price_update::tests::test_get_price_no_older_than_expired ... ok
[INFO] [stdout] test price_update::tests::test_get_price_no_older_than_valid_age ... ok
[INFO] [stdout] test price_update::tests::verification_from_bytes_full ... ok
[INFO] [stdout] test price_update::tests::verification_from_bytes_partial ... ok
[INFO] [stdout] 
[INFO] [stdout] test result: ok. 8 passed; 0 failed; 0 ignored; 0 measured; 0 filtered out; finished in 0.03s
[INFO] [stdout] 
[INFO] [stderr]    Doc-tests pyth_min
[INFO] [stdout] 
[INFO] [stdout] running 2 tests
[INFO] [stdout] test src/price_update.rs - price_update::PriceUpdateV2::get_price_no_older_than_with_custom_verification_level (line 159) ... FAILED
[INFO] [stderr] error: doctest failed, to rerun pass `--doc`
[INFO] [stdout] test src/price_update.rs - price_update::PriceUpdateV2::get_price_no_older_than (line 204) ... FAILED
[INFO] [stdout] 
[INFO] [stdout] failures:
[INFO] [stdout] 
[INFO] [stdout] ---- src/price_update.rs - price_update::PriceUpdateV2::get_price_no_older_than_with_custom_verification_level (line 159) stdout ----
[INFO] [stdout] error[E0433]: failed to resolve: use of undeclared crate or module `anchor_lang`
[INFO] [stdout]  --> src/price_update.rs:161:5
[INFO] [stdout]   |
[INFO] [stdout] 4 | use anchor_lang::prelude::*;
[INFO] [stdout]   |     ^^^^^^^^^^^ use of undeclared crate or module `anchor_lang`
[INFO] [stdout] 
[INFO] [stdout] error[E0433]: failed to resolve: use of undeclared crate or module `pyth_solana_receiver_sdk`
[INFO] [stdout]  --> src/price_update.rs:160:5
[INFO] [stdout]   |
[INFO] [stdout] 3 | use pyth_solana_receiver_sdk::price_update::{get_feed_id_from_hex, VerificationLevel, PriceUpdateV2};
[INFO] [stdout]   |     ^^^^^^^^^^^^^^^^^^^^^^^^ use of undeclared crate or module `pyth_solana_receiver_sdk`
[INFO] [stdout] 
[INFO] [stdout] error[E0432]: unresolved imports `pyth_solana_receiver_sdk::price_update::get_feed_id_from_hex`, `pyth_solana_receiver_sdk::price_update::VerificationLevel`, `pyth_solana_receiver_sdk::price_update::PriceUpdateV2`
[INFO] [stdout]  --> src/price_update.rs:160:46
[INFO] [stdout]   |
[INFO] [stdout] 3 | use pyth_solana_receiver_sdk::price_update::{get_feed_id_from_hex, VerificationLevel, PriceUpdateV2};
[INFO] [stdout]   |                                              ^^^^^^^^^^^^^^^^^^^^  ^^^^^^^^^^^^^^^^^  ^^^^^^^^^^^^^
[INFO] [stdout] 
[INFO] [stdout] error: cannot find derive macro `Accounts` in this scope
[INFO] [stdout]  --> src/price_update.rs:166:10
[INFO] [stdout]   |
[INFO] [stdout] 9 | #[derive(Accounts)]
[INFO] [stdout]   |          ^^^^^^^^
[INFO] [stdout] 
[INFO] [stdout] error: cannot find attribute `instruction` in this scope
[INFO] [stdout]   --> src/price_update.rs:167:3
[INFO] [stdout]    |
[INFO] [stdout] 10 | #[instruction(amount_in_usd : u64)]
[INFO] [stdout]    |   ^^^^^^^^^^^
[INFO] [stdout] 
[INFO] [stdout] error[E0412]: cannot find type `Account` in this scope
[INFO] [stdout]   --> src/price_update.rs:169:23
[INFO] [stdout]    |
[INFO] [stdout] 12 |     pub price_update: Account<'info, PriceUpdateV2>,
[INFO] [stdout]    |                       ^^^^^^^ not found in this scope
[INFO] [stdout] 
[INFO] [stdout] error[E0412]: cannot find type `Context` in this scope
[INFO] [stdout]   --> src/price_update.rs:172:33
[INFO] [stdout]    |
[INFO] [stdout] 15 | pub fn read_price_account(ctx : Context<ReadPriceAccount>) -> Result<()> {
[INFO] [stdout]    |                                 ^^^^^^^ not found in this scope
[INFO] [stdout]    |
[INFO] [stdout] help: consider importing this struct
[INFO] [stdout]    |
[INFO] [stdout] 2  + use std::task::Context;
[INFO] [stdout]    |
[INFO] [stdout] 
[INFO] [stdout] error[E0107]: enum takes 2 generic arguments but 1 generic argument was supplied
[INFO] [stdout]   --> src/price_update.rs:172:63
[INFO] [stdout]    |
[INFO] [stdout] 15 | pub fn read_price_account(ctx : Context<ReadPriceAccount>) -> Result<()> {
[INFO] [stdout]    |                                                               ^^^^^^ -- supplied 1 generic argument
[INFO] [stdout]    |                                                               |
[INFO] [stdout]    |                                                               expected 2 generic arguments
[INFO] [stdout]    |
[INFO] [stdout] help: add missing generic argument
[INFO] [stdout]    |
[INFO] [stdout] 15 | pub fn read_price_account(ctx : Context<ReadPriceAccount>) -> Result<(), E> {
[INFO] [stdout]    |                                                                        +++
[INFO] [stdout] 
[INFO] [stdout] error[E0433]: failed to resolve: use of undeclared type `Clock`
[INFO] [stdout]   --> src/price_update.rs:174:86
[INFO] [stdout]    |
[INFO] [stdout] 17 |     let price = price_update.get_price_no_older_than_with_custom_verification_level(&Clock::get()?.unix_timestamp, MAXIMUM_AGE, &get_feed...
[INFO] [stdout]    |                                                                                      ^^^^^ use of undeclared type `Clock`
[INFO] [stdout] 
[INFO] [stdout] error: aborting due to 9 previous errors
[INFO] [stdout] 
[INFO] [stdout] Some errors have detailed explanations: E0107, E0412, E0432, E0433.
[INFO] [stdout] For more information about an error, try `rustc --explain E0107`.
[INFO] [stdout] Couldn't compile the test.
[INFO] [stdout] ---- src/price_update.rs - price_update::PriceUpdateV2::get_price_no_older_than (line 204) stdout ----
[INFO] [stdout] error[E0433]: failed to resolve: use of undeclared crate or module `anchor_lang`
[INFO] [stdout]  --> src/price_update.rs:206:5
[INFO] [stdout]   |
[INFO] [stdout] 4 | use anchor_lang::prelude::*;
[INFO] [stdout]   |     ^^^^^^^^^^^ use of undeclared crate or module `anchor_lang`
[INFO] [stdout] 
[INFO] [stdout] error[E0433]: failed to resolve: use of undeclared crate or module `pyth_solana_receiver_sdk`
[INFO] [stdout]  --> src/price_update.rs:205:5
[INFO] [stdout]   |
[INFO] [stdout] 3 | use pyth_solana_receiver_sdk::price_update::{get_feed_id_from_hex, PriceUpdateV2};
[INFO] [stdout]   |     ^^^^^^^^^^^^^^^^^^^^^^^^ use of undeclared crate or module `pyth_solana_receiver_sdk`
[INFO] [stdout] 
[INFO] [stdout] error[E0432]: unresolved imports `pyth_solana_receiver_sdk::price_update::get_feed_id_from_hex`, `pyth_solana_receiver_sdk::price_update::PriceUpdateV2`
[INFO] [stdout]  --> src/price_update.rs:205:46
[INFO] [stdout]   |
[INFO] [stdout] 3 | use pyth_solana_receiver_sdk::price_update::{get_feed_id_from_hex, PriceUpdateV2};
[INFO] [stdout]   |                                              ^^^^^^^^^^^^^^^^^^^^  ^^^^^^^^^^^^^
[INFO] [stdout] 
[INFO] [stdout] error: cannot find derive macro `Accounts` in this scope
[INFO] [stdout]  --> src/price_update.rs:211:10
[INFO] [stdout]   |
[INFO] [stdout] 9 | #[derive(Accounts)]
[INFO] [stdout]   |          ^^^^^^^^
[INFO] [stdout] 
[INFO] [stdout] error: cannot find attribute `instruction` in this scope
[INFO] [stdout]   --> src/price_update.rs:212:3
[INFO] [stdout]    |
[INFO] [stdout] 10 | #[instruction(amount_in_usd : u64)]
[INFO] [stdout]    |   ^^^^^^^^^^^
[INFO] [stdout] 
[INFO] [stdout] error[E0412]: cannot find type `Account` in this scope
[INFO] [stdout]   --> src/price_update.rs:214:23
[INFO] [stdout]    |
[INFO] [stdout] 12 |     pub price_update: Account<'info, PriceUpdateV2>,
[INFO] [stdout]    |                       ^^^^^^^ not found in this scope
[INFO] [stdout] 
[INFO] [stdout] error[E0412]: cannot find type `Context` in this scope
[INFO] [stdout]   --> src/price_update.rs:217:33
[INFO] [stdout]    |
[INFO] [stdout] 15 | pub fn read_price_account(ctx : Context<ReadPriceAccount>) -> Result<()> {
[INFO] [stdout]    |                                 ^^^^^^^ not found in this scope
[INFO] [stdout]    |
[INFO] [stdout] help: consider importing this struct
[INFO] [stdout]    |
[INFO] [stdout] 2  + use std::task::Context;
[INFO] [stdout]    |
[INFO] [stdout] 
[INFO] [stdout] error[E0107]: enum takes 2 generic arguments but 1 generic argument was supplied
[INFO] [stdout]   --> src/price_update.rs:217:63
[INFO] [stdout]    |
[INFO] [stdout] 15 | pub fn read_price_account(ctx : Context<ReadPriceAccount>) -> Result<()> {
[INFO] [stdout]    |                                                               ^^^^^^ -- supplied 1 generic argument
[INFO] [stdout]    |                                                               |
[INFO] [stdout]    |                                                               expected 2 generic arguments
[INFO] [stdout]    |
[INFO] [stdout] help: add missing generic argument
[INFO] [stdout]    |
[INFO] [stdout] 15 | pub fn read_price_account(ctx : Context<ReadPriceAccount>) -> Result<(), E> {
[INFO] [stdout]    |                                                                        +++
[INFO] [stdout] 
[INFO] [stdout] error[E0433]: failed to resolve: use of undeclared type `Clock`
[INFO] [stdout]   --> src/price_update.rs:219:55
[INFO] [stdout]    |
[INFO] [stdout] 17 |     let price = price_update.get_price_no_older_than(&Clock::get()?.unix_timestamp, MAXIMUM_AGE, &get_feed_id_from_hex(FEED_ID)?)?;
[INFO] [stdout]    |                                                       ^^^^^ use of undeclared type `Clock`
[INFO] [stdout] 
[INFO] [stdout] error: aborting due to 9 previous errors
[INFO] [stdout] 
[INFO] [stdout] Some errors have detailed explanations: E0107, E0412, E0432, E0433.
[INFO] [stdout] For more information about an error, try `rustc --explain E0107`.
[INFO] [stdout] Couldn't compile the test.
[INFO] [stdout] 
[INFO] [stdout] failures:
[INFO] [stdout]     src/price_update.rs - price_update::PriceUpdateV2::get_price_no_older_than (line 204)
[INFO] [stdout]     src/price_update.rs - price_update::PriceUpdateV2::get_price_no_older_than_with_custom_verification_level (line 159)
[INFO] [stdout] 
[INFO] [stdout] test result: FAILED. 0 passed; 2 failed; 0 ignored; 0 measured; 0 filtered out; finished in 0.12s
[INFO] [stdout] 
[INFO] running `Command { std: "docker" "inspect" "88b5d529651af50211605b1cc26dab19920777edb34b4bedf9d07446fbc4a078", kill_on_drop: false }`
[INFO] running `Command { std: "docker" "rm" "-f" "88b5d529651af50211605b1cc26dab19920777edb34b4bedf9d07446fbc4a078", kill_on_drop: false }`
[INFO] [stdout] 88b5d529651af50211605b1cc26dab19920777edb34b4bedf9d07446fbc4a078
