[INFO] fetching crate pyo3 0.23.3...
[INFO] testing pyo3-0.23.3 against 1.83.0 for beta-1.84.0-4-retry
[INFO] extracting crate pyo3 0.23.3 into /workspace/builds/worker-4-tc1/source
[INFO] validating manifest of crates.io crate pyo3 0.23.3 on toolchain 1.83.0
[INFO] running `Command { std: CARGO_HOME="/workspace/cargo-home" RUSTUP_HOME="/workspace/rustup-home" "/workspace/cargo-home/bin/cargo" "+1.83.0" "metadata" "--manifest-path" "Cargo.toml" "--no-deps", kill_on_drop: false }`
[INFO] started tweaking crates.io crate pyo3 0.23.3
[INFO] removed 0 missing tests
[INFO] finished tweaking crates.io crate pyo3 0.23.3
[INFO] tweaked toml for crates.io crate pyo3 0.23.3 written to /workspace/builds/worker-4-tc1/source/Cargo.toml
[INFO] running `Command { std: CARGO_HOME="/workspace/cargo-home" RUSTUP_HOME="/workspace/rustup-home" "/workspace/cargo-home/bin/cargo" "+1.83.0" "generate-lockfile" "--manifest-path" "Cargo.toml", kill_on_drop: false }`
[INFO] [stderr]     Updating crates.io index
[INFO] [stderr]      Locking 133 packages to latest compatible versions
[INFO] running `Command { std: CARGO_HOME="/workspace/cargo-home" RUSTUP_HOME="/workspace/rustup-home" "/workspace/cargo-home/bin/cargo" "+1.83.0" "fetch" "--manifest-path" "Cargo.toml", kill_on_drop: false }`
[INFO] [stderr]  Downloading crates ...
[INFO] [stderr]   Downloaded python3-dll-a v0.2.11
[INFO] running `Command { std: "docker" "create" "-v" "/var/lib/crater-agent-workspace/builds/worker-4-tc1/target:/opt/rustwide/target:rw,Z" "-v" "/var/lib/crater-agent-workspace/builds/worker-4-tc1/source:/opt/rustwide/workdir:ro,Z" "-v" "/var/lib/crater-agent-workspace/cargo-home:/opt/rustwide/cargo-home:ro,Z" "-v" "/var/lib/crater-agent-workspace/rustup-home:/opt/rustwide/rustup-home:ro,Z" "-e" "SOURCE_DIR=/opt/rustwide/workdir" "-e" "CARGO_TARGET_DIR=/opt/rustwide/target" "-e" "CARGO_HOME=/opt/rustwide/cargo-home" "-e" "RUSTUP_HOME=/opt/rustwide/rustup-home" "-w" "/opt/rustwide/workdir" "-m" "1610612736" "--user" "0:0" "--network" "none" "ghcr.io/rust-lang/crates-build-env/linux@sha256:f3a9d4ad9d972b27faf3965f35b62e55ba32bbce8f20bc8fe909558a86702fde" "/opt/rustwide/cargo-home/bin/cargo" "+1.83.0" "metadata" "--no-deps" "--format-version=1", kill_on_drop: false }`
[INFO] [stdout] be1b0233b7fbf074644b0459d8ae4826700808c5c5de6e4288a9843837007b06
[INFO] running `Command { std: "docker" "start" "-a" "be1b0233b7fbf074644b0459d8ae4826700808c5c5de6e4288a9843837007b06", kill_on_drop: false }`
[INFO] running `Command { std: "docker" "inspect" "be1b0233b7fbf074644b0459d8ae4826700808c5c5de6e4288a9843837007b06", kill_on_drop: false }`
[INFO] running `Command { std: "docker" "rm" "-f" "be1b0233b7fbf074644b0459d8ae4826700808c5c5de6e4288a9843837007b06", kill_on_drop: false }`
[INFO] [stdout] be1b0233b7fbf074644b0459d8ae4826700808c5c5de6e4288a9843837007b06
[INFO] running `Command { std: "docker" "create" "-v" "/var/lib/crater-agent-workspace/builds/worker-4-tc1/target:/opt/rustwide/target:rw,Z" "-v" "/var/lib/crater-agent-workspace/builds/worker-4-tc1/source:/opt/rustwide/workdir:ro,Z" "-v" "/var/lib/crater-agent-workspace/cargo-home:/opt/rustwide/cargo-home:ro,Z" "-v" "/var/lib/crater-agent-workspace/rustup-home:/opt/rustwide/rustup-home:ro,Z" "-e" "SOURCE_DIR=/opt/rustwide/workdir" "-e" "CARGO_TARGET_DIR=/opt/rustwide/target" "-e" "CARGO_INCREMENTAL=0" "-e" "RUST_BACKTRACE=full" "-e" "RUSTFLAGS=--cap-lints=warn" "-e" "RUSTDOCFLAGS=--cap-lints=warn" "-e" "CARGO_HOME=/opt/rustwide/cargo-home" "-e" "RUSTUP_HOME=/opt/rustwide/rustup-home" "-w" "/opt/rustwide/workdir" "-m" "1610612736" "--user" "0:0" "--network" "none" "ghcr.io/rust-lang/crates-build-env/linux@sha256:f3a9d4ad9d972b27faf3965f35b62e55ba32bbce8f20bc8fe909558a86702fde" "/opt/rustwide/cargo-home/bin/cargo" "+1.83.0" "build" "--frozen" "--message-format=json", kill_on_drop: false }`
[INFO] [stdout] 32f9c912d74404a2b42e96edbda46a2aab5c1fd59a975a09af403ba44a4ff973
[INFO] running `Command { std: "docker" "start" "-a" "32f9c912d74404a2b42e96edbda46a2aab5c1fd59a975a09af403ba44a4ff973", kill_on_drop: false }`
[INFO] [stderr]    Compiling target-lexicon v0.12.16
[INFO] [stderr]    Compiling once_cell v1.20.2
[INFO] [stderr]    Compiling proc-macro2 v1.0.92
[INFO] [stderr]    Compiling unicode-ident v1.0.14
[INFO] [stderr]    Compiling autocfg v1.4.0
[INFO] [stderr]    Compiling libc v0.2.168
[INFO] [stderr]    Compiling heck v0.5.0
[INFO] [stderr]    Compiling unindent v0.2.3
[INFO] [stderr]    Compiling cfg-if v1.0.0
[INFO] [stderr]    Compiling indoc v2.0.5
[INFO] [stderr]    Compiling memoffset v0.9.1
[INFO] [stderr]    Compiling pyo3-build-config v0.23.3
[INFO] [stderr]    Compiling quote v1.0.37
[INFO] [stderr]    Compiling syn v2.0.90
[INFO] [stderr]    Compiling pyo3-macros-backend v0.23.3
[INFO] [stderr]    Compiling pyo3-ffi v0.23.3
[INFO] [stderr]    Compiling pyo3 v0.23.3 (/opt/rustwide/workdir)
[INFO] [stderr]    Compiling pyo3-macros v0.23.3
[INFO] [stderr]     Finished `dev` profile [unoptimized + debuginfo] target(s) in 16.72s
[INFO] running `Command { std: "docker" "inspect" "32f9c912d74404a2b42e96edbda46a2aab5c1fd59a975a09af403ba44a4ff973", kill_on_drop: false }`
[INFO] running `Command { std: "docker" "rm" "-f" "32f9c912d74404a2b42e96edbda46a2aab5c1fd59a975a09af403ba44a4ff973", kill_on_drop: false }`
[INFO] [stdout] 32f9c912d74404a2b42e96edbda46a2aab5c1fd59a975a09af403ba44a4ff973
[INFO] running `Command { std: "docker" "create" "-v" "/var/lib/crater-agent-workspace/builds/worker-4-tc1/target:/opt/rustwide/target:rw,Z" "-v" "/var/lib/crater-agent-workspace/builds/worker-4-tc1/source:/opt/rustwide/workdir:ro,Z" "-v" "/var/lib/crater-agent-workspace/cargo-home:/opt/rustwide/cargo-home:ro,Z" "-v" "/var/lib/crater-agent-workspace/rustup-home:/opt/rustwide/rustup-home:ro,Z" "-e" "SOURCE_DIR=/opt/rustwide/workdir" "-e" "CARGO_TARGET_DIR=/opt/rustwide/target" "-e" "CARGO_INCREMENTAL=0" "-e" "RUST_BACKTRACE=full" "-e" "RUSTFLAGS=--cap-lints=warn" "-e" "RUSTDOCFLAGS=--cap-lints=warn" "-e" "CARGO_HOME=/opt/rustwide/cargo-home" "-e" "RUSTUP_HOME=/opt/rustwide/rustup-home" "-w" "/opt/rustwide/workdir" "-m" "1610612736" "--user" "0:0" "--network" "none" "ghcr.io/rust-lang/crates-build-env/linux@sha256:f3a9d4ad9d972b27faf3965f35b62e55ba32bbce8f20bc8fe909558a86702fde" "/opt/rustwide/cargo-home/bin/cargo" "+1.83.0" "test" "--frozen" "--no-run" "--message-format=json", kill_on_drop: false }`
[INFO] [stdout] d1bdbd33b1a74e25a3295baf6437290a7a7cff9e03499c17e6a18436acf88419
[INFO] running `Command { std: "docker" "start" "-a" "d1bdbd33b1a74e25a3295baf6437290a7a7cff9e03499c17e6a18436acf88419", kill_on_drop: false }`
[INFO] [stderr]    Compiling proc-macro2 v1.0.92
[INFO] [stderr]    Compiling siphasher v0.3.11
[INFO] [stderr]    Compiling serde v1.0.216
[INFO] [stderr]    Compiling regex-syntax v0.8.5
[INFO] [stderr]    Compiling rand_core v0.6.4
[INFO] [stderr]    Compiling crossbeam-utils v0.8.20
[INFO] [stderr]    Compiling libm v0.2.11
[INFO] [stderr]    Compiling byteorder v1.5.0
[INFO] [stderr]    Compiling memchr v2.7.4
[INFO] [stderr]    Compiling futures-sink v0.3.31
[INFO] [stderr]    Compiling num-traits v0.2.19
[INFO] [stderr]    Compiling slab v0.4.9
[INFO] [stderr]    Compiling hashbrown v0.15.2
[INFO] [stderr]    Compiling equivalent v1.0.1
[INFO] [stderr]    Compiling getrandom v0.2.15
[INFO] [stderr]    Compiling futures-core v0.3.31
[INFO] [stderr]    Compiling pin-utils v0.1.0
[INFO] [stderr]    Compiling winnow v0.6.20
[INFO] [stderr]    Compiling rand v0.8.5
[INFO] [stderr]    Compiling futures-channel v0.3.31
[INFO] [stderr]    Compiling bitflags v2.6.0
[INFO] [stderr]    Compiling phf_shared v0.11.2
[INFO] [stderr]    Compiling rustix v0.38.42
[INFO] [stderr]    Compiling futures-io v0.3.31
[INFO] [stderr]    Compiling rayon-core v1.12.1
[INFO] [stderr]    Compiling pin-project-lite v0.2.15
[INFO] [stderr]    Compiling serde_json v1.0.133
[INFO] [stderr]    Compiling target-triple v0.1.3
[INFO] [stderr]    Compiling futures-task v0.3.31
[INFO] [stderr]    Compiling iana-time-zone v0.1.61
[INFO] [stderr]    Compiling itoa v1.0.14
[INFO] [stderr]    Compiling linux-raw-sys v0.4.14
[INFO] [stderr]    Compiling ryu v1.0.18
[INFO] [stderr]    Compiling phf_generator v0.11.2
[INFO] [stderr]    Compiling phf v0.11.2
[INFO] [stderr]    Compiling phf_codegen v0.11.2
[INFO] [stderr]    Compiling indexmap v2.7.0
[INFO] [stderr]    Compiling rand_xorshift v0.3.0
[INFO] [stderr]    Compiling fastrand v2.3.0
[INFO] [stderr]    Compiling unarray v0.1.4
[INFO] [stderr]    Compiling either v1.13.0
[INFO] [stderr]    Compiling glob v0.3.1
[INFO] [stderr]    Compiling termcolor v1.4.1
[INFO] [stderr]    Compiling lazy_static v1.5.0
[INFO] [stderr]    Compiling uuid v1.11.0
[INFO] [stderr]    Compiling quote v1.0.37
[INFO] [stderr]    Compiling assert_approx_eq v1.1.0
[INFO] [stderr]    Compiling send_wrapper v0.6.0
[INFO] [stderr]    Compiling static_assertions v1.1.0
[INFO] [stderr]    Compiling syn v2.0.90
[INFO] [stderr]    Compiling crossbeam-epoch v0.9.18
[INFO] [stderr]    Compiling crossbeam-deque v0.8.5
[INFO] [stderr]    Compiling chrono v0.4.39
[INFO] [stderr]    Compiling regex-automata v0.4.9
[INFO] [stderr]    Compiling rayon v1.10.0
[INFO] [stderr]    Compiling tempfile v3.14.0
[INFO] [stderr]    Compiling regex v1.11.1
[INFO] [stderr]    Compiling parse-zoneinfo v0.3.1
[INFO] [stderr]    Compiling pyo3-macros-backend v0.23.3
[INFO] [stderr]    Compiling chrono-tz-build v0.4.0
[INFO] [stderr]    Compiling serde_derive v1.0.216
[INFO] [stderr]    Compiling zerocopy-derive v0.7.35
[INFO] [stderr]    Compiling futures-macro v0.3.31
[INFO] [stderr]    Compiling chrono-tz v0.10.0
[INFO] [stderr]    Compiling zerocopy v0.7.35
[INFO] [stderr]    Compiling futures-util v0.3.31
[INFO] [stderr]    Compiling ppv-lite86 v0.2.20
[INFO] [stderr]    Compiling rand_chacha v0.3.1
[INFO] [stderr]    Compiling pyo3-macros v0.23.3
[INFO] [stderr]    Compiling proptest v1.5.0
[INFO] [stderr]    Compiling pyo3 v0.23.3 (/opt/rustwide/workdir)
[INFO] [stderr]    Compiling futures-executor v0.3.31
[INFO] [stderr]    Compiling futures v0.3.31
[INFO] [stderr]    Compiling toml_datetime v0.6.8
[INFO] [stderr]    Compiling serde_spanned v0.6.8
[INFO] [stderr]    Compiling toml_edit v0.22.22
[INFO] [stderr]    Compiling toml v0.8.19
[INFO] [stderr]    Compiling trybuild v1.0.101
[INFO] [stderr]     Finished `test` profile [unoptimized + debuginfo] target(s) in 1m 14s
[INFO] running `Command { std: "docker" "inspect" "d1bdbd33b1a74e25a3295baf6437290a7a7cff9e03499c17e6a18436acf88419", kill_on_drop: false }`
[INFO] running `Command { std: "docker" "rm" "-f" "d1bdbd33b1a74e25a3295baf6437290a7a7cff9e03499c17e6a18436acf88419", kill_on_drop: false }`
[INFO] [stdout] d1bdbd33b1a74e25a3295baf6437290a7a7cff9e03499c17e6a18436acf88419
[INFO] running `Command { std: "docker" "create" "-v" "/var/lib/crater-agent-workspace/builds/worker-4-tc1/target:/opt/rustwide/target:rw,Z" "-v" "/var/lib/crater-agent-workspace/builds/worker-4-tc1/source:/opt/rustwide/workdir:ro,Z" "-v" "/var/lib/crater-agent-workspace/cargo-home:/opt/rustwide/cargo-home:ro,Z" "-v" "/var/lib/crater-agent-workspace/rustup-home:/opt/rustwide/rustup-home:ro,Z" "-e" "SOURCE_DIR=/opt/rustwide/workdir" "-e" "CARGO_TARGET_DIR=/opt/rustwide/target" "-e" "CARGO_INCREMENTAL=0" "-e" "RUST_BACKTRACE=full" "-e" "RUSTFLAGS=--cap-lints=warn" "-e" "RUSTDOCFLAGS=--cap-lints=warn" "-e" "CARGO_HOME=/opt/rustwide/cargo-home" "-e" "RUSTUP_HOME=/opt/rustwide/rustup-home" "-w" "/opt/rustwide/workdir" "-m" "1610612736" "--user" "0:0" "--network" "none" "ghcr.io/rust-lang/crates-build-env/linux@sha256:f3a9d4ad9d972b27faf3965f35b62e55ba32bbce8f20bc8fe909558a86702fde" "/opt/rustwide/cargo-home/bin/cargo" "+1.83.0" "test" "--frozen", kill_on_drop: false }`
[INFO] [stdout] 54d9b9b4f707e91296fbe5ee9e31c2683822a07ddb6afaa626b023dbd9c1d4a0
[INFO] running `Command { std: "docker" "start" "-a" "54d9b9b4f707e91296fbe5ee9e31c2683822a07ddb6afaa626b023dbd9c1d4a0", kill_on_drop: false }`
[INFO] [stderr]     Finished `test` profile [unoptimized + debuginfo] target(s) in 0.36s
[INFO] [stderr]      Running unittests src/lib.rs (/opt/rustwide/target/debug/deps/pyo3-6faa8ec262433c4f)
[INFO] [stdout] 
[INFO] [stdout] running 692 tests
[INFO] [stdout] test buffer::tests::test_compatible_size ... ok
[INFO] [stdout] test buffer::tests::test_element_type_from_format ... ok
[INFO] [stdout] test conversions::std::array::tests::array_try_from_fn ... ok
[INFO] [stdout] test buffer::tests::test_bytes_buffer ... ok
[INFO] [stdout] test conversions::std::map::tests::test_btreemap_to_python ... ok
[INFO] [stdout] test conversions::std::array::tests::test_into_pyobject_array_conversion ... ok
[INFO] [stdout] test conversions::std::array::tests::test_intopyobject_array_conversion ... ok
[INFO] [stdout] test conversions::std::array::tests::test_extract_non_iterable_to_array ... ok
[INFO] [stdout] test conversions::std::map::tests::test_hashmap_to_python ... ok
[INFO] [stdout] test conversions::std::array::tests::test_extract_bytearray_to_array ... ok
[INFO] [stdout] test conversions::std::array::tests::test_pyclass_intopy_array_conversion ... ok
[INFO] [stdout] test conversions::std::array::tests::test_extract_small_bytearray_to_array ... ok
[INFO] [stdout] test conversions::std::map::tests::test_btreemap_into_py ... ok
[INFO] [stdout] test conversions::std::map::tests::test_hashmap_into_python ... ok
[INFO] [stdout] test buffer::tests::test_debug ... ok
[INFO] [stdout] test conversions::std::ipaddr::test_ipaddr::test_from_pystring ... ok
[INFO] [stdout] test conversions::std::num::test_128bit_integers::test_i128_min ... ok
[INFO] [stdout] test conversions::std::array::tests::test_extract_invalid_sequence_length ... ok
[INFO] [stdout] test conversions::std::num::test_128bit_integers::test_nonzero_i128_min ... ok
[INFO] [stdout] test conversions::std::array::tests::test_array_intopyobject_impl ... ok
[INFO] [stdout] test conversions::std::num::test_128bit_integers::test_nonzero_i128_overflow ... ok
[INFO] [stdout] test conversions::std::num::test_128bit_integers::test_i128_overflow ... ok
[INFO] [stdout] test conversions::std::num::test_128bit_integers::test_nonzero_i128_zero_value ... ok
[INFO] [stdout] test conversions::std::num::tests::i128::from_py_float_type_error ... ok
[INFO] [stdout] test conversions::std::num::test_128bit_integers::test_nonzero_u128_max ... ok
[INFO] [stdout] test conversions::std::num::test_128bit_integers::test_i128_max ... ok
[INFO] [stdout] test conversions::std::num::test_128bit_integers::test_u128_overflow ... ok
[INFO] [stdout] test conversions::std::num::tests::i16::from_py_string_type_error ... ok
[INFO] [stdout] test conversions::std::num::tests::i16::to_py_object_and_back ... ok
[INFO] [stdout] test conversions::std::num::test_128bit_integers::test_u128_max ... ok
[INFO] [stdout] test conversions::std::num::test_128bit_integers::test_nonzero_u128_zero_value ... ok
[INFO] [stdout] test conversions::std::num::tests::i32::from_py_float_type_error ... ok
[INFO] [stdout] test conversions::std::num::tests::i16::from_py_float_type_error ... ok
[INFO] [stdout] test conversions::std::num::test_128bit_integers::test_nonzero_i128_max ... ok
[INFO] [stdout] test conversions::std::num::tests::i32::to_py_object_and_back ... ok
[INFO] [stdout] test conversions::std::num::tests::i64::from_py_string_type_error ... ok
[INFO] [stdout] test conversions::std::num::tests::i128::to_py_object_and_back ... ok
[INFO] [stdout] test conversions::std::num::tests::i8::to_py_object_and_back ... ok
[INFO] [stdout] test conversions::std::num::tests::i64::from_py_float_type_error ... ok
[INFO] [stdout] test conversions::std::num::test_128bit_integers::test_nonzero_u128_overflow ... ok
[INFO] [stdout] test conversions::std::num::tests::i8::from_py_float_type_error ... ok
[INFO] [stdout] test conversions::std::num::tests::i128::from_py_string_type_error ... ok
[INFO] [stdout] test conversions::std::num::tests::isize::to_py_object_and_back ... ok
[INFO] [stdout] test conversions::std::num::tests::nonzero_i128::to_py_object_and_back ... ok
[INFO] [stdout] test conversions::std::num::tests::nonzero_i16::to_py_object_and_back ... ok
[INFO] [stdout] test conversions::std::num::tests::isize::from_py_float_type_error ... ok
[INFO] [stdout] test conversions::std::num::tests::nonzero_i128::from_py_string_type_error ... ok
[INFO] [stdout] test conversions::std::num::tests::isize::from_py_string_type_error ... ok
[INFO] [stdout] test conversions::std::num::tests::i8::from_py_string_type_error ... ok
[INFO] [stdout] test conversions::std::num::tests::nonzero_i128::from_py_float_type_error ... ok
[INFO] [stdout] test conversions::std::num::tests::nonzero_i32::from_py_float_type_error ... ok
[INFO] [stdout] test conversions::std::num::tests::nonzero_i16::from_py_float_type_error ... ok
[INFO] [stdout] test conversions::std::num::tests::nonzero_i32::to_py_object_and_back ... ok
[INFO] [stdout] test conversions::std::num::tests::nonzero_i16::from_py_string_type_error ... ok
[INFO] [stdout] test conversions::std::num::tests::i32::from_py_string_type_error ... ok
[INFO] [stdout] test conversions::std::num::tests::i64::to_py_object_and_back ... ok
[INFO] [stdout] test conversions::std::num::tests::nonzero_isize::from_py_string_type_error ... ok
[INFO] [stdout] test conversions::std::num::tests::nonzero_i8::from_py_string_type_error ... ok
[INFO] [stdout] test conversions::std::num::tests::nonzero_i8::from_py_float_type_error ... ok
[INFO] [stdout] test conversions::std::num::tests::nonzero_u128::to_py_object_and_back ... ok
[INFO] [stdout] test conversions::std::num::tests::nonzero_isize::to_py_object_and_back ... ok
[INFO] [stdout] test conversions::std::num::tests::nonzero_i64::from_py_string_type_error ... ok
[INFO] [stdout] test conversions::std::num::tests::nonzero_i64::from_py_float_type_error ... ok
[INFO] [stdout] test conversions::std::num::tests::nonzero_u16::to_py_object_and_back ... ok
[INFO] [stdout] test conversions::std::num::tests::nonzero_u128::from_py_string_type_error ... ok
[INFO] [stdout] test conversions::std::num::tests::nonzero_isize::from_py_float_type_error ... ok
[INFO] [stdout] test conversions::std::num::tests::nonzero_i64::to_py_object_and_back ... ok
[INFO] [stdout] test conversions::std::num::tests::nonzero_u16::from_py_float_type_error ... ok
[INFO] [stdout] test conversions::std::num::tests::nonzero_u128::from_py_float_type_error ... ok
[INFO] [stdout] test conversions::std::num::tests::nonzero_i8::to_py_object_and_back ... ok
[INFO] [stdout] test conversions::std::num::tests::nonzero_i32::from_py_string_type_error ... ok
[INFO] [stdout] test conversions::std::num::tests::nonzero_u16::from_py_string_type_error ... ok
[INFO] [stdout] test conversions::std::num::tests::nonzero_u32::from_py_float_type_error ... ok
[INFO] [stdout] test conversions::std::num::tests::nonzero_u32::from_py_string_type_error ... ok
[INFO] [stdout] test conversions::std::num::tests::nonzero_u32::to_py_object_and_back ... ok
[INFO] [stdout] test conversions::std::num::tests::nonzero_u64::from_py_float_type_error ... ok
[INFO] [stdout] test conversions::std::num::tests::nonzero_u64::from_py_string_type_error ... ok
[INFO] [stdout] test conversions::std::num::tests::nonzero_u8::to_py_object_and_back ... ok
[INFO] [stdout] test conversions::std::num::tests::nonzero_u64::to_py_object_and_back ... ok
[INFO] [stdout] test conversions::std::num::tests::nonzero_u8::from_py_string_type_error ... ok
[INFO] [stdout] test conversions::std::num::tests::test_i64_bool ... ok
[INFO] [stdout] test conversions::std::num::tests::nonzero_usize::from_py_float_type_error ... ok
[INFO] [stdout] test conversions::std::num::tests::nonzero_u8::from_py_float_type_error ... ok
[INFO] [stdout] test conversions::std::num::tests::nonzero_usize::from_py_string_type_error ... ok
[INFO] [stdout] test conversions::std::num::tests::test_i64_max ... ok
[INFO] [stdout] test conversions::std::num::tests::test_i64_f64 ... ok
[INFO] [stdout] test conversions::std::num::tests::test_nonzero_i64_max ... ok
[INFO] [stdout] test conversions::std::num::tests::test_i64_min ... ok
[INFO] [stdout] test conversions::std::num::tests::test_nonzero_i64_min ... ok
[INFO] [stdout] test conversions::std::num::tests::nonzero_usize::to_py_object_and_back ... ok
[INFO] [stdout] test conversions::std::num::tests::test_nonzero_u32_max ... ok
[INFO] [stdout] test conversions::std::num::tests::test_nonzero_u64_max ... ok
[INFO] [stdout] test conversions::std::num::tests::test_u32_max ... ok
[INFO] [stdout] test conversions::std::num::tests::test_u64_max ... ok
[INFO] [stdout] test conversions::std::num::tests::u16::from_py_string_type_error ... ok
[INFO] [stdout] test conversions::std::num::tests::u32::from_py_float_type_error ... ok
[INFO] [stdout] test conversions::std::num::tests::u16::to_py_object_and_back ... ok
[INFO] [stdout] test conversions::std::num::tests::u128::to_py_object_and_back ... ok
[INFO] [stdout] test conversions::std::num::tests::u64::from_py_float_type_error ... ok
[INFO] [stdout] test conversions::std::num::tests::u16::from_py_float_type_error ... ok
[INFO] [stdout] test conversions::std::num::tests::u32::from_py_string_type_error ... ok
[INFO] [stdout] test conversions::std::num::tests::u64::to_py_object_and_back ... ok
[INFO] [stdout] test conversions::std::num::tests::u128::from_py_string_type_error ... ok
[INFO] [stdout] test conversions::std::num::tests::u8::from_py_float_type_error ... ok
[INFO] [stdout] test conversions::std::num::tests::u32::to_py_object_and_back ... ok
[INFO] [stdout] test conversions::std::num::tests::u8::from_py_string_type_error ... ok
[INFO] [stderr] UnicodeEncodeError: 'ascii' codec can't encode character '\U0001f40d' in position 7: ordinal not in range(128)
[INFO] [stdout] test conversions::std::option::tests::test_option_as_ptr ... ok
[INFO] [stdout] test conversions::std::num::tests::usize::from_py_float_type_error ... ok
[INFO] [stderr] UnicodeEncodeError: 'ascii' codec can't encode character '\U0001f40d' in position 7: ordinal not in range(128)
[INFO] [stdout] test conversions::std::num::tests::usize::to_py_object_and_back ... ok
[INFO] [stdout] test conversions::std::num::tests::u64::from_py_string_type_error ... ok
[INFO] [stdout] test conversions::std::set::tests::test_extract_btreeset ... ok
[INFO] [stdout] test conversions::std::osstr::tests::test_non_utf8_conversion ... ok
[INFO] [stdout] test conversions::std::num::tests::u128::from_py_float_type_error ... ok
[INFO] [stdout] test conversions::std::set::tests::test_extract_hashset ... ok
[INFO] [stdout] test conversions::std::path::tests::test_non_utf8_conversion ... ok
[INFO] [stdout] test conversions::std::num::tests::u8::to_py_object_and_back ... ok
[INFO] [stdout] test conversions::std::num::tests::usize::from_py_string_type_error ... ok
[INFO] [stdout] test conversions::std::path::tests::test_intopyobject_roundtrip ... FAILED
[INFO] [stdout] test conversions::std::osstr::tests::test_intopyobject_roundtrip ... FAILED
[INFO] [stdout] test conversions::std::set::tests::test_set_into_pyobject ... ok
[INFO] [stdout] test conversions::std::set::tests::test_set_into_py ... ok
[INFO] [stdout] test conversions::std::string::tests::test_cow_into_py ... ok
[INFO] [stdout] test conversions::std::slice::tests::test_extract_bytes ... ok
[INFO] [stdout] test conversions::std::slice::tests::test_slice_intopyobject_impl ... ok
[INFO] [stdout] test conversions::std::string::tests::test_cow_into_pyobject ... ok
[INFO] [stdout] test conversions::std::slice::tests::test_cow_intopyobject_impl ... ok
[INFO] [stdout] test conversions::std::string::tests::test_extract_char ... ok
[INFO] [stdout] test conversions::std::string::tests::test_extract_str ... ok
[INFO] [stdout] test conversions::std::string::tests::test_extract_char_err ... ok
[INFO] [stdout] test conversions::std::string::tests::test_string_into_pyobject ... ok
[INFO] [stdout] test conversions::std::time::tests::test_duration_into_pyobject_overflow ... ok
[INFO] [stdout] test conversions::std::slice::tests::test_cow_impl ... ok
[INFO] [stdout] test conversions::std::vec::tests::test_vec_intopyobject_impl ... ok
[INFO] [stdout] test conversions::std::string::tests::test_non_bmp ... ok
[INFO] [stdout] test conversions::std::vec::tests::test_vec_reference_intopyobject_impl ... ok
[INFO] [stdout] test err::err_state::tests::test_reentrant_normalization - should panic ... ok
[INFO] [stdout] test err::tests::err_debug ... ok
[INFO] [stdout] test err::tests::err_display ... ok
[INFO] [stdout] test err::err_state::tests::test_no_deadlock_thread_switch ... ok
[INFO] [stderr] pyo3_runtime.PanicException: new panic
[INFO] [stdout] test buffer::tests::test_array_buffer ... ok
[INFO] [stdout] test err::tests::invalid_error_type ... ok
[INFO] [stdout] test err::impls::tests::io_errors ... ok
[INFO] [stdout] test conversions::std::time::tests::test_duration_frompyobject ... ok
[INFO] [stdout] test conversions::std::ipaddr::test_ipaddr::test_roundtrip ... ok
[INFO] [stdout] test conversions::std::time::tests::test_time_intopyobject_overflow ... ok
[INFO] [stdout] test conversions::std::time::tests::test_time_frompyobject ... ok
[INFO] [stdout] test err::tests::set_typeerror ... ok
[INFO] [stdout] test err::tests::test_pyerr_send_sync ... ok
[INFO] [stdout] test err::tests::no_error ... ok
[INFO] [stdout] test conversions::std::time::tests::test_time_intopyobject ... ok
[INFO] [stdout] test err::tests::set_valueerror ... ok
[INFO] [stdout] test err::tests::fetching_panic_exception_resumes_unwind - should panic ... ok
[INFO] [stderr] pyo3_runtime.PanicException: new panic
[INFO] [stdout] test err::tests::test_pyerr_cause ... ok
[INFO] [stdout] test err::tests::fetching_normalized_panic_exception_resumes_unwind - should panic ... ok
[INFO] [stdout] test err::tests::test_pyerr_matches ... ok
[INFO] [stdout] test conversions::std::time::tests::test_duration_into_pyobject ... ok
[INFO] [stdout] test conversions::std::time::tests::test_duration_frompyobject_negative ... ok
[INFO] [stdout] test conversions::std::time::tests::test_time_frompyobject_before_epoch ... ok
[INFO] [stdout] test exceptions::tests::PyArithmeticError ... ok
[INFO] [stdout] test conversions::std::num::test_128bit_integers::test_u128_roundtrip ... ok
[INFO] [stdout] test exceptions::tests::PyAssertionError ... ok
[INFO] [stdout] test exceptions::tests::PyAttributeError ... ok
[INFO] [stdout] test exceptions::tests::PyBaseException ... ok
[INFO] [stdout] test conversions::std::num::test_128bit_integers::test_nonzero_u128_roundtrip ... ok
[INFO] [stdout] test exceptions::tests::PyBrokenPipeError ... ok
[INFO] [stdout] test exceptions::tests::PyBytesWarning ... ok
[INFO] [stdout] test exceptions::tests::PyChildProcessError ... ok
[INFO] [stdout] test exceptions::tests::PyBlockingIOError ... ok
[INFO] [stdout] test exceptions::tests::PyConnectionAbortedError ... ok
[INFO] [stdout] test exceptions::tests::PyConnectionError ... ok
[INFO] [stdout] test exceptions::tests::PyConnectionRefusedError ... ok
[INFO] [stdout] test exceptions::tests::PyConnectionResetError ... ok
[INFO] [stdout] test exceptions::tests::PyEOFError ... ok
[INFO] [stdout] test exceptions::tests::PyDeprecationWarning ... ok
[INFO] [stdout] test exceptions::tests::PyEncodingWarning ... ok
[INFO] [stdout] test exceptions::tests::PyEnvironmentError ... ok
[INFO] [stdout] test exceptions::tests::PyException ... ok
[INFO] [stdout] test exceptions::tests::PyFileExistsError ... ok
[INFO] [stdout] test exceptions::tests::PyFileNotFoundError ... ok
[INFO] [stdout] test exceptions::tests::PyFloatingPointError ... ok
[INFO] [stdout] test exceptions::tests::PyFutureWarning ... ok
[INFO] [stdout] test exceptions::tests::PyBufferError ... ok
[INFO] [stdout] test exceptions::tests::PyImportError ... ok
[INFO] [stdout] test exceptions::tests::PyGeneratorExit ... ok
[INFO] [stdout] test exceptions::tests::PyIOError ... ok
[INFO] [stdout] test exceptions::tests::PyIndexError ... ok
[INFO] [stdout] test exceptions::tests::PyIsADirectoryError ... ok
[INFO] [stdout] test conversions::std::num::test_128bit_integers::test_nonzero_i128_roundtrip ... ok
[INFO] [stdout] test exceptions::tests::PyInterruptedError ... ok
[INFO] [stdout] test exceptions::tests::PyImportWarning ... ok
[INFO] [stdout] test exceptions::tests::PyKeyError ... ok
[INFO] [stdout] test exceptions::tests::PyKeyboardInterrupt ... ok
[INFO] [stdout] test conversions::std::num::test_128bit_integers::test_i128_roundtrip ... ok
[INFO] [stdout] test exceptions::tests::PyLookupError ... ok
[INFO] [stdout] test exceptions::tests::PyModuleNotFoundError ... ok
[INFO] [stdout] test exceptions::tests::PyMemoryError ... ok
[INFO] [stdout] test exceptions::tests::PyNotADirectoryError ... ok
[INFO] [stdout] test exceptions::tests::PyNameError ... ok
[INFO] [stdout] test exceptions::tests::PyNotImplementedError ... ok
[INFO] [stdout] test exceptions::tests::PyOSError ... ok
[INFO] [stdout] test exceptions::tests::PyPermissionError ... ok
[INFO] [stdout] test exceptions::tests::PyOverflowError ... ok
[INFO] [stdout] test exceptions::tests::PyRuntimeError ... ok
[INFO] [stdout] test exceptions::tests::PyProcessLookupError ... ok
[INFO] [stdout] test exceptions::tests::PyRecursionError ... ok
[INFO] [stdout] test exceptions::tests::PyPendingDeprecationWarning ... ok
[INFO] [stdout] test exceptions::socket::tests::herror ... ok
[INFO] [stdout] test exceptions::tests::PyReferenceError ... ok
[INFO] [stdout] test exceptions::tests::PySyntaxError ... ok
[INFO] [stdout] test exceptions::tests::PyStopIteration ... ok
[INFO] [stdout] test exceptions::tests::PySystemError ... ok
[INFO] [stdout] test exceptions::tests::PySystemExit ... ok
[INFO] [stdout] test exceptions::tests::PyTimeoutError ... ok
[INFO] [stdout] test exceptions::socket::tests::gaierror ... ok
[INFO] [stdout] test exceptions::tests::PyTypeError ... ok
[INFO] [stdout] test exceptions::socket::tests::timeout ... ok
[INFO] [stdout] test exceptions::tests::PyUnicodeDecodeError ... ok
[INFO] [stdout] test exceptions::tests::PyUnboundLocalError ... ok
[INFO] [stdout] test exceptions::tests::PyRuntimeWarning ... ok
[INFO] [stdout] test exceptions::tests::PyStopAsyncIteration ... ok
[INFO] [stdout] test exceptions::tests::PySyntaxWarning ... ok
[INFO] [stdout] test exceptions::tests::PyUnicodeEncodeError ... ok
[INFO] [stdout] test exceptions::tests::PyUnicodeWarning ... ok
[INFO] [stdout] test exceptions::tests::PyUnicodeError ... ok
[INFO] [stdout] test exceptions::tests::PyUserWarning ... ok
[INFO] [stdout] test exceptions::tests::PyZeroDivisionError ... ok
[INFO] [stdout] test exceptions::tests::custom_exception_doc_expr ... ok
[INFO] [stdout] test exceptions::tests::custom_exception_dotted_module ... ok
[INFO] [stdout] test exceptions::tests::PyValueError ... ok
[INFO] [stdout] test exceptions::tests::custom_exception_doc ... ok
[INFO] [stdout] test exceptions::tests::custom_exception ... ok
[INFO] [stdout] test exceptions::tests::PyWarning ... ok
[INFO] [stdout] test exceptions::tests::native_exception_debug ... ok
[INFO] [stdout] test exceptions::tests::PyUnicodeTranslateError ... ok
[INFO] [stdout] test err::tests::warnings ... ok
[INFO] [stdout] test exceptions::tests::native_exception_display ... ok
[INFO] [stdout] test ffi::tests::ascii_object_bitfield ... ok
[INFO] [stdout] test ffi::tests::test_get_tzinfo ... ok
[INFO] [stdout] test exceptions::tests::test_check_exception ... ok
[INFO] [stdout] test ffi::tests::test_date_fromtimestamp ... ok
[INFO] [stdout] test ffi::tests::test_inc_dec_ref ... ok
[INFO] [stdout] test ffi::tests::test_datetime_fromtimestamp ... ok
[INFO] [stdout] test exceptions::tests::unicode_decode_error ... ok
[INFO] [stdout] test ffi::tests::test_utc_timezone ... ok
[INFO] [stdout] test gil::tests::dropping_gil_does_not_invalidate_references ... ok
[INFO] [stdout] test ffi::tests::ascii ... ok
[INFO] [stdout] test ffi::tests::ucs4 ... ok
[INFO] [stdout] test ffi::tests::test_timezone_from_offset_and_name ... ok
[INFO] [stdout] test gil::tests::test_allow_threads ... ok
[INFO] [stdout] test gil::tests::test_pyobject_drop_without_gil_doesnt_decrease_refcnt ... ok
[INFO] [stdout] test gil::tests::test_pyobject_drop_with_gil_decreases_refcnt ... ok
[INFO] [stdout] test gil::tests::test_gil_counts ... ok
[INFO] [stdout] test ffi::tests::test_timezone_from_offset ... ok
[INFO] [stdout] test gil::tests::test_update_counts_does_not_deadlock ... ok
[INFO] [stdout] test impl_::extract_argument::tests::push_parameter_list_four ... ok
[INFO] [stdout] test impl_::extract_argument::tests::push_parameter_list_one ... ok
[INFO] [stdout] test gil::tests::test_gil_guard_update_counts ... ok
[INFO] [stdout] test impl_::extract_argument::tests::push_parameter_list_three ... ok
[INFO] [stdout] test impl_::extract_argument::tests::push_parameter_list_two ... ok
[INFO] [stdout] test impl_::extract_argument::tests::keyword_not_string ... ok
[INFO] [stdout] test impl_::extract_argument::tests::missing_required_arguments ... ok
[INFO] [stdout] test impl_::extract_argument::tests::unexpected_keyword_argument ... ok
[INFO] [stdout] test impl_::pyclass::assertions::tests::test_assert_pyclass_sync ... ok
[INFO] [stdout] test impl_::pyclass::tests::get_py_for_frozen_class ... ok
[INFO] [stdout] test impl_::pyclass::tests::get_py_for_non_frozen_class ... ok
[INFO] [stdout] test impl_::pymethods::tests::test_fastcall_function_with_keywords ... ok
[INFO] [stdout] test impl_::pymodule::tests::module_def_new ... ok
[INFO] [stdout] test impl_::pymodule::tests::module_init ... ok
[INFO] [stdout] test impl_::wrap::tests::wrap_option ... ok
[INFO] [stdout] test impl_::extract_argument::tests::push_parameter_list_empty ... ok
[INFO] [stdout] test instance::tests::attr ... ok
[INFO] [stdout] test instance::tests::invalid_attr ... ok
[INFO] [stdout] test instance::tests::py_from_dict ... ok
[INFO] [stdout] test instance::tests::explicit_drop_ref ... ok
[INFO] [stdout] test instance::tests::test_bound_as_any ... ok
[INFO] [stdout] test instance::tests::pystring_attr ... ok
[INFO] [stdout] test instance::tests::pyobject_from_py ... ok
[INFO] [stdout] test instance::tests::borrowed_ptr_constructors ... ok
[INFO] [stdout] test instance::tests::bound_from_borrowed_ptr_constructors ... ok
[INFO] [stdout] test instance::tests::test_bound_into_any ... ok
[INFO] [stdout] test instance::tests::test_bound_py_conversions ... ok
[INFO] [stdout] test instance::tests::test_call ... ok
[INFO] [stdout] test instance::tests::test_debug_fmt ... ok
[INFO] [stdout] test instance::tests::test_py2_from_py_object ... ok
[INFO] [stdout] test instance::tests::test_py2_into_py_object ... ok
[INFO] [stdout] test instance::tests::using_macros::py_borrow_methods ... ok
[INFO] [stdout] test instance::tests::using_macros::test_frozen_get ... ok
[INFO] [stdout] test marker::tests::test_acquire_gil ... ok
[INFO] [stdout] test instance::tests::using_macros::test_into_super ... ok
[INFO] [stdout] test instance::tests::using_macros::test_as_super ... ok
[INFO] [stdout] test instance::tests::using_macros::bound_borrow_methods ... ok
[INFO] [stdout] test instance::tests::test_call_for_non_existing_method ... ok
[INFO] [stdout] test marker::tests::test_ellipsis ... ok
[INFO] [stdout] test marker::tests::test_eval ... ok
[INFO] [stdout] test pybacked::test::py_backed_bytes ... ok
[INFO] [stdout] test pybacked::test::py_backed_bytes_empty ... ok
[INFO] [stdout] test pybacked::test::py_backed_bytes_from_bytearray ... ok
[INFO] [stdout] test marshal::tests::marshal_roundtrip ... ok
[INFO] [stdout] test marker::tests::test_allow_threads_panics_safely ... ok
[INFO] [stdout] test marker::tests::test_py_run_inserts_globals ... ok
[INFO] [stdout] test pybacked::test::py_backed_str ... ok
[INFO] [stdout] test pybacked::test::py_backed_str_empty ... ok
[INFO] [stdout] test pybacked::test::py_backed_bytes_from_bytes ... ok
[INFO] [stdout] test pybacked::test::py_backed_bytes_into_pyobject ... ok
[INFO] [stdout] test marker::tests::test_allow_threads_releases_and_acquires_gil ... ok
[INFO] [stdout] test pybacked::test::py_backed_str_into_py ... ok
[INFO] [stdout] test marker::tests::test_allow_threads_pass_stuff_in ... ok
[INFO] [stdout] test instance::tests::test_display_fmt ... ok
[INFO] [stdout] test exceptions::tests::test_check_exception_nested ... ok
[INFO] [stdout] test pybacked::test::py_backed_str_into_pyobject ... ok
[INFO] [stdout] test pybacked::test::rust_backed_bytes_into_pyobject ... ok
[INFO] [stdout] test pybacked::test::test_backed_bytes_ord ... ok
[INFO] [stdout] test pybacked::test::test_backed_bytes_eq ... ok
[INFO] [stdout] test pybacked::test::test_backed_types_send_sync ... ok
[INFO] [stdout] test pybacked::test::test_backed_str_ord ... ok
[INFO] [stdout] test pybacked::test::test_backed_bytes_hash ... ok
[INFO] [stdout] test pycell::impl_::tests::test_immutable_borrows_prevent_mutable_borrows ... ok
[INFO] [stdout] test pybacked::test::test_backed_str_hash ... ok
[INFO] [stdout] test pycell::impl_::tests::test_mutable_borrow_prevents_further_borrows ... ok
[INFO] [stdout] test pycell::tests::test_into_ptr ... ok
[INFO] [stdout] test pybacked::test::test_backed_str_eq ... ok
[INFO] [stdout] test pycell::tests::test_pyrefs_in_python ... ok
[INFO] [stdout] test pyclass::gc::tests::py_visit_not_send_sync ... ok
[INFO] [stdout] test pycell::tests::test_pyrefmut_as_super ... ok
[INFO] [stdout] test pybacked::test::py_backed_str_try_from ... ok
[INFO] [stdout] test pyclass::tests::test_compare_op_matches ... ok
[INFO] [stdout] test pycell::impl_::tests::test_inherited_mutability ... ok
[INFO] [stdout] test pycell::tests::test_pyref_as_super ... ok
[INFO] [stdout] test sync::tests::test_once_cell ... ok
[INFO] [stdout] test pycell::impl_::tests::test_thread_safety ... ok
[INFO] [stdout] test sync::tests::test_once_cell_drop ... ok
[INFO] [stdout] test sync::tests::test_intern ... ok
[INFO] [stdout] test sync::tests::test_once_lock_ext ... ok
[INFO] [stdout] test pyclass_init::tests::add_subclass_to_py_is_unsound - should panic ... ok
[INFO] [stdout] test types::any::tests::test_any_contains ... ok
[INFO] [stdout] test tests::hygiene::pyfunction::invoke_wrap_pyfunction ... ok
[INFO] [stdout] test types::any::tests::test_any_is_exact_instance ... ok
[INFO] [stdout] test sync::tests::test_critical_section ... ok
[INFO] [stdout] test pycell::tests::test_as_ptr ... ok
[INFO] [stdout] test types::any::tests::test_any_is_exact_instance_of ... ok
[INFO] [stdout] test types::any::tests::test_call_for_non_existing_method ... ok
[INFO] [stdout] test types::any::tests::test_any_is_instance_of ... ok
[INFO] [stdout] test types::any::tests::test_call_with_kwargs ... ok
[INFO] [stdout] test types::any::tests::test_dir ... ok
[INFO] [stdout] test types::any::tests::test_eq_methods_integers ... ok
[INFO] [stdout] test types::any::tests::test_eq_methods_floats ... ok
[INFO] [stdout] test sync::tests::test_once_ext ... ok
[INFO] [stdout] test types::any::tests::test_eq_methods_bools ... ok
[INFO] [stdout] test types::any::tests::test_is_callable ... ok
[INFO] [stdout] test types::any::tests::test_is_ellipsis ... ok
[INFO] [stdout] test types::any::tests::test_any_is_instance ... ok
[INFO] [stdout] test types::any::tests::test_hasattr ... ok
[INFO] [stdout] test types::any::tests::test_eq_methods_strings ... ok
[INFO] [stdout] test types::any::tests::test_hasattr_error ... ok
[INFO] [stdout] test types::any::tests::test_call_method0 ... ok
[INFO] [stdout] test types::any::tests::test_fallible_dir ... ok
[INFO] [stdout] test types::any::tests::test_is_empty ... ok
[INFO] [stdout] test types::any::tests::test_lookup_special ... ok
[INFO] [stdout] test types::any::tests::test_rich_compare_type_error ... ok
[INFO] [stdout] test types::boolobject::tests::test_false ... ok
[INFO] [stdout] test types::boolobject::tests::test_true ... ok
[INFO] [stdout] test types::bytearray::tests::test_as_bytes ... ok
[INFO] [stdout] test types::bytearray::tests::test_as_bytes_mut ... ok
[INFO] [stdout] test types::any::tests::test_type ... ok
[INFO] [stdout] test types::any::tests::test_nan_eq ... ok
[INFO] [stdout] test types::bytearray::tests::test_byte_array_new_with ... ok
[INFO] [stdout] test types::bytearray::tests::test_from ... ok
[INFO] [stdout] test types::bytearray::tests::test_len ... ok
[INFO] [stdout] test types::bytearray::tests::test_from_err ... ok
[INFO] [stdout] test types::bytearray::tests::test_byte_array_new_with_error ... ok
[INFO] [stdout] test types::bytearray::tests::test_try_from ... ok
[INFO] [stdout] test types::bytearray::tests::test_byte_array_new_with_zero_initialised ... ok
[INFO] [stdout] test types::bytearray::tests::test_to_vec ... ok
[INFO] [stdout] test types::bytearray::tests::test_resize ... ok
[INFO] [stdout] test types::bytes::tests::test_bound_bytes_index ... ok
[INFO] [stdout] test types::bytes::tests::test_bytes_new_with ... ok
[INFO] [stdout] test types::bytes::tests::test_bytes_index ... ok
[INFO] [stdout] test types::bytes::tests::test_bytes_new_with_zero_initialised ... ok
[INFO] [stdout] test types::capsule::tests::test_pycapsule_context ... ok
[INFO] [stdout] test types::boolobject::tests::test_pybool_comparisons ... ok
[INFO] [stdout] test types::capsule::tests::test_pycapsule_no_name ... ok
[INFO] [stdout] test types::bytes::tests::test_bytes_new_with_error ... ok
[INFO] [stdout] test types::capsule::tests::test_pycapsule_struct ... ok
[INFO] [stdout] test types::capsule::tests::test_pycapsule_destructor ... ok
[INFO] [stdout] test types::capsule::tests::test_vec_context ... ok
[INFO] [stdout] test types::code::tests::test_type_object ... ok
[INFO] [stdout] test types::bytes::tests::test_comparisons ... ok
[INFO] [stdout] test types::capsule::tests::test_pycapsule_func ... ok
[INFO] [stdout] test types::capsule::tests::test_pycapsule_import ... ok
[INFO] [stdout] test types::complex::not_limited_impls::tests::test_mul ... ok
[INFO] [stdout] test types::complex::not_limited_impls::tests::test_add ... ok
[INFO] [stdout] test types::complex::not_limited_impls::tests::test_neg ... ok
[INFO] [stdout] test types::complex::not_limited_impls::tests::test_div ... ok
[INFO] [stdout] test types::complex::not_limited_impls::tests::test_sub ... ok
[INFO] [stdout] test types::capsule::tests::test_vec_storage ... ok
[INFO] [stdout] test types::complex::not_limited_impls::tests::test_pow ... ok
[INFO] [stdout] test types::complex::not_limited_impls::tests::test_abs ... ok
[INFO] [stdout] test types::complex::tests::test_from_double ... ok
[INFO] [stdout] test types::dict::tests::dict_items_view ... ok
[INFO] [stdout] test types::dict::tests::dict_into_mapping ... ok
[INFO] [stdout] test types::dict::tests::dict_update_if_missing ... ok
[INFO] [stdout] test types::datetime::tests::test_new_with_fold ... ok
[INFO] [stdout] test types::dict::tests::dict_update ... ok
[INFO] [stdout] test types::datetime::tests::test_date_fromtimestamp ... ok
[INFO] [stdout] test types::dict::tests::test_copy ... ok
[INFO] [stdout] test types::dict::tests::dict_keys_view ... ok
[INFO] [stdout] test types::dict::tests::test_btreemap_into_dict ... ok
[INFO] [stdout] test types::datetime::tests::test_datetime_fromtimestamp ... ok
[INFO] [stdout] test types::dict::tests::test_contains ... ok
[INFO] [stdout] test types::dict::tests::test_from_sequence_err ... ok
[INFO] [stdout] test types::dict::tests::test_del_item ... ok
[INFO] [stdout] test types::dict::tests::dict_values_view ... ok
[INFO] [stdout] test types::dict::tests::test_del_item_does_not_update_original_object ... ok
[INFO] [stdout] test types::dict::tests::test_hashmap_into_dict ... ok
[INFO] [stdout] test types::datetime::tests::test_get_tzinfo ... ok
[INFO] [stdout] test types::dict::tests::test_into_iter ... ok
[INFO] [stdout] test types::dict::tests::test_get_item ... ok
[INFO] [stdout] test types::dict::tests::test_iter_all ... ok
[INFO] [stdout] test types::dict::tests::test_items ... ok
[INFO] [stdout] test types::dict::tests::test_iter_any ... ok
[INFO] [stdout] test types::dict::tests::test_iter_find ... ok
[INFO] [stdout] test types::dict::tests::test_get_item_error_path ... ok
[INFO] [stdout] test types::dict::tests::test_iter_key_mutated - should panic ... ok
[INFO] [stdout] test types::dict::tests::dict_as_mapping ... ok
[INFO] [stdout] test types::dict::tests::test_iter_bound ... ok
[INFO] [stdout] test types::dict::tests::test_from_sequence ... ok
[INFO] [stdout] test types::dict::tests::test_iter_fold ... ok
[INFO] [stdout] test types::dict::tests::test_iter_position ... ok
[INFO] [stdout] test types::dict::tests::test_iter_size_hint ... ok
[INFO] [stdout] test types::dict::tests::test_iter_key_mutated_constant_len - should panic ... ok
[INFO] [stdout] test types::dict::tests::test_iter_try_fold ... ok
[INFO] [stdout] test types::dict::tests::test_iter_value_mutated ... ok
[INFO] [stdout] test types::dict::tests::test_keys ... ok
[INFO] [stdout] test types::dict::tests::test_new ... ok
[INFO] [stdout] test types::dict::tests::test_set_item_does_not_update_original_object ... ok
[INFO] [stdout] test types::dict::tests::test_set_item_refcnt ... ok
[INFO] [stdout] test types::dict::tests::test_set_item ... ok
[INFO] [stdout] test types::dict::tests::test_iter ... ok
[INFO] [stdout] test types::dict::tests::test_len ... ok
[INFO] [stdout] test types::dict::tests::test_values ... ok
[INFO] [stdout] test types::ellipsis::tests::test_dict_is_not_ellipsis ... ok
[INFO] [stdout] test types::ellipsis::tests::test_ellipsis_is_itself ... ok
[INFO] [stdout] test types::float::tests::test_float_value ... ok
[INFO] [stdout] test types::dict::tests::test_vec_into_dict ... ok
[INFO] [stdout] test types::dict::tests::test_slice_into_dict ... ok
[INFO] [stdout] test types::ellipsis::tests::test_ellipsis_type_object_consistent ... ok
[INFO] [stdout] test types::float::tests::to_from_f64 ... ok
[INFO] [stdout] test types::float::tests::int_to_float ... ok
[INFO] [stdout] test types::frozenset::tests::test_frozenset_iter ... ok
[INFO] [stdout] test types::frozenset::tests::test_frozenset_iter_bound ... ok
[INFO] [stdout] test types::frozenset::tests::test_frozenset_iter_size_hint ... ok
[INFO] [stdout] test types::frozenset::tests::test_frozenset_builder ... ok
[INFO] [stdout] test types::frozenset::tests::test_frozenset_empty ... ok
[INFO] [stdout] test types::float::tests::test_pyfloat_comparisons ... ok
[INFO] [stdout] test types::frozenset::tests::test_frozenset_contains ... ok
[INFO] [stdout] test types::float::tests::to_from_f32 ... ok
[INFO] [stdout] test types::iterator::tests::fibonacci_generator_bound ... ok
[INFO] [stdout] test types::iterator::tests::iter_item_refcnt ... ok
[INFO] [stdout] test types::iterator::tests::length_hint_becomes_size_hint_lower_bound ... ok
[INFO] [stdout] test types::iterator::tests::python_class_iterator ... ok
[INFO] [stdout] test types::list::tests::bad_intopyobject_doesnt_cause_leaks ... ok
[INFO] [stdout] test types::iterator::tests::int_not_iterable ... ok
[INFO] [stdout] test types::frozenset::tests::test_frozenset_new_and_len ... ok
[INFO] [stdout] test types::iterator::tests::fibonacci_generator ... ok
[INFO] [stdout] test types::iterator::tests::python_class_not_iterator ... ok
[INFO] [stdout] test types::iterator::tests::vec_iter ... ok
[INFO] [stdout] test types::iterator::tests::iter_refcnt ... ok
[INFO] [stdout] test pycell::impl_::tests::test_thread_safety_2 ... ok
[INFO] [stdout] test types::list::tests::overflowing_size - should panic ... ok
[INFO] [stdout] test types::list::tests::test_get_slice ... ok
[INFO] [stdout] test types::list::tests::test_insert_refcnt ... ok
[INFO] [stdout] test types::list::tests::test_array_into_pyobject ... ok
[INFO] [stdout] test types::list::tests::test_append ... ok
[INFO] [stdout] test types::list::tests::test_append_refcnt ... ok
[INFO] [stdout] test types::list::tests::test_extract ... ok
[INFO] [stdout] test types::list::tests::test_as_sequence ... ok
[INFO] [stdout] test types::list::tests::test_insert ... ok
[INFO] [stdout] test types::list::tests::test_get_item ... ok
[INFO] [stdout] test types::list::tests::test_into_iter ... ok
[INFO] [stdout] test types::list::tests::test_into_iter_bound ... ok
[INFO] [stdout] test types::list::tests::test_list_contains ... ok
[INFO] [stdout] test types::list::tests::test_into_sequence ... ok
[INFO] [stdout] test types::list::tests::test_iter_rev ... ok
[INFO] [stdout] test types::list::tests::test_iter_size_hint ... ok
[INFO] [stdout] test types::list::tests::test_list_del_item ... ok
[INFO] [stdout] test types::list::tests::test_list_del_slice ... ok
[INFO] [stdout] test types::list::tests::test_len ... ok
[INFO] [stdout] test types::list::tests::test_iter ... ok
[INFO] [stdout] test types::list::tests::test_list_get_item_invalid_index ... ok
[INFO] [stdout] test types::list::tests::test_new ... ok
[INFO] [stdout] test types::list::tests::test_list_index ... ok
[INFO] [stdout] test types::list::tests::test_list_get_item_sanity ... ok
[INFO] [stdout] test types::list::tests::test_list_to_tuple ... ok
[INFO] [stdout] test types::list::tests::test_reverse ... ok
[INFO] [stdout] test types::list::tests::test_set_item ... ok
[INFO] [stdout] test types::list::tests::test_set_item_refcnt ... ok
[INFO] [stdout] test types::list::tests::test_sort ... ok
[INFO] [stdout] test types::list::tests::test_list_set_slice ... ok
[INFO] [stdout] test types::list::tests::test_list_get_item_unchecked_sanity ... ok
[INFO] [stdout] test types::list::tests::too_long_iterator - should panic ... ok
[INFO] [stdout] test types::mapping::tests::test_values ... ok
[INFO] [stdout] test types::mapping::tests::test_keys ... ok
[INFO] [stdout] test types::mapping::tests::test_contains ... ok
[INFO] [stdout] test types::mapping::tests::test_del_item ... ok
[INFO] [stdout] test types::mapping::tests::test_len ... ok
[INFO] [stdout] test types::mappingproxy::tests::get_value_from_mappingproxy_of_strings ... ok
[INFO] [stdout] test types::list::tests::too_short_iterator - should panic ... ok
[INFO] [stdout] test types::mappingproxy::tests::mappingproxy_items_view ... ok
[INFO] [stdout] test types::mappingproxy::tests::get_value_from_mappingproxy_of_integers ... ok
[INFO] [stdout] test types::mappingproxy::tests::test_btreemap_into_mappingproxy ... ok
[INFO] [stdout] test types::mappingproxy::tests::iter_mappingproxy_nosegv ... ok
[INFO] [stdout] test types::mapping::tests::test_set_item ... ok
[INFO] [stdout] test types::mappingproxy::tests::mappingproxy_keys_view ... ok
[INFO] [stdout] test types::mappingproxy::tests::mappingproxy_as_mapping ... ok
[INFO] [stdout] test types::mapping::tests::test_items ... ok
[INFO] [stdout] test types::mapping::tests::test_get_item ... ok
[INFO] [stdout] test types::mappingproxy::tests::test_contains ... ok
[INFO] [stdout] test types::mappingproxy::tests::test_hashmap_into_mappingproxy ... ok
[INFO] [stdout] test types::mappingproxy::tests::mappingproxy_values_view ... ok
[INFO] [stdout] test types::mappingproxy::tests::test_isempty ... ok
[INFO] [stdout] test types::mappingproxy::tests::test_items ... ok
[INFO] [stdout] test types::mappingproxy::tests::test_keys ... ok
[INFO] [stdout] test types::mappingproxy::tests::test_iter ... ok
[INFO] [stdout] test types::mappingproxy::tests::test_new ... ok
[INFO] [stdout] test types::mappingproxy::tests::test_values ... ok
[INFO] [stdout] test types::mappingproxy::tests::test_vec_into_mappingproxy ... ok
[INFO] [stdout] test types::mappingproxy::tests::test_slice_into_mappingproxy ... ok
[INFO] [stdout] test types::mappingproxy::tests::test_get_item ... ok
[INFO] [stdout] test types::module::tests::module_filename ... ok
[INFO] [stdout] test types::none::tests::test_none_is_itself ... ok
[INFO] [stdout] test types::mappingproxy::tests::test_btreemap_into_py ... ok
[INFO] [stdout] test types::none::tests::test_dict_is_not_none ... ok
[INFO] [stdout] test types::module::tests::module_import_and_name ... ok
[INFO] [stdout] test types::none::tests::test_none_type_object_consistent ... ok
[INFO] [stdout] test types::none::tests::test_none_is_none ... ok
[INFO] [stdout] test types::mappingproxy::tests::test_len ... ok
[INFO] [stdout] test types::mappingproxy::tests::test_hashmap_into_python ... ok
[INFO] [stdout] test types::none::tests::test_unit_into_py_is_none ... ok
[INFO] [stdout] test types::notimplemented::tests::test_dict_is_not_notimplemented ... ok
[INFO] [stdout] test types::notimplemented::tests::test_notimplemented_is_itself ... ok
[INFO] [stdout] test types::notimplemented::tests::test_notimplemented_type_object_consistent ... ok
[INFO] [stdout] test types::num::tests::test_partial_eq ... ok
[INFO] [stdout] test types::none::tests::test_unit_to_object_is_none ... ok
[INFO] [stdout] test types::sequence::tests::test_del_slice ... ok
[INFO] [stdout] test types::mappingproxy::tests::test_set_item_refcnt ... ok
[INFO] [stdout] test types::sequence::tests::test_extract_bytearray_to_vec ... ok
[INFO] [stdout] test types::sequence::tests::test_extract_range_to_vec ... ok
[INFO] [stdout] test types::sequence::tests::test_extract_tuple_to_vec ... ok
[INFO] [stdout] test types::sequence::tests::test_list_coercion ... ok
[INFO] [stdout] test types::sequence::tests::test_numbers_are_not_sequences ... ok
[INFO] [stdout] test types::sequence::tests::test_lists_coerce_to_tuples ... ok
[INFO] [stdout] test types::sequence::tests::test_seq_concat ... ok
[INFO] [stdout] test types::sequence::tests::test_seq_concat_string ... ok
[INFO] [stdout] test types::sequence::tests::test_seq_contains ... ok
[INFO] [stdout] test types::sequence::tests::test_seq_downcast_unchecked ... ok
[INFO] [stdout] test types::sequence::tests::test_seq_index ... ok
[INFO] [stdout] test types::sequence::tests::test_seq_get_item ... ok
[INFO] [stdout] test types::sequence::tests::test_seq_inplace ... ok
[INFO] [stdout] test types::sequence::tests::test_seq_count ... ok
[INFO] [stdout] test types::sequence::tests::test_seq_del_item ... ok
[INFO] [stdout] test types::sequence::tests::test_seq_iter ... ok
[INFO] [stdout] test types::sequence::tests::test_seq_repeat ... ok
[INFO] [stdout] test types::sequence::tests::test_seq_strings ... ok
[INFO] [stdout] test types::sequence::tests::test_set_slice ... ok
[INFO] [stdout] test types::sequence::tests::test_seq_empty ... ok
[INFO] [stdout] test types::sequence::tests::test_seq_set_item ... ok
[INFO] [stdout] test types::sequence::tests::test_seq_get_slice ... ok
[INFO] [stdout] test types::set::tests::test_set_contains ... ok
[INFO] [stdout] test types::sequence::tests::test_strings_cannot_be_extracted_to_vec ... ok
[INFO] [stdout] test types::set::tests::test_set_add ... ok
[INFO] [stdout] test types::sequence::tests::test_strings_are_sequences ... ok
[INFO] [stdout] test types::set::tests::test_set_empty ... ok
[INFO] [stdout] test types::sequence::tests::test_seq_set_item_refcnt ... ok
[INFO] [stdout] test types::set::tests::test_set_discard ... ok
[INFO] [stdout] test types::sequence::tests::test_tuple_coercion ... ok
[INFO] [stdout] test types::sequence::tests::test_seq_is_empty ... ok
[INFO] [stdout] test types::set::tests::test_set_clear ... ok
[INFO] [stdout] test types::sequence::tests::test_strings_coerce_to_lists ... ok
[INFO] [stdout] test types::set::tests::test_set_new ... ok
[INFO] [stdout] test types::set::tests::test_set_iter_bound ... ok
[INFO] [stdout] test types::set::tests::test_set_iter ... ok
[INFO] [stdout] test types::set::tests::test_set_iter_mutation - should panic ... ok
[INFO] [stdout] test types::set::tests::test_set_iter_size_hint ... ok
[INFO] [stdout] test types::set::tests::test_set_iter_mutation_same_len - should panic ... ok
[INFO] [stdout] test types::slice::tests::test_py_slice_indices_new ... ok
[INFO] [stdout] test types::string::tests::test_display_string ... ok
[INFO] [stdout] test types::slice::tests::test_py_slice_full ... ok
[INFO] [stdout] test types::string::tests::test_comparisons ... ok
[INFO] [stdout] test types::string::tests::test_debug_string ... ok
[INFO] [stdout] test types::set::tests::test_set_len ... ok
[INFO] [stdout] test types::slice::tests::test_py_slice_new ... ok
[INFO] [stdout] test types::string::tests::test_encode_utf8_unicode ... ok
[INFO] [stdout] test types::string::tests::test_py_to_str_utf8 ... ok
[INFO] [stdout] test types::string::tests::test_py_to_string_lossy ... ok
[INFO] [stdout] test types::string::tests::test_string_data_ucs1 ... ok
[INFO] [stdout] test types::string::tests::test_intern_string ... ok
[INFO] [stdout] test types::string::tests::test_encode_utf8_surrogate ... ok
[INFO] [stdout] test types::string::tests::test_py_to_str_surrogate ... ok
[INFO] [stdout] test types::string::tests::test_string_data_ucs1_invalid ... ok
[INFO] [stdout] test types::string::tests::test_string_data_ucs4 ... ok
[INFO] [stdout] test types::string::tests::test_to_cow_unicode ... ok
[INFO] [stdout] test types::string::tests::test_string_data_ucs2 ... ok
[INFO] [stdout] test types::string::tests::test_string_data_ucs4_invalid ... ok
[INFO] [stdout] test types::string::tests::test_to_cow_surrogate ... ok
[INFO] [stdout] test types::string::tests::test_string_data_ucs2_invalid ... ok
[INFO] [stdout] test types::string::tests::test_to_string_lossy ... ok
[INFO] [stdout] test types::tuple::tests::bad_intopyobject_doesnt_cause_leaks_2 ... ok
[INFO] [stdout] test types::tuple::tests::bad_intopyobject_doesnt_cause_leaks ... ok
[INFO] [stdout] test types::string::tests::test_to_cow_utf8 ... ok
[INFO] [stdout] test types::traceback::tests::test_err_from_value ... ok
[INFO] [stdout] test types::tuple::tests::overflowing_size - should panic ... ok
[INFO] [stdout] test types::tuple::tests::test_empty ... ok
[INFO] [stdout] test types::tuple::tests::test_as_slice ... ok
[INFO] [stdout] test types::tuple::tests::test_into_iter ... ok
[INFO] [stdout] test types::tuple::tests::test_bound_tuple_get_item ... ok
[INFO] [stdout] test types::tuple::tests::test_into_iter_bound ... ok
[INFO] [stdout] test types::tuple::tests::test_len ... ok
[INFO] [stdout] test types::tuple::tests::test_iter_rev ... ok
[INFO] [stdout] test types::tuple::tests::test_bound_iter ... ok
[INFO] [stdout] test types::tuple::tests::test_bound_iter_rev ... ok
[INFO] [stdout] test types::tuple::tests::test_slice ... ok
[INFO] [stdout] test types::tuple::tests::test_tuple_get_item_sanity ... ok
[INFO] [stdout] test types::set::tests::test_set_pop ... ok
[INFO] [stdout] test types::tuple::tests::test_tuple_index ... ok
[INFO] [stdout] test types::tuple::tests::test_iter ... ok
[INFO] [stdout] test types::tuple::tests::test_tuple_contains ... ok
[INFO] [stdout] test types::tuple::tests::test_tuple_as_sequence ... ok
[INFO] [stdout] test types::tuple::tests::test_new ... ok
[INFO] [stdout] test types::traceback::tests::test_err_into_py ... ok
[INFO] [stdout] test types::tuple::tests::test_tuple_get_item_unchecked_sanity ... ok
[INFO] [stdout] test types::traceback::tests::format_traceback ... ok
[INFO] [stdout] test types::tuple::tests::test_tuple_into_sequence ... ok
[INFO] [stdout] test types::tuple::tests::test_tuple_lengths_up_to_12 ... ok
[INFO] [stdout] test types::tuple::tests::test_tuple_get_item_invalid_index ... ok
[INFO] [stdout] test types::tuple::tests::test_tuple_to_list ... ok
[INFO] [stdout] test types::tuple::tests::too_long_iterator - should panic ... ok
[INFO] [stdout] test types::typeobject::tests::test_type_names_nested ... ok
[INFO] [stdout] test types::typeobject::tests::test_bases_bool ... ok
[INFO] [stdout] test types::typeobject::tests::test_mro ... ok
[INFO] [stdout] test types::typeobject::tests::test_type_is_subclass ... ok
[INFO] [stdout] test types::typeobject::tests::test_type_names_builtin ... ok
[INFO] [stdout] test types::typeobject::tests::test_type_names_standard ... ok
[INFO] [stdout] test types::tuple::tests::too_short_iterator - should panic ... ok
[INFO] [stdout] test types::weakref::anyref::tests::python_class::test_weakref_get_object ... ok
[INFO] [stdout] test types::weakref::anyref::tests::pyo3_pyclass::test_weakref_upgrade_as ... ok
[INFO] [stdout] test types::weakref::anyref::tests::pyo3_pyclass::test_weakref_upgrade_as_unchecked ... ok
[INFO] [stdout] test types::weakref::anyref::tests::python_class::test_weakref_upgrade ... ok
[INFO] [stdout] test types::typeobject::tests::test_type_is_subclass_of ... ok
[INFO] [stdout] test types::weakref::proxy::tests::callable_proxy::pyo3_pyclass::test_weakref_get_object ... ok
[INFO] [stdout] test types::weakref::proxy::tests::callable_proxy::pyo3_pyclass::test_weakref_proxy_behavior ... ok
[INFO] [stdout] test types::weakref::proxy::tests::callable_proxy::pyo3_pyclass::test_weakref_upgrade ... ok
[INFO] [stdout] test types::weakref::anyref::tests::pyo3_pyclass::test_weakref_get_object ... ok
[INFO] [stdout] test types::weakref::proxy::tests::callable_proxy::pyo3_pyclass::test_weakref_upgrade_as ... ok
[INFO] [stdout] test types::typeobject::tests::test_bases_object ... ok
[INFO] [stdout] test types::weakref::anyref::tests::python_class::test_weakref_upgrade_as ... ok
[INFO] [stdout] test types::weakref::anyref::tests::python_class::test_weakref_upgrade_as_unchecked ... ok
[INFO] [stdout] test types::weakref::anyref::tests::pyo3_pyclass::test_weakref_upgrade ... ok
[INFO] [stdout] test types::weakref::proxy::tests::callable_proxy::pyo3_pyclass::test_weakref_upgrade_as_unchecked ... ok
[INFO] [stdout] test types::weakref::proxy::tests::callable_proxy::python_class::test_weakref_upgrade ... ok
[INFO] [stdout] test types::weakref::proxy::tests::callable_proxy::python_class::test_weakref_upgrade_as ... ok
[INFO] [stdout] test types::weakref::proxy::tests::proxy::pyo3_pyclass::test_weakref_get_object ... ok
[INFO] [stdout] test types::weakref::proxy::tests::callable_proxy::python_class::test_weakref_get_object ... ok
[INFO] [stdout] test types::weakref::proxy::tests::proxy::pyo3_pyclass::test_weakref_upgrade_as_unchecked ... ok
[INFO] [stdout] test types::weakref::proxy::tests::callable_proxy::python_class::test_weakref_upgrade_as_unchecked ... ok
[INFO] [stdout] test types::weakref::proxy::tests::proxy::python_class::test_weakref_upgrade_as ... ok
[INFO] [stdout] test types::weakref::proxy::tests::proxy::python_class::test_weakref_upgrade_as_unchecked ... ok
[INFO] [stdout] test types::weakref::proxy::tests::callable_proxy::python_class::test_weakref_proxy_behavior ... ok
[INFO] [stdout] test types::weakref::proxy::tests::proxy::pyo3_pyclass::test_weakref_upgrade_as ... ok
[INFO] [stdout] test types::weakref::reference::tests::pyo3_pyclass::test_weakref_get_object ... ok
[INFO] [stdout] test types::weakref::proxy::tests::proxy::pyo3_pyclass::test_weakref_upgrade ... ok
[INFO] [stdout] test types::weakref::proxy::tests::proxy::python_class::test_weakref_get_object ... ok
[INFO] [stdout] test types::weakref::proxy::tests::proxy::python_class::test_weakref_proxy_behavior ... ok
[INFO] [stdout] test types::weakref::proxy::tests::proxy::python_class::test_weakref_upgrade ... ok
[INFO] [stdout] test types::weakref::proxy::tests::proxy::pyo3_pyclass::test_weakref_proxy_behavior ... ok
[INFO] [stdout] test types::weakref::reference::tests::pyo3_pyclass::test_weakref_reference_behavior ... ok
[INFO] [stdout] test types::weakref::reference::tests::pyo3_pyclass::test_weakref_upgrade ... ok
[INFO] [stdout] test types::weakref::reference::tests::pyo3_pyclass::test_weakref_upgrade_as ... ok
[INFO] [stdout] test version::test::test_python_version_info_parse ... ok
[INFO] [stdout] test types::weakref::reference::tests::python_class::test_weakref_upgrade ... ok
[INFO] [stdout] test types::weakref::reference::tests::python_class::test_weakref_reference_behavior ... ok
[INFO] [stdout] test types::weakref::reference::tests::python_class::test_weakref_upgrade_as_unchecked ... ok
[INFO] [stdout] test types::weakref::reference::tests::pyo3_pyclass::test_weakref_upgrade_as_unchecked ... ok
[INFO] [stdout] test types::weakref::reference::tests::python_class::test_weakref_get_object ... ok
[INFO] [stdout] test version::test::test_python_version_info ... ok
[INFO] [stdout] test types::weakref::reference::tests::python_class::test_weakref_upgrade_as ... ok
[INFO] [stdout] test exceptions::asyncio::tests::IncompleteReadError ... ok
[INFO] [stdout] test exceptions::asyncio::tests::CancelledError ... ok
[INFO] [stdout] test exceptions::asyncio::tests::InvalidStateError ... ok
[INFO] [stdout] test exceptions::asyncio::tests::QueueFull ... ok
[INFO] [stdout] test exceptions::asyncio::tests::LimitOverrunError ... ok
[INFO] [stdout] test exceptions::asyncio::tests::TimeoutError ... ok
[INFO] [stdout] test exceptions::asyncio::tests::QueueEmpty ... ok
[INFO] [stdout] 
[INFO] [stdout] failures:
[INFO] [stdout] 
[INFO] [stdout] ---- conversions::std::path::tests::test_intopyobject_roundtrip stdout ----
[INFO] [stdout] thread 'conversions::std::path::tests::test_intopyobject_roundtrip' panicked at src/conversions/std/osstr.rs:92:17:
[INFO] [stdout] Python API call failed
[INFO] [stdout] stack backtrace:
[INFO] [stdout]    0:     0x6267c046dd7a - std::backtrace_rs::backtrace::libunwind::trace::h5a5b8284f2d0c266
[INFO] [stdout]                                at /rustc/90b35a6239c3d8bdabc530a6a0816f7ff89a0aaf/library/std/src/../../backtrace/src/backtrace/libunwind.rs:116:5
[INFO] [stdout]    1:     0x6267c046dd7a - std::backtrace_rs::backtrace::trace_unsynchronized::h76d4f1c9b0b875e3
[INFO] [stdout]                                at /rustc/90b35a6239c3d8bdabc530a6a0816f7ff89a0aaf/library/std/src/../../backtrace/src/backtrace/mod.rs:66:5
[INFO] [stdout]    2:     0x6267c046dd7a - std::sys::backtrace::_print_fmt::hc4546b8364a537c6
[INFO] [stdout]                                at /rustc/90b35a6239c3d8bdabc530a6a0816f7ff89a0aaf/library/std/src/sys/backtrace.rs:66:9
[INFO] [stdout]    3:     0x6267c046dd7a - <std::sys::backtrace::BacktraceLock::print::DisplayBacktrace as core::fmt::Display>::fmt::h5b6bd5631a6d1f6b
[INFO] [stdout]                                at /rustc/90b35a6239c3d8bdabc530a6a0816f7ff89a0aaf/library/std/src/sys/backtrace.rs:39:26
[INFO] [stdout]    4:     0x6267c04974e3 - core::fmt::rt::Argument::fmt::h270f6602a2b96f62
[INFO] [stdout]                                at /rustc/90b35a6239c3d8bdabc530a6a0816f7ff89a0aaf/library/core/src/fmt/rt.rs:177:76
[INFO] [stdout]    5:     0x6267c04974e3 - core::fmt::write::h7550c97b06c86515
[INFO] [stdout]                                at /rustc/90b35a6239c3d8bdabc530a6a0816f7ff89a0aaf/library/core/src/fmt/mod.rs:1186:21
[INFO] [stdout]    6:     0x6267c046a8e3 - std::io::Write::write_fmt::h509ff860e5956e5e
[INFO] [stdout]                                at /rustc/90b35a6239c3d8bdabc530a6a0816f7ff89a0aaf/library/std/src/io/mod.rs:1839:15
[INFO] [stdout]    7:     0x6267c046dbc2 - std::sys::backtrace::BacktraceLock::print::h2395ccd2c84ba3aa
[INFO] [stdout]                                at /rustc/90b35a6239c3d8bdabc530a6a0816f7ff89a0aaf/library/std/src/sys/backtrace.rs:42:9
[INFO] [stdout]    8:     0x6267c046f1da - std::panicking::default_hook::{{closure}}::he19d4c7230e07961
[INFO] [stdout]                                at /rustc/90b35a6239c3d8bdabc530a6a0816f7ff89a0aaf/library/std/src/panicking.rs:268:22
[INFO] [stdout]    9:     0x6267c046efe4 - std::panicking::default_hook::hf614597d3c67bbdb
[INFO] [stdout]                                at /rustc/90b35a6239c3d8bdabc530a6a0816f7ff89a0aaf/library/std/src/panicking.rs:292:9
[INFO] [stdout]   10:     0x6267c03c99c9 - <alloc::boxed::Box<F,A> as core::ops::function::Fn<Args>>::call::h39b51ce4599c23d1
[INFO] [stdout]                                at /rustc/90b35a6239c3d8bdabc530a6a0816f7ff89a0aaf/library/alloc/src/boxed.rs:2468:9
[INFO] [stdout]   11:     0x6267c03c99c9 - test::test_main::{{closure}}::he977ae839a582784
[INFO] [stdout]                                at /rustc/90b35a6239c3d8bdabc530a6a0816f7ff89a0aaf/library/test/src/lib.rs:133:21
[INFO] [stdout]   12:     0x6267c046f878 - <alloc::boxed::Box<F,A> as core::ops::function::Fn<Args>>::call::h9455091b6b06f9fb
[INFO] [stdout]                                at /rustc/90b35a6239c3d8bdabc530a6a0816f7ff89a0aaf/library/alloc/src/boxed.rs:2468:9
[INFO] [stdout]   13:     0x6267c046f878 - std::panicking::rust_panic_with_hook::h8942133a8b252070
[INFO] [stdout]                                at /rustc/90b35a6239c3d8bdabc530a6a0816f7ff89a0aaf/library/std/src/panicking.rs:809:13
[INFO] [stdout]   14:     0x6267c046f606 - std::panicking::begin_panic_handler::{{closure}}::hb5f5963570096b29
[INFO] [stdout]                                at /rustc/90b35a6239c3d8bdabc530a6a0816f7ff89a0aaf/library/std/src/panicking.rs:667:13
[INFO] [stdout]   15:     0x6267c046e259 - std::sys::backtrace::__rust_end_short_backtrace::h6208cedc1922feda
[INFO] [stdout]                                at /rustc/90b35a6239c3d8bdabc530a6a0816f7ff89a0aaf/library/std/src/sys/backtrace.rs:170:18
[INFO] [stdout]   16:     0x6267c046f2cc - rust_begin_unwind
[INFO] [stdout]                                at /rustc/90b35a6239c3d8bdabc530a6a0816f7ff89a0aaf/library/std/src/panicking.rs:665:5
[INFO] [stdout]   17:     0x6267c00790c0 - core::panicking::panic_fmt::h0c3082644d1bf418
[INFO] [stdout]                                at /rustc/90b35a6239c3d8bdabc530a6a0816f7ff89a0aaf/library/core/src/panicking.rs:74:14
[INFO] [stdout]   18:     0x6267c02ab10d - pyo3::err::panic_after_error::h1d0d70eb0af59b13
[INFO] [stdout]                                at /opt/rustwide/workdir/src/err/mod.rs:939:5
[INFO] [stdout]   19:     0x6267c017b49c - pyo3::instance::Py<T>::from_owned_ptr::h3b87c3f8a4737501
[INFO] [stdout]                                at /opt/rustwide/workdir/src/instance.rs:1640:21
[INFO] [stdout]   20:     0x6267c0113398 - pyo3::conversions::std::osstr::<impl pyo3::conversion::FromPyObject for std::ffi::os_str::OsString>::extract_bound::hf3b2c5ed47d840f7
[INFO] [stdout]                                at /opt/rustwide/workdir/src/conversions/std/osstr.rs:92:17
[INFO] [stdout]   21:     0x6267c0111c08 - <T as pyo3::conversion::FromPyObjectBound>::from_py_object_bound::h631c3379cafece24
[INFO] [stdout]                                at /opt/rustwide/workdir/src/conversion.rs:535:9
[INFO] [stdout]   22:     0x6267c018ad02 - <pyo3::instance::Bound<pyo3::types::any::PyAny> as pyo3::types::any::PyAnyMethods>::extract::hf563f7e4d0aa67a7
[INFO] [stdout]                                at /opt/rustwide/workdir/src/types/any.rs:1443:9
[INFO] [stdout]   23:     0x6267c01bb11d - pyo3::conversions::std::path::<impl pyo3::conversion::FromPyObject for std::path::PathBuf>::extract_bound::h905c5b84d48569a5
[INFO] [stdout]                                at /opt/rustwide/workdir/src/conversions/std/path.rs:28:12
[INFO] [stdout]   24:     0x6267c01bb078 - <T as pyo3::conversion::FromPyObjectBound>::from_py_object_bound::hfac8df60572c13c5
[INFO] [stdout]                                at /opt/rustwide/workdir/src/conversion.rs:535:9
[INFO] [stdout]   25:     0x6267c018aac2 - <pyo3::instance::Bound<pyo3::types::any::PyAny> as pyo3::types::any::PyAnyMethods>::extract::he74765d9c9abd5f7
[INFO] [stdout]                                at /opt/rustwide/workdir/src/types/any.rs:1443:9
[INFO] [stdout]   26:     0x6267c00a65c1 - pyo3::conversions::std::path::tests::test_intopyobject_roundtrip::{{closure}}::test_roundtrip::h481ee5567e467be5
[INFO] [stdout]                                at /opt/rustwide/workdir/src/conversions/std/path.rs:186:49
[INFO] [stdout]   27:     0x6267c00a616a - pyo3::conversions::std::path::tests::test_intopyobject_roundtrip::{{closure}}::h8c1479b5a43256c5
[INFO] [stdout]                                at /opt/rustwide/workdir/src/conversions/std/path.rs:190:13
[INFO] [stdout]   28:     0x6267c037860f - pyo3::marker::Python::with_gil::h6465f163b4cc2b92
[INFO] [stdout]                                at /opt/rustwide/workdir/src/marker.rs:412:9
[INFO] [stdout]   29:     0x6267c00a6126 - pyo3::conversions::std::path::tests::test_intopyobject_roundtrip::h8a9ba69f5734e4aa
[INFO] [stdout]                                at /opt/rustwide/workdir/src/conversions/std/path.rs:177:9
[INFO] [stdout]   30:     0x6267c00a6107 - pyo3::conversions::std::path::tests::test_intopyobject_roundtrip::{{closure}}::h94cc610b8c302881
[INFO] [stdout]                                at /opt/rustwide/workdir/src/conversions/std/path.rs:176:37
[INFO] [stdout]   31:     0x6267c01aebc6 - core::ops::function::FnOnce::call_once::hfd988271ec077f0e
[INFO] [stdout]                                at /rustc/90b35a6239c3d8bdabc530a6a0816f7ff89a0aaf/library/core/src/ops/function.rs:250:5
[INFO] [stdout]   32:     0x6267c03ce38b - core::ops::function::FnOnce::call_once::h109cf8051a59b34e
[INFO] [stdout]                                at /rustc/90b35a6239c3d8bdabc530a6a0816f7ff89a0aaf/library/core/src/ops/function.rs:250:5
[INFO] [stdout]   33:     0x6267c03ce38b - test::__rust_begin_short_backtrace::hf4fff89d377446ba
[INFO] [stdout]                                at /rustc/90b35a6239c3d8bdabc530a6a0816f7ff89a0aaf/library/test/src/lib.rs:621:18
[INFO] [stdout]   34:     0x6267c03cdbc7 - test::run_test_in_process::{{closure}}::h0e39181dd7ee5a43
[INFO] [stdout]                                at /rustc/90b35a6239c3d8bdabc530a6a0816f7ff89a0aaf/library/test/src/lib.rs:644:60
[INFO] [stdout]   35:     0x6267c03cdbc7 - <core::panic::unwind_safe::AssertUnwindSafe<F> as core::ops::function::FnOnce<()>>::call_once::hc5a66a30f0bdfd1f
[INFO] [stdout]                                at /rustc/90b35a6239c3d8bdabc530a6a0816f7ff89a0aaf/library/core/src/panic/unwind_safe.rs:272:9
[INFO] [stdout]   36:     0x6267c03cdbc7 - std::panicking::try::do_call::h873b7cf639554a5e
[INFO] [stdout]                                at /rustc/90b35a6239c3d8bdabc530a6a0816f7ff89a0aaf/library/std/src/panicking.rs:557:40
[INFO] [stdout]   37:     0x6267c03cdbc7 - std::panicking::try::hdb19862fad9c8bd1
[INFO] [stdout]                                at /rustc/90b35a6239c3d8bdabc530a6a0816f7ff89a0aaf/library/std/src/panicking.rs:520:19
[INFO] [stdout]   38:     0x6267c03cdbc7 - std::panic::catch_unwind::h281fe732d236d260
[INFO] [stdout]                                at /rustc/90b35a6239c3d8bdabc530a6a0816f7ff89a0aaf/library/std/src/panic.rs:358:14
[INFO] [stdout]   39:     0x6267c03cdbc7 - test::run_test_in_process::h949b6df8457ed338
[INFO] [stdout]                                at /rustc/90b35a6239c3d8bdabc530a6a0816f7ff89a0aaf/library/test/src/lib.rs:644:27
[INFO] [stdout]   40:     0x6267c03cdbc7 - test::run_test::{{closure}}::h52c556a6d4740e10
[INFO] [stdout]                                at /rustc/90b35a6239c3d8bdabc530a6a0816f7ff89a0aaf/library/test/src/lib.rs:565:43
[INFO] [stdout]   41:     0x6267c0392ea4 - test::run_test::{{closure}}::h4237f6381c45ccb9
[INFO] [stdout]                                at /rustc/90b35a6239c3d8bdabc530a6a0816f7ff89a0aaf/library/test/src/lib.rs:595:41
[INFO] [stdout]   42:     0x6267c0392ea4 - std::sys::backtrace::__rust_begin_short_backtrace::h505c97a579eca628
[INFO] [stdout]                                at /rustc/90b35a6239c3d8bdabc530a6a0816f7ff89a0aaf/library/std/src/sys/backtrace.rs:154:18
[INFO] [stdout]   43:     0x6267c039656e - std::thread::Builder::spawn_unchecked_::{{closure}}::{{closure}}::h9e86b2e2bc107ea3
[INFO] [stdout]                                at /rustc/90b35a6239c3d8bdabc530a6a0816f7ff89a0aaf/library/std/src/thread/mod.rs:538:17
[INFO] [stdout]   44:     0x6267c039656e - <core::panic::unwind_safe::AssertUnwindSafe<F> as core::ops::function::FnOnce<()>>::call_once::h8b06ddb275ff4a25
[INFO] [stdout]                                at /rustc/90b35a6239c3d8bdabc530a6a0816f7ff89a0aaf/library/core/src/panic/unwind_safe.rs:272:9
[INFO] [stdout]   45:     0x6267c039656e - std::panicking::try::do_call::hb26ecd7cd9a9355d
[INFO] [stdout]                                at /rustc/90b35a6239c3d8bdabc530a6a0816f7ff89a0aaf/library/std/src/panicking.rs:557:40
[INFO] [stdout]   46:     0x6267c039656e - std::panicking::try::h8ddeca9d705f9069
[INFO] [stdout]                                at /rustc/90b35a6239c3d8bdabc530a6a0816f7ff89a0aaf/library/std/src/panicking.rs:520:19
[INFO] [stdout]   47:     0x6267c039656e - std::panic::catch_unwind::h49e1c33078844c46
[INFO] [stdout]                                at /rustc/90b35a6239c3d8bdabc530a6a0816f7ff89a0aaf/library/std/src/panic.rs:358:14
[INFO] [stdout]   48:     0x6267c039656e - std::thread::Builder::spawn_unchecked_::{{closure}}::h6073db6ff56ad35d
[INFO] [stdout]                                at /rustc/90b35a6239c3d8bdabc530a6a0816f7ff89a0aaf/library/std/src/thread/mod.rs:537:30
[INFO] [stdout]   49:     0x6267c039656e - core::ops::function::FnOnce::call_once{{vtable.shim}}::h2c5a5f3779c774f1
[INFO] [stdout]                                at /rustc/90b35a6239c3d8bdabc530a6a0816f7ff89a0aaf/library/core/src/ops/function.rs:250:5
[INFO] [stdout]   50:     0x6267c047378b - <alloc::boxed::Box<F,A> as core::ops::function::FnOnce<Args>>::call_once::hf75717d9f28faebf
[INFO] [stdout]                                at /rustc/90b35a6239c3d8bdabc530a6a0816f7ff89a0aaf/library/alloc/src/boxed.rs:2454:9
[INFO] [stdout]   51:     0x6267c047378b - <alloc::boxed::Box<F,A> as core::ops::function::FnOnce<Args>>::call_once::h7bd883a5f3c5f3c1
[INFO] [stdout]                                at /rustc/90b35a6239c3d8bdabc530a6a0816f7ff89a0aaf/library/alloc/src/boxed.rs:2454:9
[INFO] [stdout]   52:     0x6267c047378b - std::sys::pal::unix::thread::Thread::new::thread_start::hcc78f3943333fa94
[INFO] [stdout]                                at /rustc/90b35a6239c3d8bdabc530a6a0816f7ff89a0aaf/library/std/src/sys/pal/unix/thread.rs:105:17
[INFO] [stdout]   53:     0x7056bb5cfac3 - <unknown>
[INFO] [stdout]   54:     0x7056bb660a04 - clone
[INFO] [stdout]   55:                0x0 - <unknown>
[INFO] [stdout] 
[INFO] [stdout] ---- conversions::std::osstr::tests::test_intopyobject_roundtrip stdout ----
[INFO] [stdout] thread 'conversions::std::osstr::tests::test_intopyobject_roundtrip' panicked at src/conversions/std/osstr.rs:92:17:
[INFO] [stdout] Python API call failed
[INFO] [stdout] stack backtrace:
[INFO] [stdout]    0:     0x6267c046dd7a - std::backtrace_rs::backtrace::libunwind::trace::h5a5b8284f2d0c266
[INFO] [stdout]                                at /rustc/90b35a6239c3d8bdabc530a6a0816f7ff89a0aaf/library/std/src/../../backtrace/src/backtrace/libunwind.rs:116:5
[INFO] [stdout]    1:     0x6267c046dd7a - std::backtrace_rs::backtrace::trace_unsynchronized::h76d4f1c9b0b875e3
[INFO] [stdout]                                at /rustc/90b35a6239c3d8bdabc530a6a0816f7ff89a0aaf/library/std/src/../../backtrace/src/backtrace/mod.rs:66:5
[INFO] [stdout]    2:     0x6267c046dd7a - std::sys::backtrace::_print_fmt::hc4546b8364a537c6
[INFO] [stdout]                                at /rustc/90b35a6239c3d8bdabc530a6a0816f7ff89a0aaf/library/std/src/sys/backtrace.rs:66:9
[INFO] [stdout]    3:     0x6267c046dd7a - <std::sys::backtrace::BacktraceLock::print::DisplayBacktrace as core::fmt::Display>::fmt::h5b6bd5631a6d1f6b
[INFO] [stdout]                                at /rustc/90b35a6239c3d8bdabc530a6a0816f7ff89a0aaf/library/std/src/sys/backtrace.rs:39:26
[INFO] [stdout]    4:     0x6267c04974e3 - core::fmt::rt::Argument::fmt::h270f6602a2b96f62
[INFO] [stdout]                                at /rustc/90b35a6239c3d8bdabc530a6a0816f7ff89a0aaf/library/core/src/fmt/rt.rs:177:76
[INFO] [stdout]    5:     0x6267c04974e3 - core::fmt::write::h7550c97b06c86515
[INFO] [stdout]                                at /rustc/90b35a6239c3d8bdabc530a6a0816f7ff89a0aaf/library/core/src/fmt/mod.rs:1186:21
[INFO] [stdout]    6:     0x6267c046a8e3 - std::io::Write::write_fmt::h509ff860e5956e5e
[INFO] [stdout]                                at /rustc/90b35a6239c3d8bdabc530a6a0816f7ff89a0aaf/library/std/src/io/mod.rs:1839:15
[INFO] [stdout]    7:     0x6267c046dbc2 - std::sys::backtrace::BacktraceLock::print::h2395ccd2c84ba3aa
[INFO] [stdout]                                at /rustc/90b35a6239c3d8bdabc530a6a0816f7ff89a0aaf/library/std/src/sys/backtrace.rs:42:9
[INFO] [stdout]    8:     0x6267c046f1da - std::panicking::default_hook::{{closure}}::he19d4c7230e07961
[INFO] [stdout]                                at /rustc/90b35a6239c3d8bdabc530a6a0816f7ff89a0aaf/library/std/src/panicking.rs:268:22
[INFO] [stdout]    9:     0x6267c046efe4 - std::panicking::default_hook::hf614597d3c67bbdb
[INFO] [stdout]                                at /rustc/90b35a6239c3d8bdabc530a6a0816f7ff89a0aaf/library/std/src/panicking.rs:292:9
[INFO] [stdout]   10:     0x6267c03c99c9 - <alloc::boxed::Box<F,A> as core::ops::function::Fn<Args>>::call::h39b51ce4599c23d1
[INFO] [stdout]                                at /rustc/90b35a6239c3d8bdabc530a6a0816f7ff89a0aaf/library/alloc/src/boxed.rs:2468:9
[INFO] [stdout]   11:     0x6267c03c99c9 - test::test_main::{{closure}}::he977ae839a582784
[INFO] [stdout]                                at /rustc/90b35a6239c3d8bdabc530a6a0816f7ff89a0aaf/library/test/src/lib.rs:133:21
[INFO] [stdout]   12:     0x6267c046f878 - <alloc::boxed::Box<F,A> as core::ops::function::Fn<Args>>::call::h9455091b6b06f9fb
[INFO] [stdout]                                at /rustc/90b35a6239c3d8bdabc530a6a0816f7ff89a0aaf/library/alloc/src/boxed.rs:2468:9
[INFO] [stdout]   13:     0x6267c046f878 - std::panicking::rust_panic_with_hook::h8942133a8b252070
[INFO] [stdout]                                at /rustc/90b35a6239c3d8bdabc530a6a0816f7ff89a0aaf/library/std/src/panicking.rs:809:13
[INFO] [stdout]   14:     0x6267c046f606 - std::panicking::begin_panic_handler::{{closure}}::hb5f5963570096b29
[INFO] [stdout]                                at /rustc/90b35a6239c3d8bdabc530a6a0816f7ff89a0aaf/library/std/src/panicking.rs:667:13
[INFO] [stdout]   15:     0x6267c046e259 - std::sys::backtrace::__rust_end_short_backtrace::h6208cedc1922feda
[INFO] [stdout]                                at /rustc/90b35a6239c3d8bdabc530a6a0816f7ff89a0aaf/library/std/src/sys/backtrace.rs:170:18
[INFO] [stdout]   16:     0x6267c046f2cc - rust_begin_unwind
[INFO] [stdout]                                at /rustc/90b35a6239c3d8bdabc530a6a0816f7ff89a0aaf/library/std/src/panicking.rs:665:5
[INFO] [stdout]   17:     0x6267c00790c0 - core::panicking::panic_fmt::h0c3082644d1bf418
[INFO] [stdout]                                at /rustc/90b35a6239c3d8bdabc530a6a0816f7ff89a0aaf/library/core/src/panicking.rs:74:14
[INFO] [stdout]   18:     0x6267c02ab10d - pyo3::err::panic_after_error::h1d0d70eb0af59b13
[INFO] [stdout]                                at /opt/rustwide/workdir/src/err/mod.rs:939:5
[INFO] [stdout]   19:     0x6267c017b49c - pyo3::instance::Py<T>::from_owned_ptr::h3b87c3f8a4737501
[INFO] [stdout]                                at /opt/rustwide/workdir/src/instance.rs:1640:21
[INFO] [stdout]   20:     0x6267c0113398 - pyo3::conversions::std::osstr::<impl pyo3::conversion::FromPyObject for std::ffi::os_str::OsString>::extract_bound::hf3b2c5ed47d840f7
[INFO] [stdout]                                at /opt/rustwide/workdir/src/conversions/std/osstr.rs:92:17
[INFO] [stdout]   21:     0x6267c0111c08 - <T as pyo3::conversion::FromPyObjectBound>::from_py_object_bound::h631c3379cafece24
[INFO] [stdout]                                at /opt/rustwide/workdir/src/conversion.rs:535:9
[INFO] [stdout]   22:     0x6267c018ad02 - <pyo3::instance::Bound<pyo3::types::any::PyAny> as pyo3::types::any::PyAnyMethods>::extract::hf563f7e4d0aa67a7
[INFO] [stdout]                                at /opt/rustwide/workdir/src/types/any.rs:1443:9
[INFO] [stdout]   23:     0x6267c02ee2dd - pyo3::conversions::std::osstr::tests::test_intopyobject_roundtrip::{{closure}}::test_roundtrip::h79f175270f20e298
[INFO] [stdout]                                at /opt/rustwide/workdir/src/conversions/std/osstr.rs:270:50
[INFO] [stdout]   24:     0x6267c02ed8a9 - pyo3::conversions::std::osstr::tests::test_intopyobject_roundtrip::{{closure}}::h21a673d513398284
[INFO] [stdout]                                at /opt/rustwide/workdir/src/conversions/std/osstr.rs:274:13
[INFO] [stdout]   25:     0x6267c037a9cf - pyo3::marker::Python::with_gil::h7462d45c2912ebab
[INFO] [stdout]                                at /opt/rustwide/workdir/src/marker.rs:412:9
[INFO] [stdout]   26:     0x6267c02ed866 - pyo3::conversions::std::osstr::tests::test_intopyobject_roundtrip::h6778eb261e1df5aa
[INFO] [stdout]                                at /opt/rustwide/workdir/src/conversions/std/osstr.rs:261:9
[INFO] [stdout]   27:     0x6267c02ed847 - pyo3::conversions::std::osstr::tests::test_intopyobject_roundtrip::{{closure}}::h1017224c1aa859ad
[INFO] [stdout]                                at /opt/rustwide/workdir/src/conversions/std/osstr.rs:260:37
[INFO] [stdout]   28:     0x6267c01a40e6 - core::ops::function::FnOnce::call_once::h1edd7a5f3d2b12c6
[INFO] [stdout]                                at /rustc/90b35a6239c3d8bdabc530a6a0816f7ff89a0aaf/library/core/src/ops/function.rs:250:5
[INFO] [stdout]   29:     0x6267c03ce38b - core::ops::function::FnOnce::call_once::h109cf8051a59b34e
[INFO] [stdout]                                at /rustc/90b35a6239c3d8bdabc530a6a0816f7ff89a0aaf/library/core/src/ops/function.rs:250:5
[INFO] [stdout]   30:     0x6267c03ce38b - test::__rust_begin_short_backtrace::hf4fff89d377446ba
[INFO] [stdout]                                at /rustc/90b35a6239c3d8bdabc530a6a0816f7ff89a0aaf/library/test/src/lib.rs:621:18
[INFO] [stdout]   31:     0x6267c03cdbc7 - test::run_test_in_process::{{closure}}::h0e39181dd7ee5a43
[INFO] [stdout]                                at /rustc/90b35a6239c3d8bdabc530a6a0816f7ff89a0aaf/library/test/src/lib.rs:644:60
[INFO] [stdout]   32:     0x6267c03cdbc7 - <core::panic::unwind_safe::AssertUnwindSafe<F> as core::ops::function::FnOnce<()>>::call_once::hc5a66a30f0bdfd1f
[INFO] [stdout]                                at /rustc/90b35a6239c3d8bdabc530a6a0816f7ff89a0aaf/library/core/src/panic/unwind_safe.rs:272:9
[INFO] [stdout]   33:     0x6267c03cdbc7 - std::panicking::try::do_call::h873b7cf639554a5e
[INFO] [stdout]                                at /rustc/90b35a6239c3d8bdabc530a6a0816f7ff89a0aaf/library/std/src/panicking.rs:557:40
[INFO] [stdout]   34:     0x6267c03cdbc7 - std::panicking::try::hdb19862fad9c8bd1
[INFO] [stdout]                                at /rustc/90b35a6239c3d8bdabc530a6a0816f7ff89a0aaf/library/std/src/panicking.rs:520:19
[INFO] [stdout]   35:     0x6267c03cdbc7 - std::panic::catch_unwind::h281fe732d236d260
[INFO] [stdout]                                at /rustc/90b35a6239c3d8bdabc530a6a0816f7ff89a0aaf/library/std/src/panic.rs:358:14
[INFO] [stdout]   36:     0x6267c03cdbc7 - test::run_test_in_process::h949b6df8457ed338
[INFO] [stdout]                                at /rustc/90b35a6239c3d8bdabc530a6a0816f7ff89a0aaf/library/test/src/lib.rs:644:27
[INFO] [stdout]   37:     0x6267c03cdbc7 - test::run_test::{{closure}}::h52c556a6d4740e10
[INFO] [stdout]                                at /rustc/90b35a6239c3d8bdabc530a6a0816f7ff89a0aaf/library/test/src/lib.rs:565:43
[INFO] [stdout]   38:     0x6267c0392ea4 - test::run_test::{{closure}}::h4237f6381c45ccb9
[INFO] [stdout]                                at /rustc/90b35a6239c3d8bdabc530a6a0816f7ff89a0aaf/library/test/src/lib.rs:595:41
[INFO] [stdout]   39:     0x6267c0392ea4 - std::sys::backtrace::__rust_begin_short_backtrace::h505c97a579eca628
[INFO] [stdout]                                at /rustc/90b35a6239c3d8bdabc530a6a0816f7ff89a0aaf/library/std/src/sys/backtrace.rs:154:18
[INFO] [stdout]   40:     0x6267c039656e - std::thread::Builder::spawn_unchecked_::{{closure}}::{{closure}}::h9e86b2e2bc107ea3
[INFO] [stdout]                                at /rustc/90b35a6239c3d8bdabc530a6a0816f7ff89a0aaf/library/std/src/thread/mod.rs:538:17
[INFO] [stdout]   41:     0x6267c039656e - <core::panic::unwind_safe::AssertUnwindSafe<F> as core::ops::function::FnOnce<()>>::call_once::h8b06ddb275ff4a25
[INFO] [stdout]                                at /rustc/90b35a6239c3d8bdabc530a6a0816f7ff89a0aaf/library/core/src/panic/unwind_safe.rs:272:9
[INFO] [stdout]   42:     0x6267c039656e - std::panicking::try::do_call::hb26ecd7cd9a9355d
[INFO] [stdout]                                at /rustc/90b35a6239c3d8bdabc530a6a0816f7ff89a0aaf/library/std/src/panicking.rs:557:40
[INFO] [stdout]   43:     0x6267c039656e - std::panicking::try::h8ddeca9d705f9069
[INFO] [stdout]                                at /rustc/90b35a6239c3d8bdabc530a6a0816f7ff89a0aaf/library/std/src/panicking.rs:520:19
[INFO] [stdout]   44:     0x6267c039656e - std::panic::catch_unwind::h49e1c33078844c46
[INFO] [stdout]                                at /rustc/90b35a6239c3d8bdabc530a6a0816f7ff89a0aaf/library/std/src/panic.rs:358:14
[INFO] [stdout]   45:     0x6267c039656e - std::thread::Builder::spawn_unchecked_::{{closure}}::h6073db6ff56ad35d
[INFO] [stdout]                                at /rustc/90b35a6239c3d8bdabc530a6a0816f7ff89a0aaf/library/std/src/thread/mod.rs:537:30
[INFO] [stdout]   46:     0x6267c039656e - core::ops::function::FnOnce::call_once{{vtable.shim}}::h2c5a5f3779c774f1
[INFO] [stdout]                                at /rustc/90b35a6239c3d8bdabc530a6a0816f7ff89a0aaf/library/core/src/ops/function.rs:250:5
[INFO] [stdout]   47:     0x6267c047378b - <alloc::boxed::Box<F,A> as core::ops::function::FnOnce<Args>>::call_once::hf75717d9f28faebf
[INFO] [stdout]                                at /rustc/90b35a6239c3d8bdabc530a6a0816f7ff89a0aaf/library/alloc/src/boxed.rs:2454:9
[INFO] [stdout]   48:     0x6267c047378b - <alloc::boxed::Box<F,A> as core::ops::function::FnOnce<Args>>::call_once::h7bd883a5f3c5f3c1
[INFO] [stdout]                                at /rustc/90b35a6239c3d8bdabc530a6a0816f7ff89a0aaf/library/alloc/src/boxed.rs:2454:9
[INFO] [stdout]   49:     0x6267c047378b - std::sys::pal::unix::thread::Thread::new::thread_start::hcc78f3943333fa94
[INFO] [stdout]                                at /rustc/90b35a6239c3d8bdabc530a6a0816f7ff89a0aaf/library/std/src/sys/pal/unix/thread.rs:105:17
[INFO] [stdout]   50:     0x7056bb5cfac3 - <unknown>
[INFO] [stdout]   51:     0x7056bb660a04 - clone
[INFO] [stdout]   52:                0x0 - <unknown>
[INFO] [stdout] 
[INFO] [stdout] 
[INFO] [stdout] failures:
[INFO] [stdout]     conversions::std::osstr::tests::test_intopyobject_roundtrip
[INFO] [stdout]     conversions::std::path::tests::test_intopyobject_roundtrip
[INFO] [stdout] 
[INFO] [stdout] test result: FAILED. 690 passed; 2 failed; 0 ignored; 0 measured; 0 filtered out; finished in 8.58s
[INFO] [stdout] 
[INFO] [stderr] error: test failed, to rerun pass `--lib`
[INFO] running `Command { std: "docker" "inspect" "54d9b9b4f707e91296fbe5ee9e31c2683822a07ddb6afaa626b023dbd9c1d4a0", kill_on_drop: false }`
[INFO] running `Command { std: "docker" "rm" "-f" "54d9b9b4f707e91296fbe5ee9e31c2683822a07ddb6afaa626b023dbd9c1d4a0", kill_on_drop: false }`
[INFO] [stdout] 54d9b9b4f707e91296fbe5ee9e31c2683822a07ddb6afaa626b023dbd9c1d4a0
