[INFO] fetching crate pros-simulator 0.5.0...
[INFO] testing pros-simulator-0.5.0 against 1.83.0 for beta-1.84.0-4-retry
[INFO] extracting crate pros-simulator 0.5.0 into /workspace/builds/worker-6-tc1/source
[INFO] validating manifest of crates.io crate pros-simulator 0.5.0 on toolchain 1.83.0
[INFO] running `Command { std: CARGO_HOME="/workspace/cargo-home" RUSTUP_HOME="/workspace/rustup-home" "/workspace/cargo-home/bin/cargo" "+1.83.0" "metadata" "--manifest-path" "Cargo.toml" "--no-deps", kill_on_drop: false }`
[INFO] started tweaking crates.io crate pros-simulator 0.5.0
[INFO] finished tweaking crates.io crate pros-simulator 0.5.0
[INFO] tweaked toml for crates.io crate pros-simulator 0.5.0 written to /workspace/builds/worker-6-tc1/source/Cargo.toml
[INFO] running `Command { std: CARGO_HOME="/workspace/cargo-home" RUSTUP_HOME="/workspace/rustup-home" "/workspace/cargo-home/bin/cargo" "+1.83.0" "generate-lockfile" "--manifest-path" "Cargo.toml", kill_on_drop: false }`
[INFO] [stderr]     Updating crates.io index
[INFO] [stderr]      Locking 217 packages to latest compatible versions
[INFO] [stderr]       Adding crossterm v0.27.0 (available: v0.28.1)
[INFO] [stderr]       Adding pros-sys v0.4.3 (available: v0.8.0)
[INFO] [stderr]       Adding ratatui v0.24.0 (available: v0.29.0)
[INFO] [stderr]       Adding tui-big-text v0.2.1 (available: v0.7.0)
[INFO] [stderr]       Adding tui-logger v0.10.1 (available: v0.14.0)
[INFO] [stderr]       Adding wasmtime v16.0.0 (available: v27.0.0)
[INFO] running `Command { std: CARGO_HOME="/workspace/cargo-home" RUSTUP_HOME="/workspace/rustup-home" "/workspace/cargo-home/bin/cargo" "+1.83.0" "fetch" "--manifest-path" "Cargo.toml", kill_on_drop: false }`
[INFO] [stderr]     Blocking waiting for file lock on package cache
[INFO] [stderr]  Downloading crates ...
[INFO] [stderr]   Downloaded wasmtime-types v16.0.0
[INFO] [stderr]   Downloaded wasmtime-wmemcheck v16.0.0
[INFO] [stderr]   Downloaded cranelift-codegen-shared v0.103.0
[INFO] [stderr]   Downloaded wasmtime-jit-icache-coherence v16.0.0
[INFO] [stderr]   Downloaded wasmtime-component-util v16.0.0
[INFO] [stderr]   Downloaded wasmtime-wit-bindgen v16.0.0
[INFO] [stderr]   Downloaded cranelift-native v0.103.0
[INFO] [stderr]   Downloaded wasmtime-fiber v16.0.0
[INFO] [stderr]   Downloaded font8x8 v0.3.1
[INFO] [stderr]   Downloaded cranelift-entity v0.103.0
[INFO] [stderr]   Downloaded cranelift-isle v0.103.0
[INFO] [stderr]   Downloaded cranelift-codegen-meta v0.103.0
[INFO] [stderr]   Downloaded wasmtime-cranelift v16.0.0
[INFO] [stderr]   Downloaded wasmtime-runtime v16.0.0
[INFO] [stderr]   Downloaded wasmtime-environ v16.0.0
[INFO] [stderr]   Downloaded wasmparser v0.118.2
[INFO] [stderr]   Downloaded cranelift-wasm v0.103.0
[INFO] [stderr]   Downloaded tui-big-text v0.2.1
[INFO] [stderr]   Downloaded wasmtime-component-macro v16.0.0
[INFO] [stderr]   Downloaded wasmtime v16.0.0
[INFO] [stderr]   Downloaded cranelift-frontend v0.103.0
[INFO] [stderr]   Downloaded cranelift-bforest v0.103.0
[INFO] [stderr]   Downloaded cranelift-control v0.103.0
[INFO] [stderr]   Downloaded wasmtime-cranelift-shared v16.0.0
[INFO] [stderr]   Downloaded wasmtime-jit v16.0.0
[INFO] [stderr]   Downloaded wasmtime-asm-macros v16.0.0
[INFO] [stderr]   Downloaded wasmtime-versioned-export-macros v16.0.0
[INFO] [stderr]   Downloaded cranelift-codegen v0.103.0
[INFO] [stderr]   Downloaded pros-simulator-interface v0.5.0
[INFO] [stderr]   Downloaded tui-logger v0.10.1
[INFO] [stderr]   Downloaded pros-sys v0.4.3
[INFO] running `Command { std: "docker" "create" "-v" "/var/lib/crater-agent-workspace/builds/worker-6-tc1/target:/opt/rustwide/target:rw,Z" "-v" "/var/lib/crater-agent-workspace/builds/worker-6-tc1/source:/opt/rustwide/workdir:ro,Z" "-v" "/var/lib/crater-agent-workspace/cargo-home:/opt/rustwide/cargo-home:ro,Z" "-v" "/var/lib/crater-agent-workspace/rustup-home:/opt/rustwide/rustup-home:ro,Z" "-e" "SOURCE_DIR=/opt/rustwide/workdir" "-e" "CARGO_TARGET_DIR=/opt/rustwide/target" "-e" "CARGO_HOME=/opt/rustwide/cargo-home" "-e" "RUSTUP_HOME=/opt/rustwide/rustup-home" "-w" "/opt/rustwide/workdir" "-m" "1610612736" "--user" "0:0" "--network" "none" "ghcr.io/rust-lang/crates-build-env/linux@sha256:f3a9d4ad9d972b27faf3965f35b62e55ba32bbce8f20bc8fe909558a86702fde" "/opt/rustwide/cargo-home/bin/cargo" "+1.83.0" "metadata" "--no-deps" "--format-version=1", kill_on_drop: false }`
[INFO] [stdout] be828a33b945b3f2c12bf880cff1b72440d73fbbbedc6b990110d043cdc9d25f
[INFO] running `Command { std: "docker" "start" "-a" "be828a33b945b3f2c12bf880cff1b72440d73fbbbedc6b990110d043cdc9d25f", kill_on_drop: false }`
[INFO] running `Command { std: "docker" "inspect" "be828a33b945b3f2c12bf880cff1b72440d73fbbbedc6b990110d043cdc9d25f", kill_on_drop: false }`
[INFO] running `Command { std: "docker" "rm" "-f" "be828a33b945b3f2c12bf880cff1b72440d73fbbbedc6b990110d043cdc9d25f", kill_on_drop: false }`
[INFO] [stdout] be828a33b945b3f2c12bf880cff1b72440d73fbbbedc6b990110d043cdc9d25f
[INFO] running `Command { std: "docker" "create" "-v" "/var/lib/crater-agent-workspace/builds/worker-6-tc1/target:/opt/rustwide/target:rw,Z" "-v" "/var/lib/crater-agent-workspace/builds/worker-6-tc1/source:/opt/rustwide/workdir:ro,Z" "-v" "/var/lib/crater-agent-workspace/cargo-home:/opt/rustwide/cargo-home:ro,Z" "-v" "/var/lib/crater-agent-workspace/rustup-home:/opt/rustwide/rustup-home:ro,Z" "-e" "SOURCE_DIR=/opt/rustwide/workdir" "-e" "CARGO_TARGET_DIR=/opt/rustwide/target" "-e" "CARGO_INCREMENTAL=0" "-e" "RUST_BACKTRACE=full" "-e" "RUSTFLAGS=--cap-lints=warn" "-e" "RUSTDOCFLAGS=--cap-lints=warn" "-e" "CARGO_HOME=/opt/rustwide/cargo-home" "-e" "RUSTUP_HOME=/opt/rustwide/rustup-home" "-w" "/opt/rustwide/workdir" "-m" "1610612736" "--user" "0:0" "--network" "none" "ghcr.io/rust-lang/crates-build-env/linux@sha256:f3a9d4ad9d972b27faf3965f35b62e55ba32bbce8f20bc8fe909558a86702fde" "/opt/rustwide/cargo-home/bin/cargo" "+1.83.0" "build" "--frozen" "--message-format=json", kill_on_drop: false }`
[INFO] [stdout] 458a6910de42cb8aecfd074cf8c3d2ea4cf46d9a0ec3cb3ba867bd5d5a24b5f5
[INFO] running `Command { std: "docker" "start" "-a" "458a6910de42cb8aecfd074cf8c3d2ea4cf46d9a0ec3cb3ba867bd5d5a24b5f5", kill_on_drop: false }`
[INFO] [stderr]    Compiling zerocopy v0.7.35
[INFO] [stderr]    Compiling target-lexicon v0.12.16
[INFO] [stderr]    Compiling cranelift-isle v0.103.0
[INFO] [stderr]    Compiling cranelift-codegen-shared v0.103.0
[INFO] [stderr]    Compiling semver v1.0.24
[INFO] [stderr]    Compiling rustc-hash v1.1.0
[INFO] [stderr]    Compiling arbitrary v1.4.1
[INFO] [stderr]    Compiling smallvec v1.13.2
[INFO] [stderr]    Compiling slice-group-by v0.3.1
[INFO] [stderr]    Compiling crc32fast v1.4.2
[INFO] [stderr]    Compiling rustix v0.38.42
[INFO] [stderr]    Compiling syn v2.0.90
[INFO] [stderr]    Compiling bumpalo v3.16.0
[INFO] [stderr]    Compiling linux-raw-sys v0.4.14
[INFO] [stderr]    Compiling memoffset v0.9.1
[INFO] [stderr]    Compiling paste v1.0.15
[INFO] [stderr]    Compiling cranelift-codegen-meta v0.103.0
[INFO] [stderr]    Compiling either v1.13.0
[INFO] [stderr]    Compiling crossbeam-epoch v0.9.18
[INFO] [stderr]    Compiling wasmtime-asm-macros v16.0.0
[INFO] [stderr]    Compiling rayon-core v1.12.1
[INFO] [stderr]    Compiling futures-sink v0.3.31
[INFO] [stderr]    Compiling leb128 v0.2.5
[INFO] [stderr]    Compiling futures-core v0.3.31
[INFO] [stderr]    Compiling cpp_demangle v0.3.5
[INFO] [stderr]    Compiling ahash v0.8.11
[INFO] [stderr]    Compiling wasm-encoder v0.38.1
[INFO] [stderr]    Compiling crossbeam-deque v0.8.5
[INFO] [stderr]    Compiling futures-channel v0.3.31
[INFO] [stderr]    Compiling itertools v0.10.5
[INFO] [stderr]    Compiling futures-io v0.3.31
[INFO] [stderr]    Compiling wasmtime-wmemcheck v16.0.0
[INFO] [stderr]    Compiling hashbrown v0.14.5
[INFO] [stderr]    Compiling hashbrown v0.13.2
[INFO] [stderr]    Compiling sptr v0.3.2
[INFO] [stderr]    Compiling wasmtime-jit-icache-coherence v16.0.0
[INFO] [stderr]    Compiling pros-sys v0.4.3
[INFO] [stderr]    Compiling rustc-demangle v0.1.24
[INFO] [stderr]    Compiling heck v0.5.0
[INFO] [stderr]    Compiling rayon v1.10.0
[INFO] [stderr]    Compiling cranelift-control v0.103.0
[INFO] [stderr]    Compiling regalloc2 v0.9.3
[INFO] [stderr]    Compiling cranelift-codegen v0.103.0
[INFO] [stderr]    Compiling memfd v0.6.4
[INFO] [stderr]    Compiling serde_derive v1.0.216
[INFO] [stderr]    Compiling thiserror-impl v1.0.69
[INFO] [stderr]    Compiling wasmtime-versioned-export-macros v16.0.0
[INFO] [stderr]    Compiling futures-macro v0.3.31
[INFO] [stderr]    Compiling tokio-macros v2.4.0
[INFO] [stderr]    Compiling snafu-derive v0.8.5
[INFO] [stderr]    Compiling tracing-attributes v0.1.28
[INFO] [stderr]    Compiling async-trait v0.1.83
[INFO] [stderr]    Compiling wasmtime-fiber v16.0.0
[INFO] [stderr]    Compiling wasmtime-runtime v16.0.0
[INFO] [stderr]    Compiling tokio v1.42.0
[INFO] [stderr]    Compiling thiserror v1.0.69
[INFO] [stderr]    Compiling futures-util v0.3.31
[INFO] [stderr]    Compiling tracing v0.1.41
[INFO] [stderr]    Compiling snafu v0.8.5
[INFO] [stderr]    Compiling serde v1.0.216
[INFO] [stderr]    Compiling futures-executor v0.3.31
[INFO] [stderr]    Compiling futures v0.3.31
[INFO] [stderr]    Compiling indexmap v2.7.0
[INFO] [stderr]    Compiling cranelift-entity v0.103.0
[INFO] [stderr]    Compiling bincode v1.3.3
[INFO] [stderr]    Compiling serde_json v1.0.133
[INFO] [stderr]    Compiling pros-simulator-interface v0.5.0
[INFO] [stderr]    Compiling cranelift-bforest v0.103.0
[INFO] [stderr]    Compiling gimli v0.28.1
[INFO] [stderr]    Compiling wasmparser v0.118.2
[INFO] [stderr]    Compiling object v0.32.2
[INFO] [stderr]    Compiling addr2line v0.21.0
[INFO] [stderr]    Compiling wasmtime-types v16.0.0
[INFO] [stderr]    Compiling wasmtime-environ v16.0.0
[INFO] [stderr]    Compiling wasmtime-jit v16.0.0
[INFO] [stderr]    Compiling cranelift-native v0.103.0
[INFO] [stderr]    Compiling cranelift-frontend v0.103.0
[INFO] [stderr]    Compiling wasmtime-cranelift-shared v16.0.0
[INFO] [stderr]    Compiling cranelift-wasm v0.103.0
[INFO] [stderr]    Compiling wasmtime-cranelift v16.0.0
[INFO] [stderr]    Compiling wasmtime v16.0.0
[INFO] [stderr]    Compiling pros-simulator v0.5.0 (/opt/rustwide/workdir)
[INFO] [stdout] warning: this function depends on never type fallback being `()`
[INFO] [stdout]   --> src/api/generic_io.rs:21:1
[INFO] [stdout]    |
[INFO] [stdout] 21 | pub fn configure_generic_io_api(linker: &mut Linker<Host>) -> anyhow::Result<()> {
[INFO] [stdout]    | ^^^^^^^^^^^^^^^^^^^^^^^^^^^^^^^^^^^^^^^^^^^^^^^^^^^^^^^^^^^^^^^^^^^^^^^^^^^^^^^^
[INFO] [stdout]    |
[INFO] [stdout]    = warning: this was previously accepted by the compiler but is being phased out; it will become a hard error in a future release!
[INFO] [stdout]    = note: for more information, see issue #123748 <https://github.com/rust-lang/rust/issues/123748>
[INFO] [stdout]    = help: specify the types explicitly
[INFO] [stdout] note: in edition 2024, the requirement `!: WasmTy` will fail
[INFO] [stdout]   --> src/api/generic_io.rs:30:12
[INFO] [stdout]    |
[INFO] [stdout] 30 |     linker.func_wrap1_async("env", "sim_abort", |caller: Caller<'_, Host>, msg: u32| {
[INFO] [stdout]    |            ^^^^^^^^^^^^^^^^
[INFO] [stdout]    = note: `#[warn(dependency_on_unit_never_type_fallback)]` on by default
[INFO] [stdout] 
[INFO] [stdout] 
[INFO] [stderr]     Finished `dev` profile [unoptimized + debuginfo] target(s) in 1m 02s
[INFO] running `Command { std: "docker" "inspect" "458a6910de42cb8aecfd074cf8c3d2ea4cf46d9a0ec3cb3ba867bd5d5a24b5f5", kill_on_drop: false }`
[INFO] running `Command { std: "docker" "rm" "-f" "458a6910de42cb8aecfd074cf8c3d2ea4cf46d9a0ec3cb3ba867bd5d5a24b5f5", kill_on_drop: false }`
[INFO] [stdout] 458a6910de42cb8aecfd074cf8c3d2ea4cf46d9a0ec3cb3ba867bd5d5a24b5f5
[INFO] running `Command { std: "docker" "create" "-v" "/var/lib/crater-agent-workspace/builds/worker-6-tc1/target:/opt/rustwide/target:rw,Z" "-v" "/var/lib/crater-agent-workspace/builds/worker-6-tc1/source:/opt/rustwide/workdir:ro,Z" "-v" "/var/lib/crater-agent-workspace/cargo-home:/opt/rustwide/cargo-home:ro,Z" "-v" "/var/lib/crater-agent-workspace/rustup-home:/opt/rustwide/rustup-home:ro,Z" "-e" "SOURCE_DIR=/opt/rustwide/workdir" "-e" "CARGO_TARGET_DIR=/opt/rustwide/target" "-e" "CARGO_INCREMENTAL=0" "-e" "RUST_BACKTRACE=full" "-e" "RUSTFLAGS=--cap-lints=warn" "-e" "RUSTDOCFLAGS=--cap-lints=warn" "-e" "CARGO_HOME=/opt/rustwide/cargo-home" "-e" "RUSTUP_HOME=/opt/rustwide/rustup-home" "-w" "/opt/rustwide/workdir" "-m" "1610612736" "--user" "0:0" "--network" "none" "ghcr.io/rust-lang/crates-build-env/linux@sha256:f3a9d4ad9d972b27faf3965f35b62e55ba32bbce8f20bc8fe909558a86702fde" "/opt/rustwide/cargo-home/bin/cargo" "+1.83.0" "test" "--frozen" "--no-run" "--message-format=json", kill_on_drop: false }`
[INFO] [stdout] 4e611af27865b915d67264c9acc56c03acab9e3e33f638da2d9905edff27ba8e
[INFO] running `Command { std: "docker" "start" "-a" "4e611af27865b915d67264c9acc56c03acab9e3e33f638da2d9905edff27ba8e", kill_on_drop: false }`
[INFO] [stderr]    Compiling allocator-api2 v0.2.21
[INFO] [stderr]    Compiling foldhash v0.1.3
[INFO] [stderr]    Compiling syn v1.0.109
[INFO] [stderr]    Compiling rustversion v1.0.18
[INFO] [stderr]    Compiling regalloc2 v0.9.3
[INFO] [stderr]    Compiling fnv v1.0.7
[INFO] [stderr]    Compiling strsim v0.10.0
[INFO] [stderr]    Compiling ident_case v1.0.1
[INFO] [stderr]    Compiling signal-hook v0.3.17
[INFO] [stderr]    Compiling heck v0.4.1
[INFO] [stderr]    Compiling parking_lot_core v0.9.10
[INFO] [stderr]    Compiling signal-hook-registry v1.4.2
[INFO] [stderr]    Compiling mio v0.8.11
[INFO] [stderr]    Compiling num-traits v0.2.19
[INFO] [stderr]    Compiling indoc v2.0.5
[INFO] [stderr]    Compiling unicode-width v0.1.14
[INFO] [stderr]    Compiling cassowary v0.3.0
[INFO] [stderr]    Compiling regex-syntax v0.8.5
[INFO] [stderr]    Compiling unicode-segmentation v1.12.0
[INFO] [stderr]    Compiling regex-automata v0.1.10
[INFO] [stderr]    Compiling tracing v0.1.41
[INFO] [stderr]    Compiling overload v0.1.1
[INFO] [stderr]    Compiling parking_lot v0.12.3
[INFO] [stderr]    Compiling nu-ansi-term v0.46.0
[INFO] [stderr]    Compiling hashbrown v0.15.2
[INFO] [stderr]    Compiling tracing-log v0.2.0
[INFO] [stderr]    Compiling itertools v0.12.1
[INFO] [stderr]    Compiling signal-hook-mio v0.2.4
[INFO] [stderr]    Compiling itertools v0.11.0
[INFO] [stderr]    Compiling byteorder v1.5.0
[INFO] [stderr]    Compiling tokio v1.42.0
[INFO] [stderr]    Compiling crossterm v0.27.0
[INFO] [stderr]    Compiling font8x8 v0.3.1
[INFO] [stderr]    Compiling fxhash v0.2.1
[INFO] [stderr]    Compiling matchers v0.1.0
[INFO] [stderr]    Compiling strum_macros v0.25.3
[INFO] [stderr]    Compiling indexmap v2.7.0
[INFO] [stderr]    Compiling lru v0.12.5
[INFO] [stderr]    Compiling chrono v0.4.39
[INFO] [stderr]    Compiling regex-automata v0.4.9
[INFO] [stderr]    Compiling gimli v0.28.1
[INFO] [stderr]    Compiling wasmparser v0.118.2
[INFO] [stderr]    Compiling object v0.32.2
[INFO] [stderr]    Compiling strum v0.25.0
[INFO] [stderr]    Compiling darling_core v0.14.4
[INFO] [stderr]    Compiling ratatui v0.24.0
[INFO] [stderr]    Compiling stability v0.1.1
[INFO] [stderr]    Compiling regex v1.11.1
[INFO] [stderr]    Compiling ratatui v0.25.0
[INFO] [stderr]    Compiling tracing-subscriber v0.3.19
[INFO] [stderr]    Compiling darling_macro v0.14.4
[INFO] [stderr]    Compiling cranelift-codegen v0.103.0
[INFO] [stderr]    Compiling addr2line v0.21.0
[INFO] [stderr]    Compiling darling v0.14.4
[INFO] [stderr]    Compiling derive_builder_core v0.12.0
[INFO] [stderr]    Compiling tui-logger v0.10.1
[INFO] [stderr]    Compiling derive_builder_macro v0.12.0
[INFO] [stderr]    Compiling derive_builder v0.12.0
[INFO] [stderr]    Compiling tui-big-text v0.2.1
[INFO] [stderr]    Compiling wasmtime-types v16.0.0
[INFO] [stderr]    Compiling wasmtime-environ v16.0.0
[INFO] [stderr]    Compiling wasmtime-runtime v16.0.0
[INFO] [stderr]    Compiling wasmtime-jit v16.0.0
[INFO] [stderr]    Compiling cranelift-native v0.103.0
[INFO] [stderr]    Compiling cranelift-frontend v0.103.0
[INFO] [stderr]    Compiling wasmtime-cranelift-shared v16.0.0
[INFO] [stderr]    Compiling cranelift-wasm v0.103.0
[INFO] [stderr]    Compiling wasmtime-cranelift v16.0.0
[INFO] [stderr]    Compiling wasmtime v16.0.0
[INFO] [stderr]    Compiling pros-simulator v0.5.0 (/opt/rustwide/workdir)
[INFO] [stdout] warning: this function depends on never type fallback being `()`
[INFO] [stdout]   --> src/api/generic_io.rs:21:1
[INFO] [stdout]    |
[INFO] [stdout] 21 | pub fn configure_generic_io_api(linker: &mut Linker<Host>) -> anyhow::Result<()> {
[INFO] [stdout]    | ^^^^^^^^^^^^^^^^^^^^^^^^^^^^^^^^^^^^^^^^^^^^^^^^^^^^^^^^^^^^^^^^^^^^^^^^^^^^^^^^
[INFO] [stdout]    |
[INFO] [stdout]    = warning: this was previously accepted by the compiler but is being phased out; it will become a hard error in a future release!
[INFO] [stdout]    = note: for more information, see issue #123748 <https://github.com/rust-lang/rust/issues/123748>
[INFO] [stdout]    = help: specify the types explicitly
[INFO] [stdout] note: in edition 2024, the requirement `!: WasmTy` will fail
[INFO] [stdout]   --> src/api/generic_io.rs:30:12
[INFO] [stdout]    |
[INFO] [stdout] 30 |     linker.func_wrap1_async("env", "sim_abort", |caller: Caller<'_, Host>, msg: u32| {
[INFO] [stdout]    |            ^^^^^^^^^^^^^^^^
[INFO] [stdout]    = note: `#[warn(dependency_on_unit_never_type_fallback)]` on by default
[INFO] [stdout] 
[INFO] [stdout] 
[INFO] [stdout] warning: this function depends on never type fallback being `()`
[INFO] [stdout]   --> src/api/generic_io.rs:21:1
[INFO] [stdout]    |
[INFO] [stdout] 21 | pub fn configure_generic_io_api(linker: &mut Linker<Host>) -> anyhow::Result<()> {
[INFO] [stdout]    | ^^^^^^^^^^^^^^^^^^^^^^^^^^^^^^^^^^^^^^^^^^^^^^^^^^^^^^^^^^^^^^^^^^^^^^^^^^^^^^^^
[INFO] [stdout]    |
[INFO] [stdout]    = warning: this was previously accepted by the compiler but is being phased out; it will become a hard error in a future release!
[INFO] [stdout]    = note: for more information, see issue #123748 <https://github.com/rust-lang/rust/issues/123748>
[INFO] [stdout]    = help: specify the types explicitly
[INFO] [stdout] note: in edition 2024, the requirement `!: WasmTy` will fail
[INFO] [stdout]   --> src/api/generic_io.rs:30:12
[INFO] [stdout]    |
[INFO] [stdout] 30 |     linker.func_wrap1_async("env", "sim_abort", |caller: Caller<'_, Host>, msg: u32| {
[INFO] [stdout]    |            ^^^^^^^^^^^^^^^^
[INFO] [stdout]    = note: `#[warn(dependency_on_unit_never_type_fallback)]` on by default
[INFO] [stdout] 
[INFO] [stdout] 
[INFO] [stderr]     Finished `test` profile [unoptimized + debuginfo] target(s) in 58.59s
[INFO] running `Command { std: "docker" "inspect" "4e611af27865b915d67264c9acc56c03acab9e3e33f638da2d9905edff27ba8e", kill_on_drop: false }`
[INFO] running `Command { std: "docker" "rm" "-f" "4e611af27865b915d67264c9acc56c03acab9e3e33f638da2d9905edff27ba8e", kill_on_drop: false }`
[INFO] [stdout] 4e611af27865b915d67264c9acc56c03acab9e3e33f638da2d9905edff27ba8e
[INFO] running `Command { std: "docker" "create" "-v" "/var/lib/crater-agent-workspace/builds/worker-6-tc1/target:/opt/rustwide/target:rw,Z" "-v" "/var/lib/crater-agent-workspace/builds/worker-6-tc1/source:/opt/rustwide/workdir:ro,Z" "-v" "/var/lib/crater-agent-workspace/cargo-home:/opt/rustwide/cargo-home:ro,Z" "-v" "/var/lib/crater-agent-workspace/rustup-home:/opt/rustwide/rustup-home:ro,Z" "-e" "SOURCE_DIR=/opt/rustwide/workdir" "-e" "CARGO_TARGET_DIR=/opt/rustwide/target" "-e" "CARGO_INCREMENTAL=0" "-e" "RUST_BACKTRACE=full" "-e" "RUSTFLAGS=--cap-lints=warn" "-e" "RUSTDOCFLAGS=--cap-lints=warn" "-e" "CARGO_HOME=/opt/rustwide/cargo-home" "-e" "RUSTUP_HOME=/opt/rustwide/rustup-home" "-w" "/opt/rustwide/workdir" "-m" "1610612736" "--user" "0:0" "--network" "none" "ghcr.io/rust-lang/crates-build-env/linux@sha256:f3a9d4ad9d972b27faf3965f35b62e55ba32bbce8f20bc8fe909558a86702fde" "/opt/rustwide/cargo-home/bin/cargo" "+1.83.0" "test" "--frozen", kill_on_drop: false }`
[INFO] [stdout] f83f38ae5b55dd538125f45bf90efffb901a7fe32fda11eacac725b540393b26
[INFO] running `Command { std: "docker" "start" "-a" "f83f38ae5b55dd538125f45bf90efffb901a7fe32fda11eacac725b540393b26", kill_on_drop: false }`
[INFO] [stderr] warning: this function depends on never type fallback being `()`
[INFO] [stderr]   --> src/api/generic_io.rs:21:1
[INFO] [stderr]    |
[INFO] [stderr] 21 | pub fn configure_generic_io_api(linker: &mut Linker<Host>) -> anyhow::Result<()> {
[INFO] [stderr]    | ^^^^^^^^^^^^^^^^^^^^^^^^^^^^^^^^^^^^^^^^^^^^^^^^^^^^^^^^^^^^^^^^^^^^^^^^^^^^^^^^
[INFO] [stderr]    |
[INFO] [stderr]    = warning: this was previously accepted by the compiler but is being phased out; it will become a hard error in a future release!
[INFO] [stderr]    = note: for more information, see issue #123748 <https://github.com/rust-lang/rust/issues/123748>
[INFO] [stderr]    = help: specify the types explicitly
[INFO] [stderr] note: in edition 2024, the requirement `!: WasmTy` will fail
[INFO] [stderr]   --> src/api/generic_io.rs:30:12
[INFO] [stderr]    |
[INFO] [stderr] 30 |     linker.func_wrap1_async("env", "sim_abort", |caller: Caller<'_, Host>, msg: u32| {
[INFO] [stderr]    |            ^^^^^^^^^^^^^^^^
[INFO] [stderr]    = note: `#[warn(dependency_on_unit_never_type_fallback)]` on by default
[INFO] [stderr] 
[INFO] [stderr] warning: `pros-simulator` (lib) generated 1 warning
[INFO] [stderr] warning: `pros-simulator` (lib test) generated 1 warning (1 duplicate)
[INFO] [stderr]     Finished `test` profile [unoptimized + debuginfo] target(s) in 0.41s
[INFO] [stderr]      Running unittests src/lib.rs (/opt/rustwide/target/debug/deps/pros_simulator-40820fce5680d4f7)
[INFO] [stderr]    Doc-tests pros_simulator
[INFO] [stdout] 
[INFO] [stdout] running 0 tests
[INFO] [stdout] 
[INFO] [stdout] test result: ok. 0 passed; 0 failed; 0 ignored; 0 measured; 0 filtered out; finished in 0.00s
[INFO] [stdout] 
[INFO] [stdout] 
[INFO] [stdout] running 5 tests
[INFO] [stdout] test src/host.rs - host::ResultExt::unwrap_or_errno (line 269) ... ignored
[INFO] [stdout] test src/host.rs - host::ResultExt::unwrap_or_errno_as (line 280) ... ignored
[INFO] [stdout] test src/host/controllers.rs - host::controllers::Controllers::get_digital_new_press (line 219) ... ignored
[INFO] [stdout] test src/host/controllers.rs - host::controllers::Controllers::get_analog (line 130) ... FAILED
[INFO] [stdout] test src/host/controllers.rs - host::controllers::Controllers::get_digital (line 169) ... FAILED
[INFO] [stdout] 
[INFO] [stdout] failures:
[INFO] [stdout] 
[INFO] [stdout] ---- src/host/controllers.rs - host::controllers::Controllers::get_analog (line 130) stdout ----
[INFO] [stdout] error[E0425]: cannot find value `controllers` in this scope
[INFO] [stdout]  --> src/host/controllers.rs:131:4
[INFO] [stdout]   |
[INFO] [stdout] 3 | if controllers.get_analog(pros_sys::E_CONTROLLER_MASTER, pros_sys::E_CONTROLLER_ANALOG_LEFT_X)? > 0 {
[INFO] [stdout]   |    ^^^^^^^^^^^ not found in this scope
[INFO] [stdout] 
[INFO] [stdout] error: aborting due to 1 previous error
[INFO] [stdout] 
[INFO] [stdout] For more information about this error, try `rustc --explain E0425`.
[INFO] [stdout] Couldn't compile the test.
[INFO] [stdout] ---- src/host/controllers.rs - host::controllers::Controllers::get_digital (line 169) stdout ----
[INFO] [stdout] error[E0425]: cannot find value `controllers` in this scope
[INFO] [stdout]  --> src/host/controllers.rs:170:4
[INFO] [stdout]   |
[INFO] [stdout] 3 | if controllers.get_digital(pros_sys::E_CONTROLLER_MASTER, pros_sys::E_CONTROLLER_DIGITAL_X)? {
[INFO] [stdout]   |    ^^^^^^^^^^^ not found in this scope
[INFO] [stdout] 
[INFO] [stdout] error: aborting due to 1 previous error
[INFO] [stdout] 
[INFO] [stdout] For more information about this error, try `rustc --explain E0425`.
[INFO] [stdout] Couldn't compile the test.
[INFO] [stdout] 
[INFO] [stdout] failures:
[INFO] [stdout]     src/host/controllers.rs - host::controllers::Controllers::get_analog (line 130)
[INFO] [stdout]     src/host/controllers.rs - host::controllers::Controllers::get_digital (line 169)
[INFO] [stdout] 
[INFO] [stdout] test result: FAILED. 0 passed; 2 failed; 3 ignored; 0 measured; 0 filtered out; finished in 0.29s
[INFO] [stdout] 
[INFO] [stderr] error: doctest failed, to rerun pass `--doc`
[INFO] running `Command { std: "docker" "inspect" "f83f38ae5b55dd538125f45bf90efffb901a7fe32fda11eacac725b540393b26", kill_on_drop: false }`
[INFO] running `Command { std: "docker" "rm" "-f" "f83f38ae5b55dd538125f45bf90efffb901a7fe32fda11eacac725b540393b26", kill_on_drop: false }`
[INFO] [stdout] f83f38ae5b55dd538125f45bf90efffb901a7fe32fda11eacac725b540393b26
